Build Information
Failed to build SnapshotPreviews, reference main (e90a09), with Swift 6.1 for Android on 12 Oct 2026 06:32:39 UTC.
Build Command
bash -c docker run --pull=always --rm -v "checkouts-54344845-0":/host -w "$PWD" -e JAVA_HOME="/root/.sdkman/candidates/java/current" -e SPI_BUILD="1" -e SPI_PROCESSING="1" registry.gitlab.com/saguaro1/spi-images:android-6.1-latest swift build --swift-sdk aarch64-unknown-linux-android24 2>&1Build Log
========================================
RunAll
========================================
Builder version: 5.1.1
Interrupt handler set up.
========================================
Checkout
========================================
Clone URL: https://github.com/getsentry/SnapshotPreviews.git
Reference: main
Initialized empty Git repository in /host/spi-builder-workspace/.git/
hint: Using 'master' as the name for the initial branch. This default branch name
hint: is subject to change. To configure the initial branch name to use in all
hint: of your new repositories, which will suppress this warning, call:
hint:
hint: git config --global init.defaultBranch <name>
hint:
hint: Names commonly chosen instead of 'master' are 'main', 'trunk' and
hint: 'development'. The just-created branch can be renamed via this command:
hint:
hint: git branch -m <name>
From https://github.com/getsentry/SnapshotPreviews
* branch main -> FETCH_HEAD
* [new branch] main -> origin/main
HEAD is now at e90a099 fix(png): Preserve color and alpha in extended-range snapshots (#284)
Cloned https://github.com/getsentry/SnapshotPreviews.git
Revision (git rev-parse @):
e90a09906ef9d0d7fc29871202b4048cd360ee25
SPI manifest file found: $PWD/.spi.yml
SUCCESS checkout https://github.com/getsentry/SnapshotPreviews.git at main
========================================
Build
========================================
Selected platform: android
Swift version: 6.1
Building package at path: $PWD
https://github.com/getsentry/SnapshotPreviews.git
https://github.com/getsentry/SnapshotPreviews.git
WARNING: environment variable SUPPRESS_SWIFT_6_FLAGS is not set
Running build ...
bash -c docker run --pull=always --rm -v "checkouts-54344845-0":/host -w "$PWD" -e JAVA_HOME="/root/.sdkman/candidates/java/current" -e SPI_BUILD="1" -e SPI_PROCESSING="1" registry.gitlab.com/saguaro1/spi-images:android-6.1-latest swift build --swift-sdk aarch64-unknown-linux-android24 -Xswiftc -Xfrontend -Xswiftc -stats-output-dir -Xswiftc -Xfrontend -Xswiftc .stats -Xswiftc -strict-concurrency=complete -Xswiftc -enable-upcoming-feature -Xswiftc StrictConcurrency -Xswiftc -enable-upcoming-feature -Xswiftc DisableOutwardActorInference -Xswiftc -enable-upcoming-feature -Xswiftc GlobalActorIsolatedTypesUsability -Xswiftc -enable-upcoming-feature -Xswiftc InferSendableFromCaptures 2>&1
android-6.1-latest: Pulling from saguaro1/spi-images
Digest: sha256:396310cef4466ceb116ed5462b0b92d4deb353c0dad749b406b7fd226f6db9af
Status: Image is up to date for registry.gitlab.com/saguaro1/spi-images:android-6.1-latest
Fetching https://github.com/EmergeTools/SimpleDebugger.git
Fetching https://github.com/swhitty/FlyingFox.git
[1/127] Fetching simpledebugger
[128/6628] Fetching simpledebugger, flyingfox
Fetched https://github.com/EmergeTools/SimpleDebugger.git from cache (0.78s)
Fetched https://github.com/swhitty/FlyingFox.git from cache (0.78s)
Computing version for https://github.com/EmergeTools/SimpleDebugger.git
Computed https://github.com/EmergeTools/SimpleDebugger.git at 1.0.0 (1.00s)
Computing version for https://github.com/swhitty/FlyingFox.git
Computed https://github.com/swhitty/FlyingFox.git at 0.16.0 (0.23s)
Creating working copy for https://github.com/swhitty/FlyingFox.git
Working copy of https://github.com/swhitty/FlyingFox.git resolved at 0.16.0
Creating working copy for https://github.com/EmergeTools/SimpleDebugger.git
Working copy of https://github.com/EmergeTools/SimpleDebugger.git resolved at 1.0.0
Building for debugging...
[0/18] Write sources
/host/spi-builder-workspace/Sources/SnapshottingTestsObjc/EMGInvocationCreator.mm:8:9: fatal error: 'Foundation/Foundation.h' file not found
8 | #import <Foundation/Foundation.h>
| ^~~~~~~~~~~~~~~~~~~~~~~~~
1 error generated.
[8/18] Compiling SnapshottingTestsObjc EMGInvocationCreator.mm
[8/18] Write swift-version-24593BA9C3E375BF.txt
Running build ...
bash -c docker run --pull=always --rm -v "checkouts-54344845-0":/host -w "$PWD" -e JAVA_HOME="/root/.sdkman/candidates/java/current" -e SPI_BUILD="1" -e SPI_PROCESSING="1" registry.gitlab.com/saguaro1/spi-images:android-6.1-latest swift build --swift-sdk aarch64-unknown-linux-android24 2>&1
android-6.1-latest: Pulling from saguaro1/spi-images
Digest: sha256:396310cef4466ceb116ed5462b0b92d4deb353c0dad749b406b7fd226f6db9af
Status: Image is up to date for registry.gitlab.com/saguaro1/spi-images:android-6.1-latest
[0/1] Planning build
Building for debugging...
/host/spi-builder-workspace/Sources/SnapshottingTestsObjc/EMGInvocationCreator.mm:8:9: fatal error: 'Foundation/Foundation.h' file not found
8 | #import <Foundation/Foundation.h>
| ^~~~~~~~~~~~~~~~~~~~~~~~~
1 error generated.
[0/10] Compiling SnapshottingTestsObjc EMGInvocationCreator.mm
[0/10] Write swift-version-24593BA9C3E375BF.txt
BUILD FAILURE 6.1 android