Build Information
Failed to build XCResource, reference main (a044a3), with Swift 6.3 for Android on 10 Aug 2026 22:58:15 UTC.
Build Command
bash -c docker run --pull=always --rm -v "checkouts-54344844-0":/host -w "$PWD" -e JAVA_HOME="/root/.sdkman/candidates/java/current" -e SPI_BUILD="1" -e SPI_PROCESSING="1" registry.gitlab.com/saguaro1/spi-images:android-6.3-latest swift build --swift-sdk aarch64-unknown-linux-android28 2>&1Build Log
========================================
RunAll
========================================
Builder version: 729ceb5fcd9493dc13ee340bc4f0908bd201f85d
Interrupt handler set up.
========================================
Checkout
========================================
Clone URL: https://github.com/gaetanzanella/xcresource-cli.git
Reference: main
Initialized empty Git repository in /host/spi-builder-workspace/.git/
hint: Using 'master' as the name for the initial branch. This default branch name
hint: is subject to change. To configure the initial branch name to use in all
hint: of your new repositories, which will suppress this warning, call:
hint:
hint: git config --global init.defaultBranch <name>
hint:
hint: Names commonly chosen instead of 'master' are 'main', 'trunk' and
hint: 'development'. The just-created branch can be renamed via this command:
hint:
hint: git branch -m <name>
From https://github.com/gaetanzanella/xcresource-cli
* branch main -> FETCH_HEAD
* [new branch] main -> origin/main
HEAD is now at a044a32 Update changelog
Cloned https://github.com/gaetanzanella/xcresource-cli.git
Revision (git rev-parse @):
a044a3247f7fa07d8cef9ab0509505c59b166b1d
SUCCESS checkout https://github.com/gaetanzanella/xcresource-cli.git at main
========================================
Build
========================================
Selected platform: android
Swift version: 6.3
Building package at path: $PWD
https://github.com/gaetanzanella/xcresource-cli.git
Running build ...
bash -c docker run --pull=always --rm -v "checkouts-54344844-0":/host -w "$PWD" -e JAVA_HOME="/root/.sdkman/candidates/java/current" -e SPI_BUILD="1" -e SPI_PROCESSING="1" registry.gitlab.com/saguaro1/spi-images:android-6.3-latest swift build --swift-sdk aarch64-unknown-linux-android28 2>&1
android-6.3-latest: Pulling from saguaro1/spi-images
Digest: sha256:2b782c87e0bdf114eb0da12f6379a346f06569d6991407581da7dc03d1813adf
Status: Image is up to date for registry.gitlab.com/saguaro1/spi-images:android-6.3-latest
Fetching https://github.com/apple/swift-argument-parser
[1/18275] Fetching swift-argument-parser
Fetched https://github.com/apple/swift-argument-parser from cache (0.76s)
Computing version for https://github.com/apple/swift-argument-parser
Computed https://github.com/apple/swift-argument-parser at 0.5.0 (0.95s)
Creating working copy for https://github.com/apple/swift-argument-parser
Working copy of https://github.com/apple/swift-argument-parser resolved at 0.5.0
Building for debugging...
[0/11] Write sources
[4/11] Write swift-version-272D24FF697CF451.txt
[6/44] Emitting module XCResource
[7/48] Compiling ArgumentParserToolInfo ToolInfo.swift
[8/48] Emitting module ArgumentParserToolInfo
[9/49] Wrapping AST for ArgumentParserToolInfo for debugging
[11/83] Compiling ArgumentParser ArgumentHelp.swift
/host/spi-builder-workspace/.build/checkouts/swift-argument-parser/Sources/ArgumentParser/Parsable Properties/Errors.swift:61:40: error: cannot find 'EXIT_SUCCESS' in scope
59 |
60 | /// An exit code that indicates successful completion of a command.
61 | public static let success = ExitCode(EXIT_SUCCESS)
| `- error: cannot find 'EXIT_SUCCESS' in scope
62 |
63 | /// An exit code that indicates that the command failed.
/host/spi-builder-workspace/.build/checkouts/swift-argument-parser/Sources/ArgumentParser/Parsable Properties/Errors.swift:64:40: error: cannot find 'EXIT_FAILURE' in scope
62 |
63 | /// An exit code that indicates that the command failed.
64 | public static let failure = ExitCode(EXIT_FAILURE)
| `- error: cannot find 'EXIT_FAILURE' in scope
65 |
66 | /// An exit code that indicates that the user provided invalid input.
/host/spi-builder-workspace/.build/checkouts/swift-argument-parser/Sources/ArgumentParser/Parsable Properties/Errors.swift:70:50: error: cannot find 'EX_USAGE' in scope
68 | public static let validationFailure = ExitCode(ERROR_BAD_ARGUMENTS)
69 | #else
70 | public static let validationFailure = ExitCode(EX_USAGE)
| `- error: cannot find 'EX_USAGE' in scope
71 | #endif
72 |
[12/83] Compiling ArgumentParser CompletionKind.swift
/host/spi-builder-workspace/.build/checkouts/swift-argument-parser/Sources/ArgumentParser/Parsable Properties/Errors.swift:61:40: error: cannot find 'EXIT_SUCCESS' in scope
59 |
60 | /// An exit code that indicates successful completion of a command.
61 | public static let success = ExitCode(EXIT_SUCCESS)
| `- error: cannot find 'EXIT_SUCCESS' in scope
62 |
63 | /// An exit code that indicates that the command failed.
/host/spi-builder-workspace/.build/checkouts/swift-argument-parser/Sources/ArgumentParser/Parsable Properties/Errors.swift:64:40: error: cannot find 'EXIT_FAILURE' in scope
62 |
63 | /// An exit code that indicates that the command failed.
64 | public static let failure = ExitCode(EXIT_FAILURE)
| `- error: cannot find 'EXIT_FAILURE' in scope
65 |
66 | /// An exit code that indicates that the user provided invalid input.
/host/spi-builder-workspace/.build/checkouts/swift-argument-parser/Sources/ArgumentParser/Parsable Properties/Errors.swift:70:50: error: cannot find 'EX_USAGE' in scope
68 | public static let validationFailure = ExitCode(ERROR_BAD_ARGUMENTS)
69 | #else
70 | public static let validationFailure = ExitCode(EX_USAGE)
| `- error: cannot find 'EX_USAGE' in scope
71 | #endif
72 |
[13/83] Compiling ArgumentParser Errors.swift
/host/spi-builder-workspace/.build/checkouts/swift-argument-parser/Sources/ArgumentParser/Parsable Properties/Errors.swift:61:40: error: cannot find 'EXIT_SUCCESS' in scope
59 |
60 | /// An exit code that indicates successful completion of a command.
61 | public static let success = ExitCode(EXIT_SUCCESS)
| `- error: cannot find 'EXIT_SUCCESS' in scope
62 |
63 | /// An exit code that indicates that the command failed.
/host/spi-builder-workspace/.build/checkouts/swift-argument-parser/Sources/ArgumentParser/Parsable Properties/Errors.swift:64:40: error: cannot find 'EXIT_FAILURE' in scope
62 |
63 | /// An exit code that indicates that the command failed.
64 | public static let failure = ExitCode(EXIT_FAILURE)
| `- error: cannot find 'EXIT_FAILURE' in scope
65 |
66 | /// An exit code that indicates that the user provided invalid input.
/host/spi-builder-workspace/.build/checkouts/swift-argument-parser/Sources/ArgumentParser/Parsable Properties/Errors.swift:70:50: error: cannot find 'EX_USAGE' in scope
68 | public static let validationFailure = ExitCode(ERROR_BAD_ARGUMENTS)
69 | #else
70 | public static let validationFailure = ExitCode(EX_USAGE)
| `- error: cannot find 'EX_USAGE' in scope
71 | #endif
72 |
[14/83] Compiling ArgumentParser Flag.swift
/host/spi-builder-workspace/.build/checkouts/swift-argument-parser/Sources/ArgumentParser/Parsable Properties/Errors.swift:61:40: error: cannot find 'EXIT_SUCCESS' in scope
59 |
60 | /// An exit code that indicates successful completion of a command.
61 | public static let success = ExitCode(EXIT_SUCCESS)
| `- error: cannot find 'EXIT_SUCCESS' in scope
62 |
63 | /// An exit code that indicates that the command failed.
/host/spi-builder-workspace/.build/checkouts/swift-argument-parser/Sources/ArgumentParser/Parsable Properties/Errors.swift:64:40: error: cannot find 'EXIT_FAILURE' in scope
62 |
63 | /// An exit code that indicates that the command failed.
64 | public static let failure = ExitCode(EXIT_FAILURE)
| `- error: cannot find 'EXIT_FAILURE' in scope
65 |
66 | /// An exit code that indicates that the user provided invalid input.
/host/spi-builder-workspace/.build/checkouts/swift-argument-parser/Sources/ArgumentParser/Parsable Properties/Errors.swift:70:50: error: cannot find 'EX_USAGE' in scope
68 | public static let validationFailure = ExitCode(ERROR_BAD_ARGUMENTS)
69 | #else
70 | public static let validationFailure = ExitCode(EX_USAGE)
| `- error: cannot find 'EX_USAGE' in scope
71 | #endif
72 |
[15/83] Compiling ArgumentParser NameSpecification.swift
/host/spi-builder-workspace/.build/checkouts/swift-argument-parser/Sources/ArgumentParser/Parsable Properties/Errors.swift:61:40: error: cannot find 'EXIT_SUCCESS' in scope
59 |
60 | /// An exit code that indicates successful completion of a command.
61 | public static let success = ExitCode(EXIT_SUCCESS)
| `- error: cannot find 'EXIT_SUCCESS' in scope
62 |
63 | /// An exit code that indicates that the command failed.
/host/spi-builder-workspace/.build/checkouts/swift-argument-parser/Sources/ArgumentParser/Parsable Properties/Errors.swift:64:40: error: cannot find 'EXIT_FAILURE' in scope
62 |
63 | /// An exit code that indicates that the command failed.
64 | public static let failure = ExitCode(EXIT_FAILURE)
| `- error: cannot find 'EXIT_FAILURE' in scope
65 |
66 | /// An exit code that indicates that the user provided invalid input.
/host/spi-builder-workspace/.build/checkouts/swift-argument-parser/Sources/ArgumentParser/Parsable Properties/Errors.swift:70:50: error: cannot find 'EX_USAGE' in scope
68 | public static let validationFailure = ExitCode(ERROR_BAD_ARGUMENTS)
69 | #else
70 | public static let validationFailure = ExitCode(EX_USAGE)
| `- error: cannot find 'EX_USAGE' in scope
71 | #endif
72 |
error: emit-module command failed with exit code 1 (use -v to see invocation)
[16/87] Emitting module ArgumentParser
/host/spi-builder-workspace/.build/checkouts/swift-argument-parser/Sources/ArgumentParser/Parsable Properties/Errors.swift:61:40: error: cannot find 'EXIT_SUCCESS' in scope
59 |
60 | /// An exit code that indicates successful completion of a command.
61 | public static let success = ExitCode(EXIT_SUCCESS)
| `- error: cannot find 'EXIT_SUCCESS' in scope
62 |
63 | /// An exit code that indicates that the command failed.
/host/spi-builder-workspace/.build/checkouts/swift-argument-parser/Sources/ArgumentParser/Parsable Properties/Errors.swift:64:40: error: cannot find 'EXIT_FAILURE' in scope
62 |
63 | /// An exit code that indicates that the command failed.
64 | public static let failure = ExitCode(EXIT_FAILURE)
| `- error: cannot find 'EXIT_FAILURE' in scope
65 |
66 | /// An exit code that indicates that the user provided invalid input.
/host/spi-builder-workspace/.build/checkouts/swift-argument-parser/Sources/ArgumentParser/Parsable Properties/Errors.swift:70:50: error: cannot find 'EX_USAGE' in scope
68 | public static let validationFailure = ExitCode(ERROR_BAD_ARGUMENTS)
69 | #else
70 | public static let validationFailure = ExitCode(EX_USAGE)
| `- error: cannot find 'EX_USAGE' in scope
71 | #endif
72 |
[17/87] Compiling ArgumentParser BashCompletionsGenerator.swift
/host/spi-builder-workspace/.build/checkouts/swift-argument-parser/Sources/ArgumentParser/Completions/CompletionsGenerator.swift:49:26: error: cannot find 'getenv' in scope
47 | #else
48 | // FIXME: This retrieves the user's preferred shell, not necessarily the one currently in use.
49 | guard let shellVar = getenv("SHELL") else { return nil }
| `- error: cannot find 'getenv' in scope
50 | let shellParts = String(cString: shellVar).split(separator: "/")
51 | return CompletionShell(rawValue: String(shellParts.last ?? ""))
[18/87] Compiling ArgumentParser CompletionsGenerator.swift
/host/spi-builder-workspace/.build/checkouts/swift-argument-parser/Sources/ArgumentParser/Completions/CompletionsGenerator.swift:49:26: error: cannot find 'getenv' in scope
47 | #else
48 | // FIXME: This retrieves the user's preferred shell, not necessarily the one currently in use.
49 | guard let shellVar = getenv("SHELL") else { return nil }
| `- error: cannot find 'getenv' in scope
50 | let shellParts = String(cString: shellVar).split(separator: "/")
51 | return CompletionShell(rawValue: String(shellParts.last ?? ""))
[19/87] Compiling ArgumentParser FishCompletionsGenerator.swift
/host/spi-builder-workspace/.build/checkouts/swift-argument-parser/Sources/ArgumentParser/Completions/CompletionsGenerator.swift:49:26: error: cannot find 'getenv' in scope
47 | #else
48 | // FIXME: This retrieves the user's preferred shell, not necessarily the one currently in use.
49 | guard let shellVar = getenv("SHELL") else { return nil }
| `- error: cannot find 'getenv' in scope
50 | let shellParts = String(cString: shellVar).split(separator: "/")
51 | return CompletionShell(rawValue: String(shellParts.last ?? ""))
[20/87] Compiling ArgumentParser ZshCompletionsGenerator.swift
/host/spi-builder-workspace/.build/checkouts/swift-argument-parser/Sources/ArgumentParser/Completions/CompletionsGenerator.swift:49:26: error: cannot find 'getenv' in scope
47 | #else
48 | // FIXME: This retrieves the user's preferred shell, not necessarily the one currently in use.
49 | guard let shellVar = getenv("SHELL") else { return nil }
| `- error: cannot find 'getenv' in scope
50 | let shellParts = String(cString: shellVar).split(separator: "/")
51 | return CompletionShell(rawValue: String(shellParts.last ?? ""))
[21/87] Compiling ArgumentParser Argument.swift
/host/spi-builder-workspace/.build/checkouts/swift-argument-parser/Sources/ArgumentParser/Completions/CompletionsGenerator.swift:49:26: error: cannot find 'getenv' in scope
47 | #else
48 | // FIXME: This retrieves the user's preferred shell, not necessarily the one currently in use.
49 | guard let shellVar = getenv("SHELL") else { return nil }
| `- error: cannot find 'getenv' in scope
50 | let shellParts = String(cString: shellVar).split(separator: "/")
51 | return CompletionShell(rawValue: String(shellParts.last ?? ""))
[22/87] Compiling ArgumentParser ParsableArguments.swift
/host/spi-builder-workspace/.build/checkouts/swift-argument-parser/Sources/ArgumentParser/Parsable Types/ParsableArguments.swift:63:31: error: cannot find 'putc' in scope
61 | struct StandardError: TextOutputStream {
62 | mutating func write(_ string: String) {
63 | for byte in string.utf8 { putc(numericCast(byte), stderr) }
| `- error: cannot find 'putc' in scope
64 | }
65 | }
/host/spi-builder-workspace/.build/checkouts/swift-argument-parser/Sources/ArgumentParser/Parsable Types/ParsableArguments.swift:63:55: error: cannot find 'stderr' in scope
61 | struct StandardError: TextOutputStream {
62 | mutating func write(_ string: String) {
63 | for byte in string.utf8 { putc(numericCast(byte), stderr) }
| `- error: cannot find 'stderr' in scope
64 | }
65 | }
/host/spi-builder-workspace/.build/checkouts/swift-argument-parser/Sources/ArgumentParser/Parsable Types/ParsableArguments.swift:63:36: error: generic parameter 'U' could not be inferred
61 | struct StandardError: TextOutputStream {
62 | mutating func write(_ string: String) {
63 | for byte in string.utf8 { putc(numericCast(byte), stderr) }
| `- error: generic parameter 'U' could not be inferred
64 | }
65 | }
Swift.numericCast:1:24: note: in call to function 'numericCast'
1 | @inlinable public func numericCast<T, U>(_ x: T) -> U where T : BinaryInteger, U : BinaryInteger
| `- note: in call to function 'numericCast'
/host/spi-builder-workspace/.build/checkouts/swift-argument-parser/Sources/ArgumentParser/Parsable Types/ParsableArguments.swift:185:7: error: cannot find '_exit' in scope
183 | ) -> Never {
184 | guard let error = error else {
185 | _exit(ExitCode.success.rawValue)
| `- error: cannot find '_exit' in scope
186 | }
187 |
/host/spi-builder-workspace/.build/checkouts/swift-argument-parser/Sources/ArgumentParser/Parsable Properties/Errors.swift:61:40: error: cannot find 'EXIT_SUCCESS' in scope
59 |
60 | /// An exit code that indicates successful completion of a command.
61 | public static let success = ExitCode(EXIT_SUCCESS)
| `- error: cannot find 'EXIT_SUCCESS' in scope
62 |
63 | /// An exit code that indicates that the command failed.
/host/spi-builder-workspace/.build/checkouts/swift-argument-parser/Sources/ArgumentParser/Parsable Types/ParsableArguments.swift:197:5: error: cannot find '_exit' in scope
195 | }
196 | }
197 | _exit(messageInfo.exitCode.rawValue)
| `- error: cannot find '_exit' in scope
198 | }
199 |
[23/87] Compiling ArgumentParser ParsableArgumentsValidation.swift
/host/spi-builder-workspace/.build/checkouts/swift-argument-parser/Sources/ArgumentParser/Parsable Types/ParsableArguments.swift:63:31: error: cannot find 'putc' in scope
61 | struct StandardError: TextOutputStream {
62 | mutating func write(_ string: String) {
63 | for byte in string.utf8 { putc(numericCast(byte), stderr) }
| `- error: cannot find 'putc' in scope
64 | }
65 | }
/host/spi-builder-workspace/.build/checkouts/swift-argument-parser/Sources/ArgumentParser/Parsable Types/ParsableArguments.swift:63:55: error: cannot find 'stderr' in scope
61 | struct StandardError: TextOutputStream {
62 | mutating func write(_ string: String) {
63 | for byte in string.utf8 { putc(numericCast(byte), stderr) }
| `- error: cannot find 'stderr' in scope
64 | }
65 | }
/host/spi-builder-workspace/.build/checkouts/swift-argument-parser/Sources/ArgumentParser/Parsable Types/ParsableArguments.swift:63:36: error: generic parameter 'U' could not be inferred
61 | struct StandardError: TextOutputStream {
62 | mutating func write(_ string: String) {
63 | for byte in string.utf8 { putc(numericCast(byte), stderr) }
| `- error: generic parameter 'U' could not be inferred
64 | }
65 | }
Swift.numericCast:1:24: note: in call to function 'numericCast'
1 | @inlinable public func numericCast<T, U>(_ x: T) -> U where T : BinaryInteger, U : BinaryInteger
| `- note: in call to function 'numericCast'
/host/spi-builder-workspace/.build/checkouts/swift-argument-parser/Sources/ArgumentParser/Parsable Types/ParsableArguments.swift:185:7: error: cannot find '_exit' in scope
183 | ) -> Never {
184 | guard let error = error else {
185 | _exit(ExitCode.success.rawValue)
| `- error: cannot find '_exit' in scope
186 | }
187 |
/host/spi-builder-workspace/.build/checkouts/swift-argument-parser/Sources/ArgumentParser/Parsable Properties/Errors.swift:61:40: error: cannot find 'EXIT_SUCCESS' in scope
59 |
60 | /// An exit code that indicates successful completion of a command.
61 | public static let success = ExitCode(EXIT_SUCCESS)
| `- error: cannot find 'EXIT_SUCCESS' in scope
62 |
63 | /// An exit code that indicates that the command failed.
/host/spi-builder-workspace/.build/checkouts/swift-argument-parser/Sources/ArgumentParser/Parsable Types/ParsableArguments.swift:197:5: error: cannot find '_exit' in scope
195 | }
196 | }
197 | _exit(messageInfo.exitCode.rawValue)
| `- error: cannot find '_exit' in scope
198 | }
199 |
[24/87] Compiling ArgumentParser ParsableCommand.swift
/host/spi-builder-workspace/.build/checkouts/swift-argument-parser/Sources/ArgumentParser/Parsable Types/ParsableArguments.swift:63:31: error: cannot find 'putc' in scope
61 | struct StandardError: TextOutputStream {
62 | mutating func write(_ string: String) {
63 | for byte in string.utf8 { putc(numericCast(byte), stderr) }
| `- error: cannot find 'putc' in scope
64 | }
65 | }
/host/spi-builder-workspace/.build/checkouts/swift-argument-parser/Sources/ArgumentParser/Parsable Types/ParsableArguments.swift:63:55: error: cannot find 'stderr' in scope
61 | struct StandardError: TextOutputStream {
62 | mutating func write(_ string: String) {
63 | for byte in string.utf8 { putc(numericCast(byte), stderr) }
| `- error: cannot find 'stderr' in scope
64 | }
65 | }
/host/spi-builder-workspace/.build/checkouts/swift-argument-parser/Sources/ArgumentParser/Parsable Types/ParsableArguments.swift:63:36: error: generic parameter 'U' could not be inferred
61 | struct StandardError: TextOutputStream {
62 | mutating func write(_ string: String) {
63 | for byte in string.utf8 { putc(numericCast(byte), stderr) }
| `- error: generic parameter 'U' could not be inferred
64 | }
65 | }
Swift.numericCast:1:24: note: in call to function 'numericCast'
1 | @inlinable public func numericCast<T, U>(_ x: T) -> U where T : BinaryInteger, U : BinaryInteger
| `- note: in call to function 'numericCast'
/host/spi-builder-workspace/.build/checkouts/swift-argument-parser/Sources/ArgumentParser/Parsable Types/ParsableArguments.swift:185:7: error: cannot find '_exit' in scope
183 | ) -> Never {
184 | guard let error = error else {
185 | _exit(ExitCode.success.rawValue)
| `- error: cannot find '_exit' in scope
186 | }
187 |
/host/spi-builder-workspace/.build/checkouts/swift-argument-parser/Sources/ArgumentParser/Parsable Properties/Errors.swift:61:40: error: cannot find 'EXIT_SUCCESS' in scope
59 |
60 | /// An exit code that indicates successful completion of a command.
61 | public static let success = ExitCode(EXIT_SUCCESS)
| `- error: cannot find 'EXIT_SUCCESS' in scope
62 |
63 | /// An exit code that indicates that the command failed.
/host/spi-builder-workspace/.build/checkouts/swift-argument-parser/Sources/ArgumentParser/Parsable Types/ParsableArguments.swift:197:5: error: cannot find '_exit' in scope
195 | }
196 | }
197 | _exit(messageInfo.exitCode.rawValue)
| `- error: cannot find '_exit' in scope
198 | }
199 |
[25/87] Compiling ArgumentParser ArgumentDecoder.swift
/host/spi-builder-workspace/.build/checkouts/swift-argument-parser/Sources/ArgumentParser/Parsable Types/ParsableArguments.swift:63:31: error: cannot find 'putc' in scope
61 | struct StandardError: TextOutputStream {
62 | mutating func write(_ string: String) {
63 | for byte in string.utf8 { putc(numericCast(byte), stderr) }
| `- error: cannot find 'putc' in scope
64 | }
65 | }
/host/spi-builder-workspace/.build/checkouts/swift-argument-parser/Sources/ArgumentParser/Parsable Types/ParsableArguments.swift:63:55: error: cannot find 'stderr' in scope
61 | struct StandardError: TextOutputStream {
62 | mutating func write(_ string: String) {
63 | for byte in string.utf8 { putc(numericCast(byte), stderr) }
| `- error: cannot find 'stderr' in scope
64 | }
65 | }
/host/spi-builder-workspace/.build/checkouts/swift-argument-parser/Sources/ArgumentParser/Parsable Types/ParsableArguments.swift:63:36: error: generic parameter 'U' could not be inferred
61 | struct StandardError: TextOutputStream {
62 | mutating func write(_ string: String) {
63 | for byte in string.utf8 { putc(numericCast(byte), stderr) }
| `- error: generic parameter 'U' could not be inferred
64 | }
65 | }
Swift.numericCast:1:24: note: in call to function 'numericCast'
1 | @inlinable public func numericCast<T, U>(_ x: T) -> U where T : BinaryInteger, U : BinaryInteger
| `- note: in call to function 'numericCast'
/host/spi-builder-workspace/.build/checkouts/swift-argument-parser/Sources/ArgumentParser/Parsable Types/ParsableArguments.swift:185:7: error: cannot find '_exit' in scope
183 | ) -> Never {
184 | guard let error = error else {
185 | _exit(ExitCode.success.rawValue)
| `- error: cannot find '_exit' in scope
186 | }
187 |
/host/spi-builder-workspace/.build/checkouts/swift-argument-parser/Sources/ArgumentParser/Parsable Properties/Errors.swift:61:40: error: cannot find 'EXIT_SUCCESS' in scope
59 |
60 | /// An exit code that indicates successful completion of a command.
61 | public static let success = ExitCode(EXIT_SUCCESS)
| `- error: cannot find 'EXIT_SUCCESS' in scope
62 |
63 | /// An exit code that indicates that the command failed.
/host/spi-builder-workspace/.build/checkouts/swift-argument-parser/Sources/ArgumentParser/Parsable Types/ParsableArguments.swift:197:5: error: cannot find '_exit' in scope
195 | }
196 | }
197 | _exit(messageInfo.exitCode.rawValue)
| `- error: cannot find '_exit' in scope
198 | }
199 |
[26/87] Compiling ArgumentParser ArgumentDefinition.swift
/host/spi-builder-workspace/.build/checkouts/swift-argument-parser/Sources/ArgumentParser/Parsable Types/ParsableArguments.swift:63:31: error: cannot find 'putc' in scope
61 | struct StandardError: TextOutputStream {
62 | mutating func write(_ string: String) {
63 | for byte in string.utf8 { putc(numericCast(byte), stderr) }
| `- error: cannot find 'putc' in scope
64 | }
65 | }
/host/spi-builder-workspace/.build/checkouts/swift-argument-parser/Sources/ArgumentParser/Parsable Types/ParsableArguments.swift:63:55: error: cannot find 'stderr' in scope
61 | struct StandardError: TextOutputStream {
62 | mutating func write(_ string: String) {
63 | for byte in string.utf8 { putc(numericCast(byte), stderr) }
| `- error: cannot find 'stderr' in scope
64 | }
65 | }
/host/spi-builder-workspace/.build/checkouts/swift-argument-parser/Sources/ArgumentParser/Parsable Types/ParsableArguments.swift:63:36: error: generic parameter 'U' could not be inferred
61 | struct StandardError: TextOutputStream {
62 | mutating func write(_ string: String) {
63 | for byte in string.utf8 { putc(numericCast(byte), stderr) }
| `- error: generic parameter 'U' could not be inferred
64 | }
65 | }
Swift.numericCast:1:24: note: in call to function 'numericCast'
1 | @inlinable public func numericCast<T, U>(_ x: T) -> U where T : BinaryInteger, U : BinaryInteger
| `- note: in call to function 'numericCast'
/host/spi-builder-workspace/.build/checkouts/swift-argument-parser/Sources/ArgumentParser/Parsable Types/ParsableArguments.swift:185:7: error: cannot find '_exit' in scope
183 | ) -> Never {
184 | guard let error = error else {
185 | _exit(ExitCode.success.rawValue)
| `- error: cannot find '_exit' in scope
186 | }
187 |
/host/spi-builder-workspace/.build/checkouts/swift-argument-parser/Sources/ArgumentParser/Parsable Properties/Errors.swift:61:40: error: cannot find 'EXIT_SUCCESS' in scope
59 |
60 | /// An exit code that indicates successful completion of a command.
61 | public static let success = ExitCode(EXIT_SUCCESS)
| `- error: cannot find 'EXIT_SUCCESS' in scope
62 |
63 | /// An exit code that indicates that the command failed.
/host/spi-builder-workspace/.build/checkouts/swift-argument-parser/Sources/ArgumentParser/Parsable Types/ParsableArguments.swift:197:5: error: cannot find '_exit' in scope
195 | }
196 | }
197 | _exit(messageInfo.exitCode.rawValue)
| `- error: cannot find '_exit' in scope
198 | }
199 |
[27/87] Compiling ArgumentParser Option.swift
[28/87] Compiling ArgumentParser OptionGroup.swift
[29/87] Compiling ArgumentParser CommandConfiguration.swift
[30/87] Compiling ArgumentParser EnumerableFlag.swift
[31/87] Compiling ArgumentParser ExpressibleByArgument.swift
[32/87] Compiling ArgumentParser CollectionExtensions.swift
[33/87] Compiling ArgumentParser SequenceExtensions.swift
[34/87] Compiling ArgumentParser StringExtensions.swift
[35/87] Compiling ArgumentParser Tree.swift
[36/87] Compiling ArgumentParser ArgumentSet.swift
[37/87] Compiling ArgumentParser CommandParser.swift
[38/87] Compiling ArgumentParser InputOrigin.swift
[39/87] Compiling ArgumentParser Name.swift
[40/87] Compiling ArgumentParser Parsed.swift
[53/87] Compiling ArgumentParser HelpCommand.swift
[54/87] Compiling ArgumentParser ParsedValues.swift
[55/87] Compiling ArgumentParser ParserError.swift
[56/87] Compiling ArgumentParser SplitArguments.swift
[57/87] Compiling ArgumentParser DumpHelpGenerator.swift
/host/spi-builder-workspace/.build/checkouts/swift-argument-parser/Sources/ArgumentParser/Usage/HelpGenerator.swift:358:11: error: cannot find 'winsize' in scope
356 | height: Int(csbi.srWindow.Bottom - csbi.srWindow.Top) + 1)
357 | #else
358 | var w = winsize()
| `- error: cannot find 'winsize' in scope
359 | #if os(OpenBSD)
360 | // TIOCGWINSZ is a complex macro, so we need the flattened value.
/host/spi-builder-workspace/.build/checkouts/swift-argument-parser/Sources/ArgumentParser/Usage/HelpGenerator.swift:364:13: error: cannot find 'ioctl' in scope
362 | let err = ioctl(STDOUT_FILENO, tiocgwinsz, &w)
363 | #else
364 | let err = ioctl(STDOUT_FILENO, TIOCGWINSZ, &w)
| `- error: cannot find 'ioctl' in scope
365 | #endif
366 | let width = Int(w.ws_col)
/host/spi-builder-workspace/.build/checkouts/swift-argument-parser/Sources/ArgumentParser/Usage/HelpGenerator.swift:364:19: error: cannot find 'STDOUT_FILENO' in scope
362 | let err = ioctl(STDOUT_FILENO, tiocgwinsz, &w)
363 | #else
364 | let err = ioctl(STDOUT_FILENO, TIOCGWINSZ, &w)
| `- error: cannot find 'STDOUT_FILENO' in scope
365 | #endif
366 | let width = Int(w.ws_col)
/host/spi-builder-workspace/.build/checkouts/swift-argument-parser/Sources/ArgumentParser/Usage/HelpGenerator.swift:364:34: error: cannot find 'TIOCGWINSZ' in scope
362 | let err = ioctl(STDOUT_FILENO, tiocgwinsz, &w)
363 | #else
364 | let err = ioctl(STDOUT_FILENO, TIOCGWINSZ, &w)
| `- error: cannot find 'TIOCGWINSZ' in scope
365 | #endif
366 | let width = Int(w.ws_col)
/host/spi-builder-workspace/.build/checkouts/swift-argument-parser/Sources/ArgumentParser/Parsable Properties/Errors.swift:61:40: error: cannot find 'EXIT_SUCCESS' in scope
59 |
60 | /// An exit code that indicates successful completion of a command.
61 | public static let success = ExitCode(EXIT_SUCCESS)
| `- error: cannot find 'EXIT_SUCCESS' in scope
62 |
63 | /// An exit code that indicates that the command failed.
/host/spi-builder-workspace/.build/checkouts/swift-argument-parser/Sources/ArgumentParser/Parsable Properties/Errors.swift:70:50: error: cannot find 'EX_USAGE' in scope
68 | public static let validationFailure = ExitCode(ERROR_BAD_ARGUMENTS)
69 | #else
70 | public static let validationFailure = ExitCode(EX_USAGE)
| `- error: cannot find 'EX_USAGE' in scope
71 | #endif
72 |
[63/87] Compiling ArgumentParser HelpGenerator.swift
/host/spi-builder-workspace/.build/checkouts/swift-argument-parser/Sources/ArgumentParser/Usage/HelpGenerator.swift:358:11: error: cannot find 'winsize' in scope
356 | height: Int(csbi.srWindow.Bottom - csbi.srWindow.Top) + 1)
357 | #else
358 | var w = winsize()
| `- error: cannot find 'winsize' in scope
359 | #if os(OpenBSD)
360 | // TIOCGWINSZ is a complex macro, so we need the flattened value.
/host/spi-builder-workspace/.build/checkouts/swift-argument-parser/Sources/ArgumentParser/Usage/HelpGenerator.swift:364:13: error: cannot find 'ioctl' in scope
362 | let err = ioctl(STDOUT_FILENO, tiocgwinsz, &w)
363 | #else
364 | let err = ioctl(STDOUT_FILENO, TIOCGWINSZ, &w)
| `- error: cannot find 'ioctl' in scope
365 | #endif
366 | let width = Int(w.ws_col)
/host/spi-builder-workspace/.build/checkouts/swift-argument-parser/Sources/ArgumentParser/Usage/HelpGenerator.swift:364:19: error: cannot find 'STDOUT_FILENO' in scope
362 | let err = ioctl(STDOUT_FILENO, tiocgwinsz, &w)
363 | #else
364 | let err = ioctl(STDOUT_FILENO, TIOCGWINSZ, &w)
| `- error: cannot find 'STDOUT_FILENO' in scope
365 | #endif
366 | let width = Int(w.ws_col)
/host/spi-builder-workspace/.build/checkouts/swift-argument-parser/Sources/ArgumentParser/Usage/HelpGenerator.swift:364:34: error: cannot find 'TIOCGWINSZ' in scope
362 | let err = ioctl(STDOUT_FILENO, tiocgwinsz, &w)
363 | #else
364 | let err = ioctl(STDOUT_FILENO, TIOCGWINSZ, &w)
| `- error: cannot find 'TIOCGWINSZ' in scope
365 | #endif
366 | let width = Int(w.ws_col)
/host/spi-builder-workspace/.build/checkouts/swift-argument-parser/Sources/ArgumentParser/Parsable Properties/Errors.swift:61:40: error: cannot find 'EXIT_SUCCESS' in scope
59 |
60 | /// An exit code that indicates successful completion of a command.
61 | public static let success = ExitCode(EXIT_SUCCESS)
| `- error: cannot find 'EXIT_SUCCESS' in scope
62 |
63 | /// An exit code that indicates that the command failed.
/host/spi-builder-workspace/.build/checkouts/swift-argument-parser/Sources/ArgumentParser/Parsable Properties/Errors.swift:70:50: error: cannot find 'EX_USAGE' in scope
68 | public static let validationFailure = ExitCode(ERROR_BAD_ARGUMENTS)
69 | #else
70 | public static let validationFailure = ExitCode(EX_USAGE)
| `- error: cannot find 'EX_USAGE' in scope
71 | #endif
72 |
[64/87] Compiling ArgumentParser MessageInfo.swift
/host/spi-builder-workspace/.build/checkouts/swift-argument-parser/Sources/ArgumentParser/Usage/HelpGenerator.swift:358:11: error: cannot find 'winsize' in scope
356 | height: Int(csbi.srWindow.Bottom - csbi.srWindow.Top) + 1)
357 | #else
358 | var w = winsize()
| `- error: cannot find 'winsize' in scope
359 | #if os(OpenBSD)
360 | // TIOCGWINSZ is a complex macro, so we need the flattened value.
/host/spi-builder-workspace/.build/checkouts/swift-argument-parser/Sources/ArgumentParser/Usage/HelpGenerator.swift:364:13: error: cannot find 'ioctl' in scope
362 | let err = ioctl(STDOUT_FILENO, tiocgwinsz, &w)
363 | #else
364 | let err = ioctl(STDOUT_FILENO, TIOCGWINSZ, &w)
| `- error: cannot find 'ioctl' in scope
365 | #endif
366 | let width = Int(w.ws_col)
/host/spi-builder-workspace/.build/checkouts/swift-argument-parser/Sources/ArgumentParser/Usage/HelpGenerator.swift:364:19: error: cannot find 'STDOUT_FILENO' in scope
362 | let err = ioctl(STDOUT_FILENO, tiocgwinsz, &w)
363 | #else
364 | let err = ioctl(STDOUT_FILENO, TIOCGWINSZ, &w)
| `- error: cannot find 'STDOUT_FILENO' in scope
365 | #endif
366 | let width = Int(w.ws_col)
/host/spi-builder-workspace/.build/checkouts/swift-argument-parser/Sources/ArgumentParser/Usage/HelpGenerator.swift:364:34: error: cannot find 'TIOCGWINSZ' in scope
362 | let err = ioctl(STDOUT_FILENO, tiocgwinsz, &w)
363 | #else
364 | let err = ioctl(STDOUT_FILENO, TIOCGWINSZ, &w)
| `- error: cannot find 'TIOCGWINSZ' in scope
365 | #endif
366 | let width = Int(w.ws_col)
/host/spi-builder-workspace/.build/checkouts/swift-argument-parser/Sources/ArgumentParser/Parsable Properties/Errors.swift:61:40: error: cannot find 'EXIT_SUCCESS' in scope
59 |
60 | /// An exit code that indicates successful completion of a command.
61 | public static let success = ExitCode(EXIT_SUCCESS)
| `- error: cannot find 'EXIT_SUCCESS' in scope
62 |
63 | /// An exit code that indicates that the command failed.
/host/spi-builder-workspace/.build/checkouts/swift-argument-parser/Sources/ArgumentParser/Parsable Properties/Errors.swift:70:50: error: cannot find 'EX_USAGE' in scope
68 | public static let validationFailure = ExitCode(ERROR_BAD_ARGUMENTS)
69 | #else
70 | public static let validationFailure = ExitCode(EX_USAGE)
| `- error: cannot find 'EX_USAGE' in scope
71 | #endif
72 |
[65/87] Compiling ArgumentParser UsageGenerator.swift
/host/spi-builder-workspace/.build/checkouts/swift-argument-parser/Sources/ArgumentParser/Usage/HelpGenerator.swift:358:11: error: cannot find 'winsize' in scope
356 | height: Int(csbi.srWindow.Bottom - csbi.srWindow.Top) + 1)
357 | #else
358 | var w = winsize()
| `- error: cannot find 'winsize' in scope
359 | #if os(OpenBSD)
360 | // TIOCGWINSZ is a complex macro, so we need the flattened value.
/host/spi-builder-workspace/.build/checkouts/swift-argument-parser/Sources/ArgumentParser/Usage/HelpGenerator.swift:364:13: error: cannot find 'ioctl' in scope
362 | let err = ioctl(STDOUT_FILENO, tiocgwinsz, &w)
363 | #else
364 | let err = ioctl(STDOUT_FILENO, TIOCGWINSZ, &w)
| `- error: cannot find 'ioctl' in scope
365 | #endif
366 | let width = Int(w.ws_col)
/host/spi-builder-workspace/.build/checkouts/swift-argument-parser/Sources/ArgumentParser/Usage/HelpGenerator.swift:364:19: error: cannot find 'STDOUT_FILENO' in scope
362 | let err = ioctl(STDOUT_FILENO, tiocgwinsz, &w)
363 | #else
364 | let err = ioctl(STDOUT_FILENO, TIOCGWINSZ, &w)
| `- error: cannot find 'STDOUT_FILENO' in scope
365 | #endif
366 | let width = Int(w.ws_col)
/host/spi-builder-workspace/.build/checkouts/swift-argument-parser/Sources/ArgumentParser/Usage/HelpGenerator.swift:364:34: error: cannot find 'TIOCGWINSZ' in scope
362 | let err = ioctl(STDOUT_FILENO, tiocgwinsz, &w)
363 | #else
364 | let err = ioctl(STDOUT_FILENO, TIOCGWINSZ, &w)
| `- error: cannot find 'TIOCGWINSZ' in scope
365 | #endif
366 | let width = Int(w.ws_col)
/host/spi-builder-workspace/.build/checkouts/swift-argument-parser/Sources/ArgumentParser/Parsable Properties/Errors.swift:61:40: error: cannot find 'EXIT_SUCCESS' in scope
59 |
60 | /// An exit code that indicates successful completion of a command.
61 | public static let success = ExitCode(EXIT_SUCCESS)
| `- error: cannot find 'EXIT_SUCCESS' in scope
62 |
63 | /// An exit code that indicates that the command failed.
/host/spi-builder-workspace/.build/checkouts/swift-argument-parser/Sources/ArgumentParser/Parsable Properties/Errors.swift:70:50: error: cannot find 'EX_USAGE' in scope
68 | public static let validationFailure = ExitCode(ERROR_BAD_ARGUMENTS)
69 | #else
70 | public static let validationFailure = ExitCode(EX_USAGE)
| `- error: cannot find 'EX_USAGE' in scope
71 | #endif
72 |
BUILD FAILURE 6.3 android