Build Information
Failed to build swiftui-mapview, reference main (b29e45), with Swift 6.4 for watchOS using Xcode 27.0 on 23 Sep 2026 14:42:34 UTC.
Build Command
env DEVELOPER_DIR=/Applications/Xcode-27.0.0-Release.Candidate.app xcrun xcodebuild -IDEClonedSourcePackagesDirPathOverride=$PWD/.dependencies -skipMacroValidation -skipPackagePluginValidation -derivedDataPath $PWD/.derivedData build -scheme swiftui-mapview -destination generic/platform=watchOSBuild Log
SwiftExplicitDependencyGeneratePcm arm64_32 /Users/admin/builder/spi-builder-workspace/.derivedData/SDKExplicitPrecompiledModules/_Builtin_float-372PLGDQ1U3B6Z5EA5DJMDORJ.pcm
SwiftExplicitDependencyGeneratePcm arm64 /Users/admin/builder/spi-builder-workspace/.derivedData/SDKExplicitPrecompiledModules/SwiftShims-AJ4AZYHQNC33R5RLN7AGEIOMP.pcm
SwiftExplicitDependencyGeneratePcm arm64_32 /Users/admin/builder/spi-builder-workspace/.derivedData/SDKExplicitPrecompiledModules/_Builtin_stdarg-EYJP6DFYQL9GJLH1TJ84A8MHV.pcm
SwiftExplicitDependencyGeneratePcm arm64 /Users/admin/builder/spi-builder-workspace/.derivedData/SDKExplicitPrecompiledModules/_Builtin_stdbool-B692L2PMR118794VVYBG37897.pcm
SwiftExplicitDependencyGeneratePcm arm64 /Users/admin/builder/spi-builder-workspace/.derivedData/SDKExplicitPrecompiledModules/_Builtin_float-E4M4A8689VXF1T7P7BV56IKBT.pcm
SwiftExplicitDependencyGeneratePcm arm64_32 /Users/admin/builder/spi-builder-workspace/.derivedData/SDKExplicitPrecompiledModules/ptrauth-EW7YZZ7LEZE1QZF2T8148IPSA.pcm
SwiftExplicitDependencyGeneratePcm arm64 /Users/admin/builder/spi-builder-workspace/.derivedData/SDKExplicitPrecompiledModules/_SwiftConcurrencyShims-CTPSFSTDCBVSSQFHL6I305U72.pcm
SwiftExplicitDependencyGeneratePcm arm64 /Users/admin/builder/spi-builder-workspace/.derivedData/SDKExplicitPrecompiledModules/ptrcheck-8K07997SIHO7YGY7UQ3LOQ3TJ.pcm
SwiftExplicitDependencyGeneratePcm arm64 /Users/admin/builder/spi-builder-workspace/.derivedData/SDKExplicitPrecompiledModules/_AvailabilityInternal-42EVAC8Q6P1ZT6G3A168N97G4.pcm
SwiftExplicitDependencyGeneratePcm arm64 /Users/admin/builder/spi-builder-workspace/.derivedData/SDKExplicitPrecompiledModules/_Builtin_stdarg-3X4KLXUYEI0UGBILP4X7D0CYW.pcm
SwiftExplicitDependencyGeneratePcm arm64 /Users/admin/builder/spi-builder-workspace/.derivedData/SDKExplicitPrecompiledModules/DeveloperToolsSupport-CL5QT3CW0ZM498PFTWG64QMLA.pcm
SwiftExplicitDependencyGeneratePcm arm64_32 /Users/admin/builder/spi-builder-workspace/.derivedData/SDKExplicitPrecompiledModules/_Builtin_stdbool-84ZA1VDW90AGWZ2LF5KOCM8DZ.pcm
SwiftExplicitDependencyGeneratePcm arm64_32 /Users/admin/builder/spi-builder-workspace/.derivedData/SDKExplicitPrecompiledModules/_Builtin_stddef-2F9BFIPBQ5EWNSK5G7G7V4EKL.pcm
SwiftExplicitDependencyGeneratePcm arm64_32 /Users/admin/builder/spi-builder-workspace/.derivedData/SDKExplicitPrecompiledModules/_AvailabilityInternal-22ZP1ILSQW16KHXZS5GBZHOCS.pcm
SwiftExplicitDependencyGeneratePcm arm64_32 /Users/admin/builder/spi-builder-workspace/.derivedData/SDKExplicitPrecompiledModules/_SwiftConcurrencyShims-58G4ISYSYDV3AT1DDGEE0QCUF.pcm
SwiftExplicitDependencyGeneratePcm arm64_32 /Users/admin/builder/spi-builder-workspace/.derivedData/SDKExplicitPrecompiledModules/ptrcheck-EAZ3I917ZFA9H6ZCL6PGLG4TR.pcm
SwiftExplicitDependencyGeneratePcm arm64_32 /Users/admin/builder/spi-builder-workspace/.derivedData/SDKExplicitPrecompiledModules/SwiftShims-D9VBB138U50XYYGW2C2V21N3L.pcm
SwiftExplicitDependencyGeneratePcm arm64_32 /Users/admin/builder/spi-builder-workspace/.derivedData/SDKExplicitPrecompiledModules/DeveloperToolsSupport-3FQKKPF3BW0SWE1YUZ86OZWIB.pcm
SwiftExplicitDependencyGeneratePcm arm64 /Users/admin/builder/spi-builder-workspace/.derivedData/SDKExplicitPrecompiledModules/ptrauth-C7VQASAJ967Q4Q6SRD4I3CFWZ.pcm
SwiftExplicitDependencyGeneratePcm arm64 /Users/admin/builder/spi-builder-workspace/.derivedData/SDKExplicitPrecompiledModules/_DarwinFoundation1-7YQ9TVI7XTOGQU9OADRXP33D1.pcm
SwiftExplicitDependencyGeneratePcm arm64 /Users/admin/builder/spi-builder-workspace/.derivedData/SDKExplicitPrecompiledModules/_Builtin_stddef-5OH846KKUPSJJT7GCX9XU1TKG.pcm
SwiftExplicitDependencyGeneratePcm arm64_32 /Users/admin/builder/spi-builder-workspace/.derivedData/SDKExplicitPrecompiledModules/_DarwinFoundation1-5SNIO0SFHX9KJZTLQGIPAPXUZ.pcm
SwiftExplicitDependencyGeneratePcm arm64 /Users/admin/builder/spi-builder-workspace/.derivedData/SDKExplicitPrecompiledModules/_Builtin_limits-75TRA1C7IHYOFCG3KJXQVTHJ4.pcm
SwiftExplicitDependencyGeneratePcm arm64 /Users/admin/builder/spi-builder-workspace/.derivedData/SDKExplicitPrecompiledModules/_DarwinFoundation2-CUPL4FH2SA95GMALQP4M6O8UA.pcm
SwiftExplicitDependencyGeneratePcm arm64_32 /Users/admin/builder/spi-builder-workspace/.derivedData/SDKExplicitPrecompiledModules/_DarwinFoundation2-FP2Q8F1Q2HR151SBYKTU6Q8B.pcm
SwiftExplicitDependencyGeneratePcm arm64_32 /Users/admin/builder/spi-builder-workspace/.derivedData/SDKExplicitPrecompiledModules/_Builtin_limits-AQMEC9CLG0FZQN6TLGDQ6WF78.pcm
SwiftExplicitDependencyGeneratePcm arm64 /Users/admin/builder/spi-builder-workspace/.derivedData/SDKExplicitPrecompiledModules/_Builtin_tgmath-7JP2AE1NQHA1DV5JYP2OHQ3BF.pcm
SwiftExplicitDependencyGeneratePcm arm64 /Users/admin/builder/spi-builder-workspace/.derivedData/SDKExplicitPrecompiledModules/string_h-4N9Z22C0HUO8GV7GFPCLZRZA2.pcm
SwiftExplicitDependencyGeneratePcm arm64 /Users/admin/builder/spi-builder-workspace/.derivedData/SDKExplicitPrecompiledModules/sys_types-9KPVYINL86WUSHF45TU8PWZZ1.pcm
SwiftExplicitDependencyGeneratePcm arm64 /Users/admin/builder/spi-builder-workspace/.derivedData/SDKExplicitPrecompiledModules/_Builtin_stdint-6TUACK4YPMARFT56PLIO388SJ.pcm
SwiftExplicitDependencyGeneratePcm arm64_32 /Users/admin/builder/spi-builder-workspace/.derivedData/SDKExplicitPrecompiledModules/_Builtin_stdint-6IWJLTRH2WB6RCG4THPA65RDS.pcm
SwiftExplicitDependencyGeneratePcm arm64_32 /Users/admin/builder/spi-builder-workspace/.derivedData/SDKExplicitPrecompiledModules/string_h-8QY7P4ZQXQAF14WVDITTM4R70.pcm
SwiftExplicitDependencyGeneratePcm arm64_32 /Users/admin/builder/spi-builder-workspace/.derivedData/SDKExplicitPrecompiledModules/_Builtin_tgmath-414CVW1GW3IL0HRLCNNCS6Q0U.pcm
SwiftExplicitDependencyGeneratePcm arm64_32 /Users/admin/builder/spi-builder-workspace/.derivedData/SDKExplicitPrecompiledModules/sys_types-65NN51P1G7GN2GUAUPC53JJ7N.pcm
SwiftExplicitDependencyGeneratePcm arm64 /Users/admin/builder/spi-builder-workspace/.derivedData/SDKExplicitPrecompiledModules/_Builtin_intrinsics-SQV576LJA0QE7RW5HF7CQ1BX.pcm
SwiftExplicitDependencyGeneratePcm arm64 /Users/admin/builder/spi-builder-workspace/.derivedData/SDKExplicitPrecompiledModules/_DarwinFoundation3-EJXZKD8LN9EYM9OWP9VLJ49PK.pcm
SwiftExplicitDependencyGeneratePcm arm64 /Users/admin/builder/spi-builder-workspace/.derivedData/SDKExplicitPrecompiledModules/_Builtin_stdatomic-25T9UW3XDYID74302F31PX0RP.pcm
SwiftExplicitDependencyGeneratePcm arm64_32 /Users/admin/builder/spi-builder-workspace/.derivedData/SDKExplicitPrecompiledModules/_DarwinFoundation3-3YOBOPIW2MF1LRNQH7JBUBY4G.pcm
SwiftExplicitDependencyGeneratePcm arm64_32 /Users/admin/builder/spi-builder-workspace/.derivedData/SDKExplicitPrecompiledModules/_Builtin_stdatomic-D2FE5M7JS5NQA5JDADVERWJM4.pcm
SwiftExplicitDependencyGeneratePcm arm64_32 /Users/admin/builder/spi-builder-workspace/.derivedData/SDKExplicitPrecompiledModules/_Builtin_intrinsics-2K07JIG9ZANIKHSNPO3O6L1K6.pcm
SwiftExplicitDependencyGeneratePcm arm64 /Users/admin/builder/spi-builder-workspace/.derivedData/SDKExplicitPrecompiledModules/_Builtin_inttypes-86YTNV5YADPJXFMJ82N3R4GWQ.pcm
SwiftExplicitDependencyGeneratePcm arm64_32 /Users/admin/builder/spi-builder-workspace/.derivedData/SDKExplicitPrecompiledModules/_Builtin_inttypes-BPZJ68HW1IMYWSHROAZ0IMUJP.pcm
SwiftExplicitDependencyGeneratePcm arm64 /Users/admin/builder/spi-builder-workspace/.derivedData/SDKExplicitPrecompiledModules/Darwin-CSB8C43KELVSFIQVR0803IZPN.pcm
SwiftExplicitDependencyGeneratePcm arm64_32 /Users/admin/builder/spi-builder-workspace/.derivedData/SDKExplicitPrecompiledModules/Darwin-10D35ZJWCWG7LJAF579U7I5V7.pcm
SwiftExplicitDependencyGeneratePcm arm64 /Users/admin/builder/spi-builder-workspace/.derivedData/SDKExplicitPrecompiledModules/simd-2C11HKTI5TJB05T724EWNFZXD.pcm
SwiftExplicitDependencyGeneratePcm arm64_32 /Users/admin/builder/spi-builder-workspace/.derivedData/SDKExplicitPrecompiledModules/simd-1W6O8NR1QUSWJGAN44DNNWVHX.pcm
SwiftExplicitDependencyGeneratePcm arm64 /Users/admin/builder/spi-builder-workspace/.derivedData/SDKExplicitPrecompiledModules/ObjectiveC-22CZPC4WYQC9G8T393WT2KKLW.pcm
SwiftExplicitDependencyGeneratePcm arm64 /Users/admin/builder/spi-builder-workspace/.derivedData/SDKExplicitPrecompiledModules/MachO-4RYXFVY68ZDEUZYFMVL57WEKU.pcm
SwiftExplicitDependencyGeneratePcm arm64_32 /Users/admin/builder/spi-builder-workspace/.derivedData/SDKExplicitPrecompiledModules/ObjectiveC-71AGZNHLBMR2QK817EJNUN54E.pcm
SwiftExplicitDependencyGeneratePcm arm64_32 /Users/admin/builder/spi-builder-workspace/.derivedData/SDKExplicitPrecompiledModules/MachO-F47JQRYVH1SLPOQSJD8RK9MSX.pcm
SwiftExplicitDependencyGeneratePcm arm64 /Users/admin/builder/spi-builder-workspace/.derivedData/SDKExplicitPrecompiledModules/os_object-6KYGGZ4DPVZ3BBAZ6QICZN8LI.pcm
SwiftExplicitDependencyGeneratePcm arm64_32 /Users/admin/builder/spi-builder-workspace/.derivedData/SDKExplicitPrecompiledModules/os_object-CTXVQBCWDOH6JHUXIFDUOWFRL.pcm
SwiftExplicitDependencyGeneratePcm arm64 /Users/admin/builder/spi-builder-workspace/.derivedData/SDKExplicitPrecompiledModules/os_workgroup-AHE7ULDQBKER38CYPIKDTZF4M.pcm
SwiftExplicitDependencyGeneratePcm arm64_32 /Users/admin/builder/spi-builder-workspace/.derivedData/SDKExplicitPrecompiledModules/os_workgroup-9L9R05BT5LTFRZ2NM68BZTVV2.pcm
SwiftExplicitDependencyGeneratePcm arm64 /Users/admin/builder/spi-builder-workspace/.derivedData/SDKExplicitPrecompiledModules/Spatial-EZKKX4XFW72RZCTOIG80Z93AP.pcm
SwiftExplicitDependencyGeneratePcm arm64 /Users/admin/builder/spi-builder-workspace/.derivedData/SDKExplicitPrecompiledModules/Dispatch-39VR0G01IUJ09PQKMFGOHXZ4L.pcm
SwiftExplicitDependencyGeneratePcm arm64_32 /Users/admin/builder/spi-builder-workspace/.derivedData/SDKExplicitPrecompiledModules/Spatial-4XS0QRL16224ZE9KE9TMKASKT.pcm
SwiftExplicitDependencyGeneratePcm arm64_32 /Users/admin/builder/spi-builder-workspace/.derivedData/SDKExplicitPrecompiledModules/Dispatch-CGIMI9KQKHNRQHR2IECIPRG14.pcm
SwiftExplicitDependencyGeneratePcm arm64 /Users/admin/builder/spi-builder-workspace/.derivedData/SDKExplicitPrecompiledModules/XPC-650JAZBTM6I0OMHYO6CKM0CWJ.pcm
SwiftExplicitDependencyGeneratePcm arm64 /Users/admin/builder/spi-builder-workspace/.derivedData/SDKExplicitPrecompiledModules/CoreFoundation-59XKO8YNRGGYNC5U5LK8B4EM.pcm
SwiftExplicitDependencyGeneratePcm arm64_32 /Users/admin/builder/spi-builder-workspace/.derivedData/SDKExplicitPrecompiledModules/CoreFoundation-76B9WJP9MDYT33HZQVSNNZQZD.pcm
SwiftExplicitDependencyGeneratePcm arm64_32 /Users/admin/builder/spi-builder-workspace/.derivedData/SDKExplicitPrecompiledModules/XPC-7SLKI45KYLKXH9QET2WYS3UZ4.pcm
SwiftExplicitDependencyGeneratePcm arm64 /Users/admin/builder/spi-builder-workspace/.derivedData/SDKExplicitPrecompiledModules/os-6BCTB8I5DCBBKFJ0Y0G4WQDDJ.pcm
SwiftExplicitDependencyGeneratePcm arm64_32 /Users/admin/builder/spi-builder-workspace/.derivedData/SDKExplicitPrecompiledModules/os-D9NWGT7PQGY2OD43XMA2KGLJK.pcm
SwiftExplicitDependencyGeneratePcm arm64 /Users/admin/builder/spi-builder-workspace/.derivedData/SDKExplicitPrecompiledModules/Security-69WNGEAVQP55EDBQHP3BLE8QU.pcm
SwiftExplicitDependencyGeneratePcm arm64 /Users/admin/builder/spi-builder-workspace/.derivedData/SDKExplicitPrecompiledModules/CoreAudioTypes-51SR7UBHOMSGMEPVFS6PLSR4M.pcm
SwiftExplicitDependencyGeneratePcm arm64 /Users/admin/builder/spi-builder-workspace/.derivedData/SDKExplicitPrecompiledModules/CoreGraphics-5488DA9QVJJ7QOFXPYOYIYFUX.pcm
SwiftExplicitDependencyGeneratePcm arm64_32 /Users/admin/builder/spi-builder-workspace/.derivedData/SDKExplicitPrecompiledModules/Security-1W411BS4UH2UNMNII2341429S.pcm
SwiftExplicitDependencyGeneratePcm arm64_32 /Users/admin/builder/spi-builder-workspace/.derivedData/SDKExplicitPrecompiledModules/CoreAudioTypes-AY6JAXDJMW2FLVG4UD79375PW.pcm
SwiftExplicitDependencyGeneratePcm arm64_32 /Users/admin/builder/spi-builder-workspace/.derivedData/SDKExplicitPrecompiledModules/CoreGraphics-A4WOQTM8SYZAQP223LI6RRPEK.pcm
SwiftExplicitDependencyGeneratePcm arm64 /Users/admin/builder/spi-builder-workspace/.derivedData/SDKExplicitPrecompiledModules/CoreAudio-368NRGVYQ33J8K75Y2DSNU06Y.pcm
SwiftExplicitDependencyGeneratePcm arm64_32 /Users/admin/builder/spi-builder-workspace/.derivedData/SDKExplicitPrecompiledModules/CoreAudio-1FTJGW5ZM9ZN5IKPBE4A9LGNF.pcm
SwiftExplicitDependencyGeneratePcm arm64 /Users/admin/builder/spi-builder-workspace/.derivedData/SDKExplicitPrecompiledModules/Foundation-B3IXODHI7VO4VRX2RWRXLVJZT.pcm
SwiftExplicitDependencyGeneratePcm arm64 /Users/admin/builder/spi-builder-workspace/.derivedData/SDKExplicitPrecompiledModules/CoreVideo-2YRZ292TS6QDW2V2V92NZMPWM.pcm
SwiftExplicitDependencyGeneratePcm arm64 /Users/admin/builder/spi-builder-workspace/.derivedData/SDKExplicitPrecompiledModules/CoreText-BEC0M2J7FJN53VXNFDZDKL9U2.pcm
SwiftExplicitDependencyGeneratePcm arm64_32 /Users/admin/builder/spi-builder-workspace/.derivedData/SDKExplicitPrecompiledModules/Foundation-AIQ30TCDC2B0LBUU6FPQZ0HWI.pcm
SwiftExplicitDependencyGeneratePcm arm64_32 /Users/admin/builder/spi-builder-workspace/.derivedData/SDKExplicitPrecompiledModules/CoreVideo-BX0NALWCB2F1YOTF0NZGV9FWU.pcm
SwiftExplicitDependencyGeneratePcm arm64_32 /Users/admin/builder/spi-builder-workspace/.derivedData/SDKExplicitPrecompiledModules/CoreText-34U50N378SZT64826L0B62MN6.pcm
SwiftExplicitDependencyGeneratePcm arm64 /Users/admin/builder/spi-builder-workspace/.derivedData/SDKExplicitPrecompiledModules/CoreMedia-EO02G285WTXB0RPNG3DP9O9VN.pcm
SwiftExplicitDependencyGeneratePcm arm64_32 /Users/admin/builder/spi-builder-workspace/.derivedData/SDKExplicitPrecompiledModules/CoreMedia-CU8J9TNJY5EX43FQOPTAAHU29.pcm
SwiftExplicitDependencyGeneratePcm arm64 /Users/admin/builder/spi-builder-workspace/.derivedData/SDKExplicitPrecompiledModules/UserNotifications-7VIERZPAA371031RT8VBKFYKJ.pcm
SwiftExplicitDependencyGeneratePcm arm64 /Users/admin/builder/spi-builder-workspace/.derivedData/SDKExplicitPrecompiledModules/UniformTypeIdentifiers-47SS6PHE8KOUZX5UOQUNKH397.pcm
SwiftExplicitDependencyGeneratePcm arm64 /Users/admin/builder/spi-builder-workspace/.derivedData/SDKExplicitPrecompiledModules/SceneKit-4VPDXW2J8W40JMX88G7X30C4G.pcm
SwiftExplicitDependencyGeneratePcm arm64 /Users/admin/builder/spi-builder-workspace/.derivedData/SDKExplicitPrecompiledModules/Accessibility-DB0V1GY4JDAXG2CZ5MW826DDE.pcm
SwiftExplicitDependencyGeneratePcm arm64 /Users/admin/builder/spi-builder-workspace/.derivedData/SDKExplicitPrecompiledModules/_LocationEssentials-C3HYVW8P89QAUDLD9VRHUF48Q.pcm
SwiftExplicitDependencyGeneratePcm arm64 /Users/admin/builder/spi-builder-workspace/.derivedData/SDKExplicitPrecompiledModules/UIUtilities-AR3EDJH6PMDGNUXQGV2JND65S.pcm
SwiftExplicitDependencyGeneratePcm arm64 /Users/admin/builder/spi-builder-workspace/.derivedData/SDKExplicitPrecompiledModules/QuartzCore-BRDP6VIMJ6A6HG4W4NYXZ8BI3.pcm
SwiftExplicitDependencyGeneratePcm arm64 /Users/admin/builder/spi-builder-workspace/.derivedData/SDKExplicitPrecompiledModules/Symbols-B8SNL2YULCKW9SYIL0T5QLMV.pcm
SwiftExplicitDependencyGeneratePcm arm64 /Users/admin/builder/spi-builder-workspace/.derivedData/SDKExplicitPrecompiledModules/CoreTransferable-EULYJN53RZTIP2D6F171CT1YZ.pcm
SwiftExplicitDependencyGeneratePcm arm64 /Users/admin/builder/spi-builder-workspace/.derivedData/SDKExplicitPrecompiledModules/DataDetection-8RQ09UCIV0XSYRF8TQQD54MWN.pcm
SwiftExplicitDependencyGeneratePcm arm64_32 /Users/admin/builder/spi-builder-workspace/.derivedData/SDKExplicitPrecompiledModules/UIUtilities-ABH83C7CSGMIJAARTF384TV0L.pcm
SwiftExplicitDependencyGeneratePcm arm64_32 /Users/admin/builder/spi-builder-workspace/.derivedData/SDKExplicitPrecompiledModules/Symbols-DP67QJL9W7VSYP70ZVEBE3KRT.pcm
SwiftExplicitDependencyGeneratePcm arm64_32 /Users/admin/builder/spi-builder-workspace/.derivedData/SDKExplicitPrecompiledModules/OSLog-DXCLJ0K1EEBRV5MFYJOV1HIUX.pcm
SwiftExplicitDependencyGeneratePcm arm64 /Users/admin/builder/spi-builder-workspace/.derivedData/SDKExplicitPrecompiledModules/CoreLocation-B0A9Z3B1UDU8OLBQROLWD03N3.pcm
SwiftExplicitDependencyGeneratePcm arm64_32 /Users/admin/builder/spi-builder-workspace/.derivedData/SDKExplicitPrecompiledModules/UniformTypeIdentifiers-EH256724QTCKT0XATY095QHVP.pcm
SwiftExplicitDependencyGeneratePcm arm64_32 /Users/admin/builder/spi-builder-workspace/.derivedData/SDKExplicitPrecompiledModules/CoreData-6STZ9DXY0E1K8LHUUEU1F4SE.pcm
SwiftExplicitDependencyGeneratePcm arm64_32 /Users/admin/builder/spi-builder-workspace/.derivedData/SDKExplicitPrecompiledModules/QuartzCore-72UYR37X0O2APTD1XMSJ20X5X.pcm
SwiftExplicitDependencyGeneratePcm arm64_32 /Users/admin/builder/spi-builder-workspace/.derivedData/SDKExplicitPrecompiledModules/UserNotifications-F5AOMF9V2Y10QV8U00QNX8B7Q.pcm
SwiftExplicitDependencyGeneratePcm arm64_32 /Users/admin/builder/spi-builder-workspace/.derivedData/SDKExplicitPrecompiledModules/_LocationEssentials-1XWTF8V96VX3IAHKJO7PJZDU0.pcm
SwiftExplicitDependencyGeneratePcm arm64 /Users/admin/builder/spi-builder-workspace/.derivedData/SDKExplicitPrecompiledModules/SwiftUICore-D4BOUT6VJWDXKNATG8P2F95W3.pcm
SwiftExplicitDependencyGeneratePcm arm64_32 /Users/admin/builder/spi-builder-workspace/.derivedData/SDKExplicitPrecompiledModules/SceneKit-CLOM4E4D45A8A94N3QNHOVW3H.pcm
SwiftExplicitDependencyGeneratePcm arm64_32 /Users/admin/builder/spi-builder-workspace/.derivedData/SDKExplicitPrecompiledModules/Accessibility-BBXP8Z81UOB3UBBTO3GG9FEEO.pcm
SwiftExplicitDependencyGeneratePcm arm64_32 /Users/admin/builder/spi-builder-workspace/.derivedData/SDKExplicitPrecompiledModules/CoreTransferable-DSXZOKFM7XQLZ0FRNNKFDWZT0.pcm
SwiftExplicitDependencyGeneratePcm arm64 /Users/admin/builder/spi-builder-workspace/.derivedData/SDKExplicitPrecompiledModules/CoreData-DAEI6Z48P97TYC3SMMGLERAJ5.pcm
SwiftExplicitDependencyGeneratePcm arm64_32 /Users/admin/builder/spi-builder-workspace/.derivedData/SDKExplicitPrecompiledModules/DataDetection-8EDL8T61430CB5CU94L1E3L0C.pcm
SwiftExplicitDependencyGeneratePcm arm64 /Users/admin/builder/spi-builder-workspace/.derivedData/SDKExplicitPrecompiledModules/OSLog-ESJZZ70KT229YQNKF5CWYQVLA.pcm
SwiftExplicitDependencyGeneratePcm arm64 /Users/admin/builder/spi-builder-workspace/.derivedData/SDKExplicitPrecompiledModules/CoreMotion-70RNUQRT1QM2F8WR42WPP4KQV.pcm
SwiftExplicitDependencyGeneratePcm arm64_32 /Users/admin/builder/spi-builder-workspace/.derivedData/SDKExplicitPrecompiledModules/CoreLocation-4AZRAZ8X3W0CS36SZ1GS4LT05.pcm
SwiftExplicitDependencyGeneratePcm arm64_32 /Users/admin/builder/spi-builder-workspace/.derivedData/SDKExplicitPrecompiledModules/SwiftUICore-TURER010MQ2QH6SN4BGDJJKP.pcm
SwiftExplicitDependencyGeneratePcm arm64 /Users/admin/builder/spi-builder-workspace/.derivedData/SDKExplicitPrecompiledModules/UIKit-2XWL6VFNA7WRWSTXI42YLU909.pcm
SwiftExplicitDependencyGeneratePcm arm64_32 /Users/admin/builder/spi-builder-workspace/.derivedData/SDKExplicitPrecompiledModules/CoreMotion-E9C6K7MOTJF3RC93DULCZ130U.pcm
SwiftExplicitDependencyGeneratePcm arm64_32 /Users/admin/builder/spi-builder-workspace/.derivedData/SDKExplicitPrecompiledModules/UIKit-BGAQE5HOOTG6M9C46O1HHPCDR.pcm
SwiftExplicitDependencyGeneratePcm arm64 /Users/admin/builder/spi-builder-workspace/.derivedData/SDKExplicitPrecompiledModules/HomeKit-2JD3RMVTK0MFX7K570KHTLBBH.pcm
SwiftExplicitDependencyGeneratePcm arm64 /Users/admin/builder/spi-builder-workspace/.derivedData/SDKExplicitPrecompiledModules/MapKit-5U4CPBNVICOGB0BBK9BC7P4E9.pcm
SwiftExplicitDependencyGeneratePcm arm64_32 /Users/admin/builder/spi-builder-workspace/.derivedData/SDKExplicitPrecompiledModules/MapKit-3RCPMYWFYVKLOR1JJH1M1L7O6.pcm
SwiftExplicitDependencyGeneratePcm arm64_32 /Users/admin/builder/spi-builder-workspace/.derivedData/SDKExplicitPrecompiledModules/HomeKit-DXH34ZWEY4P4FEELCOH3LXVCR.pcm
SwiftExplicitDependencyGeneratePcm arm64 /Users/admin/builder/spi-builder-workspace/.derivedData/SDKExplicitPrecompiledModules/WatchKit-22L6Z003SE8XPQ9JS14K57C9N.pcm
SwiftExplicitDependencyGeneratePcm arm64_32 /Users/admin/builder/spi-builder-workspace/.derivedData/SDKExplicitPrecompiledModules/WatchKit-7IATJTA58S6OFDEYHG9JSLLDQ.pcm
SwiftExplicitDependencyGeneratePcm arm64 /Users/admin/builder/spi-builder-workspace/.derivedData/SDKExplicitPrecompiledModules/SwiftUI-E6XJI4PF1Q2HPTXKL91GWARU6.pcm
SwiftEmitModule normal arm64 Emitting\ module\ for\ SwiftUIMapView (in target 'SwiftUIMapView' from project 'swiftui-mapview')
/Users/admin/builder/spi-builder-workspace/Sources/SwiftUIMapView/AnnotationViews/MapAnnotationClusterView.swift:23:58: error: 'MKClusterAnnotation' is unavailable in watchOS
21 | override var annotation: MKAnnotation? {
22 | didSet {
23 | guard let clusterAnnotation = annotation as? MKClusterAnnotation else {
| `- error: 'MKClusterAnnotation' is unavailable in watchOS
24 | return
25 | }
/Applications/Xcode-27.0.0-Release.Candidate.app/Contents/Developer/Platforms/WatchOS.platform/Developer/SDKs/WatchOS27.0.sdk/System/Library/Frameworks/MapKit.framework/Headers/MKClusterAnnotation.h:13:12: note: 'MKClusterAnnotation' has been explicitly marked unavailable here
11 |
12 | NS_CLASS_AVAILABLE(10_13, 11_0) __TVOS_AVAILABLE(11_0) API_UNAVAILABLE(watchos)
13 | @interface MKClusterAnnotation : NSObject <MKAnnotation>
| `- note: 'MKClusterAnnotation' has been explicitly marked unavailable here
14 |
15 | @property (nonatomic, copy, nullable) NSString *title;
/Users/admin/builder/spi-builder-workspace/Sources/SwiftUIMapView/AnnotationViews/MapAnnotationClusterView.swift:32:13: error: 'collisionMode' is unavailable in watchOS
30 | }
31 |
32 | collisionMode = .circle
| `- error: 'collisionMode' is unavailable in watchOS
33 |
34 | image = drawGlyph(
/Applications/Xcode-27.0.0-Release.Candidate.app/Contents/Developer/Platforms/WatchOS.platform/Developer/SDKs/WatchOS27.0.sdk/System/Library/Frameworks/MapKit.framework/Headers/MKAnnotationView.h:162:53: note: 'collisionMode' has been explicitly marked unavailable here
160 |
161 | // Default collision mode is rectangle.
162 | @property (nonatomic) MKAnnotationViewCollisionMode collisionMode API_AVAILABLE(macos(10.13), ios(11.0), tvos(11.0)) API_UNAVAILABLE(watchos);
| `- note: 'collisionMode' has been explicitly marked unavailable here
163 |
164 | @end
/Users/admin/builder/spi-builder-workspace/Sources/SwiftUIMapView/AnnotationViews/MapAnnotationClusterView.swift:17:33: error: 'MKAnnotationView' is unavailable in watchOS
15 | ///
16 | /// - Seealso: ``MapAnnotationView``
17 | class MapAnnotationClusterView: MKAnnotationView {
| `- error: 'MKAnnotationView' is unavailable in watchOS
18 |
19 | private static let annotationSize: CGFloat = 32
/Applications/Xcode-27.0.0-Release.Candidate.app/Contents/Developer/Platforms/WatchOS.platform/Developer/SDKs/WatchOS27.0.sdk/System/Library/Frameworks/MapKit.framework/Headers/MKAnnotationView.h:54:12: note: 'MKAnnotationView' has been explicitly marked unavailable here
52 | #if TARGET_OS_IPHONE
53 | NS_CLASS_AVAILABLE(NA, 3_0) __TVOS_AVAILABLE(9_2) API_UNAVAILABLE(watchos)
54 | @interface MKAnnotationView : UIView
| `- note: 'MKAnnotationView' has been explicitly marked unavailable here
55 | #else
56 | NS_CLASS_AVAILABLE(10_9, NA)
/Users/admin/builder/spi-builder-workspace/Sources/SwiftUIMapView/AnnotationViews/MapAnnotationView.swift:24:13: error: 'clusteringIdentifier' is unavailable in watchOS
22 | }
23 |
24 | clusteringIdentifier = mapAnnotation.clusteringIdentifier
| `- error: 'clusteringIdentifier' is unavailable in watchOS
25 | markerTintColor = mapAnnotation.tintColor
26 | glyphImage = mapAnnotation.glyphImage
/Applications/Xcode-27.0.0-Release.Candidate.app/Contents/Developer/Platforms/WatchOS.platform/Developer/SDKs/WatchOS27.0.sdk/System/Library/Frameworks/MapKit.framework/Headers/MKAnnotationView.h:150:49: note: 'clusteringIdentifier' has been explicitly marked unavailable here
148 |
149 | // Annotation views with equal non-nil identifiers can cluster together.
150 | @property (nonatomic, copy, nullable) NSString *clusteringIdentifier API_AVAILABLE(macos(10.13), ios(11.0), tvos(11.0)) API_UNAVAILABLE(watchos);
| `- note: 'clusteringIdentifier' has been explicitly marked unavailable here
151 |
152 | // If non-nil this is the annotation view this view is clustered into.
/Users/admin/builder/spi-builder-workspace/Sources/SwiftUIMapView/AnnotationViews/MapAnnotationView.swift:16:26: error: 'MKMarkerAnnotationView' is unavailable in watchOS
14 | /// Sets the view's `glyphImage` and `markerTintColor` according to values of the annotation.
15 | /// Automatically takes advantage of clustering via an optionally set `clusteringIdentifier`.
16 | class MapAnnotationView: MKMarkerAnnotationView {
| `- error: 'MKMarkerAnnotationView' is unavailable in watchOS
17 |
18 | override var annotation: MKAnnotation? {
/Applications/Xcode-27.0.0-Release.Candidate.app/Contents/Developer/Platforms/WatchOS.platform/Developer/SDKs/WatchOS27.0.sdk/System/Library/Frameworks/MapKit.framework/Headers/MKMarkerAnnotationView.h:18:12: note: 'MKMarkerAnnotationView' has been explicitly marked unavailable here
16 |
17 | API_AVAILABLE(ios(11.0), tvos(11.0), macos(11.0)) API_UNAVAILABLE(watchos)
18 | @interface MKMarkerAnnotationView : MKAnnotationView
| `- note: 'MKMarkerAnnotationView' has been explicitly marked unavailable here
19 |
20 | @property (nonatomic) MKFeatureVisibility titleVisibility;
/Users/admin/builder/spi-builder-workspace/Sources/SwiftUIMapView/Annotations/MKMapView+MapViewAnnotation.swift:10:11: error: 'MKMapView' is unavailable in watchOS
8 | import MapKit
9 |
10 | extension MKMapView {
| `- error: 'MKMapView' is unavailable in watchOS
11 |
12 | /// All ``MapViewAnnotation``s set on the map view.
/Applications/Xcode-27.0.0-Release.Candidate.app/Contents/Developer/Platforms/WatchOS.platform/Developer/SDKs/WatchOS27.0.sdk/System/Library/Frameworks/MapKit.framework/Headers/MKMapView.h:73:12: note: 'MKMapView' has been explicitly marked unavailable here
71 | #if TARGET_OS_IPHONE
72 | NS_CLASS_AVAILABLE(NA, 3_0) __TVOS_AVAILABLE(9_2) API_UNAVAILABLE(watchos)
73 | @interface MKMapView : UIView <NSCoding>
| `- note: 'MKMapView' has been explicitly marked unavailable here
74 | #else
75 | NS_CLASS_AVAILABLE(10_9, NA)
/Users/admin/builder/spi-builder-workspace/Sources/SwiftUIMapView/MapView.swift:42:26: error: 'MKMapType' is unavailable in watchOS
40 |
41 | /// The map type that is displayed.
42 | private let mapType: MKMapType
| `- error: 'MKMapType' is unavailable in watchOS
43 |
44 | /// Determines whether the map can be zoomed.
/Applications/Xcode-27.0.0-Release.Candidate.app/Contents/Developer/Platforms/WatchOS.platform/Developer/SDKs/WatchOS27.0.sdk/System/Library/Frameworks/MapKit.framework/Headers/MKTypes.h:12:29: note: 'MKMapType' has been explicitly marked unavailable here
10 | NS_ASSUME_NONNULL_BEGIN
11 |
12 | typedef NS_ENUM(NSUInteger, MKMapType) {
| `- note: 'MKMapType' has been explicitly marked unavailable here
13 | MKMapTypeStandard = 0,
14 | MKMapTypeSatellite,
/Users/admin/builder/spi-builder-workspace/Sources/SwiftUIMapView/MapView.swift:61:35: error: 'MKUserTrackingMode' is unavailable in watchOS
59 |
60 | /// Sets the map's user tracking mode.
61 | private let userTrackingMode: MKUserTrackingMode
| `- error: 'MKUserTrackingMode' is unavailable in watchOS
62 |
63 | /// Creates a new MapView.
/Applications/Xcode-27.0.0-Release.Candidate.app/Contents/Developer/Platforms/WatchOS.platform/Developer/SDKs/WatchOS27.0.sdk/System/Library/Frameworks/MapKit.framework/Headers/MKMapView.h:50:28: note: 'MKUserTrackingMode' has been explicitly marked unavailable here
48 | #if MK_SUPPORTS_VIEW_CLASSES
49 |
50 | typedef NS_ENUM(NSInteger, MKUserTrackingMode) {
| `- note: 'MKUserTrackingMode' has been explicitly marked unavailable here
51 | MKUserTrackingModeNone = 0, // the user's location is not followed
52 | MKUserTrackingModeFollow, // the map follows the user's location
/Users/admin/builder/spi-builder-workspace/Sources/SwiftUIMapView/MapView.swift:76:18: error: 'MKMapType' is unavailable in watchOS
74 | /// - selectedAnnotation: A binding to the currently selected annotation, or `nil`.
75 | public init(
76 | mapType: MKMapType = .standard,
| `- error: 'MKMapType' is unavailable in watchOS
77 | region: Binding<MKCoordinateRegion?> = .constant(nil),
78 | isZoomEnabled: Bool = true,
/Applications/Xcode-27.0.0-Release.Candidate.app/Contents/Developer/Platforms/WatchOS.platform/Developer/SDKs/WatchOS27.0.sdk/System/Library/Frameworks/MapKit.framework/Headers/MKTypes.h:12:29: note: 'MKMapType' has been explicitly marked unavailable here
10 | NS_ASSUME_NONNULL_BEGIN
11 |
12 | typedef NS_ENUM(NSUInteger, MKMapType) {
| `- note: 'MKMapType' has been explicitly marked unavailable here
13 | MKMapTypeStandard = 0,
14 | MKMapTypeSatellite,
/Users/admin/builder/spi-builder-workspace/Sources/SwiftUIMapView/MapView.swift:82:27: error: 'MKUserTrackingMode' is unavailable in watchOS
80 | isRotateEnabled: Bool = true,
81 | showsUserLocation: Bool = false,
82 | userTrackingMode: MKUserTrackingMode = .none,
| `- error: 'MKUserTrackingMode' is unavailable in watchOS
83 | annotations: [MapViewAnnotation] = [],
84 | selectedAnnotations: Binding<[MapViewAnnotation]> = .constant([])
/Applications/Xcode-27.0.0-Release.Candidate.app/Contents/Developer/Platforms/WatchOS.platform/Developer/SDKs/WatchOS27.0.sdk/System/Library/Frameworks/MapKit.framework/Headers/MKMapView.h:50:28: note: 'MKUserTrackingMode' has been explicitly marked unavailable here
48 | #if MK_SUPPORTS_VIEW_CLASSES
49 |
50 | typedef NS_ENUM(NSInteger, MKUserTrackingMode) {
| `- note: 'MKUserTrackingMode' has been explicitly marked unavailable here
51 | MKUserTrackingModeNone = 0, // the user's location is not followed
52 | MKUserTrackingModeFollow, // the map follows the user's location
/Users/admin/builder/spi-builder-workspace/Sources/SwiftUIMapView/MapView.swift:19:24: error: cannot find type 'UIViewRepresentable' in scope
17 | /// See the [official documentation](https://developer.apple.com/documentation/mapkit/mkmapview) for more information
18 | /// on the possibilities provided by the underlying service.
19 | public struct MapView: UIViewRepresentable {
| `- error: cannot find type 'UIViewRepresentable' in scope
20 |
21 | /// The region that is displayed.
/Users/admin/builder/spi-builder-workspace/Sources/SwiftUIMapView/MapView.swift:107:37: error: cannot find type 'Context' in scope
105 | }
106 |
107 | public func makeUIView(context: Context) -> MKMapView {
| `- error: cannot find type 'Context' in scope
108 | let mapView = MKMapView()
109 | mapView.delegate = context.coordinator
/Users/admin/builder/spi-builder-workspace/Sources/SwiftUIMapView/MapView.swift:107:49: error: 'MKMapView' is unavailable in watchOS
105 | }
106 |
107 | public func makeUIView(context: Context) -> MKMapView {
| `- error: 'MKMapView' is unavailable in watchOS
108 | let mapView = MKMapView()
109 | mapView.delegate = context.coordinator
/Applications/Xcode-27.0.0-Release.Candidate.app/Contents/Developer/Platforms/WatchOS.platform/Developer/SDKs/WatchOS27.0.sdk/System/Library/Frameworks/MapKit.framework/Headers/MKMapView.h:73:12: note: 'MKMapView' has been explicitly marked unavailable here
71 | #if TARGET_OS_IPHONE
72 | NS_CLASS_AVAILABLE(NA, 3_0) __TVOS_AVAILABLE(9_2) API_UNAVAILABLE(watchos)
73 | @interface MKMapView : UIView <NSCoding>
| `- note: 'MKMapView' has been explicitly marked unavailable here
74 | #else
75 | NS_CLASS_AVAILABLE(10_9, NA)
/Users/admin/builder/spi-builder-workspace/Sources/SwiftUIMapView/MapView.swift:132:18: error: cannot find type 'Context' in scope
130 | public func updateUIView(
131 | _ mapView: MKMapView,
132 | context: Context
| `- error: cannot find type 'Context' in scope
133 | ) {
134 | configure(
/Users/admin/builder/spi-builder-workspace/Sources/SwiftUIMapView/MapView.swift:131:20: error: 'MKMapView' is unavailable in watchOS
129 |
130 | public func updateUIView(
131 | _ mapView: MKMapView,
| `- error: 'MKMapView' is unavailable in watchOS
132 | context: Context
133 | ) {
/Applications/Xcode-27.0.0-Release.Candidate.app/Contents/Developer/Platforms/WatchOS.platform/Developer/SDKs/WatchOS27.0.sdk/System/Library/Frameworks/MapKit.framework/Headers/MKMapView.h:73:12: note: 'MKMapView' has been explicitly marked unavailable here
71 | #if TARGET_OS_IPHONE
72 | NS_CLASS_AVAILABLE(NA, 3_0) __TVOS_AVAILABLE(9_2) API_UNAVAILABLE(watchos)
73 | @interface MKMapView : UIView <NSCoding>
| `- note: 'MKMapView' has been explicitly marked unavailable here
74 | #else
75 | NS_CLASS_AVAILABLE(10_9, NA)
/Users/admin/builder/spi-builder-workspace/Sources/SwiftUIMapView/MapView.swift:150:18: error: cannot find type 'Context' in scope
148 | func configure(
149 | _ mapView: MKMapView,
150 | context: Context,
| `- error: cannot find type 'Context' in scope
151 | animated: Bool
152 | ) {
/Users/admin/builder/spi-builder-workspace/Sources/SwiftUIMapView/MapView.swift:149:20: error: 'MKMapView' is unavailable in watchOS
147 | /// Configures the `mapView`'s state according to the current view state.
148 | func configure(
149 | _ mapView: MKMapView,
| `- error: 'MKMapView' is unavailable in watchOS
150 | context: Context,
151 | animated: Bool
/Applications/Xcode-27.0.0-Release.Candidate.app/Contents/Developer/Platforms/WatchOS.platform/Developer/SDKs/WatchOS27.0.sdk/System/Library/Frameworks/MapKit.framework/Headers/MKMapView.h:73:12: note: 'MKMapView' has been explicitly marked unavailable here
71 | #if TARGET_OS_IPHONE
72 | NS_CLASS_AVAILABLE(NA, 3_0) __TVOS_AVAILABLE(9_2) API_UNAVAILABLE(watchos)
73 | @interface MKMapView : UIView <NSCoding>
| `- note: 'MKMapView' has been explicitly marked unavailable here
74 | #else
75 | NS_CLASS_AVAILABLE(10_9, NA)
/Users/admin/builder/spi-builder-workspace/Sources/SwiftUIMapView/MapView.swift:196:40: error: 'MKMapView' is unavailable in watchOS
194 | ///
195 | /// - Parameter mapView: The ``MKMapView`` to configure.
196 | func updateAnnotations(in mapView: MKMapView) {
| `- error: 'MKMapView' is unavailable in watchOS
197 | let currentAnnotations = mapView.mapViewAnnotations
198 | // remove old annotations
/Applications/Xcode-27.0.0-Release.Candidate.app/Contents/Developer/Platforms/WatchOS.platform/Developer/SDKs/WatchOS27.0.sdk/System/Library/Frameworks/MapKit.framework/Headers/MKMapView.h:73:12: note: 'MKMapView' has been explicitly marked unavailable here
71 | #if TARGET_OS_IPHONE
72 | NS_CLASS_AVAILABLE(NA, 3_0) __TVOS_AVAILABLE(9_2) API_UNAVAILABLE(watchos)
73 | @interface MKMapView : UIView <NSCoding>
| `- note: 'MKMapView' has been explicitly marked unavailable here
74 | #else
75 | NS_CLASS_AVAILABLE(10_9, NA)
/Users/admin/builder/spi-builder-workspace/Sources/SwiftUIMapView/MapView.swift:218:21: error: 'MKMapView' is unavailable in watchOS
216 | /// - animated: Whether to animate the change.
217 | func updateSelectedAnnotation(
218 | in mapView: MKMapView,
| `- error: 'MKMapView' is unavailable in watchOS
219 | animated: Bool
220 | ) {
/Applications/Xcode-27.0.0-Release.Candidate.app/Contents/Developer/Platforms/WatchOS.platform/Developer/SDKs/WatchOS27.0.sdk/System/Library/Frameworks/MapKit.framework/Headers/MKMapView.h:73:12: note: 'MKMapView' has been explicitly marked unavailable here
71 | #if TARGET_OS_IPHONE
72 | NS_CLASS_AVAILABLE(NA, 3_0) __TVOS_AVAILABLE(9_2) API_UNAVAILABLE(watchos)
73 | @interface MKMapView : UIView <NSCoding>
| `- note: 'MKMapView' has been explicitly marked unavailable here
74 | #else
75 | NS_CLASS_AVAILABLE(10_9, NA)
/Users/admin/builder/spi-builder-workspace/Sources/SwiftUIMapView/MapView.swift:248:40: error: 'MKMapViewDelegate' is unavailable in watchOS
246 | public extension MapView {
247 |
248 | final class Coordinator: NSObject, MKMapViewDelegate {
| `- error: 'MKMapViewDelegate' is unavailable in watchOS
249 |
250 | var onRegionChanged: (MKCoordinateRegion) -> Void = { _ in }
/Applications/Xcode-27.0.0-Release.Candidate.app/Contents/Developer/Platforms/WatchOS.platform/Developer/SDKs/WatchOS27.0.sdk/System/Library/Frameworks/MapKit.framework/Headers/MKMapView.h:260:11: note: 'MKMapViewDelegate' has been explicitly marked unavailable here
258 | API_UNAVAILABLE(watchos)
259 | NS_SWIFT_UI_ACTOR
260 | @protocol MKMapViewDelegate <NSObject>
| `- note: 'MKMapViewDelegate' has been explicitly marked unavailable here
261 | @optional
262 |
/Users/admin/builder/spi-builder-workspace/Sources/SwiftUIMapView/MapView.swift:265:20: error: 'MKMapView' is unavailable in watchOS
263 |
264 | public func mapView(
265 | _ mapView: MKMapView,
| `- error: 'MKMapView' is unavailable in watchOS
266 | didSelect view: MKAnnotationView
267 | ) {
/Applications/Xcode-27.0.0-Release.Candidate.app/Contents/Developer/Platforms/WatchOS.platform/Developer/SDKs/WatchOS27.0.sdk/System/Library/Frameworks/MapKit.framework/Headers/MKMapView.h:73:12: note: 'MKMapView' has been explicitly marked unavailable here
71 | #if TARGET_OS_IPHONE
72 | NS_CLASS_AVAILABLE(NA, 3_0) __TVOS_AVAILABLE(9_2) API_UNAVAILABLE(watchos)
73 | @interface MKMapView : UIView <NSCoding>
| `- note: 'MKMapView' has been explicitly marked unavailable here
74 | #else
75 | NS_CLASS_AVAILABLE(10_9, NA)
/Users/admin/builder/spi-builder-workspace/Sources/SwiftUIMapView/MapView.swift:266:25: error: 'MKAnnotationView' is unavailable in watchOS
264 | public func mapView(
265 | _ mapView: MKMapView,
266 | didSelect view: MKAnnotationView
| `- error: 'MKAnnotationView' is unavailable in watchOS
267 | ) {
268 | guard let mapAnnotation = view.annotation as? MapViewAnnotation else {
/Applications/Xcode-27.0.0-Release.Candidate.app/Contents/Developer/Platforms/WatchOS.platform/Developer/SDKs/WatchOS27.0.sdk/System/Library/Frameworks/MapKit.framework/Headers/MKAnnotationView.h:54:12: note: 'MKAnnotationView' has been explicitly marked unavailable here
52 | #if TARGET_OS_IPHONE
53 | NS_CLASS_AVAILABLE(NA, 3_0) __TVOS_AVAILABLE(9_2) API_UNAVAILABLE(watchos)
54 | @interface MKAnnotationView : UIView
| `- note: 'MKAnnotationView' has been explicitly marked unavailable here
55 | #else
56 | NS_CLASS_AVAILABLE(10_9, NA)
/Users/admin/builder/spi-builder-workspace/Sources/SwiftUIMapView/MapView.swift:276:20: error: 'MKMapView' is unavailable in watchOS
274 |
275 | public func mapView(
276 | _ mapView: MKMapView,
| `- error: 'MKMapView' is unavailable in watchOS
277 | didDeselect view: MKAnnotationView
278 | ) {
/Applications/Xcode-27.0.0-Release.Candidate.app/Contents/Developer/Platforms/WatchOS.platform/Developer/SDKs/WatchOS27.0.sdk/System/Library/Frameworks/MapKit.framework/Headers/MKMapView.h:73:12: note: 'MKMapView' has been explicitly marked unavailable here
71 | #if TARGET_OS_IPHONE
72 | NS_CLASS_AVAILABLE(NA, 3_0) __TVOS_AVAILABLE(9_2) API_UNAVAILABLE(watchos)
73 | @interface MKMapView : UIView <NSCoding>
| `- note: 'MKMapView' has been explicitly marked unavailable here
74 | #else
75 | NS_CLASS_AVAILABLE(10_9, NA)
/Users/admin/builder/spi-builder-workspace/Sources/SwiftUIMapView/MapView.swift:277:27: error: 'MKAnnotationView' is unavailable in watchOS
275 | public func mapView(
276 | _ mapView: MKMapView,
277 | didDeselect view: MKAnnotationView
| `- error: 'MKAnnotationView' is unavailable in watchOS
278 | ) {
279 | guard let mapAnnotation = view.annotation as? MapViewAnnotation else {
/Applications/Xcode-27.0.0-Release.Candidate.app/Contents/Developer/Platforms/WatchOS.platform/Developer/SDKs/WatchOS27.0.sdk/System/Library/Frameworks/MapKit.framework/Headers/MKAnnotationView.h:54:12: note: 'MKAnnotationView' has been explicitly marked unavailable here
52 | #if TARGET_OS_IPHONE
53 | NS_CLASS_AVAILABLE(NA, 3_0) __TVOS_AVAILABLE(9_2) API_UNAVAILABLE(watchos)
54 | @interface MKAnnotationView : UIView
| `- note: 'MKAnnotationView' has been explicitly marked unavailable here
55 | #else
56 | NS_CLASS_AVAILABLE(10_9, NA)
/Users/admin/builder/spi-builder-workspace/Sources/SwiftUIMapView/MapView.swift:286:58: error: 'MKMapView' is unavailable in watchOS
284 | }
285 |
286 | public func mapViewDidChangeVisibleRegion(_ mapView: MKMapView) {
| `- error: 'MKMapView' is unavailable in watchOS
287 | onRegionChanged(mapView.region)
288 | }
/Applications/Xcode-27.0.0-Release.Candidate.app/Contents/Developer/Platforms/WatchOS.platform/Developer/SDKs/WatchOS27.0.sdk/System/Library/Frameworks/MapKit.framework/Headers/MKMapView.h:73:12: note: 'MKMapView' has been explicitly marked unavailable here
71 | #if TARGET_OS_IPHONE
72 | NS_CLASS_AVAILABLE(NA, 3_0) __TVOS_AVAILABLE(9_2) API_UNAVAILABLE(watchos)
73 | @interface MKMapView : UIView <NSCoding>
| `- note: 'MKMapView' has been explicitly marked unavailable here
74 | #else
75 | NS_CLASS_AVAILABLE(10_9, NA)
/Users/admin/builder/spi-builder-workspace/Sources/SwiftUIMapView/MapView.swift:294:10: error: return expression of type 'MapView' does not conform to 'View'
292 | // MARK: - Previews
293 |
294 | #Preview {
| `- error: return expression of type 'MapView' does not conform to 'View'
295 | MapView()
296 | }
Failed frontend command:
SwiftCompile normal arm64 (in target 'SwiftUIMapView' from project 'swiftui-mapview')
cd /Users/admin/builder/spi-builder-workspace/.swiftpm/xcode
/Applications/Xcode-27.0.0-Release.Candidate.app/Contents/Developer/Toolchains/XcodeDefault.xctoolchain/usr/bin/swift-frontend -frontend -emit-module -experimental-skip-non-inlinable-function-bodies-without-types /Users/admin/builder/spi-builder-workspace/Sources/SwiftUIMapView/AnnotationViews/MapAnnotationClusterView.swift /Users/admin/builder/spi-builder-workspace/Sources/SwiftUIMapView/AnnotationViews/MapAnnotationView.swift /Users/admin/builder/spi-builder-workspace/Sources/SwiftUIMapView/Annotations/MKMapView+MapViewAnnotation.swift /Users/admin/builder/spi-builder-workspace/Sources/SwiftUIMapView/Annotations/MapViewAnnotation.swift /Users/admin/builder/spi-builder-workspace/Sources/SwiftUIMapView/CoreLocation+Equatable.swift /Users/admin/builder/spi-builder-workspace/Sources/SwiftUIMapView/MapView+Xcode.swift /Users/admin/builder/spi-builder-workspace/Sources/SwiftUIMapView/MapView.swift -target arm64-apple-watchos9.0 -module-can-import-version DeveloperToolsSupport 24.0.24 24.0.24 -disable-cross-import-overlay-search -swift-module-cross-import MapKit /Applications/Xcode-27.0.0-Release.Candidate.app/Contents/Developer/Platforms/WatchOS.platform/Developer/SDKs/WatchOS.sdk/System/Library/Frameworks/MapKit.framework/Modules/MapKit.swiftcrossimport/SwiftUI.swiftoverlay -swift-module-cross-import MapKit /Applications/Xcode-27.0.0-Release.Candidate.app/Contents/Developer/Platforms/WatchOS.platform/Developer/SDKs/WatchOS27.0.sdk/System/Library/Frameworks/MapKit.framework/Modules/MapKit.swiftcrossimport/SwiftUI.swiftoverlay -load-resolved-plugin /Applications/Xcode-27.0.0-Release.Candidate.app/Contents/Developer/Platforms/WatchOS.platform/Developer/usr/lib/swift/host/plugins/libFoundationMacros.dylib\#/Applications/Xcode-27.0.0-Release.Candidate.app/Contents/Developer/Platforms/WatchOS.platform/Developer/usr/bin/swift-plugin-server\#FoundationMacros -load-resolved-plugin /Applications/Xcode-27.0.0-Release.Candidate.app/Contents/Developer/Platforms/WatchOS.platform/Developer/usr/lib/swift/host/plugins/libObservationMacros.dylib\#/Applications/Xcode-27.0.0-Release.Candidate.app/Contents/Developer/Platforms/WatchOS.platform/Developer/usr/bin/swift-plugin-server\#ObservationMacros -load-resolved-plugin /Applications/Xcode-27.0.0-Release.Candidate.app/Contents/Developer/Platforms/WatchOS.platform/Developer/usr/lib/swift/host/plugins/libPreviewsMacros.dylib\#/Applications/Xcode-27.0.0-Release.Candidate.app/Contents/Developer/Platforms/WatchOS.platform/Developer/usr/bin/swift-plugin-server\#PreviewsMacros -load-resolved-plugin /Applications/Xcode-27.0.0-Release.Candidate.app/Contents/Developer/Platforms/WatchOS.platform/Developer/usr/lib/swift/host/plugins/libSwiftMacros.dylib\#/Applications/Xcode-27.0.0-Release.Candidate.app/Contents/Developer/Platforms/WatchOS.platform/Developer/usr/bin/swift-plugin-server\#SwiftMacros -load-resolved-plugin /Applications/Xcode-27.0.0-Release.Candidate.app/Contents/Developer/Platforms/WatchOS.platform/Developer/usr/lib/swift/host/plugins/libSwiftUIMacros.dylib\#/Applications/Xcode-27.0.0-Release.Candidate.app/Contents/Developer/Platforms/WatchOS.platform/Developer/usr/bin/swift-plugin-server\#SwiftUIMacros -disable-implicit-swift-modules -Xcc -fno-implicit-modules -Xcc -fno-implicit-module-maps -explicit-swift-module-map-file /Users/admin/builder/spi-builder-workspace/.derivedData/Build/Intermediates.noindex/swiftui-mapview.build/Debug-watchos/SwiftUIMapView-t.build/Objects-normal/arm64/SwiftUIMapView-dependencies-2.json -Xllvm -aarch64-use-tbi -enable-objc-interop -stack-check -sdk /Applications/Xcode-27.0.0-Release.Candidate.app/Contents/Developer/Platforms/WatchOS.platform/Developer/SDKs/WatchOS27.0.sdk -I /Users/admin/builder/spi-builder-workspace/.derivedData/Build/Products/Debug-watchos -Isystem /Applications/Xcode-27.0.0-Release.Candidate.app/Contents/Developer/Platforms/WatchOS.platform/Developer/usr/lib -F /Users/admin/builder/spi-builder-workspace/.derivedData/Build/Products/Debug-watchos -F /Applications/Xcode-27.0.0-Release.Candidate.app/Contents/Developer/Platforms/WatchOS.platform/Developer/Library/Frameworks -F /Applications/Xcode-27.0.0-Release.Candidate.app/Contents/Developer/Platforms/WatchOS.platform/Developer/SDKs/WatchOS27.0.sdk/Developer/Library/Frameworks -module-cache-path /Users/admin/builder/spi-builder-workspace/.derivedData/Build/Intermediates.noindex/SwiftExplicitPrecompiledModules -no-color-diagnostics -Xcc -fno-color-diagnostics -enable-testing -g -debug-info-format\=dwarf -dwarf-version\=4 -swift-version 6 -Onone -D SWIFT_PACKAGE -D DEBUG -D SWIFT_MODULE_RESOURCE_BUNDLE_UNAVAILABLE -D Xcode -serialize-debugging-options -enable-experimental-feature DebugDescriptionMacro -default-isolation MainActor -empty-abi-descriptor -validate-clang-modules-once -clang-build-session-file /Users/admin/builder/spi-builder-workspace/.derivedData/ModuleCache.noindex/Session.modulevalidation -Xcc -working-directory -Xcc /Users/admin/builder/spi-builder-workspace/.swiftpm/xcode -enable-anonymous-context-mangled-names -file-compilation-dir /Users/admin/builder/spi-builder-workspace/.swiftpm/xcode -Xcc -D_LIBCPP_HARDENING_MODE\=_LIBCPP_HARDENING_MODE_DEBUG -Xcc -ivfsstatcache -Xcc /Users/admin/builder/spi-builder-workspace/.derivedData/SDKStatCaches.noindex/watchos27.0-24R360-e829b21a6f8c9b70876ba0858053c04477534ef55a1706bf4c1112bbb242f0a2.sdkstatcache -Xcc -fmodules-prune-interval\=86400 -Xcc -fmodules-prune-after\=345600 -Xcc -I/Users/admin/builder/spi-builder-workspace/.derivedData/Build/Products/Debug-watchos/include -Xcc -I/Users/admin/builder/spi-builder-workspace/.derivedData/Build/Intermediates.noindex/swiftui-mapview.build/Debug-watchos/SwiftUIMapView-t.build/DerivedSources-normal/arm64 -Xcc -I/Users/admin/builder/spi-builder-workspace/.derivedData/Build/Intermediates.noindex/swiftui-mapview.build/Debug-watchos/SwiftUIMapView-t.build/DerivedSources/arm64 -Xcc -I/Users/admin/builder/spi-builder-workspace/.derivedData/Build/Intermediates.noindex/swiftui-mapview.build/Debug-watchos/SwiftUIMapView-t.build/DerivedSources -Xcc -DSWIFT_PACKAGE -Xcc -DDEBUG\=1 -no-auto-bridging-header-chaining -module-name SwiftUIMapView -package-name spi_builder_workspace -const-gather-protocols-file /Users/admin/builder/spi-builder-workspace/.derivedData/Build/Intermediates.noindex/swiftui-mapview.build/Debug-watchos/SwiftUIMapView-t.build/Objects-normal/arm64/SwiftUIMapView_const_extract_protocols.json -disable-clang-spi -clang-target arm64-apple-watchos27.0 -target-sdk-version 27.0 -target-sdk-name watchos27.0 -in-process-plugin-server-path /Applications/Xcode-27.0.0-Release.Candidate.app/Contents/Developer/Toolchains/XcodeDefault.xctoolchain/usr/lib/swift/host/libSwiftInProcPluginServer.dylib -emit-module-doc-path /Users/admin/builder/spi-builder-workspace/.derivedData/Build/Intermediates.noindex/swiftui-mapview.build/Debug-watchos/SwiftUIMapView-t.build/Objects-normal/arm64/SwiftUIMapView.swiftdoc -emit-module-source-info-path /Users/admin/builder/spi-builder-workspace/.derivedData/Build/Intermediates.noindex/swiftui-mapview.build/Debug-watchos/SwiftUIMapView-t.build/Objects-normal/arm64/SwiftUIMapView.swiftsourceinfo -emit-objc-header-path /Users/admin/builder/spi-builder-workspace/.derivedData/Build/Intermediates.noindex/swiftui-mapview.build/Debug-watchos/SwiftUIMapView-t.build/Objects-normal/arm64/SwiftUIMapView-Swift.h -serialize-diagnostics-path /Users/admin/builder/spi-builder-workspace/.derivedData/Build/Intermediates.noindex/swiftui-mapview.build/Debug-watchos/SwiftUIMapView-t.build/Objects-normal/arm64/SwiftUIMapView-primary-emit-module.dia -emit-dependencies-path /Users/admin/builder/spi-builder-workspace/.derivedData/Build/Intermediates.noindex/swiftui-mapview.build/Debug-watchos/SwiftUIMapView-t.build/Objects-normal/arm64/SwiftUIMapView-primary-emit-module.d -parse-as-library -o /Users/admin/builder/spi-builder-workspace/.derivedData/Build/Intermediates.noindex/swiftui-mapview.build/Debug-watchos/SwiftUIMapView-t.build/Objects-normal/arm64/SwiftUIMapView.swiftmodule -emit-abi-descriptor-path /Users/admin/builder/spi-builder-workspace/.derivedData/Build/Intermediates.noindex/swiftui-mapview.build/Debug-watchos/SwiftUIMapView-t.build/Objects-normal/arm64/SwiftUIMapView.abi.json
SwiftCompile normal arm64 Compiling\ MapView+Xcode.swift /Users/admin/builder/spi-builder-workspace/Sources/SwiftUIMapView/MapView+Xcode.swift (in target 'SwiftUIMapView' from project 'swiftui-mapview')
SwiftCompile normal arm64 /Users/admin/builder/spi-builder-workspace/Sources/SwiftUIMapView/MapView+Xcode.swift (in target 'SwiftUIMapView' from project 'swiftui-mapview')
cd /Users/admin/builder/spi-builder-workspace/.swiftpm/xcode
builtin-SwiftPerFileCompile MapView+Xcode.swift
SwiftCompile normal arm64 Compiling\ MapView.swift /Users/admin/builder/spi-builder-workspace/Sources/SwiftUIMapView/MapView.swift (in target 'SwiftUIMapView' from project 'swiftui-mapview')
/Users/admin/builder/spi-builder-workspace/Sources/SwiftUIMapView/MapView.swift:42:26: error: 'MKMapType' is unavailable in watchOS
40 |
41 | /// The map type that is displayed.
42 | private let mapType: MKMapType
| `- error: 'MKMapType' is unavailable in watchOS
43 |
44 | /// Determines whether the map can be zoomed.
/Applications/Xcode-27.0.0-Release.Candidate.app/Contents/Developer/Platforms/WatchOS.platform/Developer/SDKs/WatchOS27.0.sdk/System/Library/Frameworks/MapKit.framework/Headers/MKTypes.h:12:29: note: 'MKMapType' has been explicitly marked unavailable here
10 | NS_ASSUME_NONNULL_BEGIN
11 |
12 | typedef NS_ENUM(NSUInteger, MKMapType) {
| `- note: 'MKMapType' has been explicitly marked unavailable here
13 | MKMapTypeStandard = 0,
14 | MKMapTypeSatellite,
/Users/admin/builder/spi-builder-workspace/Sources/SwiftUIMapView/MapView.swift:61:35: error: 'MKUserTrackingMode' is unavailable in watchOS
59 |
60 | /// Sets the map's user tracking mode.
61 | private let userTrackingMode: MKUserTrackingMode
| `- error: 'MKUserTrackingMode' is unavailable in watchOS
62 |
63 | /// Creates a new MapView.
/Applications/Xcode-27.0.0-Release.Candidate.app/Contents/Developer/Platforms/WatchOS.platform/Developer/SDKs/WatchOS27.0.sdk/System/Library/Frameworks/MapKit.framework/Headers/MKMapView.h:50:28: note: 'MKUserTrackingMode' has been explicitly marked unavailable here
48 | #if MK_SUPPORTS_VIEW_CLASSES
49 |
50 | typedef NS_ENUM(NSInteger, MKUserTrackingMode) {
| `- note: 'MKUserTrackingMode' has been explicitly marked unavailable here
51 | MKUserTrackingModeNone = 0, // the user's location is not followed
52 | MKUserTrackingModeFollow, // the map follows the user's location
/Users/admin/builder/spi-builder-workspace/Sources/SwiftUIMapView/MapView.swift:76:18: error: 'MKMapType' is unavailable in watchOS
74 | /// - selectedAnnotation: A binding to the currently selected annotation, or `nil`.
75 | public init(
76 | mapType: MKMapType = .standard,
| `- error: 'MKMapType' is unavailable in watchOS
77 | region: Binding<MKCoordinateRegion?> = .constant(nil),
78 | isZoomEnabled: Bool = true,
/Applications/Xcode-27.0.0-Release.Candidate.app/Contents/Developer/Platforms/WatchOS.platform/Developer/SDKs/WatchOS27.0.sdk/System/Library/Frameworks/MapKit.framework/Headers/MKTypes.h:12:29: note: 'MKMapType' has been explicitly marked unavailable here
10 | NS_ASSUME_NONNULL_BEGIN
11 |
12 | typedef NS_ENUM(NSUInteger, MKMapType) {
| `- note: 'MKMapType' has been explicitly marked unavailable here
13 | MKMapTypeStandard = 0,
14 | MKMapTypeSatellite,
/Users/admin/builder/spi-builder-workspace/Sources/SwiftUIMapView/MapView.swift:82:27: error: 'MKUserTrackingMode' is unavailable in watchOS
80 | isRotateEnabled: Bool = true,
81 | showsUserLocation: Bool = false,
82 | userTrackingMode: MKUserTrackingMode = .none,
| `- error: 'MKUserTrackingMode' is unavailable in watchOS
83 | annotations: [MapViewAnnotation] = [],
84 | selectedAnnotations: Binding<[MapViewAnnotation]> = .constant([])
/Applications/Xcode-27.0.0-Release.Candidate.app/Contents/Developer/Platforms/WatchOS.platform/Developer/SDKs/WatchOS27.0.sdk/System/Library/Frameworks/MapKit.framework/Headers/MKMapView.h:50:28: note: 'MKUserTrackingMode' has been explicitly marked unavailable here
48 | #if MK_SUPPORTS_VIEW_CLASSES
49 |
50 | typedef NS_ENUM(NSInteger, MKUserTrackingMode) {
| `- note: 'MKUserTrackingMode' has been explicitly marked unavailable here
51 | MKUserTrackingModeNone = 0, // the user's location is not followed
52 | MKUserTrackingModeFollow, // the map follows the user's location
/Users/admin/builder/spi-builder-workspace/Sources/SwiftUIMapView/MapView.swift:19:24: error: cannot find type 'UIViewRepresentable' in scope
17 | /// See the [official documentation](https://developer.apple.com/documentation/mapkit/mkmapview) for more information
18 | /// on the possibilities provided by the underlying service.
19 | public struct MapView: UIViewRepresentable {
| `- error: cannot find type 'UIViewRepresentable' in scope
20 |
21 | /// The region that is displayed.
/Users/admin/builder/spi-builder-workspace/Sources/SwiftUIMapView/MapView.swift:107:37: error: cannot find type 'Context' in scope
105 | }
106 |
107 | public func makeUIView(context: Context) -> MKMapView {
| `- error: cannot find type 'Context' in scope
108 | let mapView = MKMapView()
109 | mapView.delegate = context.coordinator
/Users/admin/builder/spi-builder-workspace/Sources/SwiftUIMapView/MapView.swift:107:49: error: 'MKMapView' is unavailable in watchOS
105 | }
106 |
107 | public func makeUIView(context: Context) -> MKMapView {
| `- error: 'MKMapView' is unavailable in watchOS
108 | let mapView = MKMapView()
109 | mapView.delegate = context.coordinator
/Applications/Xcode-27.0.0-Release.Candidate.app/Contents/Developer/Platforms/WatchOS.platform/Developer/SDKs/WatchOS27.0.sdk/System/Library/Frameworks/MapKit.framework/Headers/MKMapView.h:73:12: note: 'MKMapView' has been explicitly marked unavailable here
71 | #if TARGET_OS_IPHONE
72 | NS_CLASS_AVAILABLE(NA, 3_0) __TVOS_AVAILABLE(9_2) API_UNAVAILABLE(watchos)
73 | @interface MKMapView : UIView <NSCoding>
| `- note: 'MKMapView' has been explicitly marked unavailable here
74 | #else
75 | NS_CLASS_AVAILABLE(10_9, NA)
/Users/admin/builder/spi-builder-workspace/Sources/SwiftUIMapView/MapView.swift:132:18: error: cannot find type 'Context' in scope
130 | public func updateUIView(
131 | _ mapView: MKMapView,
132 | context: Context
| `- error: cannot find type 'Context' in scope
133 | ) {
134 | configure(
/Users/admin/builder/spi-builder-workspace/Sources/SwiftUIMapView/MapView.swift:131:20: error: 'MKMapView' is unavailable in watchOS
129 |
130 | public func updateUIView(
131 | _ mapView: MKMapView,
| `- error: 'MKMapView' is unavailable in watchOS
132 | context: Context
133 | ) {
/Applications/Xcode-27.0.0-Release.Candidate.app/Contents/Developer/Platforms/WatchOS.platform/Developer/SDKs/WatchOS27.0.sdk/System/Library/Frameworks/MapKit.framework/Headers/MKMapView.h:73:12: note: 'MKMapView' has been explicitly marked unavailable here
71 | #if TARGET_OS_IPHONE
72 | NS_CLASS_AVAILABLE(NA, 3_0) __TVOS_AVAILABLE(9_2) API_UNAVAILABLE(watchos)
73 | @interface MKMapView : UIView <NSCoding>
| `- note: 'MKMapView' has been explicitly marked unavailable here
74 | #else
75 | NS_CLASS_AVAILABLE(10_9, NA)
/Users/admin/builder/spi-builder-workspace/Sources/SwiftUIMapView/MapView.swift:150:18: error: cannot find type 'Context' in scope
148 | func configure(
149 | _ mapView: MKMapView,
150 | context: Context,
| `- error: cannot find type 'Context' in scope
151 | animated: Bool
152 | ) {
/Users/admin/builder/spi-builder-workspace/Sources/SwiftUIMapView/MapView.swift:149:20: error: 'MKMapView' is unavailable in watchOS
147 | /// Configures the `mapView`'s state according to the current view state.
148 | func configure(
149 | _ mapView: MKMapView,
| `- error: 'MKMapView' is unavailable in watchOS
150 | context: Context,
151 | animated: Bool
/Applications/Xcode-27.0.0-Release.Candidate.app/Contents/Developer/Platforms/WatchOS.platform/Developer/SDKs/WatchOS27.0.sdk/System/Library/Frameworks/MapKit.framework/Headers/MKMapView.h:73:12: note: 'MKMapView' has been explicitly marked unavailable here
71 | #if TARGET_OS_IPHONE
72 | NS_CLASS_AVAILABLE(NA, 3_0) __TVOS_AVAILABLE(9_2) API_UNAVAILABLE(watchos)
73 | @interface MKMapView : UIView <NSCoding>
| `- note: 'MKMapView' has been explicitly marked unavailable here
74 | #else
75 | NS_CLASS_AVAILABLE(10_9, NA)
/Users/admin/builder/spi-builder-workspace/Sources/SwiftUIMapView/MapView.swift:196:40: error: 'MKMapView' is unavailable in watchOS
194 | ///
195 | /// - Parameter mapView: The ``MKMapView`` to configure.
196 | func updateAnnotations(in mapView: MKMapView) {
| `- error: 'MKMapView' is unavailable in watchOS
197 | let currentAnnotations = mapView.mapViewAnnotations
198 | // remove old annotations
/Applications/Xcode-27.0.0-Release.Candidate.app/Contents/Developer/Platforms/WatchOS.platform/Developer/SDKs/WatchOS27.0.sdk/System/Library/Frameworks/MapKit.framework/Headers/MKMapView.h:73:12: note: 'MKMapView' has been explicitly marked unavailable here
71 | #if TARGET_OS_IPHONE
72 | NS_CLASS_AVAILABLE(NA, 3_0) __TVOS_AVAILABLE(9_2) API_UNAVAILABLE(watchos)
73 | @interface MKMapView : UIView <NSCoding>
| `- note: 'MKMapView' has been explicitly marked unavailable here
74 | #else
75 | NS_CLASS_AVAILABLE(10_9, NA)
/Users/admin/builder/spi-builder-workspace/Sources/SwiftUIMapView/MapView.swift:218:21: error: 'MKMapView' is unavailable in watchOS
216 | /// - animated: Whether to animate the change.
217 | func updateSelectedAnnotation(
218 | in mapView: MKMapView,
| `- error: 'MKMapView' is unavailable in watchOS
219 | animated: Bool
220 | ) {
/Applications/Xcode-27.0.0-Release.Candidate.app/Contents/Developer/Platforms/WatchOS.platform/Developer/SDKs/WatchOS27.0.sdk/System/Library/Frameworks/MapKit.framework/Headers/MKMapView.h:73:12: note: 'MKMapView' has been explicitly marked unavailable here
71 | #if TARGET_OS_IPHONE
72 | NS_CLASS_AVAILABLE(NA, 3_0) __TVOS_AVAILABLE(9_2) API_UNAVAILABLE(watchos)
73 | @interface MKMapView : UIView <NSCoding>
| `- note: 'MKMapView' has been explicitly marked unavailable here
74 | #else
75 | NS_CLASS_AVAILABLE(10_9, NA)
/Users/admin/builder/spi-builder-workspace/Sources/SwiftUIMapView/MapView.swift:248:40: error: 'MKMapViewDelegate' is unavailable in watchOS
246 | public extension MapView {
247 |
248 | final class Coordinator: NSObject, MKMapViewDelegate {
| `- error: 'MKMapViewDelegate' is unavailable in watchOS
249 |
250 | var onRegionChanged: (MKCoordinateRegion) -> Void = { _ in }
/Applications/Xcode-27.0.0-Release.Candidate.app/Contents/Developer/Platforms/WatchOS.platform/Developer/SDKs/WatchOS27.0.sdk/System/Library/Frameworks/MapKit.framework/Headers/MKMapView.h:260:11: note: 'MKMapViewDelegate' has been explicitly marked unavailable here
258 | API_UNAVAILABLE(watchos)
259 | NS_SWIFT_UI_ACTOR
260 | @protocol MKMapViewDelegate <NSObject>
| `- note: 'MKMapViewDelegate' has been explicitly marked unavailable here
261 | @optional
262 |
/Users/admin/builder/spi-builder-workspace/Sources/SwiftUIMapView/MapView.swift:265:20: error: 'MKMapView' is unavailable in watchOS
263 |
264 | public func mapView(
265 | _ mapView: MKMapView,
| `- error: 'MKMapView' is unavailable in watchOS
266 | didSelect view: MKAnnotationView
267 | ) {
/Applications/Xcode-27.0.0-Release.Candidate.app/Contents/Developer/Platforms/WatchOS.platform/Developer/SDKs/WatchOS27.0.sdk/System/Library/Frameworks/MapKit.framework/Headers/MKMapView.h:73:12: note: 'MKMapView' has been explicitly marked unavailable here
71 | #if TARGET_OS_IPHONE
72 | NS_CLASS_AVAILABLE(NA, 3_0) __TVOS_AVAILABLE(9_2) API_UNAVAILABLE(watchos)
73 | @interface MKMapView : UIView <NSCoding>
| `- note: 'MKMapView' has been explicitly marked unavailable here
74 | #else
75 | NS_CLASS_AVAILABLE(10_9, NA)
/Users/admin/builder/spi-builder-workspace/Sources/SwiftUIMapView/MapView.swift:266:25: error: 'MKAnnotationView' is unavailable in watchOS
264 | public func mapView(
265 | _ mapView: MKMapView,
266 | didSelect view: MKAnnotationView
| `- error: 'MKAnnotationView' is unavailable in watchOS
267 | ) {
268 | guard let mapAnnotation = view.annotation as? MapViewAnnotation else {
/Applications/Xcode-27.0.0-Release.Candidate.app/Contents/Developer/Platforms/WatchOS.platform/Developer/SDKs/WatchOS27.0.sdk/System/Library/Frameworks/MapKit.framework/Headers/MKAnnotationView.h:54:12: note: 'MKAnnotationView' has been explicitly marked unavailable here
52 | #if TARGET_OS_IPHONE
53 | NS_CLASS_AVAILABLE(NA, 3_0) __TVOS_AVAILABLE(9_2) API_UNAVAILABLE(watchos)
54 | @interface MKAnnotationView : UIView
| `- note: 'MKAnnotationView' has been explicitly marked unavailable here
55 | #else
56 | NS_CLASS_AVAILABLE(10_9, NA)
/Users/admin/builder/spi-builder-workspace/Sources/SwiftUIMapView/MapView.swift:276:20: error: 'MKMapView' is unavailable in watchOS
274 |
275 | public func mapView(
276 | _ mapView: MKMapView,
| `- error: 'MKMapView' is unavailable in watchOS
277 | didDeselect view: MKAnnotationView
278 | ) {
/Applications/Xcode-27.0.0-Release.Candidate.app/Contents/Developer/Platforms/WatchOS.platform/Developer/SDKs/WatchOS27.0.sdk/System/Library/Frameworks/MapKit.framework/Headers/MKMapView.h:73:12: note: 'MKMapView' has been explicitly marked unavailable here
71 | #if TARGET_OS_IPHONE
72 | NS_CLASS_AVAILABLE(NA, 3_0) __TVOS_AVAILABLE(9_2) API_UNAVAILABLE(watchos)
73 | @interface MKMapView : UIView <NSCoding>
| `- note: 'MKMapView' has been explicitly marked unavailable here
74 | #else
75 | NS_CLASS_AVAILABLE(10_9, NA)
/Users/admin/builder/spi-builder-workspace/Sources/SwiftUIMapView/MapView.swift:277:27: error: 'MKAnnotationView' is unavailable in watchOS
275 | public func mapView(
276 | _ mapView: MKMapView,
277 | didDeselect view: MKAnnotationView
| `- error: 'MKAnnotationView' is unavailable in watchOS
278 | ) {
279 | guard let mapAnnotation = view.annotation as? MapViewAnnotation else {
/Applications/Xcode-27.0.0-Release.Candidate.app/Contents/Developer/Platforms/WatchOS.platform/Developer/SDKs/WatchOS27.0.sdk/System/Library/Frameworks/MapKit.framework/Headers/MKAnnotationView.h:54:12: note: 'MKAnnotationView' has been explicitly marked unavailable here
52 | #if TARGET_OS_IPHONE
53 | NS_CLASS_AVAILABLE(NA, 3_0) __TVOS_AVAILABLE(9_2) API_UNAVAILABLE(watchos)
54 | @interface MKAnnotationView : UIView
| `- note: 'MKAnnotationView' has been explicitly marked unavailable here
55 | #else
56 | NS_CLASS_AVAILABLE(10_9, NA)
/Users/admin/builder/spi-builder-workspace/Sources/SwiftUIMapView/MapView.swift:286:58: error: 'MKMapView' is unavailable in watchOS
284 | }
285 |
286 | public func mapViewDidChangeVisibleRegion(_ mapView: MKMapView) {
| `- error: 'MKMapView' is unavailable in watchOS
287 | onRegionChanged(mapView.region)
288 | }
/Applications/Xcode-27.0.0-Release.Candidate.app/Contents/Developer/Platforms/WatchOS.platform/Developer/SDKs/WatchOS27.0.sdk/System/Library/Frameworks/MapKit.framework/Headers/MKMapView.h:73:12: note: 'MKMapView' has been explicitly marked unavailable here
71 | #if TARGET_OS_IPHONE
72 | NS_CLASS_AVAILABLE(NA, 3_0) __TVOS_AVAILABLE(9_2) API_UNAVAILABLE(watchos)
73 | @interface MKMapView : UIView <NSCoding>
| `- note: 'MKMapView' has been explicitly marked unavailable here
74 | #else
75 | NS_CLASS_AVAILABLE(10_9, NA)
/Users/admin/builder/spi-builder-workspace/Sources/SwiftUIMapView/MapView.swift:294:10: error: return expression of type 'MapView' does not conform to 'View'
292 | // MARK: - Previews
293 |
294 | #Preview {
| `- error: return expression of type 'MapView' does not conform to 'View'
295 | MapView()
296 | }
/Users/admin/builder/spi-builder-workspace/Sources/SwiftUIMapView/MapView.swift:108:23: error: 'MKMapView' is unavailable in watchOS
106 |
107 | public func makeUIView(context: Context) -> MKMapView {
108 | let mapView = MKMapView()
| `- error: 'MKMapView' is unavailable in watchOS
109 | mapView.delegate = context.coordinator
110 | // register custom annotation view classes
/Applications/Xcode-27.0.0-Release.Candidate.app/Contents/Developer/Platforms/WatchOS.platform/Developer/SDKs/WatchOS27.0.sdk/System/Library/Frameworks/MapKit.framework/Headers/MKMapView.h:73:12: note: 'MKMapView' has been explicitly marked unavailable here
71 | #if TARGET_OS_IPHONE
72 | NS_CLASS_AVAILABLE(NA, 3_0) __TVOS_AVAILABLE(9_2) API_UNAVAILABLE(watchos)
73 | @interface MKMapView : UIView <NSCoding>
| `- note: 'MKMapView' has been explicitly marked unavailable here
74 | #else
75 | NS_CLASS_AVAILABLE(10_9, NA)
SwiftCompile normal arm64 /Users/admin/builder/spi-builder-workspace/Sources/SwiftUIMapView/MapView.swift (in target 'SwiftUIMapView' from project 'swiftui-mapview')
cd /Users/admin/builder/spi-builder-workspace/.swiftpm/xcode
builtin-SwiftPerFileCompile MapView.swift
/Users/admin/builder/spi-builder-workspace/Sources/SwiftUIMapView/MapView.swift:108:23: error: 'init()' is unavailable in watchOS
106 |
107 | public func makeUIView(context: Context) -> MKMapView {
108 | let mapView = MKMapView()
| `- error: 'init()' is unavailable in watchOS
109 | mapView.delegate = context.coordinator
110 | // register custom annotation view classes
/Applications/Xcode-27.0.0-Release.Candidate.app/Contents/Developer/Platforms/WatchOS.platform/Developer/SDKs/WatchOS27.0.sdk/System/Library/Frameworks/UIKit.framework/Headers/UIView.h:158:1: note: 'init()' has been explicitly marked unavailable here
156 | - (instancetype)initWithFrame:(CGRect)frame NS_DESIGNATED_INITIALIZER;
157 | - (nullable instancetype)initWithCoder:(NSCoder *)coder NS_DESIGNATED_INITIALIZER;
158 | - (instancetype)init API_AVAILABLE(ios(2.0), tvos(9.0), visionos(1.0)) API_UNAVAILABLE(watchos);
| `- note: 'init()' has been explicitly marked unavailable here
159 |
160 | @property(nonatomic,getter=isUserInteractionEnabled) BOOL userInteractionEnabled; // default is YES. if set to NO, user events (touch, keys) are ignored and removed from the event queue.
/Users/admin/builder/spi-builder-workspace/Sources/SwiftUIMapView/MapView.swift:111:17: error: 'register(_:forAnnotationViewWithReuseIdentifier:)' is unavailable in watchOS
109 | mapView.delegate = context.coordinator
110 | // register custom annotation view classes
111 | mapView.register(
| `- error: 'register(_:forAnnotationViewWithReuseIdentifier:)' is unavailable in watchOS
112 | MapAnnotationView.self,
113 | forAnnotationViewWithReuseIdentifier: MKMapViewDefaultAnnotationViewReuseIdentifier
/Applications/Xcode-27.0.0-Release.Candidate.app/Contents/Developer/Platforms/WatchOS.platform/Developer/SDKs/WatchOS27.0.sdk/System/Library/Frameworks/MapKit.framework/Headers/MKMapView.h:198:1: note: 'register(_:forAnnotationViewWithReuseIdentifier:)' has been explicitly marked unavailable here
196 |
197 | // Register a MKAnnotationView subclass to be instantiated when dequeueReusableAnnotationViewWithIdentifier: does not have a view to reuse.
198 | - (void)registerClass:(nullable Class)viewClass forAnnotationViewWithReuseIdentifier:(NSString *)identifier API_AVAILABLE(macos(10.13), ios(11.0), tvos(11.0)) API_UNAVAILABLE(watchos);
| `- note: 'register(_:forAnnotationViewWithReuseIdentifier:)' has been explicitly marked unavailable here
199 |
200 | // Select or deselect a given annotation. Asks the delegate for the corresponding annotation view if necessary.
/Users/admin/builder/spi-builder-workspace/Sources/SwiftUIMapView/MapView.swift:113:51: error: 'MKMapViewDefaultAnnotationViewReuseIdentifier' is unavailable in watchOS
111 | mapView.register(
112 | MapAnnotationView.self,
113 | forAnnotationViewWithReuseIdentifier: MKMapViewDefaultAnnotationViewReuseIdentifier
| `- error: 'MKMapViewDefaultAnnotationViewReuseIdentifier' is unavailable in watchOS
114 | )
115 | mapView.register(
/Applications/Xcode-27.0.0-Release.Candidate.app/Contents/Developer/Platforms/WatchOS.platform/Developer/SDKs/WatchOS27.0.sdk/System/Library/Frameworks/MapKit.framework/Headers/MKMapView.h:68:28: note: 'MKMapViewDefaultAnnotationViewReuseIdentifier' has been explicitly marked unavailable here
66 | #endif
67 |
68 | MK_EXTERN NSString * const MKMapViewDefaultAnnotationViewReuseIdentifier API_AVAILABLE(macos(10.13), ios(11.0), tvos(11.0)) API_UNAVAILABLE(watchos);
| `- note: 'MKMapViewDefaultAnnotationViewReuseIdentifier' has been explicitly marked unavailable here
69 | MK_EXTERN NSString * const MKMapViewDefaultClusterAnnotationViewReuseIdentifier API_AVAILABLE(macos(10.13), ios(11.0), tvos(11.0)) API_UNAVAILABLE(watchos);
70 |
/Users/admin/builder/spi-builder-workspace/Sources/SwiftUIMapView/MapView.swift:115:17: error: 'register(_:forAnnotationViewWithReuseIdentifier:)' is unavailable in watchOS
113 | forAnnotationViewWithReuseIdentifier: MKMapViewDefaultAnnotationViewReuseIdentifier
114 | )
115 | mapView.register(
| `- error: 'register(_:forAnnotationViewWithReuseIdentifier:)' is unavailable in watchOS
116 | MapAnnotationClusterView.self,
117 | forAnnotationViewWithReuseIdentifier: MKMapViewDefaultClusterAnnotationViewReuseIdentifier
/Applications/Xcode-27.0.0-Release.Candidate.app/Contents/Developer/Platforms/WatchOS.platform/Developer/SDKs/WatchOS27.0.sdk/System/Library/Frameworks/MapKit.framework/Headers/MKMapView.h:198:1: note: 'register(_:forAnnotationViewWithReuseIdentifier:)' has been explicitly marked unavailable here
196 |
197 | // Register a MKAnnotationView subclass to be instantiated when dequeueReusableAnnotationViewWithIdentifier: does not have a view to reuse.
198 | - (void)registerClass:(nullable Class)viewClass forAnnotationViewWithReuseIdentifier:(NSString *)identifier API_AVAILABLE(macos(10.13), ios(11.0), tvos(11.0)) API_UNAVAILABLE(watchos);
| `- note: 'register(_:forAnnotationViewWithReuseIdentifier:)' has been explicitly marked unavailable here
199 |
200 | // Select or deselect a given annotation. Asks the delegate for the corresponding annotation view if necessary.
SwiftCompile normal arm64 Compiling\ MKMapView+MapViewAnnotation.swift /Users/admin/builder/spi-builder-workspace/Sources/SwiftUIMapView/Annotations/MKMapView+MapViewAnnotation.swift (in target 'SwiftUIMapView' from project 'swiftui-mapview')
SwiftCompile normal arm64 /Users/admin/builder/spi-builder-workspace/Sources/SwiftUIMapView/Annotations/MKMapView+MapViewAnnotation.swift (in target 'SwiftUIMapView' from project 'swiftui-mapview')
cd /Users/admin/builder/spi-builder-workspace/.swiftpm/xcode
builtin-SwiftPerFileCompile MKMapView+MapViewAnnotation.swift
SwiftCompile normal arm64 Compiling\ MapViewAnnotation.swift /Users/admin/builder/spi-builder-workspace/Sources/SwiftUIMapView/Annotations/MapViewAnnotation.swift (in target 'SwiftUIMapView' from project 'swiftui-mapview')
SwiftCompile normal arm64 /Users/admin/builder/spi-builder-workspace/Sources/SwiftUIMapView/Annotations/MapViewAnnotation.swift (in target 'SwiftUIMapView' from project 'swiftui-mapview')
cd /Users/admin/builder/spi-builder-workspace/.swiftpm/xcode
builtin-SwiftPerFileCompile MapViewAnnotation.swift
SwiftCompile normal arm64 Compiling\ CoreLocation+Equatable.swift /Users/admin/builder/spi-builder-workspace/Sources/SwiftUIMapView/CoreLocation+Equatable.swift (in target 'SwiftUIMapView' from project 'swiftui-mapview')
SwiftCompile normal arm64 /Users/admin/builder/spi-builder-workspace/Sources/SwiftUIMapView/CoreLocation+Equatable.swift (in target 'SwiftUIMapView' from project 'swiftui-mapview')
cd /Users/admin/builder/spi-builder-workspace/.swiftpm/xcode
builtin-SwiftPerFileCompile CoreLocation+Equatable.swift
SwiftCompile normal arm64 Compiling\ MapAnnotationView.swift /Users/admin/builder/spi-builder-workspace/Sources/SwiftUIMapView/AnnotationViews/MapAnnotationView.swift (in target 'SwiftUIMapView' from project 'swiftui-mapview')
/Users/admin/builder/spi-builder-workspace/Sources/SwiftUIMapView/AnnotationViews/MapAnnotationView.swift:24:13: error: 'clusteringIdentifier' is unavailable in watchOS
22 | }
23 |
24 | clusteringIdentifier = mapAnnotation.clusteringIdentifier
| `- error: 'clusteringIdentifier' is unavailable in watchOS
25 | markerTintColor = mapAnnotation.tintColor
26 | glyphImage = mapAnnotation.glyphImage
/Applications/Xcode-27.0.0-Release.Candidate.app/Contents/Developer/Platforms/WatchOS.platform/Developer/SDKs/WatchOS27.0.sdk/System/Library/Frameworks/MapKit.framework/Headers/MKAnnotationView.h:150:49: note: 'clusteringIdentifier' has been explicitly marked unavailable here
148 |
149 | // Annotation views with equal non-nil identifiers can cluster together.
150 | @property (nonatomic, copy, nullable) NSString *clusteringIdentifier API_AVAILABLE(macos(10.13), ios(11.0), tvos(11.0)) API_UNAVAILABLE(watchos);
| `- note: 'clusteringIdentifier' has been explicitly marked unavailable here
151 |
152 | // If non-nil this is the annotation view this view is clustered into.
SwiftCompile normal arm64 /Users/admin/builder/spi-builder-workspace/Sources/SwiftUIMapView/AnnotationViews/MapAnnotationView.swift (in target 'SwiftUIMapView' from project 'swiftui-mapview')
cd /Users/admin/builder/spi-builder-workspace/.swiftpm/xcode
builtin-SwiftPerFileCompile MapAnnotationView.swift
SwiftCompile normal arm64 Compiling\ MapAnnotationClusterView.swift /Users/admin/builder/spi-builder-workspace/Sources/SwiftUIMapView/AnnotationViews/MapAnnotationClusterView.swift (in target 'SwiftUIMapView' from project 'swiftui-mapview')
SwiftCompile normal arm64 /Users/admin/builder/spi-builder-workspace/Sources/SwiftUIMapView/AnnotationViews/MapAnnotationClusterView.swift (in target 'SwiftUIMapView' from project 'swiftui-mapview')
cd /Users/admin/builder/spi-builder-workspace/.swiftpm/xcode
builtin-SwiftPerFileCompile MapAnnotationClusterView.swift
/Users/admin/builder/spi-builder-workspace/Sources/SwiftUIMapView/AnnotationViews/MapAnnotationClusterView.swift:23:58: error: 'MKClusterAnnotation' is unavailable in watchOS
21 | override var annotation: MKAnnotation? {
22 | didSet {
23 | guard let clusterAnnotation = annotation as? MKClusterAnnotation else {
| `- error: 'MKClusterAnnotation' is unavailable in watchOS
24 | return
25 | }
/Applications/Xcode-27.0.0-Release.Candidate.app/Contents/Developer/Platforms/WatchOS.platform/Developer/SDKs/WatchOS27.0.sdk/System/Library/Frameworks/MapKit.framework/Headers/MKClusterAnnotation.h:13:12: note: 'MKClusterAnnotation' has been explicitly marked unavailable here
11 |
12 | NS_CLASS_AVAILABLE(10_13, 11_0) __TVOS_AVAILABLE(11_0) API_UNAVAILABLE(watchos)
13 | @interface MKClusterAnnotation : NSObject <MKAnnotation>
| `- note: 'MKClusterAnnotation' has been explicitly marked unavailable here
14 |
15 | @property (nonatomic, copy, nullable) NSString *title;
/Users/admin/builder/spi-builder-workspace/Sources/SwiftUIMapView/AnnotationViews/MapAnnotationClusterView.swift:32:13: error: 'collisionMode' is unavailable in watchOS
30 | }
31 |
32 | collisionMode = .circle
| `- error: 'collisionMode' is unavailable in watchOS
33 |
34 | image = drawGlyph(
/Applications/Xcode-27.0.0-Release.Candidate.app/Contents/Developer/Platforms/WatchOS.platform/Developer/SDKs/WatchOS27.0.sdk/System/Library/Frameworks/MapKit.framework/Headers/MKAnnotationView.h:162:53: note: 'collisionMode' has been explicitly marked unavailable here
160 |
161 | // Default collision mode is rectangle.
162 | @property (nonatomic) MKAnnotationViewCollisionMode collisionMode API_AVAILABLE(macos(10.13), ios(11.0), tvos(11.0)) API_UNAVAILABLE(watchos);
| `- note: 'collisionMode' has been explicitly marked unavailable here
163 |
164 | @end
/Users/admin/builder/spi-builder-workspace/Sources/SwiftUIMapView/AnnotationViews/MapAnnotationClusterView.swift:17:33: error: 'MKAnnotationView' is unavailable in watchOS
15 | ///
16 | /// - Seealso: ``MapAnnotationView``
17 | class MapAnnotationClusterView: MKAnnotationView {
| `- error: 'MKAnnotationView' is unavailable in watchOS
18 |
19 | private static let annotationSize: CGFloat = 32
/Applications/Xcode-27.0.0-Release.Candidate.app/Contents/Developer/Platforms/WatchOS.platform/Developer/SDKs/WatchOS27.0.sdk/System/Library/Frameworks/MapKit.framework/Headers/MKAnnotationView.h:54:12: note: 'MKAnnotationView' has been explicitly marked unavailable here
52 | #if TARGET_OS_IPHONE
53 | NS_CLASS_AVAILABLE(NA, 3_0) __TVOS_AVAILABLE(9_2) API_UNAVAILABLE(watchos)
54 | @interface MKAnnotationView : UIView
| `- note: 'MKAnnotationView' has been explicitly marked unavailable here
55 | #else
56 | NS_CLASS_AVAILABLE(10_9, NA)
SwiftExplicitDependencyGeneratePcm arm64_32 /Users/admin/builder/spi-builder-workspace/.derivedData/SDKExplicitPrecompiledModules/SwiftUI-6DR5UJH94SD7QMITGWNAX9FBI.pcm
SwiftEmitModule normal arm64_32 Emitting\ module\ for\ SwiftUIMapView (in target 'SwiftUIMapView' from project 'swiftui-mapview')
SwiftCompile normal arm64_32 (in target 'SwiftUIMapView' from project 'swiftui-mapview')
cd /Users/admin/builder/spi-builder-workspace/.swiftpm/xcode
SwiftCompile normal arm64_32 Compiling\ MKMapView+MapViewAnnotation.swift /Users/admin/builder/spi-builder-workspace/Sources/SwiftUIMapView/Annotations/MKMapView+MapViewAnnotation.swift (in target 'SwiftUIMapView' from project 'swiftui-mapview')
SwiftCompile normal arm64_32 /Users/admin/builder/spi-builder-workspace/Sources/SwiftUIMapView/Annotations/MKMapView+MapViewAnnotation.swift (in target 'SwiftUIMapView' from project 'swiftui-mapview')
cd /Users/admin/builder/spi-builder-workspace/.swiftpm/xcode
builtin-SwiftPerFileCompile MKMapView+MapViewAnnotation.swift
SwiftCompile normal arm64_32 Compiling\ MapViewAnnotation.swift /Users/admin/builder/spi-builder-workspace/Sources/SwiftUIMapView/Annotations/MapViewAnnotation.swift (in target 'SwiftUIMapView' from project 'swiftui-mapview')
SwiftCompile normal arm64_32 /Users/admin/builder/spi-builder-workspace/Sources/SwiftUIMapView/Annotations/MapViewAnnotation.swift (in target 'SwiftUIMapView' from project 'swiftui-mapview')
cd /Users/admin/builder/spi-builder-workspace/.swiftpm/xcode
builtin-SwiftPerFileCompile MapViewAnnotation.swift
PruneExplicitPrecompiledModules /Users/admin/builder/spi-builder-workspace/.derivedData/Build/Intermediates.noindex/ExplicitPrecompiledModules
PruneExplicitPrecompiledModules /Users/admin/builder/spi-builder-workspace/.derivedData/SDKExplicitPrecompiledModules
PruneExplicitPrecompiledModules /Users/admin/builder/spi-builder-workspace/.derivedData/Build/Intermediates.noindex/SwiftExplicitPrecompiledModules
2026-09-23 10:42:25.123 xcodebuild[623:3874] [MT] IDERunDestination: Supported platforms for the buildables in the current scheme is empty.
** BUILD FAILED **
The following build commands failed:
SwiftCompile normal arm64 (in target 'SwiftUIMapView' from project 'swiftui-mapview')
SwiftEmitModule normal arm64 Emitting\ module\ for\ SwiftUIMapView (in target 'SwiftUIMapView' from project 'swiftui-mapview')
Building workspace swiftui-mapview with scheme swiftui-mapview
(3 failures)
Command line invocation:
/Applications/Xcode-27.0.0-Release.Candidate.app/Contents/Developer/usr/bin/xcodebuild -IDEClonedSourcePackagesDirPathOverride=/Users/admin/builder/spi-builder-workspace/.dependencies -resolvePackageDependencies
Resolve Package Graph
Resolved source packages:
swiftui-mapview: /Users/admin/builder/spi-builder-workspace
resolved source packages: swiftui-mapview
2026-09-23 10:42:31.520 xcodebuild[769:4439] [MT] IDERunDestination: Supported platforms for the buildables in the current scheme is empty.
{
"dependencies" : [
],
"manifest_display_name" : "swiftui-mapview",
"name" : "swiftui-mapview",
"path" : "/Users/admin/builder/spi-builder-workspace",
"platforms" : [
{
"name" : "ios",
"version" : "13.0"
}
],
"products" : [
{
"name" : "SwiftUIMapView",
"targets" : [
"SwiftUIMapView"
],
"type" : {
"library" : [
"automatic"
]
}
}
],
"targets" : [
{
"c99name" : "SwiftUIMapView",
"module_type" : "SwiftTarget",
"name" : "SwiftUIMapView",
"path" : "Sources/SwiftUIMapView",
"product_memberships" : [
"SwiftUIMapView"
],
"sources" : [
"AnnotationViews/MapAnnotationClusterView.swift",
"AnnotationViews/MapAnnotationView.swift",
"Annotations/MKMapView+MapViewAnnotation.swift",
"Annotations/MapViewAnnotation.swift",
"CoreLocation+Equatable.swift",
"MapView+Xcode.swift",
"MapView.swift"
],
"type" : "library"
}
],
"tools_version" : "6.2"
}
{
"workspace" : {
"name" : "swiftui-mapview",
"schemes" : [
"swiftui-mapview"
]
}
}
2026-09-23 10:42:32.765 xcodebuild[802:4706] [MT] IDERunDestination: Supported platforms for the buildables in the current scheme is empty.
Running build ...
env DEVELOPER_DIR=/Applications/Xcode-27.0.0-Release.Candidate.app xcrun xcodebuild -IDEClonedSourcePackagesDirPathOverride=$PWD/.dependencies -skipMacroValidation -skipPackagePluginValidation -derivedDataPath $PWD/.derivedData build -scheme swiftui-mapview -destination generic/platform=watchOS
Command line invocation:
/Applications/Xcode-27.0.0-Release.Candidate.app/Contents/Developer/usr/bin/xcodebuild -IDEClonedSourcePackagesDirPathOverride=/Users/admin/builder/spi-builder-workspace/.dependencies -skipMacroValidation -skipPackagePluginValidation -derivedDataPath /Users/admin/builder/spi-builder-workspace/.derivedData build -scheme swiftui-mapview -destination generic/platform=watchOS
Resolve Package Graph
Resolved source packages:
swiftui-mapview: /Users/admin/builder/spi-builder-workspace
ComputePackagePrebuildTargetDependencyGraph
Prepare packages
CreateBuildRequest
SendProjectDescription
CreateBuildOperation
ComputeTargetDependencyGraph
note: Building targets in dependency order
note: Target dependency graph (2 targets)
Target 'SwiftUIMapView-product' in project 'swiftui-mapview'
➜ Explicit dependency on target 'SwiftUIMapView' in project 'swiftui-mapview'
Target 'SwiftUIMapView' in project 'swiftui-mapview' (no dependencies)
GatherProvisioningInputs
CreateBuildDescription
ClangStatCache /Applications/Xcode-27.0.0-Release.Candidate.app/Contents/Developer/Toolchains/XcodeDefault.xctoolchain/usr/bin/clang-stat-cache /Applications/Xcode-27.0.0-Release.Candidate.app/Contents/Developer/Platforms/WatchOS.platform/Developer/SDKs/WatchOS27.0.sdk /Users/admin/builder/spi-builder-workspace/.derivedData/SDKStatCaches.noindex/watchos27.0-24R360-e829b21a6f8c9b70876ba0858053c04477534ef55a1706bf4c1112bbb242f0a2.sdkstatcache
cd /Users/admin/builder/spi-builder-workspace/.swiftpm/xcode
/Applications/Xcode-27.0.0-Release.Candidate.app/Contents/Developer/Toolchains/XcodeDefault.xctoolchain/usr/bin/clang-stat-cache /Applications/Xcode-27.0.0-Release.Candidate.app/Contents/Developer/Platforms/WatchOS.platform/Developer/SDKs/WatchOS27.0.sdk -o /Users/admin/builder/spi-builder-workspace/.derivedData/SDKStatCaches.noindex/watchos27.0-24R360-e829b21a6f8c9b70876ba0858053c04477534ef55a1706bf4c1112bbb242f0a2.sdkstatcache
SwiftDriver SwiftUIMapView normal arm64 com.apple.xcode.tools.swift.compiler (in target 'SwiftUIMapView' from project 'swiftui-mapview')
cd /Users/admin/builder/spi-builder-workspace/.swiftpm/xcode
builtin-SwiftDriver -- /Applications/Xcode-27.0.0-Release.Candidate.app/Contents/Developer/Toolchains/XcodeDefault.xctoolchain/usr/bin/swiftc -parse-as-library -module-name SwiftUIMapView -Onone @/Users/admin/builder/spi-builder-workspace/.derivedData/Build/Intermediates.noindex/swiftui-mapview.build/Debug-watchos/SwiftUIMapView-t.build/Objects-normal/arm64/SwiftUIMapView.SwiftFileList -DSWIFT_PACKAGE -DDEBUG -DSWIFT_MODULE_RESOURCE_BUNDLE_UNAVAILABLE -DXcode -default-isolation MainActor -plugin-path /Applications/Xcode-27.0.0-Release.Candidate.app/Contents/Developer/Toolchains/XcodeDefault.xctoolchain/usr/lib/swift/host/plugins/testing -enable-experimental-feature DebugDescriptionMacro -sdk /Applications/Xcode-27.0.0-Release.Candidate.app/Contents/Developer/Platforms/WatchOS.platform/Developer/SDKs/WatchOS27.0.sdk -target arm64-apple-watchos9.0 -g -module-cache-path /Users/admin/builder/spi-builder-workspace/.derivedData/ModuleCache.noindex -Xfrontend -serialize-debugging-options -enable-testing -index-store-path /Users/admin/builder/spi-builder-workspace/.derivedData/Index.noindex/DataStore -Xcc -D_LIBCPP_HARDENING_MODE\=_LIBCPP_HARDENING_MODE_DEBUG -swift-version 6 -I /Users/admin/builder/spi-builder-workspace/.derivedData/Build/Products/Debug-watchos -Isystem /Applications/Xcode-27.0.0-Release.Candidate.app/Contents/Developer/Platforms/WatchOS.platform/Developer/usr/lib -F /Users/admin/builder/spi-builder-workspace/.derivedData/Build/Products/Debug-watchos -F /Applications/Xcode-27.0.0-Release.Candidate.app/Contents/Developer/Platforms/WatchOS.platform/Developer/Library/Frameworks -F /Applications/Xcode-27.0.0-Release.Candidate.app/Contents/Developer/Platforms/WatchOS.platform/Developer/SDKs/WatchOS27.0.sdk/Developer/Library/Frameworks -c -j10 -enable-batch-mode -incremental -Xcc -ivfsstatcache -Xcc /Users/admin/builder/spi-builder-workspace/.derivedData/SDKStatCaches.noindex/watchos27.0-24R360-e829b21a6f8c9b70876ba0858053c04477534ef55a1706bf4c1112bbb242f0a2.sdkstatcache -output-file-map /Users/admin/builder/spi-builder-workspace/.derivedData/Build/Intermediates.noindex/swiftui-mapview.build/Debug-watchos/SwiftUIMapView-t.build/Objects-normal/arm64/SwiftUIMapView-OutputFileMap.json -save-temps -no-color-diagnostics -explicit-module-build -module-cache-path /Users/admin/builder/spi-builder-workspace/.derivedData/Build/Intermediates.noindex/SwiftExplicitPrecompiledModules -clang-scanner-module-cache-path /Users/admin/builder/spi-builder-workspace/.derivedData/ModuleCache.noindex -sdk-module-cache-path /Users/admin/builder/spi-builder-workspace/.derivedData/SDKExplicitPrecompiledModules -emit-dependencies -emit-module -emit-module-path /Users/admin/builder/spi-builder-workspace/.derivedData/Build/Intermediates.noindex/swiftui-mapview.build/Debug-watchos/SwiftUIMapView-t.build/Objects-normal/arm64/SwiftUIMapView.swiftmodule -serialize-diagnostics -dependency-scan-serialize-diagnostics-path /Users/admin/builder/spi-builder-workspace/.derivedData/Build/Intermediates.noindex/swiftui-mapview.build/Debug-watchos/SwiftUIMapView-t.build/Objects-normal/arm64/SwiftUIMapView-dependency-scan.dia -validate-clang-modules-once -clang-build-session-file /Users/admin/builder/spi-builder-workspace/.derivedData/ModuleCache.noindex/Session.modulevalidation -Xcc -fmodules-prune-interval\=86400 -Xcc -fmodules-prune-after\=345600 -package-name spi_builder_workspace -emit-const-values -const-gather-protocols-list /Users/admin/builder/spi-builder-workspace/.derivedData/Build/Intermediates.noindex/swiftui-mapview.build/Debug-watchos/SwiftUIMapView-t.build/Objects-normal/arm64/SwiftUIMapView_const_extract_protocols.json -Xcc -I/Users/admin/builder/spi-builder-workspace/.derivedData/Build/Products/Debug-watchos/include -Xcc -I/Users/admin/builder/spi-builder-workspace/.derivedData/Build/Intermediates.noindex/swiftui-mapview.build/Debug-watchos/SwiftUIMapView-t.build/DerivedSources-normal/arm64 -Xcc -I/Users/admin/builder/spi-builder-workspace/.derivedData/Build/Intermediates.noindex/swiftui-mapview.build/Debug-watchos/SwiftUIMapView-t.build/DerivedSources/arm64 -Xcc -I/Users/admin/builder/spi-builder-workspace/.derivedData/Build/Intermediates.noindex/swiftui-mapview.build/Debug-watchos/SwiftUIMapView-t.build/DerivedSources -Xcc -DSWIFT_PACKAGE -Xcc -DDEBUG\=1 -emit-objc-header -emit-objc-header-path /Users/admin/builder/spi-builder-workspace/.derivedData/Build/Intermediates.noindex/swiftui-mapview.build/Debug-watchos/SwiftUIMapView-t.build/Objects-normal/arm64/SwiftUIMapView-Swift.h -working-directory /Users/admin/builder/spi-builder-workspace/.swiftpm/xcode -experimental-emit-module-separately -disable-cmo
SwiftDriver SwiftUIMapView normal arm64_32 com.apple.xcode.tools.swift.compiler (in target 'SwiftUIMapView' from project 'swiftui-mapview')
cd /Users/admin/builder/spi-builder-workspace/.swiftpm/xcode
builtin-SwiftDriver -- /Applications/Xcode-27.0.0-Release.Candidate.app/Contents/Developer/Toolchains/XcodeDefault.xctoolchain/usr/bin/swiftc -parse-as-library -module-name SwiftUIMapView -Onone @/Users/admin/builder/spi-builder-workspace/.derivedData/Build/Intermediates.noindex/swiftui-mapview.build/Debug-watchos/SwiftUIMapView-t.build/Objects-normal/arm64_32/SwiftUIMapView.SwiftFileList -DSWIFT_PACKAGE -DDEBUG -DSWIFT_MODULE_RESOURCE_BUNDLE_UNAVAILABLE -DXcode -default-isolation MainActor -plugin-path /Applications/Xcode-27.0.0-Release.Candidate.app/Contents/Developer/Toolchains/XcodeDefault.xctoolchain/usr/lib/swift/host/plugins/testing -enable-experimental-feature DebugDescriptionMacro -sdk /Applications/Xcode-27.0.0-Release.Candidate.app/Contents/Developer/Platforms/WatchOS.platform/Developer/SDKs/WatchOS27.0.sdk -target arm64_32-apple-watchos9.0 -g -module-cache-path /Users/admin/builder/spi-builder-workspace/.derivedData/ModuleCache.noindex -Xfrontend -serialize-debugging-options -enable-testing -index-store-path /Users/admin/builder/spi-builder-workspace/.derivedData/Index.noindex/DataStore -Xcc -D_LIBCPP_HARDENING_MODE\=_LIBCPP_HARDENING_MODE_DEBUG -swift-version 6 -I /Users/admin/builder/spi-builder-workspace/.derivedData/Build/Products/Debug-watchos -Isystem /Applications/Xcode-27.0.0-Release.Candidate.app/Contents/Developer/Platforms/WatchOS.platform/Developer/usr/lib -F /Users/admin/builder/spi-builder-workspace/.derivedData/Build/Products/Debug-watchos -F /Applications/Xcode-27.0.0-Release.Candidate.app/Contents/Developer/Platforms/WatchOS.platform/Developer/Library/Frameworks -F /Applications/Xcode-27.0.0-Release.Candidate.app/Contents/Developer/Platforms/WatchOS.platform/Developer/SDKs/WatchOS27.0.sdk/Developer/Library/Frameworks -c -j10 -enable-batch-mode -incremental -Xcc -ivfsstatcache -Xcc /Users/admin/builder/spi-builder-workspace/.derivedData/SDKStatCaches.noindex/watchos27.0-24R360-e829b21a6f8c9b70876ba0858053c04477534ef55a1706bf4c1112bbb242f0a2.sdkstatcache -output-file-map /Users/admin/builder/spi-builder-workspace/.derivedData/Build/Intermediates.noindex/swiftui-mapview.build/Debug-watchos/SwiftUIMapView-t.build/Objects-normal/arm64_32/SwiftUIMapView-OutputFileMap.json -save-temps -no-color-diagnostics -explicit-module-build -module-cache-path /Users/admin/builder/spi-builder-workspace/.derivedData/Build/Intermediates.noindex/SwiftExplicitPrecompiledModules -clang-scanner-module-cache-path /Users/admin/builder/spi-builder-workspace/.derivedData/ModuleCache.noindex -sdk-module-cache-path /Users/admin/builder/spi-builder-workspace/.derivedData/SDKExplicitPrecompiledModules -emit-dependencies -emit-module -emit-module-path /Users/admin/builder/spi-builder-workspace/.derivedData/Build/Intermediates.noindex/swiftui-mapview.build/Debug-watchos/SwiftUIMapView-t.build/Objects-normal/arm64_32/SwiftUIMapView.swiftmodule -serialize-diagnostics -dependency-scan-serialize-diagnostics-path /Users/admin/builder/spi-builder-workspace/.derivedData/Build/Intermediates.noindex/swiftui-mapview.build/Debug-watchos/SwiftUIMapView-t.build/Objects-normal/arm64_32/SwiftUIMapView-dependency-scan.dia -validate-clang-modules-once -clang-build-session-file /Users/admin/builder/spi-builder-workspace/.derivedData/ModuleCache.noindex/Session.modulevalidation -Xcc -fmodules-prune-interval\=86400 -Xcc -fmodules-prune-after\=345600 -package-name spi_builder_workspace -emit-const-values -const-gather-protocols-list /Users/admin/builder/spi-builder-workspace/.derivedData/Build/Intermediates.noindex/swiftui-mapview.build/Debug-watchos/SwiftUIMapView-t.build/Objects-normal/arm64_32/SwiftUIMapView_const_extract_protocols.json -Xcc -I/Users/admin/builder/spi-builder-workspace/.derivedData/Build/Products/Debug-watchos/include -Xcc -I/Users/admin/builder/spi-builder-workspace/.derivedData/Build/Intermediates.noindex/swiftui-mapview.build/Debug-watchos/SwiftUIMapView-t.build/DerivedSources-normal/arm64_32 -Xcc -I/Users/admin/builder/spi-builder-workspace/.derivedData/Build/Intermediates.noindex/swiftui-mapview.build/Debug-watchos/SwiftUIMapView-t.build/DerivedSources/arm64_32 -Xcc -I/Users/admin/builder/spi-builder-workspace/.derivedData/Build/Intermediates.noindex/swiftui-mapview.build/Debug-watchos/SwiftUIMapView-t.build/DerivedSources -Xcc -DSWIFT_PACKAGE -Xcc -DDEBUG\=1 -emit-objc-header -emit-objc-header-path /Users/admin/builder/spi-builder-workspace/.derivedData/Build/Intermediates.noindex/swiftui-mapview.build/Debug-watchos/SwiftUIMapView-t.build/Objects-normal/arm64_32/SwiftUIMapView-Swift.h -working-directory /Users/admin/builder/spi-builder-workspace/.swiftpm/xcode -experimental-emit-module-separately -disable-cmo
SwiftEmitModule normal arm64_32 Emitting\ module\ for\ SwiftUIMapView (in target 'SwiftUIMapView' from project 'swiftui-mapview')
/Users/admin/builder/spi-builder-workspace/Sources/SwiftUIMapView/AnnotationViews/MapAnnotationClusterView.swift:23:58: error: 'MKClusterAnnotation' is unavailable in watchOS
21 | override var annotation: MKAnnotation? {
22 | didSet {
23 | guard let clusterAnnotation = annotation as? MKClusterAnnotation else {
| `- error: 'MKClusterAnnotation' is unavailable in watchOS
24 | return
25 | }
/Applications/Xcode-27.0.0-Release.Candidate.app/Contents/Developer/Platforms/WatchOS.platform/Developer/SDKs/WatchOS27.0.sdk/System/Library/Frameworks/MapKit.framework/Headers/MKClusterAnnotation.h:13:12: note: 'MKClusterAnnotation' has been explicitly marked unavailable here
11 |
12 | NS_CLASS_AVAILABLE(10_13, 11_0) __TVOS_AVAILABLE(11_0) API_UNAVAILABLE(watchos)
13 | @interface MKClusterAnnotation : NSObject <MKAnnotation>
| `- note: 'MKClusterAnnotation' has been explicitly marked unavailable here
14 |
15 | @property (nonatomic, copy, nullable) NSString *title;
/Users/admin/builder/spi-builder-workspace/Sources/SwiftUIMapView/AnnotationViews/MapAnnotationClusterView.swift:32:13: error: 'collisionMode' is unavailable in watchOS
30 | }
31 |
32 | collisionMode = .circle
| `- error: 'collisionMode' is unavailable in watchOS
33 |
34 | image = drawGlyph(
/Applications/Xcode-27.0.0-Release.Candidate.app/Contents/Developer/Platforms/WatchOS.platform/Developer/SDKs/WatchOS27.0.sdk/System/Library/Frameworks/MapKit.framework/Headers/MKAnnotationView.h:162:53: note: 'collisionMode' has been explicitly marked unavailable here
160 |
161 | // Default collision mode is rectangle.
162 | @property (nonatomic) MKAnnotationViewCollisionMode collisionMode API_AVAILABLE(macos(10.13), ios(11.0), tvos(11.0)) API_UNAVAILABLE(watchos);
| `- note: 'collisionMode' has been explicitly marked unavailable here
163 |
164 | @end
/Users/admin/builder/spi-builder-workspace/Sources/SwiftUIMapView/AnnotationViews/MapAnnotationClusterView.swift:17:33: error: 'MKAnnotationView' is unavailable in watchOS
15 | ///
16 | /// - Seealso: ``MapAnnotationView``
17 | class MapAnnotationClusterView: MKAnnotationView {
| `- error: 'MKAnnotationView' is unavailable in watchOS
18 |
19 | private static let annotationSize: CGFloat = 32
/Applications/Xcode-27.0.0-Release.Candidate.app/Contents/Developer/Platforms/WatchOS.platform/Developer/SDKs/WatchOS27.0.sdk/System/Library/Frameworks/MapKit.framework/Headers/MKAnnotationView.h:54:12: note: 'MKAnnotationView' has been explicitly marked unavailable here
52 | #if TARGET_OS_IPHONE
53 | NS_CLASS_AVAILABLE(NA, 3_0) __TVOS_AVAILABLE(9_2) API_UNAVAILABLE(watchos)
54 | @interface MKAnnotationView : UIView
| `- note: 'MKAnnotationView' has been explicitly marked unavailable here
55 | #else
56 | NS_CLASS_AVAILABLE(10_9, NA)
/Users/admin/builder/spi-builder-workspace/Sources/SwiftUIMapView/AnnotationViews/MapAnnotationView.swift:24:13: error: 'clusteringIdentifier' is unavailable in watchOS
22 | }
23 |
24 | clusteringIdentifier = mapAnnotation.clusteringIdentifier
| `- error: 'clusteringIdentifier' is unavailable in watchOS
25 | markerTintColor = mapAnnotation.tintColor
26 | glyphImage = mapAnnotation.glyphImage
/Applications/Xcode-27.0.0-Release.Candidate.app/Contents/Developer/Platforms/WatchOS.platform/Developer/SDKs/WatchOS27.0.sdk/System/Library/Frameworks/MapKit.framework/Headers/MKAnnotationView.h:150:49: note: 'clusteringIdentifier' has been explicitly marked unavailable here
148 |
149 | // Annotation views with equal non-nil identifiers can cluster together.
150 | @property (nonatomic, copy, nullable) NSString *clusteringIdentifier API_AVAILABLE(macos(10.13), ios(11.0), tvos(11.0)) API_UNAVAILABLE(watchos);
| `- note: 'clusteringIdentifier' has been explicitly marked unavailable here
151 |
152 | // If non-nil this is the annotation view this view is clustered into.
/Users/admin/builder/spi-builder-workspace/Sources/SwiftUIMapView/AnnotationViews/MapAnnotationView.swift:16:26: error: 'MKMarkerAnnotationView' is unavailable in watchOS
14 | /// Sets the view's `glyphImage` and `markerTintColor` according to values of the annotation.
15 | /// Automatically takes advantage of clustering via an optionally set `clusteringIdentifier`.
16 | class MapAnnotationView: MKMarkerAnnotationView {
| `- error: 'MKMarkerAnnotationView' is unavailable in watchOS
17 |
18 | override var annotation: MKAnnotation? {
/Applications/Xcode-27.0.0-Release.Candidate.app/Contents/Developer/Platforms/WatchOS.platform/Developer/SDKs/WatchOS27.0.sdk/System/Library/Frameworks/MapKit.framework/Headers/MKMarkerAnnotationView.h:18:12: note: 'MKMarkerAnnotationView' has been explicitly marked unavailable here
16 |
17 | API_AVAILABLE(ios(11.0), tvos(11.0), macos(11.0)) API_UNAVAILABLE(watchos)
18 | @interface MKMarkerAnnotationView : MKAnnotationView
| `- note: 'MKMarkerAnnotationView' has been explicitly marked unavailable here
19 |
20 | @property (nonatomic) MKFeatureVisibility titleVisibility;
/Users/admin/builder/spi-builder-workspace/Sources/SwiftUIMapView/Annotations/MKMapView+MapViewAnnotation.swift:10:11: error: 'MKMapView' is unavailable in watchOS
8 | import MapKit
9 |
10 | extension MKMapView {
| `- error: 'MKMapView' is unavailable in watchOS
11 |
12 | /// All ``MapViewAnnotation``s set on the map view.
/Applications/Xcode-27.0.0-Release.Candidate.app/Contents/Developer/Platforms/WatchOS.platform/Developer/SDKs/WatchOS27.0.sdk/System/Library/Frameworks/MapKit.framework/Headers/MKMapView.h:73:12: note: 'MKMapView' has been explicitly marked unavailable here
71 | #if TARGET_OS_IPHONE
72 | NS_CLASS_AVAILABLE(NA, 3_0) __TVOS_AVAILABLE(9_2) API_UNAVAILABLE(watchos)
73 | @interface MKMapView : UIView <NSCoding>
| `- note: 'MKMapView' has been explicitly marked unavailable here
74 | #else
75 | NS_CLASS_AVAILABLE(10_9, NA)
/Users/admin/builder/spi-builder-workspace/Sources/SwiftUIMapView/MapView.swift:42:26: error: 'MKMapType' is unavailable in watchOS
40 |
41 | /// The map type that is displayed.
42 | private let mapType: MKMapType
| `- error: 'MKMapType' is unavailable in watchOS
43 |
44 | /// Determines whether the map can be zoomed.
/Applications/Xcode-27.0.0-Release.Candidate.app/Contents/Developer/Platforms/WatchOS.platform/Developer/SDKs/WatchOS27.0.sdk/System/Library/Frameworks/MapKit.framework/Headers/MKTypes.h:12:29: note: 'MKMapType' has been explicitly marked unavailable here
10 | NS_ASSUME_NONNULL_BEGIN
11 |
12 | typedef NS_ENUM(NSUInteger, MKMapType) {
| `- note: 'MKMapType' has been explicitly marked unavailable here
13 | MKMapTypeStandard = 0,
14 | MKMapTypeSatellite,
/Users/admin/builder/spi-builder-workspace/Sources/SwiftUIMapView/MapView.swift:61:35: error: 'MKUserTrackingMode' is unavailable in watchOS
59 |
60 | /// Sets the map's user tracking mode.
61 | private let userTrackingMode: MKUserTrackingMode
| `- error: 'MKUserTrackingMode' is unavailable in watchOS
62 |
63 | /// Creates a new MapView.
/Applications/Xcode-27.0.0-Release.Candidate.app/Contents/Developer/Platforms/WatchOS.platform/Developer/SDKs/WatchOS27.0.sdk/System/Library/Frameworks/MapKit.framework/Headers/MKMapView.h:50:28: note: 'MKUserTrackingMode' has been explicitly marked unavailable here
48 | #if MK_SUPPORTS_VIEW_CLASSES
49 |
50 | typedef NS_ENUM(NSInteger, MKUserTrackingMode) {
| `- note: 'MKUserTrackingMode' has been explicitly marked unavailable here
51 | MKUserTrackingModeNone = 0, // the user's location is not followed
52 | MKUserTrackingModeFollow, // the map follows the user's location
/Users/admin/builder/spi-builder-workspace/Sources/SwiftUIMapView/MapView.swift:76:18: error: 'MKMapType' is unavailable in watchOS
74 | /// - selectedAnnotation: A binding to the currently selected annotation, or `nil`.
75 | public init(
76 | mapType: MKMapType = .standard,
| `- error: 'MKMapType' is unavailable in watchOS
77 | region: Binding<MKCoordinateRegion?> = .constant(nil),
78 | isZoomEnabled: Bool = true,
/Applications/Xcode-27.0.0-Release.Candidate.app/Contents/Developer/Platforms/WatchOS.platform/Developer/SDKs/WatchOS27.0.sdk/System/Library/Frameworks/MapKit.framework/Headers/MKTypes.h:12:29: note: 'MKMapType' has been explicitly marked unavailable here
10 | NS_ASSUME_NONNULL_BEGIN
11 |
12 | typedef NS_ENUM(NSUInteger, MKMapType) {
| `- note: 'MKMapType' has been explicitly marked unavailable here
13 | MKMapTypeStandard = 0,
14 | MKMapTypeSatellite,
/Users/admin/builder/spi-builder-workspace/Sources/SwiftUIMapView/MapView.swift:82:27: error: 'MKUserTrackingMode' is unavailable in watchOS
80 | isRotateEnabled: Bool = true,
81 | showsUserLocation: Bool = false,
82 | userTrackingMode: MKUserTrackingMode = .none,
| `- error: 'MKUserTrackingMode' is unavailable in watchOS
83 | annotations: [MapViewAnnotation] = [],
84 | selectedAnnotations: Binding<[MapViewAnnotation]> = .constant([])
/Applications/Xcode-27.0.0-Release.Candidate.app/Contents/Developer/Platforms/WatchOS.platform/Developer/SDKs/WatchOS27.0.sdk/System/Library/Frameworks/MapKit.framework/Headers/MKMapView.h:50:28: note: 'MKUserTrackingMode' has been explicitly marked unavailable here
48 | #if MK_SUPPORTS_VIEW_CLASSES
49 |
50 | typedef NS_ENUM(NSInteger, MKUserTrackingMode) {
| `- note: 'MKUserTrackingMode' has been explicitly marked unavailable here
51 | MKUserTrackingModeNone = 0, // the user's location is not followed
52 | MKUserTrackingModeFollow, // the map follows the user's location
/Users/admin/builder/spi-builder-workspace/Sources/SwiftUIMapView/MapView.swift:19:24: error: cannot find type 'UIViewRepresentable' in scope
17 | /// See the [official documentation](https://developer.apple.com/documentation/mapkit/mkmapview) for more information
18 | /// on the possibilities provided by the underlying service.
19 | public struct MapView: UIViewRepresentable {
| `- error: cannot find type 'UIViewRepresentable' in scope
20 |
21 | /// The region that is displayed.
/Users/admin/builder/spi-builder-workspace/Sources/SwiftUIMapView/MapView.swift:107:37: error: cannot find type 'Context' in scope
105 | }
106 |
107 | public func makeUIView(context: Context) -> MKMapView {
| `- error: cannot find type 'Context' in scope
108 | let mapView = MKMapView()
109 | mapView.delegate = context.coordinator
/Users/admin/builder/spi-builder-workspace/Sources/SwiftUIMapView/MapView.swift:107:49: error: 'MKMapView' is unavailable in watchOS
105 | }
106 |
107 | public func makeUIView(context: Context) -> MKMapView {
| `- error: 'MKMapView' is unavailable in watchOS
108 | let mapView = MKMapView()
109 | mapView.delegate = context.coordinator
/Applications/Xcode-27.0.0-Release.Candidate.app/Contents/Developer/Platforms/WatchOS.platform/Developer/SDKs/WatchOS27.0.sdk/System/Library/Frameworks/MapKit.framework/Headers/MKMapView.h:73:12: note: 'MKMapView' has been explicitly marked unavailable here
71 | #if TARGET_OS_IPHONE
72 | NS_CLASS_AVAILABLE(NA, 3_0) __TVOS_AVAILABLE(9_2) API_UNAVAILABLE(watchos)
73 | @interface MKMapView : UIView <NSCoding>
| `- note: 'MKMapView' has been explicitly marked unavailable here
74 | #else
75 | NS_CLASS_AVAILABLE(10_9, NA)
/Users/admin/builder/spi-builder-workspace/Sources/SwiftUIMapView/MapView.swift:132:18: error: cannot find type 'Context' in scope
130 | public func updateUIView(
131 | _ mapView: MKMapView,
132 | context: Context
| `- error: cannot find type 'Context' in scope
133 | ) {
134 | configure(
/Users/admin/builder/spi-builder-workspace/Sources/SwiftUIMapView/MapView.swift:131:20: error: 'MKMapView' is unavailable in watchOS
129 |
130 | public func updateUIView(
131 | _ mapView: MKMapView,
| `- error: 'MKMapView' is unavailable in watchOS
132 | context: Context
133 | ) {
/Applications/Xcode-27.0.0-Release.Candidate.app/Contents/Developer/Platforms/WatchOS.platform/Developer/SDKs/WatchOS27.0.sdk/System/Library/Frameworks/MapKit.framework/Headers/MKMapView.h:73:12: note: 'MKMapView' has been explicitly marked unavailable here
71 | #if TARGET_OS_IPHONE
72 | NS_CLASS_AVAILABLE(NA, 3_0) __TVOS_AVAILABLE(9_2) API_UNAVAILABLE(watchos)
73 | @interface MKMapView : UIView <NSCoding>
| `- note: 'MKMapView' has been explicitly marked unavailable here
74 | #else
75 | NS_CLASS_AVAILABLE(10_9, NA)
/Users/admin/builder/spi-builder-workspace/Sources/SwiftUIMapView/MapView.swift:150:18: error: cannot find type 'Context' in scope
148 | func configure(
149 | _ mapView: MKMapView,
150 | context: Context,
| `- error: cannot find type 'Context' in scope
151 | animated: Bool
152 | ) {
/Users/admin/builder/spi-builder-workspace/Sources/SwiftUIMapView/MapView.swift:149:20: error: 'MKMapView' is unavailable in watchOS
147 | /// Configures the `mapView`'s state according to the current view state.
148 | func configure(
149 | _ mapView: MKMapView,
| `- error: 'MKMapView' is unavailable in watchOS
150 | context: Context,
151 | animated: Bool
/Applications/Xcode-27.0.0-Release.Candidate.app/Contents/Developer/Platforms/WatchOS.platform/Developer/SDKs/WatchOS27.0.sdk/System/Library/Frameworks/MapKit.framework/Headers/MKMapView.h:73:12: note: 'MKMapView' has been explicitly marked unavailable here
71 | #if TARGET_OS_IPHONE
72 | NS_CLASS_AVAILABLE(NA, 3_0) __TVOS_AVAILABLE(9_2) API_UNAVAILABLE(watchos)
73 | @interface MKMapView : UIView <NSCoding>
| `- note: 'MKMapView' has been explicitly marked unavailable here
74 | #else
75 | NS_CLASS_AVAILABLE(10_9, NA)
/Users/admin/builder/spi-builder-workspace/Sources/SwiftUIMapView/MapView.swift:196:40: error: 'MKMapView' is unavailable in watchOS
194 | ///
195 | /// - Parameter mapView: The ``MKMapView`` to configure.
196 | func updateAnnotations(in mapView: MKMapView) {
| `- error: 'MKMapView' is unavailable in watchOS
197 | let currentAnnotations = mapView.mapViewAnnotations
198 | // remove old annotations
/Applications/Xcode-27.0.0-Release.Candidate.app/Contents/Developer/Platforms/WatchOS.platform/Developer/SDKs/WatchOS27.0.sdk/System/Library/Frameworks/MapKit.framework/Headers/MKMapView.h:73:12: note: 'MKMapView' has been explicitly marked unavailable here
71 | #if TARGET_OS_IPHONE
72 | NS_CLASS_AVAILABLE(NA, 3_0) __TVOS_AVAILABLE(9_2) API_UNAVAILABLE(watchos)
73 | @interface MKMapView : UIView <NSCoding>
| `- note: 'MKMapView' has been explicitly marked unavailable here
74 | #else
75 | NS_CLASS_AVAILABLE(10_9, NA)
/Users/admin/builder/spi-builder-workspace/Sources/SwiftUIMapView/MapView.swift:218:21: error: 'MKMapView' is unavailable in watchOS
216 | /// - animated: Whether to animate the change.
217 | func updateSelectedAnnotation(
218 | in mapView: MKMapView,
| `- error: 'MKMapView' is unavailable in watchOS
219 | animated: Bool
220 | ) {
/Applications/Xcode-27.0.0-Release.Candidate.app/Contents/Developer/Platforms/WatchOS.platform/Developer/SDKs/WatchOS27.0.sdk/System/Library/Frameworks/MapKit.framework/Headers/MKMapView.h:73:12: note: 'MKMapView' has been explicitly marked unavailable here
71 | #if TARGET_OS_IPHONE
72 | NS_CLASS_AVAILABLE(NA, 3_0) __TVOS_AVAILABLE(9_2) API_UNAVAILABLE(watchos)
73 | @interface MKMapView : UIView <NSCoding>
| `- note: 'MKMapView' has been explicitly marked unavailable here
74 | #else
75 | NS_CLASS_AVAILABLE(10_9, NA)
/Users/admin/builder/spi-builder-workspace/Sources/SwiftUIMapView/MapView.swift:248:40: error: 'MKMapViewDelegate' is unavailable in watchOS
246 | public extension MapView {
247 |
248 | final class Coordinator: NSObject, MKMapViewDelegate {
| `- error: 'MKMapViewDelegate' is unavailable in watchOS
249 |
250 | var onRegionChanged: (MKCoordinateRegion) -> Void = { _ in }
/Applications/Xcode-27.0.0-Release.Candidate.app/Contents/Developer/Platforms/WatchOS.platform/Developer/SDKs/WatchOS27.0.sdk/System/Library/Frameworks/MapKit.framework/Headers/MKMapView.h:260:11: note: 'MKMapViewDelegate' has been explicitly marked unavailable here
258 | API_UNAVAILABLE(watchos)
259 | NS_SWIFT_UI_ACTOR
260 | @protocol MKMapViewDelegate <NSObject>
| `- note: 'MKMapViewDelegate' has been explicitly marked unavailable here
261 | @optional
262 |
/Users/admin/builder/spi-builder-workspace/Sources/SwiftUIMapView/MapView.swift:265:20: error: 'MKMapView' is unavailable in watchOS
263 |
264 | public func mapView(
265 | _ mapView: MKMapView,
| `- error: 'MKMapView' is unavailable in watchOS
266 | didSelect view: MKAnnotationView
267 | ) {
/Applications/Xcode-27.0.0-Release.Candidate.app/Contents/Developer/Platforms/WatchOS.platform/Developer/SDKs/WatchOS27.0.sdk/System/Library/Frameworks/MapKit.framework/Headers/MKMapView.h:73:12: note: 'MKMapView' has been explicitly marked unavailable here
71 | #if TARGET_OS_IPHONE
72 | NS_CLASS_AVAILABLE(NA, 3_0) __TVOS_AVAILABLE(9_2) API_UNAVAILABLE(watchos)
73 | @interface MKMapView : UIView <NSCoding>
| `- note: 'MKMapView' has been explicitly marked unavailable here
74 | #else
75 | NS_CLASS_AVAILABLE(10_9, NA)
/Users/admin/builder/spi-builder-workspace/Sources/SwiftUIMapView/MapView.swift:266:25: error: 'MKAnnotationView' is unavailable in watchOS
264 | public func mapView(
265 | _ mapView: MKMapView,
266 | didSelect view: MKAnnotationView
| `- error: 'MKAnnotationView' is unavailable in watchOS
267 | ) {
268 | guard let mapAnnotation = view.annotation as? MapViewAnnotation else {
/Applications/Xcode-27.0.0-Release.Candidate.app/Contents/Developer/Platforms/WatchOS.platform/Developer/SDKs/WatchOS27.0.sdk/System/Library/Frameworks/MapKit.framework/Headers/MKAnnotationView.h:54:12: note: 'MKAnnotationView' has been explicitly marked unavailable here
52 | #if TARGET_OS_IPHONE
53 | NS_CLASS_AVAILABLE(NA, 3_0) __TVOS_AVAILABLE(9_2) API_UNAVAILABLE(watchos)
54 | @interface MKAnnotationView : UIView
| `- note: 'MKAnnotationView' has been explicitly marked unavailable here
55 | #else
56 | NS_CLASS_AVAILABLE(10_9, NA)
/Users/admin/builder/spi-builder-workspace/Sources/SwiftUIMapView/MapView.swift:276:20: error: 'MKMapView' is unavailable in watchOS
274 |
275 | public func mapView(
276 | _ mapView: MKMapView,
| `- error: 'MKMapView' is unavailable in watchOS
277 | didDeselect view: MKAnnotationView
278 | ) {
/Applications/Xcode-27.0.0-Release.Candidate.app/Contents/Developer/Platforms/WatchOS.platform/Developer/SDKs/WatchOS27.0.sdk/System/Library/Frameworks/MapKit.framework/Headers/MKMapView.h:73:12: note: 'MKMapView' has been explicitly marked unavailable here
71 | #if TARGET_OS_IPHONE
72 | NS_CLASS_AVAILABLE(NA, 3_0) __TVOS_AVAILABLE(9_2) API_UNAVAILABLE(watchos)
73 | @interface MKMapView : UIView <NSCoding>
| `- note: 'MKMapView' has been explicitly marked unavailable here
74 | #else
75 | NS_CLASS_AVAILABLE(10_9, NA)
/Users/admin/builder/spi-builder-workspace/Sources/SwiftUIMapView/MapView.swift:277:27: error: 'MKAnnotationView' is unavailable in watchOS
275 | public func mapView(
276 | _ mapView: MKMapView,
277 | didDeselect view: MKAnnotationView
| `- error: 'MKAnnotationView' is unavailable in watchOS
278 | ) {
279 | guard let mapAnnotation = view.annotation as? MapViewAnnotation else {
/Applications/Xcode-27.0.0-Release.Candidate.app/Contents/Developer/Platforms/WatchOS.platform/Developer/SDKs/WatchOS27.0.sdk/System/Library/Frameworks/MapKit.framework/Headers/MKAnnotationView.h:54:12: note: 'MKAnnotationView' has been explicitly marked unavailable here
52 | #if TARGET_OS_IPHONE
53 | NS_CLASS_AVAILABLE(NA, 3_0) __TVOS_AVAILABLE(9_2) API_UNAVAILABLE(watchos)
54 | @interface MKAnnotationView : UIView
| `- note: 'MKAnnotationView' has been explicitly marked unavailable here
55 | #else
56 | NS_CLASS_AVAILABLE(10_9, NA)
/Users/admin/builder/spi-builder-workspace/Sources/SwiftUIMapView/MapView.swift:286:58: error: 'MKMapView' is unavailable in watchOS
284 | }
285 |
286 | public func mapViewDidChangeVisibleRegion(_ mapView: MKMapView) {
| `- error: 'MKMapView' is unavailable in watchOS
287 | onRegionChanged(mapView.region)
288 | }
/Applications/Xcode-27.0.0-Release.Candidate.app/Contents/Developer/Platforms/WatchOS.platform/Developer/SDKs/WatchOS27.0.sdk/System/Library/Frameworks/MapKit.framework/Headers/MKMapView.h:73:12: note: 'MKMapView' has been explicitly marked unavailable here
71 | #if TARGET_OS_IPHONE
72 | NS_CLASS_AVAILABLE(NA, 3_0) __TVOS_AVAILABLE(9_2) API_UNAVAILABLE(watchos)
73 | @interface MKMapView : UIView <NSCoding>
| `- note: 'MKMapView' has been explicitly marked unavailable here
74 | #else
75 | NS_CLASS_AVAILABLE(10_9, NA)
/Users/admin/builder/spi-builder-workspace/Sources/SwiftUIMapView/MapView.swift:294:10: error: return expression of type 'MapView' does not conform to 'View'
292 | // MARK: - Previews
293 |
294 | #Preview {
| `- error: return expression of type 'MapView' does not conform to 'View'
295 | MapView()
296 | }
Failed frontend command:
SwiftCompile normal arm64_32 (in target 'SwiftUIMapView' from project 'swiftui-mapview')
cd /Users/admin/builder/spi-builder-workspace/.swiftpm/xcode
/Applications/Xcode-27.0.0-Release.Candidate.app/Contents/Developer/Toolchains/XcodeDefault.xctoolchain/usr/bin/swift-frontend -frontend -emit-module -experimental-skip-non-inlinable-function-bodies-without-types /Users/admin/builder/spi-builder-workspace/Sources/SwiftUIMapView/AnnotationViews/MapAnnotationClusterView.swift /Users/admin/builder/spi-builder-workspace/Sources/SwiftUIMapView/AnnotationViews/MapAnnotationView.swift /Users/admin/builder/spi-builder-workspace/Sources/SwiftUIMapView/Annotations/MKMapView+MapViewAnnotation.swift /Users/admin/builder/spi-builder-workspace/Sources/SwiftUIMapView/Annotations/MapViewAnnotation.swift /Users/admin/builder/spi-builder-workspace/Sources/SwiftUIMapView/CoreLocation+Equatable.swift /Users/admin/builder/spi-builder-workspace/Sources/SwiftUIMapView/MapView+Xcode.swift /Users/admin/builder/spi-builder-workspace/Sources/SwiftUIMapView/MapView.swift -target arm64_32-apple-watchos9.0 -module-can-import-version DeveloperToolsSupport 24.0.24 24.0.24 -disable-cross-import-overlay-search -swift-module-cross-import MapKit /Applications/Xcode-27.0.0-Release.Candidate.app/Contents/Developer/Platforms/WatchOS.platform/Developer/SDKs/WatchOS.sdk/System/Library/Frameworks/MapKit.framework/Modules/MapKit.swiftcrossimport/SwiftUI.swiftoverlay -swift-module-cross-import MapKit /Applications/Xcode-27.0.0-Release.Candidate.app/Contents/Developer/Platforms/WatchOS.platform/Developer/SDKs/WatchOS27.0.sdk/System/Library/Frameworks/MapKit.framework/Modules/MapKit.swiftcrossimport/SwiftUI.swiftoverlay -load-resolved-plugin /Applications/Xcode-27.0.0-Release.Candidate.app/Contents/Developer/Platforms/WatchOS.platform/Developer/usr/lib/swift/host/plugins/libFoundationMacros.dylib\#/Applications/Xcode-27.0.0-Release.Candidate.app/Contents/Developer/Platforms/WatchOS.platform/Developer/usr/bin/swift-plugin-server\#FoundationMacros -load-resolved-plugin /Applications/Xcode-27.0.0-Release.Candidate.app/Contents/Developer/Platforms/WatchOS.platform/Developer/usr/lib/swift/host/plugins/libObservationMacros.dylib\#/Applications/Xcode-27.0.0-Release.Candidate.app/Contents/Developer/Platforms/WatchOS.platform/Developer/usr/bin/swift-plugin-server\#ObservationMacros -load-resolved-plugin /Applications/Xcode-27.0.0-Release.Candidate.app/Contents/Developer/Platforms/WatchOS.platform/Developer/usr/lib/swift/host/plugins/libPreviewsMacros.dylib\#/Applications/Xcode-27.0.0-Release.Candidate.app/Contents/Developer/Platforms/WatchOS.platform/Developer/usr/bin/swift-plugin-server\#PreviewsMacros -load-resolved-plugin /Applications/Xcode-27.0.0-Release.Candidate.app/Contents/Developer/Platforms/WatchOS.platform/Developer/usr/lib/swift/host/plugins/libSwiftMacros.dylib\#/Applications/Xcode-27.0.0-Release.Candidate.app/Contents/Developer/Platforms/WatchOS.platform/Developer/usr/bin/swift-plugin-server\#SwiftMacros -load-resolved-plugin /Applications/Xcode-27.0.0-Release.Candidate.app/Contents/Developer/Platforms/WatchOS.platform/Developer/usr/lib/swift/host/plugins/libSwiftUIMacros.dylib\#/Applications/Xcode-27.0.0-Release.Candidate.app/Contents/Developer/Platforms/WatchOS.platform/Developer/usr/bin/swift-plugin-server\#SwiftUIMacros -disable-implicit-swift-modules -Xcc -fno-implicit-modules -Xcc -fno-implicit-module-maps -explicit-swift-module-map-file /Users/admin/builder/spi-builder-workspace/.derivedData/Build/Intermediates.noindex/swiftui-mapview.build/Debug-watchos/SwiftUIMapView-t.build/Objects-normal/arm64_32/SwiftUIMapView-dependencies-2.json -enable-objc-interop -sdk /Applications/Xcode-27.0.0-Release.Candidate.app/Contents/Developer/Platforms/WatchOS.platform/Developer/SDKs/WatchOS27.0.sdk -I /Users/admin/builder/spi-builder-workspace/.derivedData/Build/Products/Debug-watchos -Isystem /Applications/Xcode-27.0.0-Release.Candidate.app/Contents/Developer/Platforms/WatchOS.platform/Developer/usr/lib -F /Users/admin/builder/spi-builder-workspace/.derivedData/Build/Products/Debug-watchos -F /Applications/Xcode-27.0.0-Release.Candidate.app/Contents/Developer/Platforms/WatchOS.platform/Developer/Library/Frameworks -F /Applications/Xcode-27.0.0-Release.Candidate.app/Contents/Developer/Platforms/WatchOS.platform/Developer/SDKs/WatchOS27.0.sdk/Developer/Library/Frameworks -module-cache-path /Users/admin/builder/spi-builder-workspace/.derivedData/Build/Intermediates.noindex/SwiftExplicitPrecompiledModules -no-color-diagnostics -Xcc -fno-color-diagnostics -enable-testing -g -debug-info-format\=dwarf -dwarf-version\=4 -swift-version 6 -Onone -D SWIFT_PACKAGE -D DEBUG -D SWIFT_MODULE_RESOURCE_BUNDLE_UNAVAILABLE -D Xcode -serialize-debugging-options -enable-experimental-feature DebugDescriptionMacro -default-isolation MainActor -empty-abi-descriptor -validate-clang-modules-once -clang-build-session-file /Users/admin/builder/spi-builder-workspace/.derivedData/ModuleCache.noindex/Session.modulevalidation -Xcc -working-directory -Xcc /Users/admin/builder/spi-builder-workspace/.swiftpm/xcode -enable-anonymous-context-mangled-names -file-compilation-dir /Users/admin/builder/spi-builder-workspace/.swiftpm/xcode -Xcc -D_LIBCPP_HARDENING_MODE\=_LIBCPP_HARDENING_MODE_DEBUG -Xcc -ivfsstatcache -Xcc /Users/admin/builder/spi-builder-workspace/.derivedData/SDKStatCaches.noindex/watchos27.0-24R360-e829b21a6f8c9b70876ba0858053c04477534ef55a1706bf4c1112bbb242f0a2.sdkstatcache -Xcc -fmodules-prune-interval\=86400 -Xcc -fmodules-prune-after\=345600 -Xcc -I/Users/admin/builder/spi-builder-workspace/.derivedData/Build/Products/Debug-watchos/include -Xcc -I/Users/admin/builder/spi-builder-workspace/.derivedData/Build/Intermediates.noindex/swiftui-mapview.build/Debug-watchos/SwiftUIMapView-t.build/DerivedSources-normal/arm64_32 -Xcc -I/Users/admin/builder/spi-builder-workspace/.derivedData/Build/Intermediates.noindex/swiftui-mapview.build/Debug-watchos/SwiftUIMapView-t.build/DerivedSources/arm64_32 -Xcc -I/Users/admin/builder/spi-builder-workspace/.derivedData/Build/Intermediates.noindex/swiftui-mapview.build/Debug-watchos/SwiftUIMapView-t.build/DerivedSources -Xcc -DSWIFT_PACKAGE -Xcc -DDEBUG\=1 -no-auto-bridging-header-chaining -module-name SwiftUIMapView -package-name spi_builder_workspace -const-gather-protocols-file /Users/admin/builder/spi-builder-workspace/.derivedData/Build/Intermediates.noindex/swiftui-mapview.build/Debug-watchos/SwiftUIMapView-t.build/Objects-normal/arm64_32/SwiftUIMapView_const_extract_protocols.json -disable-clang-spi -clang-target arm64_32-apple-watchos27.0 -target-sdk-version 27.0 -target-sdk-name watchos27.0 -in-process-plugin-server-path /Applications/Xcode-27.0.0-Release.Candidate.app/Contents/Developer/Toolchains/XcodeDefault.xctoolchain/usr/lib/swift/host/libSwiftInProcPluginServer.dylib -emit-module-doc-path /Users/admin/builder/spi-builder-workspace/.derivedData/Build/Intermediates.noindex/swiftui-mapview.build/Debug-watchos/SwiftUIMapView-t.build/Objects-normal/arm64_32/SwiftUIMapView.swiftdoc -emit-module-source-info-path /Users/admin/builder/spi-builder-workspace/.derivedData/Build/Intermediates.noindex/swiftui-mapview.build/Debug-watchos/SwiftUIMapView-t.build/Objects-normal/arm64_32/SwiftUIMapView.swiftsourceinfo -emit-objc-header-path /Users/admin/builder/spi-builder-workspace/.derivedData/Build/Intermediates.noindex/swiftui-mapview.build/Debug-watchos/SwiftUIMapView-t.build/Objects-normal/arm64_32/SwiftUIMapView-Swift.h -serialize-diagnostics-path /Users/admin/builder/spi-builder-workspace/.derivedData/Build/Intermediates.noindex/swiftui-mapview.build/Debug-watchos/SwiftUIMapView-t.build/Objects-normal/arm64_32/SwiftUIMapView-primary-emit-module.dia -emit-dependencies-path /Users/admin/builder/spi-builder-workspace/.derivedData/Build/Intermediates.noindex/swiftui-mapview.build/Debug-watchos/SwiftUIMapView-t.build/Objects-normal/arm64_32/SwiftUIMapView-primary-emit-module.d -parse-as-library -o /Users/admin/builder/spi-builder-workspace/.derivedData/Build/Intermediates.noindex/swiftui-mapview.build/Debug-watchos/SwiftUIMapView-t.build/Objects-normal/arm64_32/SwiftUIMapView.swiftmodule -emit-abi-descriptor-path /Users/admin/builder/spi-builder-workspace/.derivedData/Build/Intermediates.noindex/swiftui-mapview.build/Debug-watchos/SwiftUIMapView-t.build/Objects-normal/arm64_32/SwiftUIMapView.abi.json
SwiftCompile normal arm64_32 Compiling\ MapAnnotationView.swift /Users/admin/builder/spi-builder-workspace/Sources/SwiftUIMapView/AnnotationViews/MapAnnotationView.swift (in target 'SwiftUIMapView' from project 'swiftui-mapview')
SwiftCompile normal arm64_32 /Users/admin/builder/spi-builder-workspace/Sources/SwiftUIMapView/AnnotationViews/MapAnnotationView.swift (in target 'SwiftUIMapView' from project 'swiftui-mapview')
cd /Users/admin/builder/spi-builder-workspace/.swiftpm/xcode
builtin-SwiftPerFileCompile MapAnnotationView.swift
/Users/admin/builder/spi-builder-workspace/Sources/SwiftUIMapView/AnnotationViews/MapAnnotationView.swift:24:13: error: 'clusteringIdentifier' is unavailable in watchOS
22 | }
23 |
24 | clusteringIdentifier = mapAnnotation.clusteringIdentifier
| `- error: 'clusteringIdentifier' is unavailable in watchOS
25 | markerTintColor = mapAnnotation.tintColor
26 | glyphImage = mapAnnotation.glyphImage
/Applications/Xcode-27.0.0-Release.Candidate.app/Contents/Developer/Platforms/WatchOS.platform/Developer/SDKs/WatchOS27.0.sdk/System/Library/Frameworks/MapKit.framework/Headers/MKAnnotationView.h:150:49: note: 'clusteringIdentifier' has been explicitly marked unavailable here
148 |
149 | // Annotation views with equal non-nil identifiers can cluster together.
150 | @property (nonatomic, copy, nullable) NSString *clusteringIdentifier API_AVAILABLE(macos(10.13), ios(11.0), tvos(11.0)) API_UNAVAILABLE(watchos);
| `- note: 'clusteringIdentifier' has been explicitly marked unavailable here
151 |
152 | // If non-nil this is the annotation view this view is clustered into.
SwiftCompile normal arm64_32 Compiling\ MapAnnotationClusterView.swift /Users/admin/builder/spi-builder-workspace/Sources/SwiftUIMapView/AnnotationViews/MapAnnotationClusterView.swift (in target 'SwiftUIMapView' from project 'swiftui-mapview')
SwiftCompile normal arm64_32 /Users/admin/builder/spi-builder-workspace/Sources/SwiftUIMapView/AnnotationViews/MapAnnotationClusterView.swift (in target 'SwiftUIMapView' from project 'swiftui-mapview')
cd /Users/admin/builder/spi-builder-workspace/.swiftpm/xcode
builtin-SwiftPerFileCompile MapAnnotationClusterView.swift
/Users/admin/builder/spi-builder-workspace/Sources/SwiftUIMapView/AnnotationViews/MapAnnotationClusterView.swift:23:58: error: 'MKClusterAnnotation' is unavailable in watchOS
21 | override var annotation: MKAnnotation? {
22 | didSet {
23 | guard let clusterAnnotation = annotation as? MKClusterAnnotation else {
| `- error: 'MKClusterAnnotation' is unavailable in watchOS
24 | return
25 | }
/Applications/Xcode-27.0.0-Release.Candidate.app/Contents/Developer/Platforms/WatchOS.platform/Developer/SDKs/WatchOS27.0.sdk/System/Library/Frameworks/MapKit.framework/Headers/MKClusterAnnotation.h:13:12: note: 'MKClusterAnnotation' has been explicitly marked unavailable here
11 |
12 | NS_CLASS_AVAILABLE(10_13, 11_0) __TVOS_AVAILABLE(11_0) API_UNAVAILABLE(watchos)
13 | @interface MKClusterAnnotation : NSObject <MKAnnotation>
| `- note: 'MKClusterAnnotation' has been explicitly marked unavailable here
14 |
15 | @property (nonatomic, copy, nullable) NSString *title;
/Users/admin/builder/spi-builder-workspace/Sources/SwiftUIMapView/AnnotationViews/MapAnnotationClusterView.swift:32:13: error: 'collisionMode' is unavailable in watchOS
30 | }
31 |
32 | collisionMode = .circle
| `- error: 'collisionMode' is unavailable in watchOS
33 |
34 | image = drawGlyph(
/Applications/Xcode-27.0.0-Release.Candidate.app/Contents/Developer/Platforms/WatchOS.platform/Developer/SDKs/WatchOS27.0.sdk/System/Library/Frameworks/MapKit.framework/Headers/MKAnnotationView.h:162:53: note: 'collisionMode' has been explicitly marked unavailable here
160 |
161 | // Default collision mode is rectangle.
162 | @property (nonatomic) MKAnnotationViewCollisionMode collisionMode API_AVAILABLE(macos(10.13), ios(11.0), tvos(11.0)) API_UNAVAILABLE(watchos);
| `- note: 'collisionMode' has been explicitly marked unavailable here
163 |
164 | @end
/Users/admin/builder/spi-builder-workspace/Sources/SwiftUIMapView/AnnotationViews/MapAnnotationClusterView.swift:17:33: error: 'MKAnnotationView' is unavailable in watchOS
15 | ///
16 | /// - Seealso: ``MapAnnotationView``
17 | class MapAnnotationClusterView: MKAnnotationView {
| `- error: 'MKAnnotationView' is unavailable in watchOS
18 |
19 | private static let annotationSize: CGFloat = 32
/Applications/Xcode-27.0.0-Release.Candidate.app/Contents/Developer/Platforms/WatchOS.platform/Developer/SDKs/WatchOS27.0.sdk/System/Library/Frameworks/MapKit.framework/Headers/MKAnnotationView.h:54:12: note: 'MKAnnotationView' has been explicitly marked unavailable here
52 | #if TARGET_OS_IPHONE
53 | NS_CLASS_AVAILABLE(NA, 3_0) __TVOS_AVAILABLE(9_2) API_UNAVAILABLE(watchos)
54 | @interface MKAnnotationView : UIView
| `- note: 'MKAnnotationView' has been explicitly marked unavailable here
55 | #else
56 | NS_CLASS_AVAILABLE(10_9, NA)
SwiftCompile normal arm64_32 Compiling\ MapViewAnnotation.swift /Users/admin/builder/spi-builder-workspace/Sources/SwiftUIMapView/Annotations/MapViewAnnotation.swift (in target 'SwiftUIMapView' from project 'swiftui-mapview')
SwiftCompile normal arm64_32 /Users/admin/builder/spi-builder-workspace/Sources/SwiftUIMapView/Annotations/MapViewAnnotation.swift (in target 'SwiftUIMapView' from project 'swiftui-mapview')
cd /Users/admin/builder/spi-builder-workspace/.swiftpm/xcode
builtin-SwiftPerFileCompile MapViewAnnotation.swift
SwiftCompile normal arm64_32 Compiling\ MKMapView+MapViewAnnotation.swift /Users/admin/builder/spi-builder-workspace/Sources/SwiftUIMapView/Annotations/MKMapView+MapViewAnnotation.swift (in target 'SwiftUIMapView' from project 'swiftui-mapview')
SwiftCompile normal arm64_32 /Users/admin/builder/spi-builder-workspace/Sources/SwiftUIMapView/Annotations/MKMapView+MapViewAnnotation.swift (in target 'SwiftUIMapView' from project 'swiftui-mapview')
cd /Users/admin/builder/spi-builder-workspace/.swiftpm/xcode
builtin-SwiftPerFileCompile MKMapView+MapViewAnnotation.swift
SwiftCompile normal arm64_32 Compiling\ MapView.swift /Users/admin/builder/spi-builder-workspace/Sources/SwiftUIMapView/MapView.swift (in target 'SwiftUIMapView' from project 'swiftui-mapview')
/Users/admin/builder/spi-builder-workspace/Sources/SwiftUIMapView/MapView.swift:42:26: error: 'MKMapType' is unavailable in watchOS
40 |
41 | /// The map type that is displayed.
42 | private let mapType: MKMapType
| `- error: 'MKMapType' is unavailable in watchOS
43 |
44 | /// Determines whether the map can be zoomed.
/Applications/Xcode-27.0.0-Release.Candidate.app/Contents/Developer/Platforms/WatchOS.platform/Developer/SDKs/WatchOS27.0.sdk/System/Library/Frameworks/MapKit.framework/Headers/MKTypes.h:12:29: note: 'MKMapType' has been explicitly marked unavailable here
10 | NS_ASSUME_NONNULL_BEGIN
11 |
12 | typedef NS_ENUM(NSUInteger, MKMapType) {
| `- note: 'MKMapType' has been explicitly marked unavailable here
13 | MKMapTypeStandard = 0,
14 | MKMapTypeSatellite,
/Users/admin/builder/spi-builder-workspace/Sources/SwiftUIMapView/MapView.swift:61:35: error: 'MKUserTrackingMode' is unavailable in watchOS
59 |
60 | /// Sets the map's user tracking mode.
61 | private let userTrackingMode: MKUserTrackingMode
| `- error: 'MKUserTrackingMode' is unavailable in watchOS
62 |
63 | /// Creates a new MapView.
/Applications/Xcode-27.0.0-Release.Candidate.app/Contents/Developer/Platforms/WatchOS.platform/Developer/SDKs/WatchOS27.0.sdk/System/Library/Frameworks/MapKit.framework/Headers/MKMapView.h:50:28: note: 'MKUserTrackingMode' has been explicitly marked unavailable here
48 | #if MK_SUPPORTS_VIEW_CLASSES
49 |
50 | typedef NS_ENUM(NSInteger, MKUserTrackingMode) {
| `- note: 'MKUserTrackingMode' has been explicitly marked unavailable here
51 | MKUserTrackingModeNone = 0, // the user's location is not followed
52 | MKUserTrackingModeFollow, // the map follows the user's location
/Users/admin/builder/spi-builder-workspace/Sources/SwiftUIMapView/MapView.swift:76:18: error: 'MKMapType' is unavailable in watchOS
74 | /// - selectedAnnotation: A binding to the currently selected annotation, or `nil`.
75 | public init(
76 | mapType: MKMapType = .standard,
| `- error: 'MKMapType' is unavailable in watchOS
77 | region: Binding<MKCoordinateRegion?> = .constant(nil),
78 | isZoomEnabled: Bool = true,
/Applications/Xcode-27.0.0-Release.Candidate.app/Contents/Developer/Platforms/WatchOS.platform/Developer/SDKs/WatchOS27.0.sdk/System/Library/Frameworks/MapKit.framework/Headers/MKTypes.h:12:29: note: 'MKMapType' has been explicitly marked unavailable here
10 | NS_ASSUME_NONNULL_BEGIN
11 |
12 | typedef NS_ENUM(NSUInteger, MKMapType) {
| `- note: 'MKMapType' has been explicitly marked unavailable here
13 | MKMapTypeStandard = 0,
14 | MKMapTypeSatellite,
/Users/admin/builder/spi-builder-workspace/Sources/SwiftUIMapView/MapView.swift:82:27: error: 'MKUserTrackingMode' is unavailable in watchOS
80 | isRotateEnabled: Bool = true,
81 | showsUserLocation: Bool = false,
82 | userTrackingMode: MKUserTrackingMode = .none,
| `- error: 'MKUserTrackingMode' is unavailable in watchOS
83 | annotations: [MapViewAnnotation] = [],
84 | selectedAnnotations: Binding<[MapViewAnnotation]> = .constant([])
/Applications/Xcode-27.0.0-Release.Candidate.app/Contents/Developer/Platforms/WatchOS.platform/Developer/SDKs/WatchOS27.0.sdk/System/Library/Frameworks/MapKit.framework/Headers/MKMapView.h:50:28: note: 'MKUserTrackingMode' has been explicitly marked unavailable here
48 | #if MK_SUPPORTS_VIEW_CLASSES
49 |
50 | typedef NS_ENUM(NSInteger, MKUserTrackingMode) {
| `- note: 'MKUserTrackingMode' has been explicitly marked unavailable here
51 | MKUserTrackingModeNone = 0, // the user's location is not followed
52 | MKUserTrackingModeFollow, // the map follows the user's location
/Users/admin/builder/spi-builder-workspace/Sources/SwiftUIMapView/MapView.swift:19:24: error: cannot find type 'UIViewRepresentable' in scope
17 | /// See the [official documentation](https://developer.apple.com/documentation/mapkit/mkmapview) for more information
18 | /// on the possibilities provided by the underlying service.
19 | public struct MapView: UIViewRepresentable {
| `- error: cannot find type 'UIViewRepresentable' in scope
20 |
21 | /// The region that is displayed.
/Users/admin/builder/spi-builder-workspace/Sources/SwiftUIMapView/MapView.swift:107:37: error: cannot find type 'Context' in scope
105 | }
106 |
107 | public func makeUIView(context: Context) -> MKMapView {
| `- error: cannot find type 'Context' in scope
108 | let mapView = MKMapView()
109 | mapView.delegate = context.coordinator
/Users/admin/builder/spi-builder-workspace/Sources/SwiftUIMapView/MapView.swift:107:49: error: 'MKMapView' is unavailable in watchOS
105 | }
106 |
107 | public func makeUIView(context: Context) -> MKMapView {
| `- error: 'MKMapView' is unavailable in watchOS
108 | let mapView = MKMapView()
109 | mapView.delegate = context.coordinator
/Applications/Xcode-27.0.0-Release.Candidate.app/Contents/Developer/Platforms/WatchOS.platform/Developer/SDKs/WatchOS27.0.sdk/System/Library/Frameworks/MapKit.framework/Headers/MKMapView.h:73:12: note: 'MKMapView' has been explicitly marked unavailable here
71 | #if TARGET_OS_IPHONE
72 | NS_CLASS_AVAILABLE(NA, 3_0) __TVOS_AVAILABLE(9_2) API_UNAVAILABLE(watchos)
73 | @interface MKMapView : UIView <NSCoding>
| `- note: 'MKMapView' has been explicitly marked unavailable here
74 | #else
75 | NS_CLASS_AVAILABLE(10_9, NA)
/Users/admin/builder/spi-builder-workspace/Sources/SwiftUIMapView/MapView.swift:132:18: error: cannot find type 'Context' in scope
130 | public func updateUIView(
131 | _ mapView: MKMapView,
132 | context: Context
| `- error: cannot find type 'Context' in scope
133 | ) {
134 | configure(
/Users/admin/builder/spi-builder-workspace/Sources/SwiftUIMapView/MapView.swift:131:20: error: 'MKMapView' is unavailable in watchOS
129 |
130 | public func updateUIView(
131 | _ mapView: MKMapView,
| `- error: 'MKMapView' is unavailable in watchOS
132 | context: Context
133 | ) {
/Applications/Xcode-27.0.0-Release.Candidate.app/Contents/Developer/Platforms/WatchOS.platform/Developer/SDKs/WatchOS27.0.sdk/System/Library/Frameworks/MapKit.framework/Headers/MKMapView.h:73:12: note: 'MKMapView' has been explicitly marked unavailable here
71 | #if TARGET_OS_IPHONE
72 | NS_CLASS_AVAILABLE(NA, 3_0) __TVOS_AVAILABLE(9_2) API_UNAVAILABLE(watchos)
73 | @interface MKMapView : UIView <NSCoding>
| `- note: 'MKMapView' has been explicitly marked unavailable here
74 | #else
75 | NS_CLASS_AVAILABLE(10_9, NA)
/Users/admin/builder/spi-builder-workspace/Sources/SwiftUIMapView/MapView.swift:150:18: error: cannot find type 'Context' in scope
148 | func configure(
149 | _ mapView: MKMapView,
150 | context: Context,
| `- error: cannot find type 'Context' in scope
151 | animated: Bool
152 | ) {
/Users/admin/builder/spi-builder-workspace/Sources/SwiftUIMapView/MapView.swift:149:20: error: 'MKMapView' is unavailable in watchOS
147 | /// Configures the `mapView`'s state according to the current view state.
148 | func configure(
149 | _ mapView: MKMapView,
| `- error: 'MKMapView' is unavailable in watchOS
150 | context: Context,
151 | animated: Bool
/Applications/Xcode-27.0.0-Release.Candidate.app/Contents/Developer/Platforms/WatchOS.platform/Developer/SDKs/WatchOS27.0.sdk/System/Library/Frameworks/MapKit.framework/Headers/MKMapView.h:73:12: note: 'MKMapView' has been explicitly marked unavailable here
71 | #if TARGET_OS_IPHONE
72 | NS_CLASS_AVAILABLE(NA, 3_0) __TVOS_AVAILABLE(9_2) API_UNAVAILABLE(watchos)
73 | @interface MKMapView : UIView <NSCoding>
| `- note: 'MKMapView' has been explicitly marked unavailable here
74 | #else
75 | NS_CLASS_AVAILABLE(10_9, NA)
/Users/admin/builder/spi-builder-workspace/Sources/SwiftUIMapView/MapView.swift:196:40: error: 'MKMapView' is unavailable in watchOS
194 | ///
195 | /// - Parameter mapView: The ``MKMapView`` to configure.
196 | func updateAnnotations(in mapView: MKMapView) {
| `- error: 'MKMapView' is unavailable in watchOS
197 | let currentAnnotations = mapView.mapViewAnnotations
198 | // remove old annotations
/Applications/Xcode-27.0.0-Release.Candidate.app/Contents/Developer/Platforms/WatchOS.platform/Developer/SDKs/WatchOS27.0.sdk/System/Library/Frameworks/MapKit.framework/Headers/MKMapView.h:73:12: note: 'MKMapView' has been explicitly marked unavailable here
71 | #if TARGET_OS_IPHONE
72 | NS_CLASS_AVAILABLE(NA, 3_0) __TVOS_AVAILABLE(9_2) API_UNAVAILABLE(watchos)
73 | @interface MKMapView : UIView <NSCoding>
| `- note: 'MKMapView' has been explicitly marked unavailable here
74 | #else
75 | NS_CLASS_AVAILABLE(10_9, NA)
/Users/admin/builder/spi-builder-workspace/Sources/SwiftUIMapView/MapView.swift:218:21: error: 'MKMapView' is unavailable in watchOS
216 | /// - animated: Whether to animate the change.
217 | func updateSelectedAnnotation(
218 | in mapView: MKMapView,
| `- error: 'MKMapView' is unavailable in watchOS
219 | animated: Bool
220 | ) {
/Applications/Xcode-27.0.0-Release.Candidate.app/Contents/Developer/Platforms/WatchOS.platform/Developer/SDKs/WatchOS27.0.sdk/System/Library/Frameworks/MapKit.framework/Headers/MKMapView.h:73:12: note: 'MKMapView' has been explicitly marked unavailable here
71 | #if TARGET_OS_IPHONE
72 | NS_CLASS_AVAILABLE(NA, 3_0) __TVOS_AVAILABLE(9_2) API_UNAVAILABLE(watchos)
73 | @interface MKMapView : UIView <NSCoding>
| `- note: 'MKMapView' has been explicitly marked unavailable here
74 | #else
75 | NS_CLASS_AVAILABLE(10_9, NA)
/Users/admin/builder/spi-builder-workspace/Sources/SwiftUIMapView/MapView.swift:248:40: error: 'MKMapViewDelegate' is unavailable in watchOS
246 | public extension MapView {
247 |
248 | final class Coordinator: NSObject, MKMapViewDelegate {
| `- error: 'MKMapViewDelegate' is unavailable in watchOS
249 |
250 | var onRegionChanged: (MKCoordinateRegion) -> Void = { _ in }
/Applications/Xcode-27.0.0-Release.Candidate.app/Contents/Developer/Platforms/WatchOS.platform/Developer/SDKs/WatchOS27.0.sdk/System/Library/Frameworks/MapKit.framework/Headers/MKMapView.h:260:11: note: 'MKMapViewDelegate' has been explicitly marked unavailable here
258 | API_UNAVAILABLE(watchos)
259 | NS_SWIFT_UI_ACTOR
260 | @protocol MKMapViewDelegate <NSObject>
| `- note: 'MKMapViewDelegate' has been explicitly marked unavailable here
261 | @optional
262 |
/Users/admin/builder/spi-builder-workspace/Sources/SwiftUIMapView/MapView.swift:265:20: error: 'MKMapView' is unavailable in watchOS
263 |
264 | public func mapView(
265 | _ mapView: MKMapView,
| `- error: 'MKMapView' is unavailable in watchOS
266 | didSelect view: MKAnnotationView
267 | ) {
/Applications/Xcode-27.0.0-Release.Candidate.app/Contents/Developer/Platforms/WatchOS.platform/Developer/SDKs/WatchOS27.0.sdk/System/Library/Frameworks/MapKit.framework/Headers/MKMapView.h:73:12: note: 'MKMapView' has been explicitly marked unavailable here
71 | #if TARGET_OS_IPHONE
72 | NS_CLASS_AVAILABLE(NA, 3_0) __TVOS_AVAILABLE(9_2) API_UNAVAILABLE(watchos)
73 | @interface MKMapView : UIView <NSCoding>
| `- note: 'MKMapView' has been explicitly marked unavailable here
74 | #else
75 | NS_CLASS_AVAILABLE(10_9, NA)
/Users/admin/builder/spi-builder-workspace/Sources/SwiftUIMapView/MapView.swift:266:25: error: 'MKAnnotationView' is unavailable in watchOS
264 | public func mapView(
265 | _ mapView: MKMapView,
266 | didSelect view: MKAnnotationView
| `- error: 'MKAnnotationView' is unavailable in watchOS
267 | ) {
268 | guard let mapAnnotation = view.annotation as? MapViewAnnotation else {
/Applications/Xcode-27.0.0-Release.Candidate.app/Contents/Developer/Platforms/WatchOS.platform/Developer/SDKs/WatchOS27.0.sdk/System/Library/Frameworks/MapKit.framework/Headers/MKAnnotationView.h:54:12: note: 'MKAnnotationView' has been explicitly marked unavailable here
52 | #if TARGET_OS_IPHONE
53 | NS_CLASS_AVAILABLE(NA, 3_0) __TVOS_AVAILABLE(9_2) API_UNAVAILABLE(watchos)
54 | @interface MKAnnotationView : UIView
| `- note: 'MKAnnotationView' has been explicitly marked unavailable here
55 | #else
56 | NS_CLASS_AVAILABLE(10_9, NA)
/Users/admin/builder/spi-builder-workspace/Sources/SwiftUIMapView/MapView.swift:276:20: error: 'MKMapView' is unavailable in watchOS
274 |
275 | public func mapView(
276 | _ mapView: MKMapView,
| `- error: 'MKMapView' is unavailable in watchOS
277 | didDeselect view: MKAnnotationView
278 | ) {
/Applications/Xcode-27.0.0-Release.Candidate.app/Contents/Developer/Platforms/WatchOS.platform/Developer/SDKs/WatchOS27.0.sdk/System/Library/Frameworks/MapKit.framework/Headers/MKMapView.h:73:12: note: 'MKMapView' has been explicitly marked unavailable here
71 | #if TARGET_OS_IPHONE
72 | NS_CLASS_AVAILABLE(NA, 3_0) __TVOS_AVAILABLE(9_2) API_UNAVAILABLE(watchos)
73 | @interface MKMapView : UIView <NSCoding>
| `- note: 'MKMapView' has been explicitly marked unavailable here
74 | #else
75 | NS_CLASS_AVAILABLE(10_9, NA)
/Users/admin/builder/spi-builder-workspace/Sources/SwiftUIMapView/MapView.swift:277:27: error: 'MKAnnotationView' is unavailable in watchOS
275 | public func mapView(
276 | _ mapView: MKMapView,
277 | didDeselect view: MKAnnotationView
| `- error: 'MKAnnotationView' is unavailable in watchOS
278 | ) {
279 | guard let mapAnnotation = view.annotation as? MapViewAnnotation else {
/Applications/Xcode-27.0.0-Release.Candidate.app/Contents/Developer/Platforms/WatchOS.platform/Developer/SDKs/WatchOS27.0.sdk/System/Library/Frameworks/MapKit.framework/Headers/MKAnnotationView.h:54:12: note: 'MKAnnotationView' has been explicitly marked unavailable here
52 | #if TARGET_OS_IPHONE
53 | NS_CLASS_AVAILABLE(NA, 3_0) __TVOS_AVAILABLE(9_2) API_UNAVAILABLE(watchos)
54 | @interface MKAnnotationView : UIView
| `- note: 'MKAnnotationView' has been explicitly marked unavailable here
55 | #else
56 | NS_CLASS_AVAILABLE(10_9, NA)
/Users/admin/builder/spi-builder-workspace/Sources/SwiftUIMapView/MapView.swift:286:58: error: 'MKMapView' is unavailable in watchOS
284 | }
285 |
286 | public func mapViewDidChangeVisibleRegion(_ mapView: MKMapView) {
| `- error: 'MKMapView' is unavailable in watchOS
287 | onRegionChanged(mapView.region)
288 | }
/Applications/Xcode-27.0.0-Release.Candidate.app/Contents/Developer/Platforms/WatchOS.platform/Developer/SDKs/WatchOS27.0.sdk/System/Library/Frameworks/MapKit.framework/Headers/MKMapView.h:73:12: note: 'MKMapView' has been explicitly marked unavailable here
71 | #if TARGET_OS_IPHONE
72 | NS_CLASS_AVAILABLE(NA, 3_0) __TVOS_AVAILABLE(9_2) API_UNAVAILABLE(watchos)
73 | @interface MKMapView : UIView <NSCoding>
| `- note: 'MKMapView' has been explicitly marked unavailable here
74 | #else
75 | NS_CLASS_AVAILABLE(10_9, NA)
/Users/admin/builder/spi-builder-workspace/Sources/SwiftUIMapView/MapView.swift:294:10: error: return expression of type 'MapView' does not conform to 'View'
292 | // MARK: - Previews
293 |
294 | #Preview {
| `- error: return expression of type 'MapView' does not conform to 'View'
295 | MapView()
296 | }
/Users/admin/builder/spi-builder-workspace/Sources/SwiftUIMapView/MapView.swift:108:23: error: 'MKMapView' is unavailable in watchOS
106 |
107 | public func makeUIView(context: Context) -> MKMapView {
108 | let mapView = MKMapView()
| `- error: 'MKMapView' is unavailable in watchOS
109 | mapView.delegate = context.coordinator
110 | // register custom annotation view classes
/Applications/Xcode-27.0.0-Release.Candidate.app/Contents/Developer/Platforms/WatchOS.platform/Developer/SDKs/WatchOS27.0.sdk/System/Library/Frameworks/MapKit.framework/Headers/MKMapView.h:73:12: note: 'MKMapView' has been explicitly marked unavailable here
71 | #if TARGET_OS_IPHONE
72 | NS_CLASS_AVAILABLE(NA, 3_0) __TVOS_AVAILABLE(9_2) API_UNAVAILABLE(watchos)
73 | @interface MKMapView : UIView <NSCoding>
| `- note: 'MKMapView' has been explicitly marked unavailable here
74 | #else
75 | NS_CLASS_AVAILABLE(10_9, NA)
/Users/admin/builder/spi-builder-workspace/Sources/SwiftUIMapView/MapView.swift:108:23: error: 'init()' is unavailable in watchOS
106 |
107 | public func makeUIView(context: Context) -> MKMapView {
108 | let mapView = MKMapView()
| `- error: 'init()' is unavailable in watchOS
109 | mapView.delegate = context.coordinator
110 | // register custom annotation view classes
/Applications/Xcode-27.0.0-Release.Candidate.app/Contents/Developer/Platforms/WatchOS.platform/Developer/SDKs/WatchOS27.0.sdk/System/Library/Frameworks/UIKit.framework/Headers/UIView.h:158:1: note: 'init()' has been explicitly marked unavailable here
156 | - (instancetype)initWithFrame:(CGRect)frame NS_DESIGNATED_INITIALIZER;
157 | - (nullable instancetype)initWithCoder:(NSCoder *)coder NS_DESIGNATED_INITIALIZER;
158 | - (instancetype)init API_AVAILABLE(ios(2.0), tvos(9.0), visionos(1.0)) API_UNAVAILABLE(watchos);
| `- note: 'init()' has been explicitly marked unavailable here
159 |
160 | @property(nonatomic,getter=isUserInteractionEnabled) BOOL userInteractionEnabled; // default is YES. if set to NO, user events (touch, keys) are ignored and removed from the event queue.
/Users/admin/builder/spi-builder-workspace/Sources/SwiftUIMapView/MapView.swift:111:17: error: 'register(_:forAnnotationViewWithReuseIdentifier:)' is unavailable in watchOS
109 | mapView.delegate = context.coordinator
110 | // register custom annotation view classes
111 | mapView.register(
| `- error: 'register(_:forAnnotationViewWithReuseIdentifier:)' is unavailable in watchOS
112 | MapAnnotationView.self,
113 | forAnnotationViewWithReuseIdentifier: MKMapViewDefaultAnnotationViewReuseIdentifier
/Applications/Xcode-27.0.0-Release.Candidate.app/Contents/Developer/Platforms/WatchOS.platform/Developer/SDKs/WatchOS27.0.sdk/System/Library/Frameworks/MapKit.framework/Headers/MKMapView.h:198:1: note: 'register(_:forAnnotationViewWithReuseIdentifier:)' has been explicitly marked unavailable here
196 |
197 | // Register a MKAnnotationView subclass to be instantiated when dequeueReusableAnnotationViewWithIdentifier: does not have a view to reuse.
198 | - (void)registerClass:(nullable Class)viewClass forAnnotationViewWithReuseIdentifier:(NSString *)identifier API_AVAILABLE(macos(10.13), ios(11.0), tvos(11.0)) API_UNAVAILABLE(watchos);
| `- note: 'register(_:forAnnotationViewWithReuseIdentifier:)' has been explicitly marked unavailable here
199 |
200 | // Select or deselect a given annotation. Asks the delegate for the corresponding annotation view if necessary.
/Users/admin/builder/spi-builder-workspace/Sources/SwiftUIMapView/MapView.swift:113:51: error: 'MKMapViewDefaultAnnotationViewReuseIdentifier' is unavailable in watchOS
111 | mapView.register(
112 | MapAnnotationView.self,
113 | forAnnotationViewWithReuseIdentifier: MKMapViewDefaultAnnotationViewReuseIdentifier
| `- error: 'MKMapViewDefaultAnnotationViewReuseIdentifier' is unavailable in watchOS
114 | )
115 | mapView.register(
/Applications/Xcode-27.0.0-Release.Candidate.app/Contents/Developer/Platforms/WatchOS.platform/Developer/SDKs/WatchOS27.0.sdk/System/Library/Frameworks/MapKit.framework/Headers/MKMapView.h:68:28: note: 'MKMapViewDefaultAnnotationViewReuseIdentifier' has been explicitly marked unavailable here
66 | #endif
67 |
68 | MK_EXTERN NSString * const MKMapViewDefaultAnnotationViewReuseIdentifier API_AVAILABLE(macos(10.13), ios(11.0), tvos(11.0)) API_UNAVAILABLE(watchos);
| `- note: 'MKMapViewDefaultAnnotationViewReuseIdentifier' has been explicitly marked unavailable here
69 | MK_EXTERN NSString * const MKMapViewDefaultClusterAnnotationViewReuseIdentifier API_AVAILABLE(macos(10.13), ios(11.0), tvos(11.0)) API_UNAVAILABLE(watchos);
70 |
/Users/admin/builder/spi-builder-workspace/Sources/SwiftUIMapView/MapView.swift:115:17: error: 'register(_:forAnnotationViewWithReuseIdentifier:)' is unavailable in watchOS
113 | forAnnotationViewWithReuseIdentifier: MKMapViewDefaultAnnotationViewReuseIdentifier
114 | )
115 | mapView.register(
| `- error: 'register(_:forAnnotationViewWithReuseIdentifier:)' is unavailable in watchOS
116 | MapAnnotationClusterView.self,
117 | forAnnotationViewWithReuseIdentifier: MKMapViewDefaultClusterAnnotationViewReuseIdentifier
/Applications/Xcode-27.0.0-Release.Candidate.app/Contents/Developer/Platforms/WatchOS.platform/Developer/SDKs/WatchOS27.0.sdk/System/Library/Frameworks/MapKit.framework/Headers/MKMapView.h:198:1: note: 'register(_:forAnnotationViewWithReuseIdentifier:)' has been explicitly marked unavailable here
196 |
197 | // Register a MKAnnotationView subclass to be instantiated when dequeueReusableAnnotationViewWithIdentifier: does not have a view to reuse.
198 | - (void)registerClass:(nullable Class)viewClass forAnnotationViewWithReuseIdentifier:(NSString *)identifier API_AVAILABLE(macos(10.13), ios(11.0), tvos(11.0)) API_UNAVAILABLE(watchos);
| `- note: 'register(_:forAnnotationViewWithReuseIdentifier:)' has been explicitly marked unavailable here
199 |
200 | // Select or deselect a given annotation. Asks the delegate for the corresponding annotation view if necessary.
SwiftCompile normal arm64_32 /Users/admin/builder/spi-builder-workspace/Sources/SwiftUIMapView/MapView.swift (in target 'SwiftUIMapView' from project 'swiftui-mapview')
cd /Users/admin/builder/spi-builder-workspace/.swiftpm/xcode
builtin-SwiftPerFileCompile MapView.swift
SwiftCompile normal arm64_32 Compiling\ MapView+Xcode.swift /Users/admin/builder/spi-builder-workspace/Sources/SwiftUIMapView/MapView+Xcode.swift (in target 'SwiftUIMapView' from project 'swiftui-mapview')
SwiftCompile normal arm64_32 /Users/admin/builder/spi-builder-workspace/Sources/SwiftUIMapView/MapView+Xcode.swift (in target 'SwiftUIMapView' from project 'swiftui-mapview')
cd /Users/admin/builder/spi-builder-workspace/.swiftpm/xcode
builtin-SwiftPerFileCompile MapView+Xcode.swift
SwiftCompile normal arm64_32 Compiling\ CoreLocation+Equatable.swift /Users/admin/builder/spi-builder-workspace/Sources/SwiftUIMapView/CoreLocation+Equatable.swift (in target 'SwiftUIMapView' from project 'swiftui-mapview')
SwiftCompile normal arm64_32 /Users/admin/builder/spi-builder-workspace/Sources/SwiftUIMapView/CoreLocation+Equatable.swift (in target 'SwiftUIMapView' from project 'swiftui-mapview')
cd /Users/admin/builder/spi-builder-workspace/.swiftpm/xcode
builtin-SwiftPerFileCompile CoreLocation+Equatable.swift
SwiftEmitModule normal arm64 Emitting\ module\ for\ SwiftUIMapView (in target 'SwiftUIMapView' from project 'swiftui-mapview')
/Users/admin/builder/spi-builder-workspace/Sources/SwiftUIMapView/AnnotationViews/MapAnnotationClusterView.swift:23:58: error: 'MKClusterAnnotation' is unavailable in watchOS
21 | override var annotation: MKAnnotation? {
22 | didSet {
23 | guard let clusterAnnotation = annotation as? MKClusterAnnotation else {
| `- error: 'MKClusterAnnotation' is unavailable in watchOS
24 | return
25 | }
/Applications/Xcode-27.0.0-Release.Candidate.app/Contents/Developer/Platforms/WatchOS.platform/Developer/SDKs/WatchOS27.0.sdk/System/Library/Frameworks/MapKit.framework/Headers/MKClusterAnnotation.h:13:12: note: 'MKClusterAnnotation' has been explicitly marked unavailable here
11 |
12 | NS_CLASS_AVAILABLE(10_13, 11_0) __TVOS_AVAILABLE(11_0) API_UNAVAILABLE(watchos)
13 | @interface MKClusterAnnotation : NSObject <MKAnnotation>
| `- note: 'MKClusterAnnotation' has been explicitly marked unavailable here
14 |
15 | @property (nonatomic, copy, nullable) NSString *title;
/Users/admin/builder/spi-builder-workspace/Sources/SwiftUIMapView/AnnotationViews/MapAnnotationClusterView.swift:32:13: error: 'collisionMode' is unavailable in watchOS
30 | }
31 |
32 | collisionMode = .circle
| `- error: 'collisionMode' is unavailable in watchOS
33 |
34 | image = drawGlyph(
/Applications/Xcode-27.0.0-Release.Candidate.app/Contents/Developer/Platforms/WatchOS.platform/Developer/SDKs/WatchOS27.0.sdk/System/Library/Frameworks/MapKit.framework/Headers/MKAnnotationView.h:162:53: note: 'collisionMode' has been explicitly marked unavailable here
160 |
161 | // Default collision mode is rectangle.
162 | @property (nonatomic) MKAnnotationViewCollisionMode collisionMode API_AVAILABLE(macos(10.13), ios(11.0), tvos(11.0)) API_UNAVAILABLE(watchos);
| `- note: 'collisionMode' has been explicitly marked unavailable here
163 |
164 | @end
/Users/admin/builder/spi-builder-workspace/Sources/SwiftUIMapView/AnnotationViews/MapAnnotationClusterView.swift:17:33: error: 'MKAnnotationView' is unavailable in watchOS
15 | ///
16 | /// - Seealso: ``MapAnnotationView``
17 | class MapAnnotationClusterView: MKAnnotationView {
| `- error: 'MKAnnotationView' is unavailable in watchOS
18 |
19 | private static let annotationSize: CGFloat = 32
/Applications/Xcode-27.0.0-Release.Candidate.app/Contents/Developer/Platforms/WatchOS.platform/Developer/SDKs/WatchOS27.0.sdk/System/Library/Frameworks/MapKit.framework/Headers/MKAnnotationView.h:54:12: note: 'MKAnnotationView' has been explicitly marked unavailable here
52 | #if TARGET_OS_IPHONE
53 | NS_CLASS_AVAILABLE(NA, 3_0) __TVOS_AVAILABLE(9_2) API_UNAVAILABLE(watchos)
54 | @interface MKAnnotationView : UIView
| `- note: 'MKAnnotationView' has been explicitly marked unavailable here
55 | #else
56 | NS_CLASS_AVAILABLE(10_9, NA)
/Users/admin/builder/spi-builder-workspace/Sources/SwiftUIMapView/AnnotationViews/MapAnnotationView.swift:24:13: error: 'clusteringIdentifier' is unavailable in watchOS
22 | }
23 |
24 | clusteringIdentifier = mapAnnotation.clusteringIdentifier
| `- error: 'clusteringIdentifier' is unavailable in watchOS
25 | markerTintColor = mapAnnotation.tintColor
26 | glyphImage = mapAnnotation.glyphImage
/Applications/Xcode-27.0.0-Release.Candidate.app/Contents/Developer/Platforms/WatchOS.platform/Developer/SDKs/WatchOS27.0.sdk/System/Library/Frameworks/MapKit.framework/Headers/MKAnnotationView.h:150:49: note: 'clusteringIdentifier' has been explicitly marked unavailable here
148 |
149 | // Annotation views with equal non-nil identifiers can cluster together.
150 | @property (nonatomic, copy, nullable) NSString *clusteringIdentifier API_AVAILABLE(macos(10.13), ios(11.0), tvos(11.0)) API_UNAVAILABLE(watchos);
| `- note: 'clusteringIdentifier' has been explicitly marked unavailable here
151 |
152 | // If non-nil this is the annotation view this view is clustered into.
/Users/admin/builder/spi-builder-workspace/Sources/SwiftUIMapView/AnnotationViews/MapAnnotationView.swift:16:26: error: 'MKMarkerAnnotationView' is unavailable in watchOS
14 | /// Sets the view's `glyphImage` and `markerTintColor` according to values of the annotation.
15 | /// Automatically takes advantage of clustering via an optionally set `clusteringIdentifier`.
16 | class MapAnnotationView: MKMarkerAnnotationView {
| `- error: 'MKMarkerAnnotationView' is unavailable in watchOS
17 |
18 | override var annotation: MKAnnotation? {
/Applications/Xcode-27.0.0-Release.Candidate.app/Contents/Developer/Platforms/WatchOS.platform/Developer/SDKs/WatchOS27.0.sdk/System/Library/Frameworks/MapKit.framework/Headers/MKMarkerAnnotationView.h:18:12: note: 'MKMarkerAnnotationView' has been explicitly marked unavailable here
16 |
17 | API_AVAILABLE(ios(11.0), tvos(11.0), macos(11.0)) API_UNAVAILABLE(watchos)
18 | @interface MKMarkerAnnotationView : MKAnnotationView
| `- note: 'MKMarkerAnnotationView' has been explicitly marked unavailable here
19 |
20 | @property (nonatomic) MKFeatureVisibility titleVisibility;
/Users/admin/builder/spi-builder-workspace/Sources/SwiftUIMapView/Annotations/MKMapView+MapViewAnnotation.swift:10:11: error: 'MKMapView' is unavailable in watchOS
8 | import MapKit
9 |
10 | extension MKMapView {
| `- error: 'MKMapView' is unavailable in watchOS
11 |
12 | /// All ``MapViewAnnotation``s set on the map view.
/Applications/Xcode-27.0.0-Release.Candidate.app/Contents/Developer/Platforms/WatchOS.platform/Developer/SDKs/WatchOS27.0.sdk/System/Library/Frameworks/MapKit.framework/Headers/MKMapView.h:73:12: note: 'MKMapView' has been explicitly marked unavailable here
71 | #if TARGET_OS_IPHONE
72 | NS_CLASS_AVAILABLE(NA, 3_0) __TVOS_AVAILABLE(9_2) API_UNAVAILABLE(watchos)
73 | @interface MKMapView : UIView <NSCoding>
| `- note: 'MKMapView' has been explicitly marked unavailable here
74 | #else
75 | NS_CLASS_AVAILABLE(10_9, NA)
/Users/admin/builder/spi-builder-workspace/Sources/SwiftUIMapView/MapView.swift:42:26: error: 'MKMapType' is unavailable in watchOS
40 |
41 | /// The map type that is displayed.
42 | private let mapType: MKMapType
| `- error: 'MKMapType' is unavailable in watchOS
43 |
44 | /// Determines whether the map can be zoomed.
/Applications/Xcode-27.0.0-Release.Candidate.app/Contents/Developer/Platforms/WatchOS.platform/Developer/SDKs/WatchOS27.0.sdk/System/Library/Frameworks/MapKit.framework/Headers/MKTypes.h:12:29: note: 'MKMapType' has been explicitly marked unavailable here
10 | NS_ASSUME_NONNULL_BEGIN
11 |
12 | typedef NS_ENUM(NSUInteger, MKMapType) {
| `- note: 'MKMapType' has been explicitly marked unavailable here
13 | MKMapTypeStandard = 0,
14 | MKMapTypeSatellite,
/Users/admin/builder/spi-builder-workspace/Sources/SwiftUIMapView/MapView.swift:61:35: error: 'MKUserTrackingMode' is unavailable in watchOS
59 |
60 | /// Sets the map's user tracking mode.
61 | private let userTrackingMode: MKUserTrackingMode
| `- error: 'MKUserTrackingMode' is unavailable in watchOS
62 |
63 | /// Creates a new MapView.
/Applications/Xcode-27.0.0-Release.Candidate.app/Contents/Developer/Platforms/WatchOS.platform/Developer/SDKs/WatchOS27.0.sdk/System/Library/Frameworks/MapKit.framework/Headers/MKMapView.h:50:28: note: 'MKUserTrackingMode' has been explicitly marked unavailable here
48 | #if MK_SUPPORTS_VIEW_CLASSES
49 |
50 | typedef NS_ENUM(NSInteger, MKUserTrackingMode) {
| `- note: 'MKUserTrackingMode' has been explicitly marked unavailable here
51 | MKUserTrackingModeNone = 0, // the user's location is not followed
52 | MKUserTrackingModeFollow, // the map follows the user's location
/Users/admin/builder/spi-builder-workspace/Sources/SwiftUIMapView/MapView.swift:76:18: error: 'MKMapType' is unavailable in watchOS
74 | /// - selectedAnnotation: A binding to the currently selected annotation, or `nil`.
75 | public init(
76 | mapType: MKMapType = .standard,
| `- error: 'MKMapType' is unavailable in watchOS
77 | region: Binding<MKCoordinateRegion?> = .constant(nil),
78 | isZoomEnabled: Bool = true,
/Applications/Xcode-27.0.0-Release.Candidate.app/Contents/Developer/Platforms/WatchOS.platform/Developer/SDKs/WatchOS27.0.sdk/System/Library/Frameworks/MapKit.framework/Headers/MKTypes.h:12:29: note: 'MKMapType' has been explicitly marked unavailable here
10 | NS_ASSUME_NONNULL_BEGIN
11 |
12 | typedef NS_ENUM(NSUInteger, MKMapType) {
| `- note: 'MKMapType' has been explicitly marked unavailable here
13 | MKMapTypeStandard = 0,
14 | MKMapTypeSatellite,
/Users/admin/builder/spi-builder-workspace/Sources/SwiftUIMapView/MapView.swift:82:27: error: 'MKUserTrackingMode' is unavailable in watchOS
80 | isRotateEnabled: Bool = true,
81 | showsUserLocation: Bool = false,
82 | userTrackingMode: MKUserTrackingMode = .none,
| `- error: 'MKUserTrackingMode' is unavailable in watchOS
83 | annotations: [MapViewAnnotation] = [],
84 | selectedAnnotations: Binding<[MapViewAnnotation]> = .constant([])
/Applications/Xcode-27.0.0-Release.Candidate.app/Contents/Developer/Platforms/WatchOS.platform/Developer/SDKs/WatchOS27.0.sdk/System/Library/Frameworks/MapKit.framework/Headers/MKMapView.h:50:28: note: 'MKUserTrackingMode' has been explicitly marked unavailable here
48 | #if MK_SUPPORTS_VIEW_CLASSES
49 |
50 | typedef NS_ENUM(NSInteger, MKUserTrackingMode) {
| `- note: 'MKUserTrackingMode' has been explicitly marked unavailable here
51 | MKUserTrackingModeNone = 0, // the user's location is not followed
52 | MKUserTrackingModeFollow, // the map follows the user's location
/Users/admin/builder/spi-builder-workspace/Sources/SwiftUIMapView/MapView.swift:19:24: error: cannot find type 'UIViewRepresentable' in scope
17 | /// See the [official documentation](https://developer.apple.com/documentation/mapkit/mkmapview) for more information
18 | /// on the possibilities provided by the underlying service.
19 | public struct MapView: UIViewRepresentable {
| `- error: cannot find type 'UIViewRepresentable' in scope
20 |
21 | /// The region that is displayed.
/Users/admin/builder/spi-builder-workspace/Sources/SwiftUIMapView/MapView.swift:107:37: error: cannot find type 'Context' in scope
105 | }
106 |
107 | public func makeUIView(context: Context) -> MKMapView {
| `- error: cannot find type 'Context' in scope
108 | let mapView = MKMapView()
109 | mapView.delegate = context.coordinator
/Users/admin/builder/spi-builder-workspace/Sources/SwiftUIMapView/MapView.swift:107:49: error: 'MKMapView' is unavailable in watchOS
105 | }
106 |
107 | public func makeUIView(context: Context) -> MKMapView {
| `- error: 'MKMapView' is unavailable in watchOS
108 | let mapView = MKMapView()
109 | mapView.delegate = context.coordinator
/Applications/Xcode-27.0.0-Release.Candidate.app/Contents/Developer/Platforms/WatchOS.platform/Developer/SDKs/WatchOS27.0.sdk/System/Library/Frameworks/MapKit.framework/Headers/MKMapView.h:73:12: note: 'MKMapView' has been explicitly marked unavailable here
71 | #if TARGET_OS_IPHONE
72 | NS_CLASS_AVAILABLE(NA, 3_0) __TVOS_AVAILABLE(9_2) API_UNAVAILABLE(watchos)
73 | @interface MKMapView : UIView <NSCoding>
| `- note: 'MKMapView' has been explicitly marked unavailable here
74 | #else
75 | NS_CLASS_AVAILABLE(10_9, NA)
/Users/admin/builder/spi-builder-workspace/Sources/SwiftUIMapView/MapView.swift:132:18: error: cannot find type 'Context' in scope
130 | public func updateUIView(
131 | _ mapView: MKMapView,
132 | context: Context
| `- error: cannot find type 'Context' in scope
133 | ) {
134 | configure(
/Users/admin/builder/spi-builder-workspace/Sources/SwiftUIMapView/MapView.swift:131:20: error: 'MKMapView' is unavailable in watchOS
129 |
130 | public func updateUIView(
131 | _ mapView: MKMapView,
| `- error: 'MKMapView' is unavailable in watchOS
132 | context: Context
133 | ) {
/Applications/Xcode-27.0.0-Release.Candidate.app/Contents/Developer/Platforms/WatchOS.platform/Developer/SDKs/WatchOS27.0.sdk/System/Library/Frameworks/MapKit.framework/Headers/MKMapView.h:73:12: note: 'MKMapView' has been explicitly marked unavailable here
71 | #if TARGET_OS_IPHONE
72 | NS_CLASS_AVAILABLE(NA, 3_0) __TVOS_AVAILABLE(9_2) API_UNAVAILABLE(watchos)
73 | @interface MKMapView : UIView <NSCoding>
| `- note: 'MKMapView' has been explicitly marked unavailable here
74 | #else
75 | NS_CLASS_AVAILABLE(10_9, NA)
/Users/admin/builder/spi-builder-workspace/Sources/SwiftUIMapView/MapView.swift:150:18: error: cannot find type 'Context' in scope
148 | func configure(
149 | _ mapView: MKMapView,
150 | context: Context,
| `- error: cannot find type 'Context' in scope
151 | animated: Bool
152 | ) {
/Users/admin/builder/spi-builder-workspace/Sources/SwiftUIMapView/MapView.swift:149:20: error: 'MKMapView' is unavailable in watchOS
147 | /// Configures the `mapView`'s state according to the current view state.
148 | func configure(
149 | _ mapView: MKMapView,
| `- error: 'MKMapView' is unavailable in watchOS
150 | context: Context,
151 | animated: Bool
/Applications/Xcode-27.0.0-Release.Candidate.app/Contents/Developer/Platforms/WatchOS.platform/Developer/SDKs/WatchOS27.0.sdk/System/Library/Frameworks/MapKit.framework/Headers/MKMapView.h:73:12: note: 'MKMapView' has been explicitly marked unavailable here
71 | #if TARGET_OS_IPHONE
72 | NS_CLASS_AVAILABLE(NA, 3_0) __TVOS_AVAILABLE(9_2) API_UNAVAILABLE(watchos)
73 | @interface MKMapView : UIView <NSCoding>
| `- note: 'MKMapView' has been explicitly marked unavailable here
74 | #else
75 | NS_CLASS_AVAILABLE(10_9, NA)
/Users/admin/builder/spi-builder-workspace/Sources/SwiftUIMapView/MapView.swift:196:40: error: 'MKMapView' is unavailable in watchOS
194 | ///
195 | /// - Parameter mapView: The ``MKMapView`` to configure.
196 | func updateAnnotations(in mapView: MKMapView) {
| `- error: 'MKMapView' is unavailable in watchOS
197 | let currentAnnotations = mapView.mapViewAnnotations
198 | // remove old annotations
/Applications/Xcode-27.0.0-Release.Candidate.app/Contents/Developer/Platforms/WatchOS.platform/Developer/SDKs/WatchOS27.0.sdk/System/Library/Frameworks/MapKit.framework/Headers/MKMapView.h:73:12: note: 'MKMapView' has been explicitly marked unavailable here
71 | #if TARGET_OS_IPHONE
72 | NS_CLASS_AVAILABLE(NA, 3_0) __TVOS_AVAILABLE(9_2) API_UNAVAILABLE(watchos)
73 | @interface MKMapView : UIView <NSCoding>
| `- note: 'MKMapView' has been explicitly marked unavailable here
74 | #else
75 | NS_CLASS_AVAILABLE(10_9, NA)
/Users/admin/builder/spi-builder-workspace/Sources/SwiftUIMapView/MapView.swift:218:21: error: 'MKMapView' is unavailable in watchOS
216 | /// - animated: Whether to animate the change.
217 | func updateSelectedAnnotation(
218 | in mapView: MKMapView,
| `- error: 'MKMapView' is unavailable in watchOS
219 | animated: Bool
220 | ) {
/Applications/Xcode-27.0.0-Release.Candidate.app/Contents/Developer/Platforms/WatchOS.platform/Developer/SDKs/WatchOS27.0.sdk/System/Library/Frameworks/MapKit.framework/Headers/MKMapView.h:73:12: note: 'MKMapView' has been explicitly marked unavailable here
71 | #if TARGET_OS_IPHONE
72 | NS_CLASS_AVAILABLE(NA, 3_0) __TVOS_AVAILABLE(9_2) API_UNAVAILABLE(watchos)
73 | @interface MKMapView : UIView <NSCoding>
| `- note: 'MKMapView' has been explicitly marked unavailable here
74 | #else
75 | NS_CLASS_AVAILABLE(10_9, NA)
/Users/admin/builder/spi-builder-workspace/Sources/SwiftUIMapView/MapView.swift:248:40: error: 'MKMapViewDelegate' is unavailable in watchOS
246 | public extension MapView {
247 |
248 | final class Coordinator: NSObject, MKMapViewDelegate {
| `- error: 'MKMapViewDelegate' is unavailable in watchOS
249 |
250 | var onRegionChanged: (MKCoordinateRegion) -> Void = { _ in }
/Applications/Xcode-27.0.0-Release.Candidate.app/Contents/Developer/Platforms/WatchOS.platform/Developer/SDKs/WatchOS27.0.sdk/System/Library/Frameworks/MapKit.framework/Headers/MKMapView.h:260:11: note: 'MKMapViewDelegate' has been explicitly marked unavailable here
258 | API_UNAVAILABLE(watchos)
259 | NS_SWIFT_UI_ACTOR
260 | @protocol MKMapViewDelegate <NSObject>
| `- note: 'MKMapViewDelegate' has been explicitly marked unavailable here
261 | @optional
262 |
/Users/admin/builder/spi-builder-workspace/Sources/SwiftUIMapView/MapView.swift:265:20: error: 'MKMapView' is unavailable in watchOS
263 |
264 | public func mapView(
265 | _ mapView: MKMapView,
| `- error: 'MKMapView' is unavailable in watchOS
266 | didSelect view: MKAnnotationView
267 | ) {
/Applications/Xcode-27.0.0-Release.Candidate.app/Contents/Developer/Platforms/WatchOS.platform/Developer/SDKs/WatchOS27.0.sdk/System/Library/Frameworks/MapKit.framework/Headers/MKMapView.h:73:12: note: 'MKMapView' has been explicitly marked unavailable here
71 | #if TARGET_OS_IPHONE
72 | NS_CLASS_AVAILABLE(NA, 3_0) __TVOS_AVAILABLE(9_2) API_UNAVAILABLE(watchos)
73 | @interface MKMapView : UIView <NSCoding>
| `- note: 'MKMapView' has been explicitly marked unavailable here
74 | #else
75 | NS_CLASS_AVAILABLE(10_9, NA)
/Users/admin/builder/spi-builder-workspace/Sources/SwiftUIMapView/MapView.swift:266:25: error: 'MKAnnotationView' is unavailable in watchOS
264 | public func mapView(
265 | _ mapView: MKMapView,
266 | didSelect view: MKAnnotationView
| `- error: 'MKAnnotationView' is unavailable in watchOS
267 | ) {
268 | guard let mapAnnotation = view.annotation as? MapViewAnnotation else {
/Applications/Xcode-27.0.0-Release.Candidate.app/Contents/Developer/Platforms/WatchOS.platform/Developer/SDKs/WatchOS27.0.sdk/System/Library/Frameworks/MapKit.framework/Headers/MKAnnotationView.h:54:12: note: 'MKAnnotationView' has been explicitly marked unavailable here
52 | #if TARGET_OS_IPHONE
53 | NS_CLASS_AVAILABLE(NA, 3_0) __TVOS_AVAILABLE(9_2) API_UNAVAILABLE(watchos)
54 | @interface MKAnnotationView : UIView
| `- note: 'MKAnnotationView' has been explicitly marked unavailable here
55 | #else
56 | NS_CLASS_AVAILABLE(10_9, NA)
/Users/admin/builder/spi-builder-workspace/Sources/SwiftUIMapView/MapView.swift:276:20: error: 'MKMapView' is unavailable in watchOS
274 |
275 | public func mapView(
276 | _ mapView: MKMapView,
| `- error: 'MKMapView' is unavailable in watchOS
277 | didDeselect view: MKAnnotationView
278 | ) {
/Applications/Xcode-27.0.0-Release.Candidate.app/Contents/Developer/Platforms/WatchOS.platform/Developer/SDKs/WatchOS27.0.sdk/System/Library/Frameworks/MapKit.framework/Headers/MKMapView.h:73:12: note: 'MKMapView' has been explicitly marked unavailable here
71 | #if TARGET_OS_IPHONE
72 | NS_CLASS_AVAILABLE(NA, 3_0) __TVOS_AVAILABLE(9_2) API_UNAVAILABLE(watchos)
73 | @interface MKMapView : UIView <NSCoding>
| `- note: 'MKMapView' has been explicitly marked unavailable here
74 | #else
75 | NS_CLASS_AVAILABLE(10_9, NA)
/Users/admin/builder/spi-builder-workspace/Sources/SwiftUIMapView/MapView.swift:277:27: error: 'MKAnnotationView' is unavailable in watchOS
275 | public func mapView(
276 | _ mapView: MKMapView,
277 | didDeselect view: MKAnnotationView
| `- error: 'MKAnnotationView' is unavailable in watchOS
278 | ) {
279 | guard let mapAnnotation = view.annotation as? MapViewAnnotation else {
/Applications/Xcode-27.0.0-Release.Candidate.app/Contents/Developer/Platforms/WatchOS.platform/Developer/SDKs/WatchOS27.0.sdk/System/Library/Frameworks/MapKit.framework/Headers/MKAnnotationView.h:54:12: note: 'MKAnnotationView' has been explicitly marked unavailable here
52 | #if TARGET_OS_IPHONE
53 | NS_CLASS_AVAILABLE(NA, 3_0) __TVOS_AVAILABLE(9_2) API_UNAVAILABLE(watchos)
54 | @interface MKAnnotationView : UIView
| `- note: 'MKAnnotationView' has been explicitly marked unavailable here
55 | #else
56 | NS_CLASS_AVAILABLE(10_9, NA)
/Users/admin/builder/spi-builder-workspace/Sources/SwiftUIMapView/MapView.swift:286:58: error: 'MKMapView' is unavailable in watchOS
284 | }
285 |
286 | public func mapViewDidChangeVisibleRegion(_ mapView: MKMapView) {
| `- error: 'MKMapView' is unavailable in watchOS
287 | onRegionChanged(mapView.region)
288 | }
/Applications/Xcode-27.0.0-Release.Candidate.app/Contents/Developer/Platforms/WatchOS.platform/Developer/SDKs/WatchOS27.0.sdk/System/Library/Frameworks/MapKit.framework/Headers/MKMapView.h:73:12: note: 'MKMapView' has been explicitly marked unavailable here
71 | #if TARGET_OS_IPHONE
72 | NS_CLASS_AVAILABLE(NA, 3_0) __TVOS_AVAILABLE(9_2) API_UNAVAILABLE(watchos)
73 | @interface MKMapView : UIView <NSCoding>
| `- note: 'MKMapView' has been explicitly marked unavailable here
74 | #else
75 | NS_CLASS_AVAILABLE(10_9, NA)
/Users/admin/builder/spi-builder-workspace/Sources/SwiftUIMapView/MapView.swift:294:10: error: return expression of type 'MapView' does not conform to 'View'
292 | // MARK: - Previews
293 |
294 | #Preview {
| `- error: return expression of type 'MapView' does not conform to 'View'
295 | MapView()
296 | }
Failed frontend command:
/Applications/Xcode-27.0.0-Release.Candidate.app/Contents/Developer/Toolchains/XcodeDefault.xctoolchain/usr/bin/swift-frontend -frontend -emit-module -experimental-skip-non-inlinable-function-bodies-without-types /Users/admin/builder/spi-builder-workspace/Sources/SwiftUIMapView/AnnotationViews/MapAnnotationClusterView.swift /Users/admin/builder/spi-builder-workspace/Sources/SwiftUIMapView/AnnotationViews/MapAnnotationView.swift /Users/admin/builder/spi-builder-workspace/Sources/SwiftUIMapView/Annotations/MKMapView+MapViewAnnotation.swift /Users/admin/builder/spi-builder-workspace/Sources/SwiftUIMapView/Annotations/MapViewAnnotation.swift /Users/admin/builder/spi-builder-workspace/Sources/SwiftUIMapView/CoreLocation+Equatable.swift /Users/admin/builder/spi-builder-workspace/Sources/SwiftUIMapView/MapView+Xcode.swift /Users/admin/builder/spi-builder-workspace/Sources/SwiftUIMapView/MapView.swift -target arm64-apple-watchos9.0 -module-can-import-version DeveloperToolsSupport 24.0.24 24.0.24 -disable-cross-import-overlay-search -swift-module-cross-import MapKit /Applications/Xcode-27.0.0-Release.Candidate.app/Contents/Developer/Platforms/WatchOS.platform/Developer/SDKs/WatchOS.sdk/System/Library/Frameworks/MapKit.framework/Modules/MapKit.swiftcrossimport/SwiftUI.swiftoverlay -swift-module-cross-import MapKit /Applications/Xcode-27.0.0-Release.Candidate.app/Contents/Developer/Platforms/WatchOS.platform/Developer/SDKs/WatchOS27.0.sdk/System/Library/Frameworks/MapKit.framework/Modules/MapKit.swiftcrossimport/SwiftUI.swiftoverlay -load-resolved-plugin /Applications/Xcode-27.0.0-Release.Candidate.app/Contents/Developer/Platforms/WatchOS.platform/Developer/usr/lib/swift/host/plugins/libFoundationMacros.dylib\#/Applications/Xcode-27.0.0-Release.Candidate.app/Contents/Developer/Platforms/WatchOS.platform/Developer/usr/bin/swift-plugin-server\#FoundationMacros -load-resolved-plugin /Applications/Xcode-27.0.0-Release.Candidate.app/Contents/Developer/Platforms/WatchOS.platform/Developer/usr/lib/swift/host/plugins/libObservationMacros.dylib\#/Applications/Xcode-27.0.0-Release.Candidate.app/Contents/Developer/Platforms/WatchOS.platform/Developer/usr/bin/swift-plugin-server\#ObservationMacros -load-resolved-plugin /Applications/Xcode-27.0.0-Release.Candidate.app/Contents/Developer/Platforms/WatchOS.platform/Developer/usr/lib/swift/host/plugins/libPreviewsMacros.dylib\#/Applications/Xcode-27.0.0-Release.Candidate.app/Contents/Developer/Platforms/WatchOS.platform/Developer/usr/bin/swift-plugin-server\#PreviewsMacros -load-resolved-plugin /Applications/Xcode-27.0.0-Release.Candidate.app/Contents/Developer/Platforms/WatchOS.platform/Developer/usr/lib/swift/host/plugins/libSwiftMacros.dylib\#/Applications/Xcode-27.0.0-Release.Candidate.app/Contents/Developer/Platforms/WatchOS.platform/Developer/usr/bin/swift-plugin-server\#SwiftMacros -load-resolved-plugin /Applications/Xcode-27.0.0-Release.Candidate.app/Contents/Developer/Platforms/WatchOS.platform/Developer/usr/lib/swift/host/plugins/libSwiftUIMacros.dylib\#/Applications/Xcode-27.0.0-Release.Candidate.app/Contents/Developer/Platforms/WatchOS.platform/Developer/usr/bin/swift-plugin-server\#SwiftUIMacros -disable-implicit-swift-modules -Xcc -fno-implicit-modules -Xcc -fno-implicit-module-maps -explicit-swift-module-map-file /Users/admin/builder/spi-builder-workspace/.derivedData/Build/Intermediates.noindex/swiftui-mapview.build/Debug-watchos/SwiftUIMapView-t.build/Objects-normal/arm64/SwiftUIMapView-dependencies-1.json -Xllvm -aarch64-use-tbi -enable-objc-interop -stack-check -sdk /Applications/Xcode-27.0.0-Release.Candidate.app/Contents/Developer/Platforms/WatchOS.platform/Developer/SDKs/WatchOS27.0.sdk -I /Users/admin/builder/spi-builder-workspace/.derivedData/Build/Products/Debug-watchos -Isystem /Applications/Xcode-27.0.0-Release.Candidate.app/Contents/Developer/Platforms/WatchOS.platform/Developer/usr/lib -F /Users/admin/builder/spi-builder-workspace/.derivedData/Build/Products/Debug-watchos -F /Applications/Xcode-27.0.0-Release.Candidate.app/Contents/Developer/Platforms/WatchOS.platform/Developer/Library/Frameworks -F /Applications/Xcode-27.0.0-Release.Candidate.app/Contents/Developer/Platforms/WatchOS.platform/Developer/SDKs/WatchOS27.0.sdk/Developer/Library/Frameworks -module-cache-path /Users/admin/builder/spi-builder-workspace/.derivedData/Build/Intermediates.noindex/SwiftExplicitPrecompiledModules -no-color-diagnostics -Xcc -fno-color-diagnostics -enable-testing -g -debug-info-format\=dwarf -dwarf-version\=4 -swift-version 6 -Onone -D SWIFT_PACKAGE -D DEBUG -D SWIFT_MODULE_RESOURCE_BUNDLE_UNAVAILABLE -D Xcode -serialize-debugging-options -enable-experimental-feature DebugDescriptionMacro -default-isolation MainActor -empty-abi-descriptor -validate-clang-modules-once -clang-build-session-file /Users/admin/builder/spi-builder-workspace/.derivedData/ModuleCache.noindex/Session.modulevalidation -Xcc -working-directory -Xcc /Users/admin/builder/spi-builder-workspace/.swiftpm/xcode -enable-anonymous-context-mangled-names -file-compilation-dir /Users/admin/builder/spi-builder-workspace/.swiftpm/xcode -Xcc -D_LIBCPP_HARDENING_MODE\=_LIBCPP_HARDENING_MODE_DEBUG -Xcc -ivfsstatcache -Xcc /Users/admin/builder/spi-builder-workspace/.derivedData/SDKStatCaches.noindex/watchos27.0-24R360-e829b21a6f8c9b70876ba0858053c04477534ef55a1706bf4c1112bbb242f0a2.sdkstatcache -Xcc -fmodules-prune-interval\=86400 -Xcc -fmodules-prune-after\=345600 -Xcc -I/Users/admin/builder/spi-builder-workspace/.derivedData/Build/Products/Debug-watchos/include -Xcc -I/Users/admin/builder/spi-builder-workspace/.derivedData/Build/Intermediates.noindex/swiftui-mapview.build/Debug-watchos/SwiftUIMapView-t.build/DerivedSources-normal/arm64 -Xcc -I/Users/admin/builder/spi-builder-workspace/.derivedData/Build/Intermediates.noindex/swiftui-mapview.build/Debug-watchos/SwiftUIMapView-t.build/DerivedSources/arm64 -Xcc -I/Users/admin/builder/spi-builder-workspace/.derivedData/Build/Intermediates.noindex/swiftui-mapview.build/Debug-watchos/SwiftUIMapView-t.build/DerivedSources -Xcc -DSWIFT_PACKAGE -Xcc -DDEBUG\=1 -no-auto-bridging-header-chaining -module-name SwiftUIMapView -package-name spi_builder_workspace -const-gather-protocols-file /Users/admin/builder/spi-builder-workspace/.derivedData/Build/Intermediates.noindex/swiftui-mapview.build/Debug-watchos/SwiftUIMapView-t.build/Objects-normal/arm64/SwiftUIMapView_const_extract_protocols.json -disable-clang-spi -clang-target arm64-apple-watchos27.0 -target-sdk-version 27.0 -target-sdk-name watchos27.0 -in-process-plugin-server-path /Applications/Xcode-27.0.0-Release.Candidate.app/Contents/Developer/Toolchains/XcodeDefault.xctoolchain/usr/lib/swift/host/libSwiftInProcPluginServer.dylib -emit-module-doc-path /Users/admin/builder/spi-builder-workspace/.derivedData/Build/Intermediates.noindex/swiftui-mapview.build/Debug-watchos/SwiftUIMapView-t.build/Objects-normal/arm64/SwiftUIMapView.swiftdoc -emit-module-source-info-path /Users/admin/builder/spi-builder-workspace/.derivedData/Build/Intermediates.noindex/swiftui-mapview.build/Debug-watchos/SwiftUIMapView-t.build/Objects-normal/arm64/SwiftUIMapView.swiftsourceinfo -emit-objc-header-path /Users/admin/builder/spi-builder-workspace/.derivedData/Build/Intermediates.noindex/swiftui-mapview.build/Debug-watchos/SwiftUIMapView-t.build/Objects-normal/arm64/SwiftUIMapView-Swift.h -serialize-diagnostics-path /Users/admin/builder/spi-builder-workspace/.derivedData/Build/Intermediates.noindex/swiftui-mapview.build/Debug-watchos/SwiftUIMapView-t.build/Objects-normal/arm64/SwiftUIMapView-primary-emit-module.dia -emit-dependencies-path /Users/admin/builder/spi-builder-workspace/.derivedData/Build/Intermediates.noindex/swiftui-mapview.build/Debug-watchos/SwiftUIMapView-t.build/Objects-normal/arm64/SwiftUIMapView-primary-emit-module.d -parse-as-library -o /Users/admin/builder/spi-builder-workspace/.derivedData/Build/Intermediates.noindex/swiftui-mapview.build/Debug-watchos/SwiftUIMapView-t.build/Objects-normal/arm64/SwiftUIMapView.swiftmodule -emit-abi-descriptor-path /Users/admin/builder/spi-builder-workspace/.derivedData/Build/Intermediates.noindex/swiftui-mapview.build/Debug-watchos/SwiftUIMapView-t.build/Objects-normal/arm64/SwiftUIMapView.abi.json
SwiftCompile normal arm64 (in target 'SwiftUIMapView' from project 'swiftui-mapview')
cd /Users/admin/builder/spi-builder-workspace/.swiftpm/xcode
SwiftCompile normal arm64 Compiling\ MapAnnotationClusterView.swift /Users/admin/builder/spi-builder-workspace/Sources/SwiftUIMapView/AnnotationViews/MapAnnotationClusterView.swift (in target 'SwiftUIMapView' from project 'swiftui-mapview')
/Users/admin/builder/spi-builder-workspace/Sources/SwiftUIMapView/AnnotationViews/MapAnnotationClusterView.swift:23:58: error: 'MKClusterAnnotation' is unavailable in watchOS
21 | override var annotation: MKAnnotation? {
22 | didSet {
23 | guard let clusterAnnotation = annotation as? MKClusterAnnotation else {
| `- error: 'MKClusterAnnotation' is unavailable in watchOS
24 | return
25 | }
/Applications/Xcode-27.0.0-Release.Candidate.app/Contents/Developer/Platforms/WatchOS.platform/Developer/SDKs/WatchOS27.0.sdk/System/Library/Frameworks/MapKit.framework/Headers/MKClusterAnnotation.h:13:12: note: 'MKClusterAnnotation' has been explicitly marked unavailable here
11 |
12 | NS_CLASS_AVAILABLE(10_13, 11_0) __TVOS_AVAILABLE(11_0) API_UNAVAILABLE(watchos)
13 | @interface MKClusterAnnotation : NSObject <MKAnnotation>
| `- note: 'MKClusterAnnotation' has been explicitly marked unavailable here
14 |
15 | @property (nonatomic, copy, nullable) NSString *title;
/Users/admin/builder/spi-builder-workspace/Sources/SwiftUIMapView/AnnotationViews/MapAnnotationClusterView.swift:32:13: error: 'collisionMode' is unavailable in watchOS
30 | }
31 |
32 | collisionMode = .circle
| `- error: 'collisionMode' is unavailable in watchOS
33 |
34 | image = drawGlyph(
/Applications/Xcode-27.0.0-Release.Candidate.app/Contents/Developer/Platforms/WatchOS.platform/Developer/SDKs/WatchOS27.0.sdk/System/Library/Frameworks/MapKit.framework/Headers/MKAnnotationView.h:162:53: note: 'collisionMode' has been explicitly marked unavailable here
160 |
161 | // Default collision mode is rectangle.
162 | @property (nonatomic) MKAnnotationViewCollisionMode collisionMode API_AVAILABLE(macos(10.13), ios(11.0), tvos(11.0)) API_UNAVAILABLE(watchos);
| `- note: 'collisionMode' has been explicitly marked unavailable here
163 |
164 | @end
/Users/admin/builder/spi-builder-workspace/Sources/SwiftUIMapView/AnnotationViews/MapAnnotationClusterView.swift:17:33: error: 'MKAnnotationView' is unavailable in watchOS
15 | ///
16 | /// - Seealso: ``MapAnnotationView``
17 | class MapAnnotationClusterView: MKAnnotationView {
| `- error: 'MKAnnotationView' is unavailable in watchOS
18 |
19 | private static let annotationSize: CGFloat = 32
/Applications/Xcode-27.0.0-Release.Candidate.app/Contents/Developer/Platforms/WatchOS.platform/Developer/SDKs/WatchOS27.0.sdk/System/Library/Frameworks/MapKit.framework/Headers/MKAnnotationView.h:54:12: note: 'MKAnnotationView' has been explicitly marked unavailable here
52 | #if TARGET_OS_IPHONE
53 | NS_CLASS_AVAILABLE(NA, 3_0) __TVOS_AVAILABLE(9_2) API_UNAVAILABLE(watchos)
54 | @interface MKAnnotationView : UIView
| `- note: 'MKAnnotationView' has been explicitly marked unavailable here
55 | #else
56 | NS_CLASS_AVAILABLE(10_9, NA)
SwiftCompile normal arm64 /Users/admin/builder/spi-builder-workspace/Sources/SwiftUIMapView/AnnotationViews/MapAnnotationClusterView.swift (in target 'SwiftUIMapView' from project 'swiftui-mapview')
cd /Users/admin/builder/spi-builder-workspace/.swiftpm/xcode
builtin-SwiftPerFileCompile MapAnnotationClusterView.swift
SwiftCompile normal arm64 Compiling\ CoreLocation+Equatable.swift /Users/admin/builder/spi-builder-workspace/Sources/SwiftUIMapView/CoreLocation+Equatable.swift (in target 'SwiftUIMapView' from project 'swiftui-mapview')
SwiftCompile normal arm64 /Users/admin/builder/spi-builder-workspace/Sources/SwiftUIMapView/CoreLocation+Equatable.swift (in target 'SwiftUIMapView' from project 'swiftui-mapview')
cd /Users/admin/builder/spi-builder-workspace/.swiftpm/xcode
builtin-SwiftPerFileCompile CoreLocation+Equatable.swift
PruneExplicitPrecompiledModules /Users/admin/builder/spi-builder-workspace/.derivedData/SDKExplicitPrecompiledModules
PruneExplicitPrecompiledModules /Users/admin/builder/spi-builder-workspace/.derivedData/Build/Intermediates.noindex/SwiftExplicitPrecompiledModules
PruneExplicitPrecompiledModules /Users/admin/builder/spi-builder-workspace/.derivedData/Build/Intermediates.noindex/ExplicitPrecompiledModules
2026-09-23 10:42:33.732 xcodebuild[803:4733] [MT] IDERunDestination: Supported platforms for the buildables in the current scheme is empty.
** BUILD FAILED **
The following build commands failed:
SwiftCompile normal arm64_32 (in target 'SwiftUIMapView' from project 'swiftui-mapview')
SwiftEmitModule normal arm64_32 Emitting\ module\ for\ SwiftUIMapView (in target 'SwiftUIMapView' from project 'swiftui-mapview')
SwiftEmitModule normal arm64 Emitting\ module\ for\ SwiftUIMapView (in target 'SwiftUIMapView' from project 'swiftui-mapview')
SwiftCompile normal arm64 (in target 'SwiftUIMapView' from project 'swiftui-mapview')
Building workspace swiftui-mapview with scheme swiftui-mapview
(5 failures)
BUILD FAILURE 6.4 watchOS