Build Information
Failed to build ImageCoordinateSpace, reference master (e44015), with Swift 6.4 for watchOS using Xcode 27.0 on 16 Sep 2026 16:55:41 UTC.
Build Command
env DEVELOPER_DIR=/Applications/Xcode-27.0.0-Release.Candidate.app xcrun xcodebuild -IDEClonedSourcePackagesDirPathOverride=$PWD/.dependencies -skipMacroValidation -skipPackagePluginValidation -derivedDataPath $PWD/.derivedData build -scheme ImageCoordinateSpace -destination generic/platform=watchOSBuild Log
========================================
RunAll
========================================
Builder version: 5.1.0
Interrupt handler set up.
========================================
Checkout
========================================
Clone URL: https://github.com/paulz/ImageCoordinateSpace.git
Reference: master
Initialized empty Git repository in /Users/admin/builder/spi-builder-workspace/.git/
From https://github.com/paulz/ImageCoordinateSpace
* branch master -> FETCH_HEAD
* [new branch] master -> origin/master
HEAD is now at e44015f Bump algoliasearch from 1.27.4 to 1.27.5
Cloned https://github.com/paulz/ImageCoordinateSpace.git
Revision (git rev-parse @):
e44015fb32c55588fb365fc50282337c596b69b3
SUCCESS checkout https://github.com/paulz/ImageCoordinateSpace.git at master
========================================
Build
========================================
Selected platform: watchOS
Swift version: 6.4
Building package at path: $PWD
https://github.com/paulz/ImageCoordinateSpace.git
Command line invocation:
/Applications/Xcode-27.0.0-Release.Candidate.app/Contents/Developer/usr/bin/xcodebuild -IDEClonedSourcePackagesDirPathOverride=/Users/admin/builder/spi-builder-workspace/.dependencies -resolvePackageDependencies
resolved source packages:
{
"dependencies" : [
{
"identity" : "quick",
"requirement" : {
"range" : [
{
"lower_bound" : "1.2.0",
"upper_bound" : "2.0.0"
}
]
},
"type" : "sourceControl",
"url" : "https://github.com/Quick/Quick.git"
},
{
"identity" : "nimble",
"requirement" : {
"range" : [
{
"lower_bound" : "7.0.3",
"upper_bound" : "8.0.0"
}
]
},
"type" : "sourceControl",
"url" : "https://github.com/Quick/Nimble.git"
}
],
"manifest_display_name" : "ImageCoordinateSpace",
"name" : "ImageCoordinateSpace",
"path" : "/Users/admin/builder/spi-builder-workspace",
"platforms" : [
],
"products" : [
{
"name" : "ImageCoordinateSpace",
"targets" : [
"ImageCoordinateSpace"
],
"type" : {
"library" : [
"automatic"
]
}
}
],
"swift_languages_versions" : [
"4"
],
"targets" : [
{
"c99name" : "Unit_Tests",
"module_type" : "SwiftTarget",
"name" : "Unit Tests",
"path" : "Unit Tests",
"product_dependencies" : [
"Nimble",
"Quick"
],
"sources" : [
"ApproximateMatchers.swift",
"CGAffineTransform+Scale_Spec.swift",
"CGAffineTransformInvertSpec.swift",
"Quick+Additions.swift",
"RandomTestable.swift",
"SizeFactorSpec.swift",
"TransformedCoordinateSpaceSpec.swift",
"UIImage+testImage.swift"
],
"target_dependencies" : [
"ImageCoordinateSpace"
],
"type" : "test"
},
{
"c99name" : "ImageCoordinateSpace",
"module_type" : "SwiftTarget",
"name" : "ImageCoordinateSpace",
"path" : "ImageCoordinateSpace",
"product_memberships" : [
"ImageCoordinateSpace"
],
"sources" : [
"CGAffineTransform+Extensions.swift",
"CGSize+AxesPathMap.swift",
"Converter.swift",
"Convertible.swift",
"ScaleFactor.swift",
"SizeFactor.swift",
"SizeTransformer.swift",
"TransformedCoordinateSpace.swift",
"UIView+UICoordinateSpace.swift",
"ViewContentModeTransformer+UIView.swift",
"ViewContentModeTransformer.swift"
],
"type" : "library"
}
],
"tools_version" : "4.0"
}
{
"project" : {
"configurations" : [
"Debug",
"Release"
],
"name" : "ImageCoordinateSpace",
"schemes" : [
"Acceptance Tests",
"Example",
"ImageCoordinateSpace"
],
"targets" : [
"Example",
"ImageCoordinateSpace",
"Unit Tests",
"Acceptance Tests"
]
}
}
{
"workspace" : {
"name" : "ImageCoordinateSpace",
"schemes" : [
"ImageCoordinateSpace"
]
}
}
2026-09-16 12:55:29.877 xcodebuild[620:3884] [MT] IDERunDestination: Supported platforms for the buildables in the current scheme is empty.
Running build ...
env DEVELOPER_DIR=/Applications/Xcode-27.0.0-Release.Candidate.app xcrun xcodebuild -IDEClonedSourcePackagesDirPathOverride=$PWD/.dependencies -skipMacroValidation -skipPackagePluginValidation -derivedDataPath $PWD/.derivedData build -scheme ImageCoordinateSpace -destination generic/platform=watchOS
Command line invocation:
/Applications/Xcode-27.0.0-Release.Candidate.app/Contents/Developer/usr/bin/xcodebuild -IDEClonedSourcePackagesDirPathOverride=/Users/admin/builder/spi-builder-workspace/.dependencies -skipMacroValidation -skipPackagePluginValidation -derivedDataPath /Users/admin/builder/spi-builder-workspace/.derivedData build -scheme ImageCoordinateSpace -destination generic/platform=watchOS
Resolve Package Graph
Resolve Package Graph
Resolved source packages:
Nimble: https://github.com/Quick/Nimble.git @ 7.3.4
Quick: https://github.com/Quick/Quick.git @ 1.3.4
ImageCoordinateSpace: /Users/admin/builder/spi-builder-workspace
ComputePackagePrebuildTargetDependencyGraph
Prepare packages
CreateBuildRequest
SendProjectDescription
CreateBuildOperation
ComputeTargetDependencyGraph
note: Building targets in dependency order
note: Target dependency graph (2 targets)
Target 'ImageCoordinateSpace-product' in project 'ImageCoordinateSpace'
➜ Explicit dependency on target 'ImageCoordinateSpace' in project 'ImageCoordinateSpace'
Target 'ImageCoordinateSpace' in project 'ImageCoordinateSpace' (no dependencies)
GatherProvisioningInputs
CreateBuildDescription
ExecuteExternalTool /Applications/Xcode-27.0.0-Release.Candidate.app/Contents/Developer/Toolchains/XcodeDefault.xctoolchain/usr/bin/clang -v -E -dM -isysroot /Applications/Xcode-27.0.0-Release.Candidate.app/Contents/Developer/Platforms/WatchOS.platform/Developer/SDKs/WatchOS27.0.sdk -x c -c /dev/null
ExecuteExternalTool /Applications/Xcode-27.0.0-Release.Candidate.app/Contents/Developer/Toolchains/XcodeDefault.xctoolchain/usr/bin/swiftc --version
ExecuteExternalTool /Applications/Xcode-27.0.0-Release.Candidate.app/Contents/Developer/Toolchains/XcodeDefault.xctoolchain/usr/bin/ld -version_details
Build description signature: cc098c885051799df970aaa68a4a11f1
Build description path: /Users/admin/builder/spi-builder-workspace/.derivedData/Build/Intermediates.noindex/XCBuildData/cc098c885051799df970aaa68a4a11f1.xcbuilddata
CreateBuildDirectory /Users/admin/builder/spi-builder-workspace/.derivedData/SDKExplicitPrecompiledModules
cd /Users/admin/builder/spi-builder-workspace/.swiftpm/xcode
builtin-create-build-directory /Users/admin/builder/spi-builder-workspace/.derivedData/SDKExplicitPrecompiledModules
CreateBuildDirectory /Users/admin/builder/spi-builder-workspace/.derivedData/ModuleCache.noindex
cd /Users/admin/builder/spi-builder-workspace/.swiftpm/xcode
builtin-create-build-directory /Users/admin/builder/spi-builder-workspace/.derivedData/ModuleCache.noindex
CreateBuildDirectory /Users/admin/builder/spi-builder-workspace/.derivedData/CompilationCache.noindex
cd /Users/admin/builder/spi-builder-workspace/.swiftpm/xcode
builtin-create-build-directory /Users/admin/builder/spi-builder-workspace/.derivedData/CompilationCache.noindex
CreateBuildDirectory /Users/admin/builder/spi-builder-workspace/.derivedData/Build/Intermediates.noindex
cd /Users/admin/builder/spi-builder-workspace/.swiftpm/xcode
builtin-create-build-directory /Users/admin/builder/spi-builder-workspace/.derivedData/Build/Intermediates.noindex
ClangStatCache /Applications/Xcode-27.0.0-Release.Candidate.app/Contents/Developer/Toolchains/XcodeDefault.xctoolchain/usr/bin/clang-stat-cache /Applications/Xcode-27.0.0-Release.Candidate.app/Contents/Developer/Platforms/WatchOS.platform/Developer/SDKs/WatchOS27.0.sdk /Users/admin/builder/spi-builder-workspace/.derivedData/SDKStatCaches.noindex/watchos27.0-24R360-e829b21a6f8c9b70876ba0858053c04477534ef55a1706bf4c1112bbb242f0a2.sdkstatcache
cd /Users/admin/builder/spi-builder-workspace/.swiftpm/xcode
/Applications/Xcode-27.0.0-Release.Candidate.app/Contents/Developer/Toolchains/XcodeDefault.xctoolchain/usr/bin/clang-stat-cache /Applications/Xcode-27.0.0-Release.Candidate.app/Contents/Developer/Platforms/WatchOS.platform/Developer/SDKs/WatchOS27.0.sdk -o /Users/admin/builder/spi-builder-workspace/.derivedData/SDKStatCaches.noindex/watchos27.0-24R360-e829b21a6f8c9b70876ba0858053c04477534ef55a1706bf4c1112bbb242f0a2.sdkstatcache
CreateBuildDirectory /Users/admin/builder/spi-builder-workspace/.derivedData/Build/Products
cd /Users/admin/builder/spi-builder-workspace/.swiftpm/xcode
builtin-create-build-directory /Users/admin/builder/spi-builder-workspace/.derivedData/Build/Products
CreateBuildDirectory /Users/admin/builder/spi-builder-workspace/.derivedData/Build/Intermediates.noindex/PrecompiledHeaders
cd /Users/admin/builder/spi-builder-workspace/.swiftpm/xcode
builtin-create-build-directory /Users/admin/builder/spi-builder-workspace/.derivedData/Build/Intermediates.noindex/PrecompiledHeaders
CreateBuildDirectory /Users/admin/builder/spi-builder-workspace/.derivedData/Build/Intermediates.noindex/SwiftExplicitPrecompiledModules
cd /Users/admin/builder/spi-builder-workspace/.swiftpm/xcode
builtin-create-build-directory /Users/admin/builder/spi-builder-workspace/.derivedData/Build/Intermediates.noindex/SwiftExplicitPrecompiledModules
CreateBuildDirectory /Users/admin/builder/spi-builder-workspace/.derivedData/Build/Intermediates.noindex/ExplicitPrecompiledModules
cd /Users/admin/builder/spi-builder-workspace/.swiftpm/xcode
builtin-create-build-directory /Users/admin/builder/spi-builder-workspace/.derivedData/Build/Intermediates.noindex/ExplicitPrecompiledModules
CreateBuildDirectory /Users/admin/builder/spi-builder-workspace/.derivedData/Build/Intermediates.noindex/EagerLinkingTBDs/Debug-watchos
cd /Users/admin/builder/spi-builder-workspace/.swiftpm/xcode
builtin-create-build-directory /Users/admin/builder/spi-builder-workspace/.derivedData/Build/Intermediates.noindex/EagerLinkingTBDs/Debug-watchos
CreateBuildDirectory /Users/admin/builder/spi-builder-workspace/.derivedData/Build/Products/Debug-watchos
cd /Users/admin/builder/spi-builder-workspace/.swiftpm/xcode
builtin-create-build-directory /Users/admin/builder/spi-builder-workspace/.derivedData/Build/Products/Debug-watchos
CreateBuildDirectory /Users/admin/builder/spi-builder-workspace/.derivedData/Build/Products/Debug-watchos/PackageFrameworks
cd /Users/admin/builder/spi-builder-workspace/.swiftpm/xcode
builtin-create-build-directory /Users/admin/builder/spi-builder-workspace/.derivedData/Build/Products/Debug-watchos/PackageFrameworks
WriteAuxiliaryFile /Users/admin/builder/spi-builder-workspace/.derivedData/Build/Intermediates.noindex/ImageCoordinateSpace.build/Debug-watchos/ImageCoordinateSpace-t.build/Objects-normal/arm64/ImageCoordinateSpace.SwiftConstValuesFileList (in target 'ImageCoordinateSpace' from project 'ImageCoordinateSpace')
cd /Users/admin/builder/spi-builder-workspace
write-file /Users/admin/builder/spi-builder-workspace/.derivedData/Build/Intermediates.noindex/ImageCoordinateSpace.build/Debug-watchos/ImageCoordinateSpace-t.build/Objects-normal/arm64/ImageCoordinateSpace.SwiftConstValuesFileList
WriteAuxiliaryFile /Users/admin/builder/spi-builder-workspace/.derivedData/Build/Intermediates.noindex/ImageCoordinateSpace.build/Debug-watchos/ImageCoordinateSpace-t.build/Objects-normal/arm64/ImageCoordinateSpace.SwiftFileList (in target 'ImageCoordinateSpace' from project 'ImageCoordinateSpace')
cd /Users/admin/builder/spi-builder-workspace
write-file /Users/admin/builder/spi-builder-workspace/.derivedData/Build/Intermediates.noindex/ImageCoordinateSpace.build/Debug-watchos/ImageCoordinateSpace-t.build/Objects-normal/arm64/ImageCoordinateSpace.SwiftFileList
WriteAuxiliaryFile /Users/admin/builder/spi-builder-workspace/.derivedData/Build/Intermediates.noindex/ImageCoordinateSpace.build/Debug-watchos/ImageCoordinateSpace-t.build/Objects-normal/arm64_32/ImageCoordinateSpace.SwiftFileList (in target 'ImageCoordinateSpace' from project 'ImageCoordinateSpace')
cd /Users/admin/builder/spi-builder-workspace
write-file /Users/admin/builder/spi-builder-workspace/.derivedData/Build/Intermediates.noindex/ImageCoordinateSpace.build/Debug-watchos/ImageCoordinateSpace-t.build/Objects-normal/arm64_32/ImageCoordinateSpace.SwiftFileList
WriteAuxiliaryFile /Users/admin/builder/spi-builder-workspace/.derivedData/Build/Intermediates.noindex/ImageCoordinateSpace.build/Debug-watchos/ImageCoordinateSpace-t.build/Objects-normal/arm64/ImageCoordinateSpace_const_extract_protocols.json (in target 'ImageCoordinateSpace' from project 'ImageCoordinateSpace')
cd /Users/admin/builder/spi-builder-workspace
write-file /Users/admin/builder/spi-builder-workspace/.derivedData/Build/Intermediates.noindex/ImageCoordinateSpace.build/Debug-watchos/ImageCoordinateSpace-t.build/Objects-normal/arm64/ImageCoordinateSpace_const_extract_protocols.json
WriteAuxiliaryFile /Users/admin/builder/spi-builder-workspace/.derivedData/Build/Intermediates.noindex/ImageCoordinateSpace.build/Debug-watchos/ImageCoordinateSpace-t.build/Objects-normal/arm64_32/ImageCoordinateSpace_const_extract_protocols.json (in target 'ImageCoordinateSpace' from project 'ImageCoordinateSpace')
cd /Users/admin/builder/spi-builder-workspace
write-file /Users/admin/builder/spi-builder-workspace/.derivedData/Build/Intermediates.noindex/ImageCoordinateSpace.build/Debug-watchos/ImageCoordinateSpace-t.build/Objects-normal/arm64_32/ImageCoordinateSpace_const_extract_protocols.json
WriteAuxiliaryFile /Users/admin/builder/spi-builder-workspace/.derivedData/Build/Intermediates.noindex/ImageCoordinateSpace.build/Debug-watchos/ImageCoordinateSpace-t.build/Objects-normal/arm64/ImageCoordinateSpace.LinkFileList (in target 'ImageCoordinateSpace' from project 'ImageCoordinateSpace')
cd /Users/admin/builder/spi-builder-workspace
write-file /Users/admin/builder/spi-builder-workspace/.derivedData/Build/Intermediates.noindex/ImageCoordinateSpace.build/Debug-watchos/ImageCoordinateSpace-t.build/Objects-normal/arm64/ImageCoordinateSpace.LinkFileList
WriteAuxiliaryFile /Users/admin/builder/spi-builder-workspace/.derivedData/Build/Intermediates.noindex/ImageCoordinateSpace.build/Debug-watchos/ImageCoordinateSpace-t.build/Objects-normal/arm64_32/ImageCoordinateSpace-OutputFileMap.json (in target 'ImageCoordinateSpace' from project 'ImageCoordinateSpace')
cd /Users/admin/builder/spi-builder-workspace
write-file /Users/admin/builder/spi-builder-workspace/.derivedData/Build/Intermediates.noindex/ImageCoordinateSpace.build/Debug-watchos/ImageCoordinateSpace-t.build/Objects-normal/arm64_32/ImageCoordinateSpace-OutputFileMap.json
WriteAuxiliaryFile /Users/admin/builder/spi-builder-workspace/.derivedData/Build/Intermediates.noindex/ImageCoordinateSpace.build/Debug-watchos/ImageCoordinateSpace-t.build/Objects-normal/arm64_32/ImageCoordinateSpace.SwiftConstValuesFileList (in target 'ImageCoordinateSpace' from project 'ImageCoordinateSpace')
cd /Users/admin/builder/spi-builder-workspace
write-file /Users/admin/builder/spi-builder-workspace/.derivedData/Build/Intermediates.noindex/ImageCoordinateSpace.build/Debug-watchos/ImageCoordinateSpace-t.build/Objects-normal/arm64_32/ImageCoordinateSpace.SwiftConstValuesFileList
WriteAuxiliaryFile /Users/admin/builder/spi-builder-workspace/.derivedData/Build/Intermediates.noindex/ImageCoordinateSpace.build/Debug-watchos/ImageCoordinateSpace-t.build/Objects-normal/arm64_32/ImageCoordinateSpace.LinkFileList (in target 'ImageCoordinateSpace' from project 'ImageCoordinateSpace')
cd /Users/admin/builder/spi-builder-workspace
write-file /Users/admin/builder/spi-builder-workspace/.derivedData/Build/Intermediates.noindex/ImageCoordinateSpace.build/Debug-watchos/ImageCoordinateSpace-t.build/Objects-normal/arm64_32/ImageCoordinateSpace.LinkFileList
WriteAuxiliaryFile /Users/admin/builder/spi-builder-workspace/.derivedData/Build/Intermediates.noindex/ImageCoordinateSpace.build/Debug-watchos/ImageCoordinateSpace-t.build/Objects-normal/arm64/ImageCoordinateSpace-OutputFileMap.json (in target 'ImageCoordinateSpace' from project 'ImageCoordinateSpace')
cd /Users/admin/builder/spi-builder-workspace
write-file /Users/admin/builder/spi-builder-workspace/.derivedData/Build/Intermediates.noindex/ImageCoordinateSpace.build/Debug-watchos/ImageCoordinateSpace-t.build/Objects-normal/arm64/ImageCoordinateSpace-OutputFileMap.json
WriteAuxiliaryFile /Users/admin/builder/spi-builder-workspace/.derivedData/Build/Intermediates.noindex/ImageCoordinateSpace.build/Debug-watchos/ImageCoordinateSpace-t.build/ImageCoordinateSpace.modulemap (in target 'ImageCoordinateSpace' from project 'ImageCoordinateSpace')
cd /Users/admin/builder/spi-builder-workspace
write-file /Users/admin/builder/spi-builder-workspace/.derivedData/Build/Intermediates.noindex/ImageCoordinateSpace.build/Debug-watchos/ImageCoordinateSpace-t.build/ImageCoordinateSpace.modulemap
WriteAuxiliaryFile /Users/admin/builder/spi-builder-workspace/.derivedData/Build/Intermediates.noindex/ImageCoordinateSpace.build/Debug-watchos/ImageCoordinateSpace-t.build/ImageCoordinateSpace.DependencyStaticMetadataFileList (in target 'ImageCoordinateSpace' from project 'ImageCoordinateSpace')
cd /Users/admin/builder/spi-builder-workspace
write-file /Users/admin/builder/spi-builder-workspace/.derivedData/Build/Intermediates.noindex/ImageCoordinateSpace.build/Debug-watchos/ImageCoordinateSpace-t.build/ImageCoordinateSpace.DependencyStaticMetadataFileList
WriteAuxiliaryFile /Users/admin/builder/spi-builder-workspace/.derivedData/Build/Intermediates.noindex/ImageCoordinateSpace.build/Debug-watchos/ImageCoordinateSpace-t.build/ImageCoordinateSpace.DependencyMetadataFileList (in target 'ImageCoordinateSpace' from project 'ImageCoordinateSpace')
cd /Users/admin/builder/spi-builder-workspace
write-file /Users/admin/builder/spi-builder-workspace/.derivedData/Build/Intermediates.noindex/ImageCoordinateSpace.build/Debug-watchos/ImageCoordinateSpace-t.build/ImageCoordinateSpace.DependencyMetadataFileList
Copy /Users/admin/builder/spi-builder-workspace/.derivedData/Build/Intermediates.noindex/GeneratedModuleMaps-watchos/ImageCoordinateSpace.modulemap /Users/admin/builder/spi-builder-workspace/.derivedData/Build/Intermediates.noindex/ImageCoordinateSpace.build/Debug-watchos/ImageCoordinateSpace-t.build/ImageCoordinateSpace.modulemap (in target 'ImageCoordinateSpace' from project 'ImageCoordinateSpace')
cd /Users/admin/builder/spi-builder-workspace
builtin-copy -exclude .DS_Store -exclude CVS -exclude .svn -exclude .git -exclude .hg -resolve-src-symlinks /Users/admin/builder/spi-builder-workspace/.derivedData/Build/Intermediates.noindex/ImageCoordinateSpace.build/Debug-watchos/ImageCoordinateSpace-t.build/ImageCoordinateSpace.modulemap /Users/admin/builder/spi-builder-workspace/.derivedData/Build/Intermediates.noindex/GeneratedModuleMaps-watchos
SwiftDriver ImageCoordinateSpace normal arm64 com.apple.xcode.tools.swift.compiler (in target 'ImageCoordinateSpace' from project 'ImageCoordinateSpace')
cd /Users/admin/builder/spi-builder-workspace/.swiftpm/xcode
builtin-SwiftDriver -- /Applications/Xcode-27.0.0-Release.Candidate.app/Contents/Developer/Toolchains/XcodeDefault.xctoolchain/usr/bin/swiftc -parse-as-library -module-name ImageCoordinateSpace -Onone @/Users/admin/builder/spi-builder-workspace/.derivedData/Build/Intermediates.noindex/ImageCoordinateSpace.build/Debug-watchos/ImageCoordinateSpace-t.build/Objects-normal/arm64/ImageCoordinateSpace.SwiftFileList -DSWIFT_PACKAGE -DDEBUG -DSWIFT_MODULE_RESOURCE_BUNDLE_UNAVAILABLE -DXcode -plugin-path /Applications/Xcode-27.0.0-Release.Candidate.app/Contents/Developer/Toolchains/XcodeDefault.xctoolchain/usr/lib/swift/host/plugins/testing -enable-experimental-feature DebugDescriptionMacro -sdk /Applications/Xcode-27.0.0-Release.Candidate.app/Contents/Developer/Platforms/WatchOS.platform/Developer/SDKs/WatchOS27.0.sdk -target arm64-apple-watchos9.0 -g -module-cache-path /Users/admin/builder/spi-builder-workspace/.derivedData/ModuleCache.noindex -Xfrontend -serialize-debugging-options -profile-coverage-mapping -profile-generate -enable-testing -index-store-path /Users/admin/builder/spi-builder-workspace/.derivedData/Index.noindex/DataStore -Xcc -D_LIBCPP_HARDENING_MODE\=_LIBCPP_HARDENING_MODE_DEBUG -swift-version 4 -I /Users/admin/builder/spi-builder-workspace/.derivedData/Build/Products/Debug-watchos -Isystem /Applications/Xcode-27.0.0-Release.Candidate.app/Contents/Developer/Platforms/WatchOS.platform/Developer/usr/lib -F /Users/admin/builder/spi-builder-workspace/.derivedData/Build/Products/Debug-watchos -F /Applications/Xcode-27.0.0-Release.Candidate.app/Contents/Developer/Platforms/WatchOS.platform/Developer/Library/Frameworks -F /Applications/Xcode-27.0.0-Release.Candidate.app/Contents/Developer/Platforms/WatchOS.platform/Developer/SDKs/WatchOS27.0.sdk/Developer/Library/Frameworks -c -j10 -enable-batch-mode -incremental -Xcc -ivfsstatcache -Xcc /Users/admin/builder/spi-builder-workspace/.derivedData/SDKStatCaches.noindex/watchos27.0-24R360-e829b21a6f8c9b70876ba0858053c04477534ef55a1706bf4c1112bbb242f0a2.sdkstatcache -output-file-map /Users/admin/builder/spi-builder-workspace/.derivedData/Build/Intermediates.noindex/ImageCoordinateSpace.build/Debug-watchos/ImageCoordinateSpace-t.build/Objects-normal/arm64/ImageCoordinateSpace-OutputFileMap.json -save-temps -no-color-diagnostics -emit-dependencies -emit-module -emit-module-path /Users/admin/builder/spi-builder-workspace/.derivedData/Build/Intermediates.noindex/ImageCoordinateSpace.build/Debug-watchos/ImageCoordinateSpace-t.build/Objects-normal/arm64/ImageCoordinateSpace.swiftmodule -serialize-diagnostics -validate-clang-modules-once -clang-build-session-file /Users/admin/builder/spi-builder-workspace/.derivedData/ModuleCache.noindex/Session.modulevalidation -Xcc -fmodules-prune-interval\=86400 -Xcc -fmodules-prune-after\=345600 -emit-const-values -const-gather-protocols-list /Users/admin/builder/spi-builder-workspace/.derivedData/Build/Intermediates.noindex/ImageCoordinateSpace.build/Debug-watchos/ImageCoordinateSpace-t.build/Objects-normal/arm64/ImageCoordinateSpace_const_extract_protocols.json -Xcc -I/Users/admin/builder/spi-builder-workspace/.derivedData/Build/Products/Debug-watchos/include -Xcc -I/Users/admin/builder/spi-builder-workspace/.derivedData/Build/Intermediates.noindex/ImageCoordinateSpace.build/Debug-watchos/ImageCoordinateSpace-t.build/DerivedSources-normal/arm64 -Xcc -I/Users/admin/builder/spi-builder-workspace/.derivedData/Build/Intermediates.noindex/ImageCoordinateSpace.build/Debug-watchos/ImageCoordinateSpace-t.build/DerivedSources/arm64 -Xcc -I/Users/admin/builder/spi-builder-workspace/.derivedData/Build/Intermediates.noindex/ImageCoordinateSpace.build/Debug-watchos/ImageCoordinateSpace-t.build/DerivedSources -Xcc -DSWIFT_PACKAGE -Xcc -DDEBUG\=1 -emit-objc-header -emit-objc-header-path /Users/admin/builder/spi-builder-workspace/.derivedData/Build/Intermediates.noindex/ImageCoordinateSpace.build/Debug-watchos/ImageCoordinateSpace-t.build/Objects-normal/arm64/ImageCoordinateSpace-Swift.h -working-directory /Users/admin/builder/spi-builder-workspace/.swiftpm/xcode -experimental-emit-module-separately -disable-cmo
SwiftDriver ImageCoordinateSpace normal arm64_32 com.apple.xcode.tools.swift.compiler (in target 'ImageCoordinateSpace' from project 'ImageCoordinateSpace')
cd /Users/admin/builder/spi-builder-workspace/.swiftpm/xcode
builtin-SwiftDriver -- /Applications/Xcode-27.0.0-Release.Candidate.app/Contents/Developer/Toolchains/XcodeDefault.xctoolchain/usr/bin/swiftc -parse-as-library -module-name ImageCoordinateSpace -Onone @/Users/admin/builder/spi-builder-workspace/.derivedData/Build/Intermediates.noindex/ImageCoordinateSpace.build/Debug-watchos/ImageCoordinateSpace-t.build/Objects-normal/arm64_32/ImageCoordinateSpace.SwiftFileList -DSWIFT_PACKAGE -DDEBUG -DSWIFT_MODULE_RESOURCE_BUNDLE_UNAVAILABLE -DXcode -plugin-path /Applications/Xcode-27.0.0-Release.Candidate.app/Contents/Developer/Toolchains/XcodeDefault.xctoolchain/usr/lib/swift/host/plugins/testing -enable-experimental-feature DebugDescriptionMacro -sdk /Applications/Xcode-27.0.0-Release.Candidate.app/Contents/Developer/Platforms/WatchOS.platform/Developer/SDKs/WatchOS27.0.sdk -target arm64_32-apple-watchos9.0 -g -module-cache-path /Users/admin/builder/spi-builder-workspace/.derivedData/ModuleCache.noindex -Xfrontend -serialize-debugging-options -profile-coverage-mapping -profile-generate -enable-testing -index-store-path /Users/admin/builder/spi-builder-workspace/.derivedData/Index.noindex/DataStore -Xcc -D_LIBCPP_HARDENING_MODE\=_LIBCPP_HARDENING_MODE_DEBUG -swift-version 4 -I /Users/admin/builder/spi-builder-workspace/.derivedData/Build/Products/Debug-watchos -Isystem /Applications/Xcode-27.0.0-Release.Candidate.app/Contents/Developer/Platforms/WatchOS.platform/Developer/usr/lib -F /Users/admin/builder/spi-builder-workspace/.derivedData/Build/Products/Debug-watchos -F /Applications/Xcode-27.0.0-Release.Candidate.app/Contents/Developer/Platforms/WatchOS.platform/Developer/Library/Frameworks -F /Applications/Xcode-27.0.0-Release.Candidate.app/Contents/Developer/Platforms/WatchOS.platform/Developer/SDKs/WatchOS27.0.sdk/Developer/Library/Frameworks -c -j10 -enable-batch-mode -incremental -Xcc -ivfsstatcache -Xcc /Users/admin/builder/spi-builder-workspace/.derivedData/SDKStatCaches.noindex/watchos27.0-24R360-e829b21a6f8c9b70876ba0858053c04477534ef55a1706bf4c1112bbb242f0a2.sdkstatcache -output-file-map /Users/admin/builder/spi-builder-workspace/.derivedData/Build/Intermediates.noindex/ImageCoordinateSpace.build/Debug-watchos/ImageCoordinateSpace-t.build/Objects-normal/arm64_32/ImageCoordinateSpace-OutputFileMap.json -save-temps -no-color-diagnostics -emit-dependencies -emit-module -emit-module-path /Users/admin/builder/spi-builder-workspace/.derivedData/Build/Intermediates.noindex/ImageCoordinateSpace.build/Debug-watchos/ImageCoordinateSpace-t.build/Objects-normal/arm64_32/ImageCoordinateSpace.swiftmodule -serialize-diagnostics -validate-clang-modules-once -clang-build-session-file /Users/admin/builder/spi-builder-workspace/.derivedData/ModuleCache.noindex/Session.modulevalidation -Xcc -fmodules-prune-interval\=86400 -Xcc -fmodules-prune-after\=345600 -emit-const-values -const-gather-protocols-list /Users/admin/builder/spi-builder-workspace/.derivedData/Build/Intermediates.noindex/ImageCoordinateSpace.build/Debug-watchos/ImageCoordinateSpace-t.build/Objects-normal/arm64_32/ImageCoordinateSpace_const_extract_protocols.json -Xcc -I/Users/admin/builder/spi-builder-workspace/.derivedData/Build/Products/Debug-watchos/include -Xcc -I/Users/admin/builder/spi-builder-workspace/.derivedData/Build/Intermediates.noindex/ImageCoordinateSpace.build/Debug-watchos/ImageCoordinateSpace-t.build/DerivedSources-normal/arm64_32 -Xcc -I/Users/admin/builder/spi-builder-workspace/.derivedData/Build/Intermediates.noindex/ImageCoordinateSpace.build/Debug-watchos/ImageCoordinateSpace-t.build/DerivedSources/arm64_32 -Xcc -I/Users/admin/builder/spi-builder-workspace/.derivedData/Build/Intermediates.noindex/ImageCoordinateSpace.build/Debug-watchos/ImageCoordinateSpace-t.build/DerivedSources -Xcc -DSWIFT_PACKAGE -Xcc -DDEBUG\=1 -emit-objc-header -emit-objc-header-path /Users/admin/builder/spi-builder-workspace/.derivedData/Build/Intermediates.noindex/ImageCoordinateSpace.build/Debug-watchos/ImageCoordinateSpace-t.build/Objects-normal/arm64_32/ImageCoordinateSpace-Swift.h -working-directory /Users/admin/builder/spi-builder-workspace/.swiftpm/xcode -experimental-emit-module-separately -disable-cmo
SwiftCompile normal arm64 Compiling\ SizeFactor.swift /Users/admin/builder/spi-builder-workspace/ImageCoordinateSpace/SizeFactor.swift (in target 'ImageCoordinateSpace' from project 'ImageCoordinateSpace')
SwiftCompile normal arm64 /Users/admin/builder/spi-builder-workspace/ImageCoordinateSpace/SizeFactor.swift (in target 'ImageCoordinateSpace' from project 'ImageCoordinateSpace')
cd /Users/admin/builder/spi-builder-workspace/.swiftpm/xcode
builtin-SwiftPerFileCompile SizeFactor.swift
SwiftCompile normal arm64 Compiling\ CGAffineTransform+Extensions.swift,\ CGSize+AxesPathMap.swift /Users/admin/builder/spi-builder-workspace/ImageCoordinateSpace/CGAffineTransform+Extensions.swift /Users/admin/builder/spi-builder-workspace/ImageCoordinateSpace/CGSize+AxesPathMap.swift (in target 'ImageCoordinateSpace' from project 'ImageCoordinateSpace')
SwiftCompile normal arm64 /Users/admin/builder/spi-builder-workspace/ImageCoordinateSpace/CGAffineTransform+Extensions.swift (in target 'ImageCoordinateSpace' from project 'ImageCoordinateSpace')
cd /Users/admin/builder/spi-builder-workspace/.swiftpm/xcode
builtin-SwiftPerFileCompile CGAffineTransform+Extensions.swift
SwiftCompile normal arm64 /Users/admin/builder/spi-builder-workspace/ImageCoordinateSpace/CGSize+AxesPathMap.swift (in target 'ImageCoordinateSpace' from project 'ImageCoordinateSpace')
cd /Users/admin/builder/spi-builder-workspace/.swiftpm/xcode
builtin-SwiftPerFileCompile CGSize+AxesPathMap.swift
SwiftCompile normal arm64 Compiling\ Converter.swift /Users/admin/builder/spi-builder-workspace/ImageCoordinateSpace/Converter.swift (in target 'ImageCoordinateSpace' from project 'ImageCoordinateSpace')
SwiftCompile normal arm64 /Users/admin/builder/spi-builder-workspace/ImageCoordinateSpace/Converter.swift (in target 'ImageCoordinateSpace' from project 'ImageCoordinateSpace')
cd /Users/admin/builder/spi-builder-workspace/.swiftpm/xcode
builtin-SwiftPerFileCompile Converter.swift
SwiftCompile normal arm64 Compiling\ SizeTransformer.swift /Users/admin/builder/spi-builder-workspace/ImageCoordinateSpace/SizeTransformer.swift (in target 'ImageCoordinateSpace' from project 'ImageCoordinateSpace')
SwiftCompile normal arm64 /Users/admin/builder/spi-builder-workspace/ImageCoordinateSpace/SizeTransformer.swift (in target 'ImageCoordinateSpace' from project 'ImageCoordinateSpace')
cd /Users/admin/builder/spi-builder-workspace/.swiftpm/xcode
builtin-SwiftPerFileCompile SizeTransformer.swift
SwiftCompile normal arm64 Compiling\ ScaleFactor.swift /Users/admin/builder/spi-builder-workspace/ImageCoordinateSpace/ScaleFactor.swift (in target 'ImageCoordinateSpace' from project 'ImageCoordinateSpace')
SwiftCompile normal arm64 /Users/admin/builder/spi-builder-workspace/ImageCoordinateSpace/ScaleFactor.swift (in target 'ImageCoordinateSpace' from project 'ImageCoordinateSpace')
cd /Users/admin/builder/spi-builder-workspace/.swiftpm/xcode
builtin-SwiftPerFileCompile ScaleFactor.swift
SwiftCompile normal arm64 Compiling\ Convertible.swift /Users/admin/builder/spi-builder-workspace/ImageCoordinateSpace/Convertible.swift (in target 'ImageCoordinateSpace' from project 'ImageCoordinateSpace')
SwiftCompile normal arm64 /Users/admin/builder/spi-builder-workspace/ImageCoordinateSpace/Convertible.swift (in target 'ImageCoordinateSpace' from project 'ImageCoordinateSpace')
cd /Users/admin/builder/spi-builder-workspace/.swiftpm/xcode
builtin-SwiftPerFileCompile Convertible.swift
/Users/admin/builder/spi-builder-workspace/ImageCoordinateSpace/Convertible.swift:9:24: error: cannot find type 'CGAffineTransform' in scope
7 |
8 | protocol Convertible {
9 | func applying(_ t: CGAffineTransform) -> Self
| `- error: cannot find type 'CGAffineTransform' in scope
10 | func convert(from: UICoordinateSpace, to: UICoordinateSpace) -> Self
11 | }
/Users/admin/builder/spi-builder-workspace/ImageCoordinateSpace/Convertible.swift:10:24: error: cannot find type 'UICoordinateSpace' in scope
8 | protocol Convertible {
9 | func applying(_ t: CGAffineTransform) -> Self
10 | func convert(from: UICoordinateSpace, to: UICoordinateSpace) -> Self
| `- error: cannot find type 'UICoordinateSpace' in scope
11 | }
12 |
/Users/admin/builder/spi-builder-workspace/ImageCoordinateSpace/Convertible.swift:10:47: error: cannot find type 'UICoordinateSpace' in scope
8 | protocol Convertible {
9 | func applying(_ t: CGAffineTransform) -> Self
10 | func convert(from: UICoordinateSpace, to: UICoordinateSpace) -> Self
| `- error: cannot find type 'UICoordinateSpace' in scope
11 | }
12 |
/Users/admin/builder/spi-builder-workspace/ImageCoordinateSpace/Convertible.swift:13:11: error: cannot find type 'CGRect' in scope
11 | }
12 |
13 | extension CGRect: Convertible {
| `- error: cannot find type 'CGRect' in scope
14 | func convert(from: UICoordinateSpace, to: UICoordinateSpace) -> CGRect {
15 | return from.convert(self, to: to)
SwiftCompile normal arm64 Compiling\ ViewContentModeTransformer+UIView.swift /Users/admin/builder/spi-builder-workspace/ImageCoordinateSpace/ViewContentModeTransformer+UIView.swift (in target 'ImageCoordinateSpace' from project 'ImageCoordinateSpace')
/Users/admin/builder/spi-builder-workspace/ImageCoordinateSpace/ViewContentModeTransformer+UIView.swift:9:11: error: cannot find type 'UIView' in scope
7 | //
8 |
9 | extension UIView {
| `- error: cannot find type 'UIView' in scope
10 | var viewContentModeTransformer: ViewContentModeTransformer {
11 | return .init(contentMode: contentMode,
/Users/admin/builder/spi-builder-workspace/ImageCoordinateSpace/ViewContentModeTransformer.swift:10:22: error: cannot find type 'UIView' in scope
8 |
9 | struct ViewContentModeTransformer {
10 | let contentMode: UIView.ContentMode
| `- error: cannot find type 'UIView' in scope
11 | let sizeTransformer: SizeTransformer
12 |
/Users/admin/builder/spi-builder-workspace/ImageCoordinateSpace/SizeTransformer.swift:9:34: error: cannot find type 'CGSize' in scope
7 |
8 | struct SizeTransformer {
9 | let boundsSize, contentSize: CGSize
| `- error: cannot find type 'CGSize' in scope
10 |
11 | func isIdentity() -> Bool {
/Users/admin/builder/spi-builder-workspace/ImageCoordinateSpace/ViewContentModeTransformer+UIView.swift:18:25: error: cannot find type 'CGAffineTransform' in scope
16 |
17 | extension ViewContentModeTransformer {
18 | func transform() -> CGAffineTransform {
| `- error: cannot find type 'CGAffineTransform' in scope
19 | return sizeTransformer.isIdentity() ? .identity : contentToViewTransform()
20 | }
/Users/admin/builder/spi-builder-workspace/ImageCoordinateSpace/ViewContentModeTransformer+UIView.swift:22:63: error: cannot find type 'UICoordinateSpace' in scope
20 | }
21 |
22 | func coordinateSpace(basedOn space: UICoordinateSpace) -> UICoordinateSpace {
| `- error: cannot find type 'UICoordinateSpace' in scope
23 | return TransformedCoordinateSpace(size: sizeTransformer.contentSize,
24 | converter: .init(transform: transform(),
/Users/admin/builder/spi-builder-workspace/ImageCoordinateSpace/ViewContentModeTransformer+UIView.swift:22:41: error: cannot find type 'UICoordinateSpace' in scope
20 | }
21 |
22 | func coordinateSpace(basedOn space: UICoordinateSpace) -> UICoordinateSpace {
| `- error: cannot find type 'UICoordinateSpace' in scope
23 | return TransformedCoordinateSpace(size: sizeTransformer.contentSize,
24 | converter: .init(transform: transform(),
/Users/admin/builder/spi-builder-workspace/ImageCoordinateSpace/ViewContentModeTransformer.swift:13:38: error: cannot find type 'CGAffineTransform' in scope
11 | let sizeTransformer: SizeTransformer
12 |
13 | func contentToViewTransform() -> CGAffineTransform {
| `- error: cannot find type 'CGAffineTransform' in scope
14 | switch contentMode {
15 | case .scaleAspectFill:
SwiftCompile normal arm64 /Users/admin/builder/spi-builder-workspace/ImageCoordinateSpace/ViewContentModeTransformer+UIView.swift (in target 'ImageCoordinateSpace' from project 'ImageCoordinateSpace')
cd /Users/admin/builder/spi-builder-workspace/.swiftpm/xcode
builtin-SwiftPerFileCompile ViewContentModeTransformer+UIView.swift
SwiftCompile normal arm64 Compiling\ TransformedCoordinateSpace.swift /Users/admin/builder/spi-builder-workspace/ImageCoordinateSpace/TransformedCoordinateSpace.swift (in target 'ImageCoordinateSpace' from project 'ImageCoordinateSpace')
SwiftCompile normal arm64 /Users/admin/builder/spi-builder-workspace/ImageCoordinateSpace/TransformedCoordinateSpace.swift (in target 'ImageCoordinateSpace' from project 'ImageCoordinateSpace')
cd /Users/admin/builder/spi-builder-workspace/.swiftpm/xcode
builtin-SwiftPerFileCompile TransformedCoordinateSpace.swift
SwiftEmitModule normal arm64 Emitting\ module\ for\ ImageCoordinateSpace (in target 'ImageCoordinateSpace' from project 'ImageCoordinateSpace')
SwiftCompile normal arm64 (in target 'ImageCoordinateSpace' from project 'ImageCoordinateSpace')
cd /Users/admin/builder/spi-builder-workspace/.swiftpm/xcode
SwiftEmitModule normal arm64_32 Emitting\ module\ for\ ImageCoordinateSpace (in target 'ImageCoordinateSpace' from project 'ImageCoordinateSpace')
/Users/admin/builder/spi-builder-workspace/ImageCoordinateSpace/CGAffineTransform+Extensions.swift:8:11: error: cannot find type 'CGAffineTransform' in scope
6 | //
7 |
8 | extension CGAffineTransform {
| `- error: cannot find type 'CGAffineTransform' in scope
9 | func scale(using reduce: (CGFloat, CGFloat) -> CGFloat) -> CGFloat {
10 | return reduce(a, d)
/Users/admin/builder/spi-builder-workspace/ImageCoordinateSpace/CGSize+AxesPathMap.swift:8:11: error: cannot find type 'CGSize' in scope
6 | //
7 |
8 | extension CGSize {
| `- error: cannot find type 'CGSize' in scope
9 | func axesPathMap(block: (KeyPath<CGSize, CGFloat>, CGFloat) -> CGFloat) -> CGSize {
10 | return .init(width: block(\.width, width),
/Users/admin/builder/spi-builder-workspace/ImageCoordinateSpace/Converter.swift:9:20: error: cannot find type 'CGAffineTransform' in scope
7 |
8 | struct Converter {
9 | let transform: CGAffineTransform
| `- error: cannot find type 'CGAffineTransform' in scope
10 | let reference: UICoordinateSpace
11 |
/Users/admin/builder/spi-builder-workspace/ImageCoordinateSpace/Converter.swift:10:20: error: cannot find type 'UICoordinateSpace' in scope
8 | struct Converter {
9 | let transform: CGAffineTransform
10 | let reference: UICoordinateSpace
| `- error: cannot find type 'UICoordinateSpace' in scope
11 |
12 | func convert<T: Convertible>(_ object: T, to: UICoordinateSpace) -> T {
/Users/admin/builder/spi-builder-workspace/ImageCoordinateSpace/Converter.swift:12:51: error: cannot find type 'UICoordinateSpace' in scope
10 | let reference: UICoordinateSpace
11 |
12 | func convert<T: Convertible>(_ object: T, to: UICoordinateSpace) -> T {
| `- error: cannot find type 'UICoordinateSpace' in scope
13 | return object.applying(transform).convert(from: reference, to: to)
14 | }
/Users/admin/builder/spi-builder-workspace/ImageCoordinateSpace/Converter.swift:15:53: error: cannot find type 'UICoordinateSpace' in scope
13 | return object.applying(transform).convert(from: reference, to: to)
14 | }
15 | func convert<T: Convertible>(_ object: T, from: UICoordinateSpace) -> T {
| `- error: cannot find type 'UICoordinateSpace' in scope
16 | return object.convert(from: from, to: reference).applying(transform.inverted())
17 | }
/Users/admin/builder/spi-builder-workspace/ImageCoordinateSpace/Convertible.swift:9:24: error: cannot find type 'CGAffineTransform' in scope
7 |
8 | protocol Convertible {
9 | func applying(_ t: CGAffineTransform) -> Self
| `- error: cannot find type 'CGAffineTransform' in scope
10 | func convert(from: UICoordinateSpace, to: UICoordinateSpace) -> Self
11 | }
/Users/admin/builder/spi-builder-workspace/ImageCoordinateSpace/Convertible.swift:10:24: error: cannot find type 'UICoordinateSpace' in scope
8 | protocol Convertible {
9 | func applying(_ t: CGAffineTransform) -> Self
10 | func convert(from: UICoordinateSpace, to: UICoordinateSpace) -> Self
| `- error: cannot find type 'UICoordinateSpace' in scope
11 | }
12 |
/Users/admin/builder/spi-builder-workspace/ImageCoordinateSpace/Convertible.swift:10:47: error: cannot find type 'UICoordinateSpace' in scope
8 | protocol Convertible {
9 | func applying(_ t: CGAffineTransform) -> Self
10 | func convert(from: UICoordinateSpace, to: UICoordinateSpace) -> Self
| `- error: cannot find type 'UICoordinateSpace' in scope
11 | }
12 |
/Users/admin/builder/spi-builder-workspace/ImageCoordinateSpace/Convertible.swift:13:11: error: cannot find type 'CGRect' in scope
11 | }
12 |
13 | extension CGRect: Convertible {
| `- error: cannot find type 'CGRect' in scope
14 | func convert(from: UICoordinateSpace, to: UICoordinateSpace) -> CGRect {
15 | return from.convert(self, to: to)
/Users/admin/builder/spi-builder-workspace/ImageCoordinateSpace/Convertible.swift:18:11: error: cannot find type 'CGPoint' in scope
16 | }
17 | }
18 | extension CGPoint: Convertible {
| `- error: cannot find type 'CGPoint' in scope
19 | func convert(from: UICoordinateSpace, to: UICoordinateSpace) -> CGPoint {
20 | return from.convert(self, to: to)
/Users/admin/builder/spi-builder-workspace/ImageCoordinateSpace/ScaleFactor.swift:8:19: error: cannot find type 'CGFloat' in scope
6 | //
7 |
8 | enum ScaleFactor: CGFloat {
| `- error: cannot find type 'CGFloat' in scope
9 | case none = 0
10 | case half = 0.5
/Users/admin/builder/spi-builder-workspace/ImageCoordinateSpace/SizeFactor.swift:8:24: error: cannot find type 'CGSize' in scope
6 | //
7 |
8 | typealias SizeFactor = CGSize
| `- error: cannot find type 'CGSize' in scope
9 |
10 | extension SizeFactor {
/Users/admin/builder/spi-builder-workspace/ImageCoordinateSpace/SizeTransformer.swift:9:34: error: cannot find type 'CGSize' in scope
7 |
8 | struct SizeTransformer {
9 | let boundsSize, contentSize: CGSize
| `- error: cannot find type 'CGSize' in scope
10 |
11 | func isIdentity() -> Bool {
/Users/admin/builder/spi-builder-workspace/ImageCoordinateSpace/SizeTransformer.swift:15:27: error: cannot find type 'CGAffineTransform' in scope
13 | }
14 |
15 | func scaleToFill() -> CGAffineTransform {
| `- error: cannot find type 'CGAffineTransform' in scope
16 | return .init(scaleTo: boundsSize, from: contentSize)
17 | }
/Users/admin/builder/spi-builder-workspace/ImageCoordinateSpace/SizeTransformer.swift:20:63: error: cannot find type 'CGAffineTransform' in scope
18 |
19 | func translateAndScale(by factor: SizeFactor = SizeFactor(height: .center, width: .center),
20 | sizeScale scale: CGFloat = 1.0) -> CGAffineTransform {
| `- error: cannot find type 'CGAffineTransform' in scope
21 | return .init(translation: factor.axesPathMap { path, factorValue in
22 | factorValue * (boundsSize[keyPath: path] - contentSize[keyPath: path] * scale)
/Users/admin/builder/spi-builder-workspace/ImageCoordinateSpace/SizeTransformer.swift:20:45: error: cannot find type 'CGFloat' in scope
18 |
19 | func translateAndScale(by factor: SizeFactor = SizeFactor(height: .center, width: .center),
20 | sizeScale scale: CGFloat = 1.0) -> CGAffineTransform {
| `- error: cannot find type 'CGFloat' in scope
21 | return .init(translation: factor.axesPathMap { path, factorValue in
22 | factorValue * (boundsSize[keyPath: path] - contentSize[keyPath: path] * scale)
/Users/admin/builder/spi-builder-workspace/ImageCoordinateSpace/SizeTransformer.swift:26:73: error: cannot find type 'CGAffineTransform' in scope
24 | }
25 |
26 | func centerAndScale(using reduce: (CGFloat, CGFloat) -> CGFloat) -> CGAffineTransform {
| `- error: cannot find type 'CGAffineTransform' in scope
27 | let scale = scaleToFill().scale(using: reduce)
28 | return translateAndScale(sizeScale: scale).scaledBy(scale)
/Users/admin/builder/spi-builder-workspace/ImageCoordinateSpace/SizeTransformer.swift:26:40: error: cannot find type 'CGFloat' in scope
24 | }
25 |
26 | func centerAndScale(using reduce: (CGFloat, CGFloat) -> CGFloat) -> CGAffineTransform {
| `- error: cannot find type 'CGFloat' in scope
27 | let scale = scaleToFill().scale(using: reduce)
28 | return translateAndScale(sizeScale: scale).scaledBy(scale)
/Users/admin/builder/spi-builder-workspace/ImageCoordinateSpace/SizeTransformer.swift:26:49: error: cannot find type 'CGFloat' in scope
24 | }
25 |
26 | func centerAndScale(using reduce: (CGFloat, CGFloat) -> CGFloat) -> CGAffineTransform {
| `- error: cannot find type 'CGFloat' in scope
27 | let scale = scaleToFill().scale(using: reduce)
28 | return translateAndScale(sizeScale: scale).scaledBy(scale)
/Users/admin/builder/spi-builder-workspace/ImageCoordinateSpace/SizeTransformer.swift:26:61: error: cannot find type 'CGFloat' in scope
24 | }
25 |
26 | func centerAndScale(using reduce: (CGFloat, CGFloat) -> CGFloat) -> CGAffineTransform {
| `- error: cannot find type 'CGFloat' in scope
27 | let scale = scaleToFill().scale(using: reduce)
28 | return translateAndScale(sizeScale: scale).scaledBy(scale)
/Users/admin/builder/spi-builder-workspace/ImageCoordinateSpace/TransformedCoordinateSpace.swift:9:35: error: cannot find type 'NSObject' in scope
7 | //
8 |
9 | class TransformedCoordinateSpace: NSObject {
| `- error: cannot find type 'NSObject' in scope
10 | let size: CGSize
11 | let converter: Converter
/Users/admin/builder/spi-builder-workspace/ImageCoordinateSpace/TransformedCoordinateSpace.swift:10:15: error: cannot find type 'CGSize' in scope
8 |
9 | class TransformedCoordinateSpace: NSObject {
10 | let size: CGSize
| `- error: cannot find type 'CGSize' in scope
11 | let converter: Converter
12 |
/Users/admin/builder/spi-builder-workspace/ImageCoordinateSpace/TransformedCoordinateSpace.swift:13:28: error: cannot find type 'CGSize' in scope
11 | let converter: Converter
12 |
13 | init(size contentSize: CGSize, converter spaceConverter: Converter) {
| `- error: cannot find type 'CGSize' in scope
14 | size = contentSize
15 | converter = spaceConverter
/Users/admin/builder/spi-builder-workspace/ImageCoordinateSpace/TransformedCoordinateSpace.swift:19:39: error: cannot find type 'UICoordinateSpace' in scope
17 | }
18 |
19 | extension TransformedCoordinateSpace: UICoordinateSpace {
| `- error: cannot find type 'UICoordinateSpace' in scope
20 | var bounds: CGRect {
21 | return .init(origin: .zero, size: size)
/Users/admin/builder/spi-builder-workspace/ImageCoordinateSpace/TransformedCoordinateSpace.swift:20:17: error: cannot find type 'CGRect' in scope
18 |
19 | extension TransformedCoordinateSpace: UICoordinateSpace {
20 | var bounds: CGRect {
| `- error: cannot find type 'CGRect' in scope
21 | return .init(origin: .zero, size: size)
22 | }
/Users/admin/builder/spi-builder-workspace/ImageCoordinateSpace/TransformedCoordinateSpace.swift:24:69: error: cannot find type 'CGPoint' in scope
22 | }
23 |
24 | func convert(_ object: CGPoint, to space: UICoordinateSpace) -> CGPoint {
| `- error: cannot find type 'CGPoint' in scope
25 | return converter.convert(object, to: space)
26 | }
/Users/admin/builder/spi-builder-workspace/ImageCoordinateSpace/TransformedCoordinateSpace.swift:24:28: error: cannot find type 'CGPoint' in scope
22 | }
23 |
24 | func convert(_ object: CGPoint, to space: UICoordinateSpace) -> CGPoint {
| `- error: cannot find type 'CGPoint' in scope
25 | return converter.convert(object, to: space)
26 | }
/Users/admin/builder/spi-builder-workspace/ImageCoordinateSpace/TransformedCoordinateSpace.swift:24:47: error: cannot find type 'UICoordinateSpace' in scope
22 | }
23 |
24 | func convert(_ object: CGPoint, to space: UICoordinateSpace) -> CGPoint {
| `- error: cannot find type 'UICoordinateSpace' in scope
25 | return converter.convert(object, to: space)
26 | }
/Users/admin/builder/spi-builder-workspace/ImageCoordinateSpace/TransformedCoordinateSpace.swift:27:68: error: cannot find type 'CGRect' in scope
25 | return converter.convert(object, to: space)
26 | }
27 | func convert(_ object: CGRect, to space: UICoordinateSpace) -> CGRect {
| `- error: cannot find type 'CGRect' in scope
28 | return converter.convert(object, to: space)
29 | }
/Users/admin/builder/spi-builder-workspace/ImageCoordinateSpace/TransformedCoordinateSpace.swift:27:28: error: cannot find type 'CGRect' in scope
25 | return converter.convert(object, to: space)
26 | }
27 | func convert(_ object: CGRect, to space: UICoordinateSpace) -> CGRect {
| `- error: cannot find type 'CGRect' in scope
28 | return converter.convert(object, to: space)
29 | }
/Users/admin/builder/spi-builder-workspace/ImageCoordinateSpace/TransformedCoordinateSpace.swift:27:46: error: cannot find type 'UICoordinateSpace' in scope
25 | return converter.convert(object, to: space)
26 | }
27 | func convert(_ object: CGRect, to space: UICoordinateSpace) -> CGRect {
| `- error: cannot find type 'UICoordinateSpace' in scope
28 | return converter.convert(object, to: space)
29 | }
/Users/admin/builder/spi-builder-workspace/ImageCoordinateSpace/TransformedCoordinateSpace.swift:31:71: error: cannot find type 'CGPoint' in scope
29 | }
30 |
31 | func convert(_ object: CGPoint, from space: UICoordinateSpace) -> CGPoint {
| `- error: cannot find type 'CGPoint' in scope
32 | return converter.convert(object, from: space)
33 | }
/Users/admin/builder/spi-builder-workspace/ImageCoordinateSpace/TransformedCoordinateSpace.swift:31:28: error: cannot find type 'CGPoint' in scope
29 | }
30 |
31 | func convert(_ object: CGPoint, from space: UICoordinateSpace) -> CGPoint {
| `- error: cannot find type 'CGPoint' in scope
32 | return converter.convert(object, from: space)
33 | }
/Users/admin/builder/spi-builder-workspace/ImageCoordinateSpace/TransformedCoordinateSpace.swift:31:49: error: cannot find type 'UICoordinateSpace' in scope
29 | }
30 |
31 | func convert(_ object: CGPoint, from space: UICoordinateSpace) -> CGPoint {
| `- error: cannot find type 'UICoordinateSpace' in scope
32 | return converter.convert(object, from: space)
33 | }
/Users/admin/builder/spi-builder-workspace/ImageCoordinateSpace/TransformedCoordinateSpace.swift:34:70: error: cannot find type 'CGRect' in scope
32 | return converter.convert(object, from: space)
33 | }
34 | func convert(_ object: CGRect, from space: UICoordinateSpace) -> CGRect {
| `- error: cannot find type 'CGRect' in scope
35 | return converter.convert(object, from: space)
36 | }
/Users/admin/builder/spi-builder-workspace/ImageCoordinateSpace/TransformedCoordinateSpace.swift:34:28: error: cannot find type 'CGRect' in scope
32 | return converter.convert(object, from: space)
33 | }
34 | func convert(_ object: CGRect, from space: UICoordinateSpace) -> CGRect {
| `- error: cannot find type 'CGRect' in scope
35 | return converter.convert(object, from: space)
36 | }
/Users/admin/builder/spi-builder-workspace/ImageCoordinateSpace/TransformedCoordinateSpace.swift:34:48: error: cannot find type 'UICoordinateSpace' in scope
32 | return converter.convert(object, from: space)
33 | }
34 | func convert(_ object: CGRect, from space: UICoordinateSpace) -> CGRect {
| `- error: cannot find type 'UICoordinateSpace' in scope
35 | return converter.convert(object, from: space)
36 | }
/Users/admin/builder/spi-builder-workspace/ImageCoordinateSpace/UIView+UICoordinateSpace.swift:12:18: error: 'UIView' is unavailable in watchOS
10 |
11 | // MARK: Adds UIView contentSpace property to view
12 | public extension UIView {
| `- error: 'UIView' is unavailable in watchOS
13 | /**
14 | View coordinate space that accounts for view content mode
/Applications/Xcode-27.0.0-Release.Candidate.app/Contents/Developer/Platforms/WatchOS.platform/Developer/SDKs/WatchOS27.0.sdk/System/Library/Frameworks/UIKit.framework/Headers/UIView.h:152:12: note: 'UIView' has been explicitly marked unavailable here
150 |
151 | UIKIT_EXTERN API_AVAILABLE(ios(2.0)) API_UNAVAILABLE(watchos) NS_SWIFT_UI_ACTOR
152 | @interface UIView : UIResponder <NSCoding, UIAppearance, UIAppearanceContainer, UIDynamicItem, UITraitEnvironment, UICoordinateSpace, UIFocusItem, UIFocusItemContainer, CALayerDelegate>
| `- note: 'UIView' has been explicitly marked unavailable here
153 |
154 | @property(class, nonatomic, readonly) Class layerClass; // default is [CALayer class]. Used when creating the underlying layer for the view.
/Users/admin/builder/spi-builder-workspace/ImageCoordinateSpace/ViewContentModeTransformer+UIView.swift:9:11: error: cannot find type 'UIView' in scope
7 | //
8 |
9 | extension UIView {
| `- error: cannot find type 'UIView' in scope
10 | var viewContentModeTransformer: ViewContentModeTransformer {
11 | return .init(contentMode: contentMode,
/Users/admin/builder/spi-builder-workspace/ImageCoordinateSpace/ViewContentModeTransformer.swift:10:22: error: cannot find type 'UIView' in scope
8 |
9 | struct ViewContentModeTransformer {
10 | let contentMode: UIView.ContentMode
| `- error: cannot find type 'UIView' in scope
11 | let sizeTransformer: SizeTransformer
12 |
/Users/admin/builder/spi-builder-workspace/ImageCoordinateSpace/ViewContentModeTransformer+UIView.swift:18:25: error: cannot find type 'CGAffineTransform' in scope
16 |
17 | extension ViewContentModeTransformer {
18 | func transform() -> CGAffineTransform {
| `- error: cannot find type 'CGAffineTransform' in scope
19 | return sizeTransformer.isIdentity() ? .identity : contentToViewTransform()
20 | }
/Users/admin/builder/spi-builder-workspace/ImageCoordinateSpace/ViewContentModeTransformer+UIView.swift:22:63: error: cannot find type 'UICoordinateSpace' in scope
20 | }
21 |
22 | func coordinateSpace(basedOn space: UICoordinateSpace) -> UICoordinateSpace {
| `- error: cannot find type 'UICoordinateSpace' in scope
23 | return TransformedCoordinateSpace(size: sizeTransformer.contentSize,
24 | converter: .init(transform: transform(),
/Users/admin/builder/spi-builder-workspace/ImageCoordinateSpace/ViewContentModeTransformer+UIView.swift:22:41: error: cannot find type 'UICoordinateSpace' in scope
20 | }
21 |
22 | func coordinateSpace(basedOn space: UICoordinateSpace) -> UICoordinateSpace {
| `- error: cannot find type 'UICoordinateSpace' in scope
23 | return TransformedCoordinateSpace(size: sizeTransformer.contentSize,
24 | converter: .init(transform: transform(),
/Users/admin/builder/spi-builder-workspace/ImageCoordinateSpace/ViewContentModeTransformer.swift:13:38: error: cannot find type 'CGAffineTransform' in scope
11 | let sizeTransformer: SizeTransformer
12 |
13 | func contentToViewTransform() -> CGAffineTransform {
| `- error: cannot find type 'CGAffineTransform' in scope
14 | switch contentMode {
15 | case .scaleAspectFill:
Failed frontend command:
/Applications/Xcode-27.0.0-Release.Candidate.app/Contents/Developer/Toolchains/XcodeDefault.xctoolchain/usr/bin/swift-frontend -frontend -emit-module -experimental-skip-non-inlinable-function-bodies-without-types /Users/admin/builder/spi-builder-workspace/ImageCoordinateSpace/CGAffineTransform+Extensions.swift /Users/admin/builder/spi-builder-workspace/ImageCoordinateSpace/CGSize+AxesPathMap.swift /Users/admin/builder/spi-builder-workspace/ImageCoordinateSpace/Converter.swift /Users/admin/builder/spi-builder-workspace/ImageCoordinateSpace/Convertible.swift /Users/admin/builder/spi-builder-workspace/ImageCoordinateSpace/ScaleFactor.swift /Users/admin/builder/spi-builder-workspace/ImageCoordinateSpace/SizeFactor.swift /Users/admin/builder/spi-builder-workspace/ImageCoordinateSpace/SizeTransformer.swift /Users/admin/builder/spi-builder-workspace/ImageCoordinateSpace/TransformedCoordinateSpace.swift /Users/admin/builder/spi-builder-workspace/ImageCoordinateSpace/UIView+UICoordinateSpace.swift /Users/admin/builder/spi-builder-workspace/ImageCoordinateSpace/ViewContentModeTransformer+UIView.swift /Users/admin/builder/spi-builder-workspace/ImageCoordinateSpace/ViewContentModeTransformer.swift -target arm64_32-apple-watchos9.0 -enable-objc-interop -sdk /Applications/Xcode-27.0.0-Release.Candidate.app/Contents/Developer/Platforms/WatchOS.platform/Developer/SDKs/WatchOS27.0.sdk -I /Users/admin/builder/spi-builder-workspace/.derivedData/Build/Products/Debug-watchos -Isystem /Applications/Xcode-27.0.0-Release.Candidate.app/Contents/Developer/Platforms/WatchOS.platform/Developer/usr/lib -F /Users/admin/builder/spi-builder-workspace/.derivedData/Build/Products/Debug-watchos -F /Applications/Xcode-27.0.0-Release.Candidate.app/Contents/Developer/Platforms/WatchOS.platform/Developer/Library/Frameworks -F /Applications/Xcode-27.0.0-Release.Candidate.app/Contents/Developer/Platforms/WatchOS.platform/Developer/SDKs/WatchOS27.0.sdk/Developer/Library/Frameworks -module-cache-path /Users/admin/builder/spi-builder-workspace/.derivedData/ModuleCache.noindex -no-color-diagnostics -Xcc -fno-color-diagnostics -enable-testing -g -debug-info-format\=dwarf -dwarf-version\=4 -profile-generate -profile-coverage-mapping -swift-version 4 -Onone -D SWIFT_PACKAGE -D DEBUG -D SWIFT_MODULE_RESOURCE_BUNDLE_UNAVAILABLE -D Xcode -serialize-debugging-options -enable-experimental-feature DebugDescriptionMacro -empty-abi-descriptor -plugin-path /Applications/Xcode-27.0.0-Release.Candidate.app/Contents/Developer/Toolchains/XcodeDefault.xctoolchain/usr/lib/swift/host/plugins/testing -validate-clang-modules-once -clang-build-session-file /Users/admin/builder/spi-builder-workspace/.derivedData/ModuleCache.noindex/Session.modulevalidation -Xcc -working-directory -Xcc /Users/admin/builder/spi-builder-workspace/.swiftpm/xcode -enable-anonymous-context-mangled-names -file-compilation-dir /Users/admin/builder/spi-builder-workspace/.swiftpm/xcode -Xcc -D_LIBCPP_HARDENING_MODE\=_LIBCPP_HARDENING_MODE_DEBUG -Xcc -ivfsstatcache -Xcc /Users/admin/builder/spi-builder-workspace/.derivedData/SDKStatCaches.noindex/watchos27.0-24R360-e829b21a6f8c9b70876ba0858053c04477534ef55a1706bf4c1112bbb242f0a2.sdkstatcache -Xcc -fmodules-prune-interval\=86400 -Xcc -fmodules-prune-after\=345600 -Xcc -I/Users/admin/builder/spi-builder-workspace/.derivedData/Build/Products/Debug-watchos/include -Xcc -I/Users/admin/builder/spi-builder-workspace/.derivedData/Build/Intermediates.noindex/ImageCoordinateSpace.build/Debug-watchos/ImageCoordinateSpace-t.build/DerivedSources-normal/arm64_32 -Xcc -I/Users/admin/builder/spi-builder-workspace/.derivedData/Build/Intermediates.noindex/ImageCoordinateSpace.build/Debug-watchos/ImageCoordinateSpace-t.build/DerivedSources/arm64_32 -Xcc -I/Users/admin/builder/spi-builder-workspace/.derivedData/Build/Intermediates.noindex/ImageCoordinateSpace.build/Debug-watchos/ImageCoordinateSpace-t.build/DerivedSources -Xcc -DSWIFT_PACKAGE -Xcc -DDEBUG\=1 -no-auto-bridging-header-chaining -module-name ImageCoordinateSpace -const-gather-protocols-file /Users/admin/builder/spi-builder-workspace/.derivedData/Build/Intermediates.noindex/ImageCoordinateSpace.build/Debug-watchos/ImageCoordinateSpace-t.build/Objects-normal/arm64_32/ImageCoordinateSpace_const_extract_protocols.json -disable-clang-spi -target-sdk-version 27.0 -target-sdk-name watchos27.0 -external-plugin-path /Applications/Xcode-27.0.0-Release.Candidate.app/Contents/Developer/Platforms/WatchOS.platform/Developer/usr/lib/swift/host/plugins\#/Applications/Xcode-27.0.0-Release.Candidate.app/Contents/Developer/Platforms/WatchOS.platform/Developer/usr/bin/swift-plugin-server -external-plugin-path /Applications/Xcode-27.0.0-Release.Candidate.app/Contents/Developer/Platforms/WatchOS.platform/Developer/usr/local/lib/swift/host/plugins\#/Applications/Xcode-27.0.0-Release.Candidate.app/Contents/Developer/Platforms/WatchOS.platform/Developer/usr/bin/swift-plugin-server -in-process-plugin-server-path /Applications/Xcode-27.0.0-Release.Candidate.app/Contents/Developer/Toolchains/XcodeDefault.xctoolchain/usr/lib/swift/host/libSwiftInProcPluginServer.dylib -plugin-path /Applications/Xcode-27.0.0-Release.Candidate.app/Contents/Developer/Toolchains/XcodeDefault.xctoolchain/usr/lib/swift/host/plugins -plugin-path /Applications/Xcode-27.0.0-Release.Candidate.app/Contents/Developer/Toolchains/XcodeDefault.xctoolchain/usr/local/lib/swift/host/plugins -emit-module-doc-path /Users/admin/builder/spi-builder-workspace/.derivedData/Build/Intermediates.noindex/ImageCoordinateSpace.build/Debug-watchos/ImageCoordinateSpace-t.build/Objects-normal/arm64_32/ImageCoordinateSpace.swiftdoc -emit-module-source-info-path /Users/admin/builder/spi-builder-workspace/.derivedData/Build/Intermediates.noindex/ImageCoordinateSpace.build/Debug-watchos/ImageCoordinateSpace-t.build/Objects-normal/arm64_32/ImageCoordinateSpace.swiftsourceinfo -emit-objc-header-path /Users/admin/builder/spi-builder-workspace/.derivedData/Build/Intermediates.noindex/ImageCoordinateSpace.build/Debug-watchos/ImageCoordinateSpace-t.build/Objects-normal/arm64_32/ImageCoordinateSpace-Swift.h -serialize-diagnostics-path /Users/admin/builder/spi-builder-workspace/.derivedData/Build/Intermediates.noindex/ImageCoordinateSpace.build/Debug-watchos/ImageCoordinateSpace-t.build/Objects-normal/arm64_32/ImageCoordinateSpace-primary-emit-module.dia -emit-dependencies-path /Users/admin/builder/spi-builder-workspace/.derivedData/Build/Intermediates.noindex/ImageCoordinateSpace.build/Debug-watchos/ImageCoordinateSpace-t.build/Objects-normal/arm64_32/ImageCoordinateSpace-primary-emit-module.d -parse-as-library -o /Users/admin/builder/spi-builder-workspace/.derivedData/Build/Intermediates.noindex/ImageCoordinateSpace.build/Debug-watchos/ImageCoordinateSpace-t.build/Objects-normal/arm64_32/ImageCoordinateSpace.swiftmodule -emit-abi-descriptor-path /Users/admin/builder/spi-builder-workspace/.derivedData/Build/Intermediates.noindex/ImageCoordinateSpace.build/Debug-watchos/ImageCoordinateSpace-t.build/Objects-normal/arm64_32/ImageCoordinateSpace.abi.json
SwiftCompile normal arm64_32 (in target 'ImageCoordinateSpace' from project 'ImageCoordinateSpace')
cd /Users/admin/builder/spi-builder-workspace/.swiftpm/xcode
PruneExplicitPrecompiledModules /Users/admin/builder/spi-builder-workspace/.derivedData/Build/Intermediates.noindex/SwiftExplicitPrecompiledModules
PruneExplicitPrecompiledModules /Users/admin/builder/spi-builder-workspace/.derivedData/Build/Intermediates.noindex/ExplicitPrecompiledModules
PruneExplicitPrecompiledModules /Users/admin/builder/spi-builder-workspace/.derivedData/SDKExplicitPrecompiledModules
2026-09-16 12:55:32.530 xcodebuild[782:4730] [MT] IDERunDestination: Supported platforms for the buildables in the current scheme is empty.
** BUILD FAILED **
The following build commands failed:
SwiftEmitModule normal arm64_32 Emitting\ module\ for\ ImageCoordinateSpace (in target 'ImageCoordinateSpace' from project 'ImageCoordinateSpace')
SwiftCompile normal arm64_32 (in target 'ImageCoordinateSpace' from project 'ImageCoordinateSpace')
Building workspace ImageCoordinateSpace with scheme ImageCoordinateSpace
(3 failures)
Command line invocation:
/Applications/Xcode-27.0.0-Release.Candidate.app/Contents/Developer/usr/bin/xcodebuild -IDEClonedSourcePackagesDirPathOverride=/Users/admin/builder/spi-builder-workspace/.dependencies -resolvePackageDependencies
Resolve Package Graph
Resolved source packages:
ImageCoordinateSpace: /Users/admin/builder/spi-builder-workspace
Nimble: https://github.com/Quick/Nimble.git @ 7.3.4
Quick: https://github.com/Quick/Quick.git @ 1.3.4
resolved source packages: ImageCoordinateSpace, Nimble, Quick
2026-09-16 12:55:38.494 xcodebuild[824:5071] [MT] IDERunDestination: Supported platforms for the buildables in the current scheme is empty.
{
"dependencies" : [
{
"identity" : "quick",
"requirement" : {
"range" : [
{
"lower_bound" : "1.2.0",
"upper_bound" : "2.0.0"
}
]
},
"type" : "sourceControl",
"url" : "https://github.com/Quick/Quick.git"
},
{
"identity" : "nimble",
"requirement" : {
"range" : [
{
"lower_bound" : "7.0.3",
"upper_bound" : "8.0.0"
}
]
},
"type" : "sourceControl",
"url" : "https://github.com/Quick/Nimble.git"
}
],
"manifest_display_name" : "ImageCoordinateSpace",
"name" : "ImageCoordinateSpace",
"path" : "/Users/admin/builder/spi-builder-workspace",
"platforms" : [
],
"products" : [
{
"name" : "ImageCoordinateSpace",
"targets" : [
"ImageCoordinateSpace"
],
"type" : {
"library" : [
"automatic"
]
}
}
],
"swift_languages_versions" : [
"4"
],
"targets" : [
{
"c99name" : "Unit_Tests",
"module_type" : "SwiftTarget",
"name" : "Unit Tests",
"path" : "Unit Tests",
"product_dependencies" : [
"Nimble",
"Quick"
],
"sources" : [
"ApproximateMatchers.swift",
"CGAffineTransform+Scale_Spec.swift",
"CGAffineTransformInvertSpec.swift",
"Quick+Additions.swift",
"RandomTestable.swift",
"SizeFactorSpec.swift",
"TransformedCoordinateSpaceSpec.swift",
"UIImage+testImage.swift"
],
"target_dependencies" : [
"ImageCoordinateSpace"
],
"type" : "test"
},
{
"c99name" : "ImageCoordinateSpace",
"module_type" : "SwiftTarget",
"name" : "ImageCoordinateSpace",
"path" : "ImageCoordinateSpace",
"product_memberships" : [
"ImageCoordinateSpace"
],
"sources" : [
"CGAffineTransform+Extensions.swift",
"CGSize+AxesPathMap.swift",
"Converter.swift",
"Convertible.swift",
"ScaleFactor.swift",
"SizeFactor.swift",
"SizeTransformer.swift",
"TransformedCoordinateSpace.swift",
"UIView+UICoordinateSpace.swift",
"ViewContentModeTransformer+UIView.swift",
"ViewContentModeTransformer.swift"
],
"type" : "library"
}
],
"tools_version" : "4.0"
}
{
"workspace" : {
"name" : "ImageCoordinateSpace",
"schemes" : [
"ImageCoordinateSpace"
]
}
}
2026-09-16 12:55:39.748 xcodebuild[832:5138] [MT] IDERunDestination: Supported platforms for the buildables in the current scheme is empty.
Running build ...
env DEVELOPER_DIR=/Applications/Xcode-27.0.0-Release.Candidate.app xcrun xcodebuild -IDEClonedSourcePackagesDirPathOverride=$PWD/.dependencies -skipMacroValidation -skipPackagePluginValidation -derivedDataPath $PWD/.derivedData build -scheme ImageCoordinateSpace -destination generic/platform=watchOS
Command line invocation:
/Applications/Xcode-27.0.0-Release.Candidate.app/Contents/Developer/usr/bin/xcodebuild -IDEClonedSourcePackagesDirPathOverride=/Users/admin/builder/spi-builder-workspace/.dependencies -skipMacroValidation -skipPackagePluginValidation -derivedDataPath /Users/admin/builder/spi-builder-workspace/.derivedData build -scheme ImageCoordinateSpace -destination generic/platform=watchOS
Resolve Package Graph
Resolved source packages:
ImageCoordinateSpace: /Users/admin/builder/spi-builder-workspace
Quick: https://github.com/Quick/Quick.git @ 1.3.4
Nimble: https://github.com/Quick/Nimble.git @ 7.3.4
ComputePackagePrebuildTargetDependencyGraph
Prepare packages
CreateBuildRequest
SendProjectDescription
CreateBuildOperation
ComputeTargetDependencyGraph
note: Building targets in dependency order
note: Target dependency graph (2 targets)
Target 'ImageCoordinateSpace-product' in project 'ImageCoordinateSpace'
➜ Explicit dependency on target 'ImageCoordinateSpace' in project 'ImageCoordinateSpace'
Target 'ImageCoordinateSpace' in project 'ImageCoordinateSpace' (no dependencies)
GatherProvisioningInputs
CreateBuildDescription
ClangStatCache /Applications/Xcode-27.0.0-Release.Candidate.app/Contents/Developer/Toolchains/XcodeDefault.xctoolchain/usr/bin/clang-stat-cache /Applications/Xcode-27.0.0-Release.Candidate.app/Contents/Developer/Platforms/WatchOS.platform/Developer/SDKs/WatchOS27.0.sdk /Users/admin/builder/spi-builder-workspace/.derivedData/SDKStatCaches.noindex/watchos27.0-24R360-e829b21a6f8c9b70876ba0858053c04477534ef55a1706bf4c1112bbb242f0a2.sdkstatcache
cd /Users/admin/builder/spi-builder-workspace/.swiftpm/xcode
/Applications/Xcode-27.0.0-Release.Candidate.app/Contents/Developer/Toolchains/XcodeDefault.xctoolchain/usr/bin/clang-stat-cache /Applications/Xcode-27.0.0-Release.Candidate.app/Contents/Developer/Platforms/WatchOS.platform/Developer/SDKs/WatchOS27.0.sdk -o /Users/admin/builder/spi-builder-workspace/.derivedData/SDKStatCaches.noindex/watchos27.0-24R360-e829b21a6f8c9b70876ba0858053c04477534ef55a1706bf4c1112bbb242f0a2.sdkstatcache
SwiftDriver ImageCoordinateSpace normal arm64 com.apple.xcode.tools.swift.compiler (in target 'ImageCoordinateSpace' from project 'ImageCoordinateSpace')
cd /Users/admin/builder/spi-builder-workspace/.swiftpm/xcode
builtin-SwiftDriver -- /Applications/Xcode-27.0.0-Release.Candidate.app/Contents/Developer/Toolchains/XcodeDefault.xctoolchain/usr/bin/swiftc -parse-as-library -module-name ImageCoordinateSpace -Onone @/Users/admin/builder/spi-builder-workspace/.derivedData/Build/Intermediates.noindex/ImageCoordinateSpace.build/Debug-watchos/ImageCoordinateSpace-t.build/Objects-normal/arm64/ImageCoordinateSpace.SwiftFileList -DSWIFT_PACKAGE -DDEBUG -DSWIFT_MODULE_RESOURCE_BUNDLE_UNAVAILABLE -DXcode -plugin-path /Applications/Xcode-27.0.0-Release.Candidate.app/Contents/Developer/Toolchains/XcodeDefault.xctoolchain/usr/lib/swift/host/plugins/testing -enable-experimental-feature DebugDescriptionMacro -sdk /Applications/Xcode-27.0.0-Release.Candidate.app/Contents/Developer/Platforms/WatchOS.platform/Developer/SDKs/WatchOS27.0.sdk -target arm64-apple-watchos9.0 -g -module-cache-path /Users/admin/builder/spi-builder-workspace/.derivedData/ModuleCache.noindex -Xfrontend -serialize-debugging-options -profile-coverage-mapping -profile-generate -enable-testing -index-store-path /Users/admin/builder/spi-builder-workspace/.derivedData/Index.noindex/DataStore -Xcc -D_LIBCPP_HARDENING_MODE\=_LIBCPP_HARDENING_MODE_DEBUG -swift-version 4 -I /Users/admin/builder/spi-builder-workspace/.derivedData/Build/Products/Debug-watchos -Isystem /Applications/Xcode-27.0.0-Release.Candidate.app/Contents/Developer/Platforms/WatchOS.platform/Developer/usr/lib -F /Users/admin/builder/spi-builder-workspace/.derivedData/Build/Products/Debug-watchos -F /Applications/Xcode-27.0.0-Release.Candidate.app/Contents/Developer/Platforms/WatchOS.platform/Developer/Library/Frameworks -F /Applications/Xcode-27.0.0-Release.Candidate.app/Contents/Developer/Platforms/WatchOS.platform/Developer/SDKs/WatchOS27.0.sdk/Developer/Library/Frameworks -c -j10 -enable-batch-mode -incremental -Xcc -ivfsstatcache -Xcc /Users/admin/builder/spi-builder-workspace/.derivedData/SDKStatCaches.noindex/watchos27.0-24R360-e829b21a6f8c9b70876ba0858053c04477534ef55a1706bf4c1112bbb242f0a2.sdkstatcache -output-file-map /Users/admin/builder/spi-builder-workspace/.derivedData/Build/Intermediates.noindex/ImageCoordinateSpace.build/Debug-watchos/ImageCoordinateSpace-t.build/Objects-normal/arm64/ImageCoordinateSpace-OutputFileMap.json -save-temps -no-color-diagnostics -emit-dependencies -emit-module -emit-module-path /Users/admin/builder/spi-builder-workspace/.derivedData/Build/Intermediates.noindex/ImageCoordinateSpace.build/Debug-watchos/ImageCoordinateSpace-t.build/Objects-normal/arm64/ImageCoordinateSpace.swiftmodule -serialize-diagnostics -validate-clang-modules-once -clang-build-session-file /Users/admin/builder/spi-builder-workspace/.derivedData/ModuleCache.noindex/Session.modulevalidation -Xcc -fmodules-prune-interval\=86400 -Xcc -fmodules-prune-after\=345600 -emit-const-values -const-gather-protocols-list /Users/admin/builder/spi-builder-workspace/.derivedData/Build/Intermediates.noindex/ImageCoordinateSpace.build/Debug-watchos/ImageCoordinateSpace-t.build/Objects-normal/arm64/ImageCoordinateSpace_const_extract_protocols.json -Xcc -I/Users/admin/builder/spi-builder-workspace/.derivedData/Build/Products/Debug-watchos/include -Xcc -I/Users/admin/builder/spi-builder-workspace/.derivedData/Build/Intermediates.noindex/ImageCoordinateSpace.build/Debug-watchos/ImageCoordinateSpace-t.build/DerivedSources-normal/arm64 -Xcc -I/Users/admin/builder/spi-builder-workspace/.derivedData/Build/Intermediates.noindex/ImageCoordinateSpace.build/Debug-watchos/ImageCoordinateSpace-t.build/DerivedSources/arm64 -Xcc -I/Users/admin/builder/spi-builder-workspace/.derivedData/Build/Intermediates.noindex/ImageCoordinateSpace.build/Debug-watchos/ImageCoordinateSpace-t.build/DerivedSources -Xcc -DSWIFT_PACKAGE -Xcc -DDEBUG\=1 -emit-objc-header -emit-objc-header-path /Users/admin/builder/spi-builder-workspace/.derivedData/Build/Intermediates.noindex/ImageCoordinateSpace.build/Debug-watchos/ImageCoordinateSpace-t.build/Objects-normal/arm64/ImageCoordinateSpace-Swift.h -working-directory /Users/admin/builder/spi-builder-workspace/.swiftpm/xcode -experimental-emit-module-separately -disable-cmo
SwiftDriver ImageCoordinateSpace normal arm64_32 com.apple.xcode.tools.swift.compiler (in target 'ImageCoordinateSpace' from project 'ImageCoordinateSpace')
cd /Users/admin/builder/spi-builder-workspace/.swiftpm/xcode
builtin-SwiftDriver -- /Applications/Xcode-27.0.0-Release.Candidate.app/Contents/Developer/Toolchains/XcodeDefault.xctoolchain/usr/bin/swiftc -parse-as-library -module-name ImageCoordinateSpace -Onone @/Users/admin/builder/spi-builder-workspace/.derivedData/Build/Intermediates.noindex/ImageCoordinateSpace.build/Debug-watchos/ImageCoordinateSpace-t.build/Objects-normal/arm64_32/ImageCoordinateSpace.SwiftFileList -DSWIFT_PACKAGE -DDEBUG -DSWIFT_MODULE_RESOURCE_BUNDLE_UNAVAILABLE -DXcode -plugin-path /Applications/Xcode-27.0.0-Release.Candidate.app/Contents/Developer/Toolchains/XcodeDefault.xctoolchain/usr/lib/swift/host/plugins/testing -enable-experimental-feature DebugDescriptionMacro -sdk /Applications/Xcode-27.0.0-Release.Candidate.app/Contents/Developer/Platforms/WatchOS.platform/Developer/SDKs/WatchOS27.0.sdk -target arm64_32-apple-watchos9.0 -g -module-cache-path /Users/admin/builder/spi-builder-workspace/.derivedData/ModuleCache.noindex -Xfrontend -serialize-debugging-options -profile-coverage-mapping -profile-generate -enable-testing -index-store-path /Users/admin/builder/spi-builder-workspace/.derivedData/Index.noindex/DataStore -Xcc -D_LIBCPP_HARDENING_MODE\=_LIBCPP_HARDENING_MODE_DEBUG -swift-version 4 -I /Users/admin/builder/spi-builder-workspace/.derivedData/Build/Products/Debug-watchos -Isystem /Applications/Xcode-27.0.0-Release.Candidate.app/Contents/Developer/Platforms/WatchOS.platform/Developer/usr/lib -F /Users/admin/builder/spi-builder-workspace/.derivedData/Build/Products/Debug-watchos -F /Applications/Xcode-27.0.0-Release.Candidate.app/Contents/Developer/Platforms/WatchOS.platform/Developer/Library/Frameworks -F /Applications/Xcode-27.0.0-Release.Candidate.app/Contents/Developer/Platforms/WatchOS.platform/Developer/SDKs/WatchOS27.0.sdk/Developer/Library/Frameworks -c -j10 -enable-batch-mode -incremental -Xcc -ivfsstatcache -Xcc /Users/admin/builder/spi-builder-workspace/.derivedData/SDKStatCaches.noindex/watchos27.0-24R360-e829b21a6f8c9b70876ba0858053c04477534ef55a1706bf4c1112bbb242f0a2.sdkstatcache -output-file-map /Users/admin/builder/spi-builder-workspace/.derivedData/Build/Intermediates.noindex/ImageCoordinateSpace.build/Debug-watchos/ImageCoordinateSpace-t.build/Objects-normal/arm64_32/ImageCoordinateSpace-OutputFileMap.json -save-temps -no-color-diagnostics -emit-dependencies -emit-module -emit-module-path /Users/admin/builder/spi-builder-workspace/.derivedData/Build/Intermediates.noindex/ImageCoordinateSpace.build/Debug-watchos/ImageCoordinateSpace-t.build/Objects-normal/arm64_32/ImageCoordinateSpace.swiftmodule -serialize-diagnostics -validate-clang-modules-once -clang-build-session-file /Users/admin/builder/spi-builder-workspace/.derivedData/ModuleCache.noindex/Session.modulevalidation -Xcc -fmodules-prune-interval\=86400 -Xcc -fmodules-prune-after\=345600 -emit-const-values -const-gather-protocols-list /Users/admin/builder/spi-builder-workspace/.derivedData/Build/Intermediates.noindex/ImageCoordinateSpace.build/Debug-watchos/ImageCoordinateSpace-t.build/Objects-normal/arm64_32/ImageCoordinateSpace_const_extract_protocols.json -Xcc -I/Users/admin/builder/spi-builder-workspace/.derivedData/Build/Products/Debug-watchos/include -Xcc -I/Users/admin/builder/spi-builder-workspace/.derivedData/Build/Intermediates.noindex/ImageCoordinateSpace.build/Debug-watchos/ImageCoordinateSpace-t.build/DerivedSources-normal/arm64_32 -Xcc -I/Users/admin/builder/spi-builder-workspace/.derivedData/Build/Intermediates.noindex/ImageCoordinateSpace.build/Debug-watchos/ImageCoordinateSpace-t.build/DerivedSources/arm64_32 -Xcc -I/Users/admin/builder/spi-builder-workspace/.derivedData/Build/Intermediates.noindex/ImageCoordinateSpace.build/Debug-watchos/ImageCoordinateSpace-t.build/DerivedSources -Xcc -DSWIFT_PACKAGE -Xcc -DDEBUG\=1 -emit-objc-header -emit-objc-header-path /Users/admin/builder/spi-builder-workspace/.derivedData/Build/Intermediates.noindex/ImageCoordinateSpace.build/Debug-watchos/ImageCoordinateSpace-t.build/Objects-normal/arm64_32/ImageCoordinateSpace-Swift.h -working-directory /Users/admin/builder/spi-builder-workspace/.swiftpm/xcode -experimental-emit-module-separately -disable-cmo
SwiftCompile normal arm64 Compiling\ Convertible.swift /Users/admin/builder/spi-builder-workspace/ImageCoordinateSpace/Convertible.swift (in target 'ImageCoordinateSpace' from project 'ImageCoordinateSpace')
SwiftCompile normal arm64 /Users/admin/builder/spi-builder-workspace/ImageCoordinateSpace/Convertible.swift (in target 'ImageCoordinateSpace' from project 'ImageCoordinateSpace')
cd /Users/admin/builder/spi-builder-workspace/.swiftpm/xcode
builtin-SwiftPerFileCompile Convertible.swift
/Users/admin/builder/spi-builder-workspace/ImageCoordinateSpace/Convertible.swift:9:24: error: cannot find type 'CGAffineTransform' in scope
7 |
8 | protocol Convertible {
9 | func applying(_ t: CGAffineTransform) -> Self
| `- error: cannot find type 'CGAffineTransform' in scope
10 | func convert(from: UICoordinateSpace, to: UICoordinateSpace) -> Self
11 | }
/Users/admin/builder/spi-builder-workspace/ImageCoordinateSpace/Convertible.swift:10:24: error: cannot find type 'UICoordinateSpace' in scope
8 | protocol Convertible {
9 | func applying(_ t: CGAffineTransform) -> Self
10 | func convert(from: UICoordinateSpace, to: UICoordinateSpace) -> Self
| `- error: cannot find type 'UICoordinateSpace' in scope
11 | }
12 |
/Users/admin/builder/spi-builder-workspace/ImageCoordinateSpace/Convertible.swift:10:47: error: cannot find type 'UICoordinateSpace' in scope
8 | protocol Convertible {
9 | func applying(_ t: CGAffineTransform) -> Self
10 | func convert(from: UICoordinateSpace, to: UICoordinateSpace) -> Self
| `- error: cannot find type 'UICoordinateSpace' in scope
11 | }
12 |
/Users/admin/builder/spi-builder-workspace/ImageCoordinateSpace/Convertible.swift:13:11: error: cannot find type 'CGRect' in scope
11 | }
12 |
13 | extension CGRect: Convertible {
| `- error: cannot find type 'CGRect' in scope
14 | func convert(from: UICoordinateSpace, to: UICoordinateSpace) -> CGRect {
15 | return from.convert(self, to: to)
SwiftCompile normal arm64 Compiling\ SizeTransformer.swift /Users/admin/builder/spi-builder-workspace/ImageCoordinateSpace/SizeTransformer.swift (in target 'ImageCoordinateSpace' from project 'ImageCoordinateSpace')
SwiftCompile normal arm64 /Users/admin/builder/spi-builder-workspace/ImageCoordinateSpace/SizeTransformer.swift (in target 'ImageCoordinateSpace' from project 'ImageCoordinateSpace')
cd /Users/admin/builder/spi-builder-workspace/.swiftpm/xcode
builtin-SwiftPerFileCompile SizeTransformer.swift
/Users/admin/builder/spi-builder-workspace/ImageCoordinateSpace/SizeTransformer.swift:9:34: error: cannot find type 'CGSize' in scope
7 |
8 | struct SizeTransformer {
9 | let boundsSize, contentSize: CGSize
| `- error: cannot find type 'CGSize' in scope
10 |
11 | func isIdentity() -> Bool {
/Users/admin/builder/spi-builder-workspace/ImageCoordinateSpace/SizeTransformer.swift:15:27: error: cannot find type 'CGAffineTransform' in scope
13 | }
14 |
15 | func scaleToFill() -> CGAffineTransform {
| `- error: cannot find type 'CGAffineTransform' in scope
16 | return .init(scaleTo: boundsSize, from: contentSize)
17 | }
/Users/admin/builder/spi-builder-workspace/ImageCoordinateSpace/SizeTransformer.swift:20:63: error: cannot find type 'CGAffineTransform' in scope
18 |
19 | func translateAndScale(by factor: SizeFactor = SizeFactor(height: .center, width: .center),
20 | sizeScale scale: CGFloat = 1.0) -> CGAffineTransform {
| `- error: cannot find type 'CGAffineTransform' in scope
21 | return .init(translation: factor.axesPathMap { path, factorValue in
22 | factorValue * (boundsSize[keyPath: path] - contentSize[keyPath: path] * scale)
/Users/admin/builder/spi-builder-workspace/ImageCoordinateSpace/SizeFactor.swift:8:24: error: cannot find type 'CGSize' in scope
6 | //
7 |
8 | typealias SizeFactor = CGSize
| `- error: cannot find type 'CGSize' in scope
9 |
10 | extension SizeFactor {
/Users/admin/builder/spi-builder-workspace/ImageCoordinateSpace/SizeTransformer.swift:20:45: error: cannot find type 'CGFloat' in scope
18 |
19 | func translateAndScale(by factor: SizeFactor = SizeFactor(height: .center, width: .center),
20 | sizeScale scale: CGFloat = 1.0) -> CGAffineTransform {
| `- error: cannot find type 'CGFloat' in scope
21 | return .init(translation: factor.axesPathMap { path, factorValue in
22 | factorValue * (boundsSize[keyPath: path] - contentSize[keyPath: path] * scale)
/Users/admin/builder/spi-builder-workspace/ImageCoordinateSpace/SizeTransformer.swift:26:73: error: cannot find type 'CGAffineTransform' in scope
24 | }
25 |
26 | func centerAndScale(using reduce: (CGFloat, CGFloat) -> CGFloat) -> CGAffineTransform {
| `- error: cannot find type 'CGAffineTransform' in scope
27 | let scale = scaleToFill().scale(using: reduce)
28 | return translateAndScale(sizeScale: scale).scaledBy(scale)
/Users/admin/builder/spi-builder-workspace/ImageCoordinateSpace/SizeTransformer.swift:26:40: error: cannot find type 'CGFloat' in scope
24 | }
25 |
26 | func centerAndScale(using reduce: (CGFloat, CGFloat) -> CGFloat) -> CGAffineTransform {
| `- error: cannot find type 'CGFloat' in scope
27 | let scale = scaleToFill().scale(using: reduce)
28 | return translateAndScale(sizeScale: scale).scaledBy(scale)
/Users/admin/builder/spi-builder-workspace/ImageCoordinateSpace/SizeTransformer.swift:26:49: error: cannot find type 'CGFloat' in scope
24 | }
25 |
26 | func centerAndScale(using reduce: (CGFloat, CGFloat) -> CGFloat) -> CGAffineTransform {
| `- error: cannot find type 'CGFloat' in scope
27 | let scale = scaleToFill().scale(using: reduce)
28 | return translateAndScale(sizeScale: scale).scaledBy(scale)
SwiftCompile normal arm64 Compiling\ CGAffineTransform+Extensions.swift,\ CGSize+AxesPathMap.swift /Users/admin/builder/spi-builder-workspace/ImageCoordinateSpace/CGAffineTransform+Extensions.swift /Users/admin/builder/spi-builder-workspace/ImageCoordinateSpace/CGSize+AxesPathMap.swift (in target 'ImageCoordinateSpace' from project 'ImageCoordinateSpace')
/Users/admin/builder/spi-builder-workspace/ImageCoordinateSpace/CGAffineTransform+Extensions.swift:8:11: error: cannot find type 'CGAffineTransform' in scope
6 | //
7 |
8 | extension CGAffineTransform {
| `- error: cannot find type 'CGAffineTransform' in scope
9 | func scale(using reduce: (CGFloat, CGFloat) -> CGFloat) -> CGFloat {
10 | return reduce(a, d)
SwiftCompile normal arm64 /Users/admin/builder/spi-builder-workspace/ImageCoordinateSpace/CGAffineTransform+Extensions.swift (in target 'ImageCoordinateSpace' from project 'ImageCoordinateSpace')
cd /Users/admin/builder/spi-builder-workspace/.swiftpm/xcode
builtin-SwiftPerFileCompile CGAffineTransform+Extensions.swift
SwiftCompile normal arm64 /Users/admin/builder/spi-builder-workspace/ImageCoordinateSpace/CGSize+AxesPathMap.swift (in target 'ImageCoordinateSpace' from project 'ImageCoordinateSpace')
cd /Users/admin/builder/spi-builder-workspace/.swiftpm/xcode
builtin-SwiftPerFileCompile CGSize+AxesPathMap.swift
SwiftEmitModule normal arm64_32 Emitting\ module\ for\ ImageCoordinateSpace (in target 'ImageCoordinateSpace' from project 'ImageCoordinateSpace')
/Users/admin/builder/spi-builder-workspace/ImageCoordinateSpace/CGAffineTransform+Extensions.swift:8:11: error: cannot find type 'CGAffineTransform' in scope
6 | //
7 |
8 | extension CGAffineTransform {
| `- error: cannot find type 'CGAffineTransform' in scope
9 | func scale(using reduce: (CGFloat, CGFloat) -> CGFloat) -> CGFloat {
10 | return reduce(a, d)
/Users/admin/builder/spi-builder-workspace/ImageCoordinateSpace/CGSize+AxesPathMap.swift:8:11: error: cannot find type 'CGSize' in scope
6 | //
7 |
8 | extension CGSize {
| `- error: cannot find type 'CGSize' in scope
9 | func axesPathMap(block: (KeyPath<CGSize, CGFloat>, CGFloat) -> CGFloat) -> CGSize {
10 | return .init(width: block(\.width, width),
/Users/admin/builder/spi-builder-workspace/ImageCoordinateSpace/Converter.swift:9:20: error: cannot find type 'CGAffineTransform' in scope
7 |
8 | struct Converter {
9 | let transform: CGAffineTransform
| `- error: cannot find type 'CGAffineTransform' in scope
10 | let reference: UICoordinateSpace
11 |
/Users/admin/builder/spi-builder-workspace/ImageCoordinateSpace/Converter.swift:10:20: error: cannot find type 'UICoordinateSpace' in scope
8 | struct Converter {
9 | let transform: CGAffineTransform
10 | let reference: UICoordinateSpace
| `- error: cannot find type 'UICoordinateSpace' in scope
11 |
12 | func convert<T: Convertible>(_ object: T, to: UICoordinateSpace) -> T {
/Users/admin/builder/spi-builder-workspace/ImageCoordinateSpace/Converter.swift:12:51: error: cannot find type 'UICoordinateSpace' in scope
10 | let reference: UICoordinateSpace
11 |
12 | func convert<T: Convertible>(_ object: T, to: UICoordinateSpace) -> T {
| `- error: cannot find type 'UICoordinateSpace' in scope
13 | return object.applying(transform).convert(from: reference, to: to)
14 | }
/Users/admin/builder/spi-builder-workspace/ImageCoordinateSpace/Converter.swift:15:53: error: cannot find type 'UICoordinateSpace' in scope
13 | return object.applying(transform).convert(from: reference, to: to)
14 | }
15 | func convert<T: Convertible>(_ object: T, from: UICoordinateSpace) -> T {
| `- error: cannot find type 'UICoordinateSpace' in scope
16 | return object.convert(from: from, to: reference).applying(transform.inverted())
17 | }
/Users/admin/builder/spi-builder-workspace/ImageCoordinateSpace/Convertible.swift:9:24: error: cannot find type 'CGAffineTransform' in scope
7 |
8 | protocol Convertible {
9 | func applying(_ t: CGAffineTransform) -> Self
| `- error: cannot find type 'CGAffineTransform' in scope
10 | func convert(from: UICoordinateSpace, to: UICoordinateSpace) -> Self
11 | }
/Users/admin/builder/spi-builder-workspace/ImageCoordinateSpace/Convertible.swift:10:24: error: cannot find type 'UICoordinateSpace' in scope
8 | protocol Convertible {
9 | func applying(_ t: CGAffineTransform) -> Self
10 | func convert(from: UICoordinateSpace, to: UICoordinateSpace) -> Self
| `- error: cannot find type 'UICoordinateSpace' in scope
11 | }
12 |
/Users/admin/builder/spi-builder-workspace/ImageCoordinateSpace/Convertible.swift:10:47: error: cannot find type 'UICoordinateSpace' in scope
8 | protocol Convertible {
9 | func applying(_ t: CGAffineTransform) -> Self
10 | func convert(from: UICoordinateSpace, to: UICoordinateSpace) -> Self
| `- error: cannot find type 'UICoordinateSpace' in scope
11 | }
12 |
/Users/admin/builder/spi-builder-workspace/ImageCoordinateSpace/Convertible.swift:13:11: error: cannot find type 'CGRect' in scope
11 | }
12 |
13 | extension CGRect: Convertible {
| `- error: cannot find type 'CGRect' in scope
14 | func convert(from: UICoordinateSpace, to: UICoordinateSpace) -> CGRect {
15 | return from.convert(self, to: to)
/Users/admin/builder/spi-builder-workspace/ImageCoordinateSpace/Convertible.swift:18:11: error: cannot find type 'CGPoint' in scope
16 | }
17 | }
18 | extension CGPoint: Convertible {
| `- error: cannot find type 'CGPoint' in scope
19 | func convert(from: UICoordinateSpace, to: UICoordinateSpace) -> CGPoint {
20 | return from.convert(self, to: to)
/Users/admin/builder/spi-builder-workspace/ImageCoordinateSpace/ScaleFactor.swift:8:19: error: cannot find type 'CGFloat' in scope
6 | //
7 |
8 | enum ScaleFactor: CGFloat {
| `- error: cannot find type 'CGFloat' in scope
9 | case none = 0
10 | case half = 0.5
/Users/admin/builder/spi-builder-workspace/ImageCoordinateSpace/SizeFactor.swift:8:24: error: cannot find type 'CGSize' in scope
6 | //
7 |
8 | typealias SizeFactor = CGSize
| `- error: cannot find type 'CGSize' in scope
9 |
10 | extension SizeFactor {
/Users/admin/builder/spi-builder-workspace/ImageCoordinateSpace/SizeTransformer.swift:9:34: error: cannot find type 'CGSize' in scope
7 |
8 | struct SizeTransformer {
9 | let boundsSize, contentSize: CGSize
| `- error: cannot find type 'CGSize' in scope
10 |
11 | func isIdentity() -> Bool {
/Users/admin/builder/spi-builder-workspace/ImageCoordinateSpace/SizeTransformer.swift:15:27: error: cannot find type 'CGAffineTransform' in scope
13 | }
14 |
15 | func scaleToFill() -> CGAffineTransform {
| `- error: cannot find type 'CGAffineTransform' in scope
16 | return .init(scaleTo: boundsSize, from: contentSize)
17 | }
/Users/admin/builder/spi-builder-workspace/ImageCoordinateSpace/SizeTransformer.swift:20:63: error: cannot find type 'CGAffineTransform' in scope
18 |
19 | func translateAndScale(by factor: SizeFactor = SizeFactor(height: .center, width: .center),
20 | sizeScale scale: CGFloat = 1.0) -> CGAffineTransform {
| `- error: cannot find type 'CGAffineTransform' in scope
21 | return .init(translation: factor.axesPathMap { path, factorValue in
22 | factorValue * (boundsSize[keyPath: path] - contentSize[keyPath: path] * scale)
/Users/admin/builder/spi-builder-workspace/ImageCoordinateSpace/SizeTransformer.swift:20:45: error: cannot find type 'CGFloat' in scope
18 |
19 | func translateAndScale(by factor: SizeFactor = SizeFactor(height: .center, width: .center),
20 | sizeScale scale: CGFloat = 1.0) -> CGAffineTransform {
| `- error: cannot find type 'CGFloat' in scope
21 | return .init(translation: factor.axesPathMap { path, factorValue in
22 | factorValue * (boundsSize[keyPath: path] - contentSize[keyPath: path] * scale)
/Users/admin/builder/spi-builder-workspace/ImageCoordinateSpace/SizeTransformer.swift:26:73: error: cannot find type 'CGAffineTransform' in scope
24 | }
25 |
26 | func centerAndScale(using reduce: (CGFloat, CGFloat) -> CGFloat) -> CGAffineTransform {
| `- error: cannot find type 'CGAffineTransform' in scope
27 | let scale = scaleToFill().scale(using: reduce)
28 | return translateAndScale(sizeScale: scale).scaledBy(scale)
/Users/admin/builder/spi-builder-workspace/ImageCoordinateSpace/SizeTransformer.swift:26:40: error: cannot find type 'CGFloat' in scope
24 | }
25 |
26 | func centerAndScale(using reduce: (CGFloat, CGFloat) -> CGFloat) -> CGAffineTransform {
| `- error: cannot find type 'CGFloat' in scope
27 | let scale = scaleToFill().scale(using: reduce)
28 | return translateAndScale(sizeScale: scale).scaledBy(scale)
/Users/admin/builder/spi-builder-workspace/ImageCoordinateSpace/SizeTransformer.swift:26:49: error: cannot find type 'CGFloat' in scope
24 | }
25 |
26 | func centerAndScale(using reduce: (CGFloat, CGFloat) -> CGFloat) -> CGAffineTransform {
| `- error: cannot find type 'CGFloat' in scope
27 | let scale = scaleToFill().scale(using: reduce)
28 | return translateAndScale(sizeScale: scale).scaledBy(scale)
/Users/admin/builder/spi-builder-workspace/ImageCoordinateSpace/SizeTransformer.swift:26:61: error: cannot find type 'CGFloat' in scope
24 | }
25 |
26 | func centerAndScale(using reduce: (CGFloat, CGFloat) -> CGFloat) -> CGAffineTransform {
| `- error: cannot find type 'CGFloat' in scope
27 | let scale = scaleToFill().scale(using: reduce)
28 | return translateAndScale(sizeScale: scale).scaledBy(scale)
/Users/admin/builder/spi-builder-workspace/ImageCoordinateSpace/TransformedCoordinateSpace.swift:9:35: error: cannot find type 'NSObject' in scope
7 | //
8 |
9 | class TransformedCoordinateSpace: NSObject {
| `- error: cannot find type 'NSObject' in scope
10 | let size: CGSize
11 | let converter: Converter
/Users/admin/builder/spi-builder-workspace/ImageCoordinateSpace/TransformedCoordinateSpace.swift:10:15: error: cannot find type 'CGSize' in scope
8 |
9 | class TransformedCoordinateSpace: NSObject {
10 | let size: CGSize
| `- error: cannot find type 'CGSize' in scope
11 | let converter: Converter
12 |
/Users/admin/builder/spi-builder-workspace/ImageCoordinateSpace/TransformedCoordinateSpace.swift:13:28: error: cannot find type 'CGSize' in scope
11 | let converter: Converter
12 |
13 | init(size contentSize: CGSize, converter spaceConverter: Converter) {
| `- error: cannot find type 'CGSize' in scope
14 | size = contentSize
15 | converter = spaceConverter
/Users/admin/builder/spi-builder-workspace/ImageCoordinateSpace/TransformedCoordinateSpace.swift:19:39: error: cannot find type 'UICoordinateSpace' in scope
17 | }
18 |
19 | extension TransformedCoordinateSpace: UICoordinateSpace {
| `- error: cannot find type 'UICoordinateSpace' in scope
20 | var bounds: CGRect {
21 | return .init(origin: .zero, size: size)
/Users/admin/builder/spi-builder-workspace/ImageCoordinateSpace/TransformedCoordinateSpace.swift:20:17: error: cannot find type 'CGRect' in scope
18 |
19 | extension TransformedCoordinateSpace: UICoordinateSpace {
20 | var bounds: CGRect {
| `- error: cannot find type 'CGRect' in scope
21 | return .init(origin: .zero, size: size)
22 | }
/Users/admin/builder/spi-builder-workspace/ImageCoordinateSpace/TransformedCoordinateSpace.swift:24:69: error: cannot find type 'CGPoint' in scope
22 | }
23 |
24 | func convert(_ object: CGPoint, to space: UICoordinateSpace) -> CGPoint {
| `- error: cannot find type 'CGPoint' in scope
25 | return converter.convert(object, to: space)
26 | }
/Users/admin/builder/spi-builder-workspace/ImageCoordinateSpace/TransformedCoordinateSpace.swift:24:28: error: cannot find type 'CGPoint' in scope
22 | }
23 |
24 | func convert(_ object: CGPoint, to space: UICoordinateSpace) -> CGPoint {
| `- error: cannot find type 'CGPoint' in scope
25 | return converter.convert(object, to: space)
26 | }
/Users/admin/builder/spi-builder-workspace/ImageCoordinateSpace/TransformedCoordinateSpace.swift:24:47: error: cannot find type 'UICoordinateSpace' in scope
22 | }
23 |
24 | func convert(_ object: CGPoint, to space: UICoordinateSpace) -> CGPoint {
| `- error: cannot find type 'UICoordinateSpace' in scope
25 | return converter.convert(object, to: space)
26 | }
/Users/admin/builder/spi-builder-workspace/ImageCoordinateSpace/TransformedCoordinateSpace.swift:27:68: error: cannot find type 'CGRect' in scope
25 | return converter.convert(object, to: space)
26 | }
27 | func convert(_ object: CGRect, to space: UICoordinateSpace) -> CGRect {
| `- error: cannot find type 'CGRect' in scope
28 | return converter.convert(object, to: space)
29 | }
/Users/admin/builder/spi-builder-workspace/ImageCoordinateSpace/TransformedCoordinateSpace.swift:27:28: error: cannot find type 'CGRect' in scope
25 | return converter.convert(object, to: space)
26 | }
27 | func convert(_ object: CGRect, to space: UICoordinateSpace) -> CGRect {
| `- error: cannot find type 'CGRect' in scope
28 | return converter.convert(object, to: space)
29 | }
/Users/admin/builder/spi-builder-workspace/ImageCoordinateSpace/TransformedCoordinateSpace.swift:27:46: error: cannot find type 'UICoordinateSpace' in scope
25 | return converter.convert(object, to: space)
26 | }
27 | func convert(_ object: CGRect, to space: UICoordinateSpace) -> CGRect {
| `- error: cannot find type 'UICoordinateSpace' in scope
28 | return converter.convert(object, to: space)
29 | }
/Users/admin/builder/spi-builder-workspace/ImageCoordinateSpace/TransformedCoordinateSpace.swift:31:71: error: cannot find type 'CGPoint' in scope
29 | }
30 |
31 | func convert(_ object: CGPoint, from space: UICoordinateSpace) -> CGPoint {
| `- error: cannot find type 'CGPoint' in scope
32 | return converter.convert(object, from: space)
33 | }
/Users/admin/builder/spi-builder-workspace/ImageCoordinateSpace/TransformedCoordinateSpace.swift:31:28: error: cannot find type 'CGPoint' in scope
29 | }
30 |
31 | func convert(_ object: CGPoint, from space: UICoordinateSpace) -> CGPoint {
| `- error: cannot find type 'CGPoint' in scope
32 | return converter.convert(object, from: space)
33 | }
/Users/admin/builder/spi-builder-workspace/ImageCoordinateSpace/TransformedCoordinateSpace.swift:31:49: error: cannot find type 'UICoordinateSpace' in scope
29 | }
30 |
31 | func convert(_ object: CGPoint, from space: UICoordinateSpace) -> CGPoint {
| `- error: cannot find type 'UICoordinateSpace' in scope
32 | return converter.convert(object, from: space)
33 | }
/Users/admin/builder/spi-builder-workspace/ImageCoordinateSpace/TransformedCoordinateSpace.swift:34:70: error: cannot find type 'CGRect' in scope
32 | return converter.convert(object, from: space)
33 | }
34 | func convert(_ object: CGRect, from space: UICoordinateSpace) -> CGRect {
| `- error: cannot find type 'CGRect' in scope
35 | return converter.convert(object, from: space)
36 | }
/Users/admin/builder/spi-builder-workspace/ImageCoordinateSpace/TransformedCoordinateSpace.swift:34:28: error: cannot find type 'CGRect' in scope
32 | return converter.convert(object, from: space)
33 | }
34 | func convert(_ object: CGRect, from space: UICoordinateSpace) -> CGRect {
| `- error: cannot find type 'CGRect' in scope
35 | return converter.convert(object, from: space)
36 | }
/Users/admin/builder/spi-builder-workspace/ImageCoordinateSpace/TransformedCoordinateSpace.swift:34:48: error: cannot find type 'UICoordinateSpace' in scope
32 | return converter.convert(object, from: space)
33 | }
34 | func convert(_ object: CGRect, from space: UICoordinateSpace) -> CGRect {
| `- error: cannot find type 'UICoordinateSpace' in scope
35 | return converter.convert(object, from: space)
36 | }
/Users/admin/builder/spi-builder-workspace/ImageCoordinateSpace/UIView+UICoordinateSpace.swift:12:18: error: 'UIView' is unavailable in watchOS
10 |
11 | // MARK: Adds UIView contentSpace property to view
12 | public extension UIView {
| `- error: 'UIView' is unavailable in watchOS
13 | /**
14 | View coordinate space that accounts for view content mode
/Applications/Xcode-27.0.0-Release.Candidate.app/Contents/Developer/Platforms/WatchOS.platform/Developer/SDKs/WatchOS27.0.sdk/System/Library/Frameworks/UIKit.framework/Headers/UIView.h:152:12: note: 'UIView' has been explicitly marked unavailable here
150 |
151 | UIKIT_EXTERN API_AVAILABLE(ios(2.0)) API_UNAVAILABLE(watchos) NS_SWIFT_UI_ACTOR
152 | @interface UIView : UIResponder <NSCoding, UIAppearance, UIAppearanceContainer, UIDynamicItem, UITraitEnvironment, UICoordinateSpace, UIFocusItem, UIFocusItemContainer, CALayerDelegate>
| `- note: 'UIView' has been explicitly marked unavailable here
153 |
154 | @property(class, nonatomic, readonly) Class layerClass; // default is [CALayer class]. Used when creating the underlying layer for the view.
/Users/admin/builder/spi-builder-workspace/ImageCoordinateSpace/ViewContentModeTransformer+UIView.swift:9:11: error: cannot find type 'UIView' in scope
7 | //
8 |
9 | extension UIView {
| `- error: cannot find type 'UIView' in scope
10 | var viewContentModeTransformer: ViewContentModeTransformer {
11 | return .init(contentMode: contentMode,
/Users/admin/builder/spi-builder-workspace/ImageCoordinateSpace/ViewContentModeTransformer.swift:10:22: error: cannot find type 'UIView' in scope
8 |
9 | struct ViewContentModeTransformer {
10 | let contentMode: UIView.ContentMode
| `- error: cannot find type 'UIView' in scope
11 | let sizeTransformer: SizeTransformer
12 |
/Users/admin/builder/spi-builder-workspace/ImageCoordinateSpace/ViewContentModeTransformer+UIView.swift:18:25: error: cannot find type 'CGAffineTransform' in scope
16 |
17 | extension ViewContentModeTransformer {
18 | func transform() -> CGAffineTransform {
| `- error: cannot find type 'CGAffineTransform' in scope
19 | return sizeTransformer.isIdentity() ? .identity : contentToViewTransform()
20 | }
/Users/admin/builder/spi-builder-workspace/ImageCoordinateSpace/ViewContentModeTransformer+UIView.swift:22:63: error: cannot find type 'UICoordinateSpace' in scope
20 | }
21 |
22 | func coordinateSpace(basedOn space: UICoordinateSpace) -> UICoordinateSpace {
| `- error: cannot find type 'UICoordinateSpace' in scope
23 | return TransformedCoordinateSpace(size: sizeTransformer.contentSize,
24 | converter: .init(transform: transform(),
/Users/admin/builder/spi-builder-workspace/ImageCoordinateSpace/ViewContentModeTransformer+UIView.swift:22:41: error: cannot find type 'UICoordinateSpace' in scope
20 | }
21 |
22 | func coordinateSpace(basedOn space: UICoordinateSpace) -> UICoordinateSpace {
| `- error: cannot find type 'UICoordinateSpace' in scope
23 | return TransformedCoordinateSpace(size: sizeTransformer.contentSize,
24 | converter: .init(transform: transform(),
/Users/admin/builder/spi-builder-workspace/ImageCoordinateSpace/ViewContentModeTransformer.swift:13:38: error: cannot find type 'CGAffineTransform' in scope
11 | let sizeTransformer: SizeTransformer
12 |
13 | func contentToViewTransform() -> CGAffineTransform {
| `- error: cannot find type 'CGAffineTransform' in scope
14 | switch contentMode {
15 | case .scaleAspectFill:
Failed frontend command:
/Applications/Xcode-27.0.0-Release.Candidate.app/Contents/Developer/Toolchains/XcodeDefault.xctoolchain/usr/bin/swift-frontend -frontend -emit-module -experimental-skip-non-inlinable-function-bodies-without-types /Users/admin/builder/spi-builder-workspace/ImageCoordinateSpace/CGAffineTransform+Extensions.swift /Users/admin/builder/spi-builder-workspace/ImageCoordinateSpace/CGSize+AxesPathMap.swift /Users/admin/builder/spi-builder-workspace/ImageCoordinateSpace/Converter.swift /Users/admin/builder/spi-builder-workspace/ImageCoordinateSpace/Convertible.swift /Users/admin/builder/spi-builder-workspace/ImageCoordinateSpace/ScaleFactor.swift /Users/admin/builder/spi-builder-workspace/ImageCoordinateSpace/SizeFactor.swift /Users/admin/builder/spi-builder-workspace/ImageCoordinateSpace/SizeTransformer.swift /Users/admin/builder/spi-builder-workspace/ImageCoordinateSpace/TransformedCoordinateSpace.swift /Users/admin/builder/spi-builder-workspace/ImageCoordinateSpace/UIView+UICoordinateSpace.swift /Users/admin/builder/spi-builder-workspace/ImageCoordinateSpace/ViewContentModeTransformer+UIView.swift /Users/admin/builder/spi-builder-workspace/ImageCoordinateSpace/ViewContentModeTransformer.swift -target arm64_32-apple-watchos9.0 -enable-objc-interop -sdk /Applications/Xcode-27.0.0-Release.Candidate.app/Contents/Developer/Platforms/WatchOS.platform/Developer/SDKs/WatchOS27.0.sdk -I /Users/admin/builder/spi-builder-workspace/.derivedData/Build/Products/Debug-watchos -Isystem /Applications/Xcode-27.0.0-Release.Candidate.app/Contents/Developer/Platforms/WatchOS.platform/Developer/usr/lib -F /Users/admin/builder/spi-builder-workspace/.derivedData/Build/Products/Debug-watchos -F /Applications/Xcode-27.0.0-Release.Candidate.app/Contents/Developer/Platforms/WatchOS.platform/Developer/Library/Frameworks -F /Applications/Xcode-27.0.0-Release.Candidate.app/Contents/Developer/Platforms/WatchOS.platform/Developer/SDKs/WatchOS27.0.sdk/Developer/Library/Frameworks -module-cache-path /Users/admin/builder/spi-builder-workspace/.derivedData/ModuleCache.noindex -no-color-diagnostics -Xcc -fno-color-diagnostics -enable-testing -g -debug-info-format\=dwarf -dwarf-version\=4 -profile-generate -profile-coverage-mapping -swift-version 4 -Onone -D SWIFT_PACKAGE -D DEBUG -D SWIFT_MODULE_RESOURCE_BUNDLE_UNAVAILABLE -D Xcode -serialize-debugging-options -enable-experimental-feature DebugDescriptionMacro -empty-abi-descriptor -plugin-path /Applications/Xcode-27.0.0-Release.Candidate.app/Contents/Developer/Toolchains/XcodeDefault.xctoolchain/usr/lib/swift/host/plugins/testing -validate-clang-modules-once -clang-build-session-file /Users/admin/builder/spi-builder-workspace/.derivedData/ModuleCache.noindex/Session.modulevalidation -Xcc -working-directory -Xcc /Users/admin/builder/spi-builder-workspace/.swiftpm/xcode -enable-anonymous-context-mangled-names -file-compilation-dir /Users/admin/builder/spi-builder-workspace/.swiftpm/xcode -Xcc -D_LIBCPP_HARDENING_MODE\=_LIBCPP_HARDENING_MODE_DEBUG -Xcc -ivfsstatcache -Xcc /Users/admin/builder/spi-builder-workspace/.derivedData/SDKStatCaches.noindex/watchos27.0-24R360-e829b21a6f8c9b70876ba0858053c04477534ef55a1706bf4c1112bbb242f0a2.sdkstatcache -Xcc -fmodules-prune-interval\=86400 -Xcc -fmodules-prune-after\=345600 -Xcc -I/Users/admin/builder/spi-builder-workspace/.derivedData/Build/Products/Debug-watchos/include -Xcc -I/Users/admin/builder/spi-builder-workspace/.derivedData/Build/Intermediates.noindex/ImageCoordinateSpace.build/Debug-watchos/ImageCoordinateSpace-t.build/DerivedSources-normal/arm64_32 -Xcc -I/Users/admin/builder/spi-builder-workspace/.derivedData/Build/Intermediates.noindex/ImageCoordinateSpace.build/Debug-watchos/ImageCoordinateSpace-t.build/DerivedSources/arm64_32 -Xcc -I/Users/admin/builder/spi-builder-workspace/.derivedData/Build/Intermediates.noindex/ImageCoordinateSpace.build/Debug-watchos/ImageCoordinateSpace-t.build/DerivedSources -Xcc -DSWIFT_PACKAGE -Xcc -DDEBUG\=1 -no-auto-bridging-header-chaining -module-name ImageCoordinateSpace -const-gather-protocols-file /Users/admin/builder/spi-builder-workspace/.derivedData/Build/Intermediates.noindex/ImageCoordinateSpace.build/Debug-watchos/ImageCoordinateSpace-t.build/Objects-normal/arm64_32/ImageCoordinateSpace_const_extract_protocols.json -disable-clang-spi -target-sdk-version 27.0 -target-sdk-name watchos27.0 -external-plugin-path /Applications/Xcode-27.0.0-Release.Candidate.app/Contents/Developer/Platforms/WatchOS.platform/Developer/usr/lib/swift/host/plugins\#/Applications/Xcode-27.0.0-Release.Candidate.app/Contents/Developer/Platforms/WatchOS.platform/Developer/usr/bin/swift-plugin-server -external-plugin-path /Applications/Xcode-27.0.0-Release.Candidate.app/Contents/Developer/Platforms/WatchOS.platform/Developer/usr/local/lib/swift/host/plugins\#/Applications/Xcode-27.0.0-Release.Candidate.app/Contents/Developer/Platforms/WatchOS.platform/Developer/usr/bin/swift-plugin-server -in-process-plugin-server-path /Applications/Xcode-27.0.0-Release.Candidate.app/Contents/Developer/Toolchains/XcodeDefault.xctoolchain/usr/lib/swift/host/libSwiftInProcPluginServer.dylib -plugin-path /Applications/Xcode-27.0.0-Release.Candidate.app/Contents/Developer/Toolchains/XcodeDefault.xctoolchain/usr/lib/swift/host/plugins -plugin-path /Applications/Xcode-27.0.0-Release.Candidate.app/Contents/Developer/Toolchains/XcodeDefault.xctoolchain/usr/local/lib/swift/host/plugins -emit-module-doc-path /Users/admin/builder/spi-builder-workspace/.derivedData/Build/Intermediates.noindex/ImageCoordinateSpace.build/Debug-watchos/ImageCoordinateSpace-t.build/Objects-normal/arm64_32/ImageCoordinateSpace.swiftdoc -emit-module-source-info-path /Users/admin/builder/spi-builder-workspace/.derivedData/Build/Intermediates.noindex/ImageCoordinateSpace.build/Debug-watchos/ImageCoordinateSpace-t.build/Objects-normal/arm64_32/ImageCoordinateSpace.swiftsourceinfo -emit-objc-header-path /Users/admin/builder/spi-builder-workspace/.derivedData/Build/Intermediates.noindex/ImageCoordinateSpace.build/Debug-watchos/ImageCoordinateSpace-t.build/Objects-normal/arm64_32/ImageCoordinateSpace-Swift.h -serialize-diagnostics-path /Users/admin/builder/spi-builder-workspace/.derivedData/Build/Intermediates.noindex/ImageCoordinateSpace.build/Debug-watchos/ImageCoordinateSpace-t.build/Objects-normal/arm64_32/ImageCoordinateSpace-primary-emit-module.dia -emit-dependencies-path /Users/admin/builder/spi-builder-workspace/.derivedData/Build/Intermediates.noindex/ImageCoordinateSpace.build/Debug-watchos/ImageCoordinateSpace-t.build/Objects-normal/arm64_32/ImageCoordinateSpace-primary-emit-module.d -parse-as-library -o /Users/admin/builder/spi-builder-workspace/.derivedData/Build/Intermediates.noindex/ImageCoordinateSpace.build/Debug-watchos/ImageCoordinateSpace-t.build/Objects-normal/arm64_32/ImageCoordinateSpace.swiftmodule -emit-abi-descriptor-path /Users/admin/builder/spi-builder-workspace/.derivedData/Build/Intermediates.noindex/ImageCoordinateSpace.build/Debug-watchos/ImageCoordinateSpace-t.build/Objects-normal/arm64_32/ImageCoordinateSpace.abi.json
SwiftCompile normal arm64_32 (in target 'ImageCoordinateSpace' from project 'ImageCoordinateSpace')
cd /Users/admin/builder/spi-builder-workspace/.swiftpm/xcode
SwiftEmitModule normal arm64 Emitting\ module\ for\ ImageCoordinateSpace (in target 'ImageCoordinateSpace' from project 'ImageCoordinateSpace')
/Users/admin/builder/spi-builder-workspace/ImageCoordinateSpace/CGAffineTransform+Extensions.swift:8:11: error: cannot find type 'CGAffineTransform' in scope
6 | //
7 |
8 | extension CGAffineTransform {
| `- error: cannot find type 'CGAffineTransform' in scope
9 | func scale(using reduce: (CGFloat, CGFloat) -> CGFloat) -> CGFloat {
10 | return reduce(a, d)
/Users/admin/builder/spi-builder-workspace/ImageCoordinateSpace/CGSize+AxesPathMap.swift:8:11: error: cannot find type 'CGSize' in scope
6 | //
7 |
8 | extension CGSize {
| `- error: cannot find type 'CGSize' in scope
9 | func axesPathMap(block: (KeyPath<CGSize, CGFloat>, CGFloat) -> CGFloat) -> CGSize {
10 | return .init(width: block(\.width, width),
/Users/admin/builder/spi-builder-workspace/ImageCoordinateSpace/Converter.swift:9:20: error: cannot find type 'CGAffineTransform' in scope
7 |
8 | struct Converter {
9 | let transform: CGAffineTransform
| `- error: cannot find type 'CGAffineTransform' in scope
10 | let reference: UICoordinateSpace
11 |
/Users/admin/builder/spi-builder-workspace/ImageCoordinateSpace/Converter.swift:10:20: error: cannot find type 'UICoordinateSpace' in scope
8 | struct Converter {
9 | let transform: CGAffineTransform
10 | let reference: UICoordinateSpace
| `- error: cannot find type 'UICoordinateSpace' in scope
11 |
12 | func convert<T: Convertible>(_ object: T, to: UICoordinateSpace) -> T {
/Users/admin/builder/spi-builder-workspace/ImageCoordinateSpace/Converter.swift:12:51: error: cannot find type 'UICoordinateSpace' in scope
10 | let reference: UICoordinateSpace
11 |
12 | func convert<T: Convertible>(_ object: T, to: UICoordinateSpace) -> T {
| `- error: cannot find type 'UICoordinateSpace' in scope
13 | return object.applying(transform).convert(from: reference, to: to)
14 | }
/Users/admin/builder/spi-builder-workspace/ImageCoordinateSpace/Converter.swift:15:53: error: cannot find type 'UICoordinateSpace' in scope
13 | return object.applying(transform).convert(from: reference, to: to)
14 | }
15 | func convert<T: Convertible>(_ object: T, from: UICoordinateSpace) -> T {
| `- error: cannot find type 'UICoordinateSpace' in scope
16 | return object.convert(from: from, to: reference).applying(transform.inverted())
17 | }
/Users/admin/builder/spi-builder-workspace/ImageCoordinateSpace/Convertible.swift:9:24: error: cannot find type 'CGAffineTransform' in scope
7 |
8 | protocol Convertible {
9 | func applying(_ t: CGAffineTransform) -> Self
| `- error: cannot find type 'CGAffineTransform' in scope
10 | func convert(from: UICoordinateSpace, to: UICoordinateSpace) -> Self
11 | }
/Users/admin/builder/spi-builder-workspace/ImageCoordinateSpace/Convertible.swift:10:24: error: cannot find type 'UICoordinateSpace' in scope
8 | protocol Convertible {
9 | func applying(_ t: CGAffineTransform) -> Self
10 | func convert(from: UICoordinateSpace, to: UICoordinateSpace) -> Self
| `- error: cannot find type 'UICoordinateSpace' in scope
11 | }
12 |
/Users/admin/builder/spi-builder-workspace/ImageCoordinateSpace/Convertible.swift:10:47: error: cannot find type 'UICoordinateSpace' in scope
8 | protocol Convertible {
9 | func applying(_ t: CGAffineTransform) -> Self
10 | func convert(from: UICoordinateSpace, to: UICoordinateSpace) -> Self
| `- error: cannot find type 'UICoordinateSpace' in scope
11 | }
12 |
/Users/admin/builder/spi-builder-workspace/ImageCoordinateSpace/Convertible.swift:13:11: error: cannot find type 'CGRect' in scope
11 | }
12 |
13 | extension CGRect: Convertible {
| `- error: cannot find type 'CGRect' in scope
14 | func convert(from: UICoordinateSpace, to: UICoordinateSpace) -> CGRect {
15 | return from.convert(self, to: to)
/Users/admin/builder/spi-builder-workspace/ImageCoordinateSpace/Convertible.swift:18:11: error: cannot find type 'CGPoint' in scope
16 | }
17 | }
18 | extension CGPoint: Convertible {
| `- error: cannot find type 'CGPoint' in scope
19 | func convert(from: UICoordinateSpace, to: UICoordinateSpace) -> CGPoint {
20 | return from.convert(self, to: to)
/Users/admin/builder/spi-builder-workspace/ImageCoordinateSpace/ScaleFactor.swift:8:19: error: cannot find type 'CGFloat' in scope
6 | //
7 |
8 | enum ScaleFactor: CGFloat {
| `- error: cannot find type 'CGFloat' in scope
9 | case none = 0
10 | case half = 0.5
/Users/admin/builder/spi-builder-workspace/ImageCoordinateSpace/SizeFactor.swift:8:24: error: cannot find type 'CGSize' in scope
6 | //
7 |
8 | typealias SizeFactor = CGSize
| `- error: cannot find type 'CGSize' in scope
9 |
10 | extension SizeFactor {
/Users/admin/builder/spi-builder-workspace/ImageCoordinateSpace/SizeTransformer.swift:9:34: error: cannot find type 'CGSize' in scope
7 |
8 | struct SizeTransformer {
9 | let boundsSize, contentSize: CGSize
| `- error: cannot find type 'CGSize' in scope
10 |
11 | func isIdentity() -> Bool {
/Users/admin/builder/spi-builder-workspace/ImageCoordinateSpace/SizeTransformer.swift:15:27: error: cannot find type 'CGAffineTransform' in scope
13 | }
14 |
15 | func scaleToFill() -> CGAffineTransform {
| `- error: cannot find type 'CGAffineTransform' in scope
16 | return .init(scaleTo: boundsSize, from: contentSize)
17 | }
/Users/admin/builder/spi-builder-workspace/ImageCoordinateSpace/SizeTransformer.swift:20:63: error: cannot find type 'CGAffineTransform' in scope
18 |
19 | func translateAndScale(by factor: SizeFactor = SizeFactor(height: .center, width: .center),
20 | sizeScale scale: CGFloat = 1.0) -> CGAffineTransform {
| `- error: cannot find type 'CGAffineTransform' in scope
21 | return .init(translation: factor.axesPathMap { path, factorValue in
22 | factorValue * (boundsSize[keyPath: path] - contentSize[keyPath: path] * scale)
/Users/admin/builder/spi-builder-workspace/ImageCoordinateSpace/SizeTransformer.swift:20:45: error: cannot find type 'CGFloat' in scope
18 |
19 | func translateAndScale(by factor: SizeFactor = SizeFactor(height: .center, width: .center),
20 | sizeScale scale: CGFloat = 1.0) -> CGAffineTransform {
| `- error: cannot find type 'CGFloat' in scope
21 | return .init(translation: factor.axesPathMap { path, factorValue in
22 | factorValue * (boundsSize[keyPath: path] - contentSize[keyPath: path] * scale)
/Users/admin/builder/spi-builder-workspace/ImageCoordinateSpace/SizeTransformer.swift:26:73: error: cannot find type 'CGAffineTransform' in scope
24 | }
25 |
26 | func centerAndScale(using reduce: (CGFloat, CGFloat) -> CGFloat) -> CGAffineTransform {
| `- error: cannot find type 'CGAffineTransform' in scope
27 | let scale = scaleToFill().scale(using: reduce)
28 | return translateAndScale(sizeScale: scale).scaledBy(scale)
/Users/admin/builder/spi-builder-workspace/ImageCoordinateSpace/SizeTransformer.swift:26:40: error: cannot find type 'CGFloat' in scope
24 | }
25 |
26 | func centerAndScale(using reduce: (CGFloat, CGFloat) -> CGFloat) -> CGAffineTransform {
| `- error: cannot find type 'CGFloat' in scope
27 | let scale = scaleToFill().scale(using: reduce)
28 | return translateAndScale(sizeScale: scale).scaledBy(scale)
/Users/admin/builder/spi-builder-workspace/ImageCoordinateSpace/SizeTransformer.swift:26:49: error: cannot find type 'CGFloat' in scope
24 | }
25 |
26 | func centerAndScale(using reduce: (CGFloat, CGFloat) -> CGFloat) -> CGAffineTransform {
| `- error: cannot find type 'CGFloat' in scope
27 | let scale = scaleToFill().scale(using: reduce)
28 | return translateAndScale(sizeScale: scale).scaledBy(scale)
/Users/admin/builder/spi-builder-workspace/ImageCoordinateSpace/SizeTransformer.swift:26:61: error: cannot find type 'CGFloat' in scope
24 | }
25 |
26 | func centerAndScale(using reduce: (CGFloat, CGFloat) -> CGFloat) -> CGAffineTransform {
| `- error: cannot find type 'CGFloat' in scope
27 | let scale = scaleToFill().scale(using: reduce)
28 | return translateAndScale(sizeScale: scale).scaledBy(scale)
/Users/admin/builder/spi-builder-workspace/ImageCoordinateSpace/TransformedCoordinateSpace.swift:9:35: error: cannot find type 'NSObject' in scope
7 | //
8 |
9 | class TransformedCoordinateSpace: NSObject {
| `- error: cannot find type 'NSObject' in scope
10 | let size: CGSize
11 | let converter: Converter
/Users/admin/builder/spi-builder-workspace/ImageCoordinateSpace/TransformedCoordinateSpace.swift:10:15: error: cannot find type 'CGSize' in scope
8 |
9 | class TransformedCoordinateSpace: NSObject {
10 | let size: CGSize
| `- error: cannot find type 'CGSize' in scope
11 | let converter: Converter
12 |
/Users/admin/builder/spi-builder-workspace/ImageCoordinateSpace/TransformedCoordinateSpace.swift:13:28: error: cannot find type 'CGSize' in scope
11 | let converter: Converter
12 |
13 | init(size contentSize: CGSize, converter spaceConverter: Converter) {
| `- error: cannot find type 'CGSize' in scope
14 | size = contentSize
15 | converter = spaceConverter
/Users/admin/builder/spi-builder-workspace/ImageCoordinateSpace/TransformedCoordinateSpace.swift:19:39: error: cannot find type 'UICoordinateSpace' in scope
17 | }
18 |
19 | extension TransformedCoordinateSpace: UICoordinateSpace {
| `- error: cannot find type 'UICoordinateSpace' in scope
20 | var bounds: CGRect {
21 | return .init(origin: .zero, size: size)
/Users/admin/builder/spi-builder-workspace/ImageCoordinateSpace/TransformedCoordinateSpace.swift:20:17: error: cannot find type 'CGRect' in scope
18 |
19 | extension TransformedCoordinateSpace: UICoordinateSpace {
20 | var bounds: CGRect {
| `- error: cannot find type 'CGRect' in scope
21 | return .init(origin: .zero, size: size)
22 | }
/Users/admin/builder/spi-builder-workspace/ImageCoordinateSpace/TransformedCoordinateSpace.swift:24:69: error: cannot find type 'CGPoint' in scope
22 | }
23 |
24 | func convert(_ object: CGPoint, to space: UICoordinateSpace) -> CGPoint {
| `- error: cannot find type 'CGPoint' in scope
25 | return converter.convert(object, to: space)
26 | }
/Users/admin/builder/spi-builder-workspace/ImageCoordinateSpace/TransformedCoordinateSpace.swift:24:28: error: cannot find type 'CGPoint' in scope
22 | }
23 |
24 | func convert(_ object: CGPoint, to space: UICoordinateSpace) -> CGPoint {
| `- error: cannot find type 'CGPoint' in scope
25 | return converter.convert(object, to: space)
26 | }
/Users/admin/builder/spi-builder-workspace/ImageCoordinateSpace/TransformedCoordinateSpace.swift:24:47: error: cannot find type 'UICoordinateSpace' in scope
22 | }
23 |
24 | func convert(_ object: CGPoint, to space: UICoordinateSpace) -> CGPoint {
| `- error: cannot find type 'UICoordinateSpace' in scope
25 | return converter.convert(object, to: space)
26 | }
/Users/admin/builder/spi-builder-workspace/ImageCoordinateSpace/TransformedCoordinateSpace.swift:27:68: error: cannot find type 'CGRect' in scope
25 | return converter.convert(object, to: space)
26 | }
27 | func convert(_ object: CGRect, to space: UICoordinateSpace) -> CGRect {
| `- error: cannot find type 'CGRect' in scope
28 | return converter.convert(object, to: space)
29 | }
/Users/admin/builder/spi-builder-workspace/ImageCoordinateSpace/TransformedCoordinateSpace.swift:27:28: error: cannot find type 'CGRect' in scope
25 | return converter.convert(object, to: space)
26 | }
27 | func convert(_ object: CGRect, to space: UICoordinateSpace) -> CGRect {
| `- error: cannot find type 'CGRect' in scope
28 | return converter.convert(object, to: space)
29 | }
/Users/admin/builder/spi-builder-workspace/ImageCoordinateSpace/TransformedCoordinateSpace.swift:27:46: error: cannot find type 'UICoordinateSpace' in scope
25 | return converter.convert(object, to: space)
26 | }
27 | func convert(_ object: CGRect, to space: UICoordinateSpace) -> CGRect {
| `- error: cannot find type 'UICoordinateSpace' in scope
28 | return converter.convert(object, to: space)
29 | }
/Users/admin/builder/spi-builder-workspace/ImageCoordinateSpace/TransformedCoordinateSpace.swift:31:71: error: cannot find type 'CGPoint' in scope
29 | }
30 |
31 | func convert(_ object: CGPoint, from space: UICoordinateSpace) -> CGPoint {
| `- error: cannot find type 'CGPoint' in scope
32 | return converter.convert(object, from: space)
33 | }
/Users/admin/builder/spi-builder-workspace/ImageCoordinateSpace/TransformedCoordinateSpace.swift:31:28: error: cannot find type 'CGPoint' in scope
29 | }
30 |
31 | func convert(_ object: CGPoint, from space: UICoordinateSpace) -> CGPoint {
| `- error: cannot find type 'CGPoint' in scope
32 | return converter.convert(object, from: space)
33 | }
/Users/admin/builder/spi-builder-workspace/ImageCoordinateSpace/TransformedCoordinateSpace.swift:31:49: error: cannot find type 'UICoordinateSpace' in scope
29 | }
30 |
31 | func convert(_ object: CGPoint, from space: UICoordinateSpace) -> CGPoint {
| `- error: cannot find type 'UICoordinateSpace' in scope
32 | return converter.convert(object, from: space)
33 | }
/Users/admin/builder/spi-builder-workspace/ImageCoordinateSpace/TransformedCoordinateSpace.swift:34:70: error: cannot find type 'CGRect' in scope
32 | return converter.convert(object, from: space)
33 | }
34 | func convert(_ object: CGRect, from space: UICoordinateSpace) -> CGRect {
| `- error: cannot find type 'CGRect' in scope
35 | return converter.convert(object, from: space)
36 | }
/Users/admin/builder/spi-builder-workspace/ImageCoordinateSpace/TransformedCoordinateSpace.swift:34:28: error: cannot find type 'CGRect' in scope
32 | return converter.convert(object, from: space)
33 | }
34 | func convert(_ object: CGRect, from space: UICoordinateSpace) -> CGRect {
| `- error: cannot find type 'CGRect' in scope
35 | return converter.convert(object, from: space)
36 | }
/Users/admin/builder/spi-builder-workspace/ImageCoordinateSpace/TransformedCoordinateSpace.swift:34:48: error: cannot find type 'UICoordinateSpace' in scope
32 | return converter.convert(object, from: space)
33 | }
34 | func convert(_ object: CGRect, from space: UICoordinateSpace) -> CGRect {
| `- error: cannot find type 'UICoordinateSpace' in scope
35 | return converter.convert(object, from: space)
36 | }
/Users/admin/builder/spi-builder-workspace/ImageCoordinateSpace/UIView+UICoordinateSpace.swift:12:18: error: 'UIView' is unavailable in watchOS
10 |
11 | // MARK: Adds UIView contentSpace property to view
12 | public extension UIView {
| `- error: 'UIView' is unavailable in watchOS
13 | /**
14 | View coordinate space that accounts for view content mode
/Applications/Xcode-27.0.0-Release.Candidate.app/Contents/Developer/Platforms/WatchOS.platform/Developer/SDKs/WatchOS27.0.sdk/System/Library/Frameworks/UIKit.framework/Headers/UIView.h:152:12: note: 'UIView' has been explicitly marked unavailable here
150 |
151 | UIKIT_EXTERN API_AVAILABLE(ios(2.0)) API_UNAVAILABLE(watchos) NS_SWIFT_UI_ACTOR
152 | @interface UIView : UIResponder <NSCoding, UIAppearance, UIAppearanceContainer, UIDynamicItem, UITraitEnvironment, UICoordinateSpace, UIFocusItem, UIFocusItemContainer, CALayerDelegate>
| `- note: 'UIView' has been explicitly marked unavailable here
153 |
154 | @property(class, nonatomic, readonly) Class layerClass; // default is [CALayer class]. Used when creating the underlying layer for the view.
/Users/admin/builder/spi-builder-workspace/ImageCoordinateSpace/ViewContentModeTransformer+UIView.swift:9:11: error: cannot find type 'UIView' in scope
7 | //
8 |
9 | extension UIView {
| `- error: cannot find type 'UIView' in scope
10 | var viewContentModeTransformer: ViewContentModeTransformer {
11 | return .init(contentMode: contentMode,
/Users/admin/builder/spi-builder-workspace/ImageCoordinateSpace/ViewContentModeTransformer.swift:10:22: error: cannot find type 'UIView' in scope
8 |
9 | struct ViewContentModeTransformer {
10 | let contentMode: UIView.ContentMode
| `- error: cannot find type 'UIView' in scope
11 | let sizeTransformer: SizeTransformer
12 |
/Users/admin/builder/spi-builder-workspace/ImageCoordinateSpace/ViewContentModeTransformer+UIView.swift:18:25: error: cannot find type 'CGAffineTransform' in scope
16 |
17 | extension ViewContentModeTransformer {
18 | func transform() -> CGAffineTransform {
| `- error: cannot find type 'CGAffineTransform' in scope
19 | return sizeTransformer.isIdentity() ? .identity : contentToViewTransform()
20 | }
/Users/admin/builder/spi-builder-workspace/ImageCoordinateSpace/ViewContentModeTransformer+UIView.swift:22:63: error: cannot find type 'UICoordinateSpace' in scope
20 | }
21 |
22 | func coordinateSpace(basedOn space: UICoordinateSpace) -> UICoordinateSpace {
| `- error: cannot find type 'UICoordinateSpace' in scope
23 | return TransformedCoordinateSpace(size: sizeTransformer.contentSize,
24 | converter: .init(transform: transform(),
/Users/admin/builder/spi-builder-workspace/ImageCoordinateSpace/ViewContentModeTransformer+UIView.swift:22:41: error: cannot find type 'UICoordinateSpace' in scope
20 | }
21 |
22 | func coordinateSpace(basedOn space: UICoordinateSpace) -> UICoordinateSpace {
| `- error: cannot find type 'UICoordinateSpace' in scope
23 | return TransformedCoordinateSpace(size: sizeTransformer.contentSize,
24 | converter: .init(transform: transform(),
/Users/admin/builder/spi-builder-workspace/ImageCoordinateSpace/ViewContentModeTransformer.swift:13:38: error: cannot find type 'CGAffineTransform' in scope
11 | let sizeTransformer: SizeTransformer
12 |
13 | func contentToViewTransform() -> CGAffineTransform {
| `- error: cannot find type 'CGAffineTransform' in scope
14 | switch contentMode {
15 | case .scaleAspectFill:
Failed frontend command:
/Applications/Xcode-27.0.0-Release.Candidate.app/Contents/Developer/Toolchains/XcodeDefault.xctoolchain/usr/bin/swift-frontend -frontend -emit-module -experimental-skip-non-inlinable-function-bodies-without-types /Users/admin/builder/spi-builder-workspace/ImageCoordinateSpace/CGAffineTransform+Extensions.swift /Users/admin/builder/spi-builder-workspace/ImageCoordinateSpace/CGSize+AxesPathMap.swift /Users/admin/builder/spi-builder-workspace/ImageCoordinateSpace/Converter.swift /Users/admin/builder/spi-builder-workspace/ImageCoordinateSpace/Convertible.swift /Users/admin/builder/spi-builder-workspace/ImageCoordinateSpace/ScaleFactor.swift /Users/admin/builder/spi-builder-workspace/ImageCoordinateSpace/SizeFactor.swift /Users/admin/builder/spi-builder-workspace/ImageCoordinateSpace/SizeTransformer.swift /Users/admin/builder/spi-builder-workspace/ImageCoordinateSpace/TransformedCoordinateSpace.swift /Users/admin/builder/spi-builder-workspace/ImageCoordinateSpace/UIView+UICoordinateSpace.swift /Users/admin/builder/spi-builder-workspace/ImageCoordinateSpace/ViewContentModeTransformer+UIView.swift /Users/admin/builder/spi-builder-workspace/ImageCoordinateSpace/ViewContentModeTransformer.swift -target arm64-apple-watchos9.0 -Xllvm -aarch64-use-tbi -enable-objc-interop -stack-check -sdk /Applications/Xcode-27.0.0-Release.Candidate.app/Contents/Developer/Platforms/WatchOS.platform/Developer/SDKs/WatchOS27.0.sdk -I /Users/admin/builder/spi-builder-workspace/.derivedData/Build/Products/Debug-watchos -Isystem /Applications/Xcode-27.0.0-Release.Candidate.app/Contents/Developer/Platforms/WatchOS.platform/Developer/usr/lib -F /Users/admin/builder/spi-builder-workspace/.derivedData/Build/Products/Debug-watchos -F /Applications/Xcode-27.0.0-Release.Candidate.app/Contents/Developer/Platforms/WatchOS.platform/Developer/Library/Frameworks -F /Applications/Xcode-27.0.0-Release.Candidate.app/Contents/Developer/Platforms/WatchOS.platform/Developer/SDKs/WatchOS27.0.sdk/Developer/Library/Frameworks -module-cache-path /Users/admin/builder/spi-builder-workspace/.derivedData/ModuleCache.noindex -no-color-diagnostics -Xcc -fno-color-diagnostics -enable-testing -g -debug-info-format\=dwarf -dwarf-version\=4 -profile-generate -profile-coverage-mapping -swift-version 4 -Onone -D SWIFT_PACKAGE -D DEBUG -D SWIFT_MODULE_RESOURCE_BUNDLE_UNAVAILABLE -D Xcode -serialize-debugging-options -enable-experimental-feature DebugDescriptionMacro -empty-abi-descriptor -plugin-path /Applications/Xcode-27.0.0-Release.Candidate.app/Contents/Developer/Toolchains/XcodeDefault.xctoolchain/usr/lib/swift/host/plugins/testing -validate-clang-modules-once -clang-build-session-file /Users/admin/builder/spi-builder-workspace/.derivedData/ModuleCache.noindex/Session.modulevalidation -Xcc -working-directory -Xcc /Users/admin/builder/spi-builder-workspace/.swiftpm/xcode -enable-anonymous-context-mangled-names -file-compilation-dir /Users/admin/builder/spi-builder-workspace/.swiftpm/xcode -Xcc -D_LIBCPP_HARDENING_MODE\=_LIBCPP_HARDENING_MODE_DEBUG -Xcc -ivfsstatcache -Xcc /Users/admin/builder/spi-builder-workspace/.derivedData/SDKStatCaches.noindex/watchos27.0-24R360-e829b21a6f8c9b70876ba0858053c04477534ef55a1706bf4c1112bbb242f0a2.sdkstatcache -Xcc -fmodules-prune-interval\=86400 -Xcc -fmodules-prune-after\=345600 -Xcc -I/Users/admin/builder/spi-builder-workspace/.derivedData/Build/Products/Debug-watchos/include -Xcc -I/Users/admin/builder/spi-builder-workspace/.derivedData/Build/Intermediates.noindex/ImageCoordinateSpace.build/Debug-watchos/ImageCoordinateSpace-t.build/DerivedSources-normal/arm64 -Xcc -I/Users/admin/builder/spi-builder-workspace/.derivedData/Build/Intermediates.noindex/ImageCoordinateSpace.build/Debug-watchos/ImageCoordinateSpace-t.build/DerivedSources/arm64 -Xcc -I/Users/admin/builder/spi-builder-workspace/.derivedData/Build/Intermediates.noindex/ImageCoordinateSpace.build/Debug-watchos/ImageCoordinateSpace-t.build/DerivedSources -Xcc -DSWIFT_PACKAGE -Xcc -DDEBUG\=1 -no-auto-bridging-header-chaining -module-name ImageCoordinateSpace -const-gather-protocols-file /Users/admin/builder/spi-builder-workspace/.derivedData/Build/Intermediates.noindex/ImageCoordinateSpace.build/Debug-watchos/ImageCoordinateSpace-t.build/Objects-normal/arm64/ImageCoordinateSpace_const_extract_protocols.json -disable-clang-spi -target-sdk-version 27.0 -target-sdk-name watchos27.0 -external-plugin-path /Applications/Xcode-27.0.0-Release.Candidate.app/Contents/Developer/Platforms/WatchOS.platform/Developer/usr/lib/swift/host/plugins\#/Applications/Xcode-27.0.0-Release.Candidate.app/Contents/Developer/Platforms/WatchOS.platform/Developer/usr/bin/swift-plugin-server -external-plugin-path /Applications/Xcode-27.0.0-Release.Candidate.app/Contents/Developer/Platforms/WatchOS.platform/Developer/usr/local/lib/swift/host/plugins\#/Applications/Xcode-27.0.0-Release.Candidate.app/Contents/Developer/Platforms/WatchOS.platform/Developer/usr/bin/swift-plugin-server -in-process-plugin-server-path /Applications/Xcode-27.0.0-Release.Candidate.app/Contents/Developer/Toolchains/XcodeDefault.xctoolchain/usr/lib/swift/host/libSwiftInProcPluginServer.dylib -plugin-path /Applications/Xcode-27.0.0-Release.Candidate.app/Contents/Developer/Toolchains/XcodeDefault.xctoolchain/usr/lib/swift/host/plugins -plugin-path /Applications/Xcode-27.0.0-Release.Candidate.app/Contents/Developer/Toolchains/XcodeDefault.xctoolchain/usr/local/lib/swift/host/plugins -emit-module-doc-path /Users/admin/builder/spi-builder-workspace/.derivedData/Build/Intermediates.noindex/ImageCoordinateSpace.build/Debug-watchos/ImageCoordinateSpace-t.build/Objects-normal/arm64/ImageCoordinateSpace.swiftdoc -emit-module-source-info-path /Users/admin/builder/spi-builder-workspace/.derivedData/Build/Intermediates.noindex/ImageCoordinateSpace.build/Debug-watchos/ImageCoordinateSpace-t.build/Objects-normal/arm64/ImageCoordinateSpace.swiftsourceinfo -emit-objc-header-path /Users/admin/builder/spi-builder-workspace/.derivedData/Build/Intermediates.noindex/ImageCoordinateSpace.build/Debug-watchos/ImageCoordinateSpace-t.build/Objects-normal/arm64/ImageCoordinateSpace-Swift.h -serialize-diagnostics-path /Users/admin/builder/spi-builder-workspace/.derivedData/Build/Intermediates.noindex/ImageCoordinateSpace.build/Debug-watchos/ImageCoordinateSpace-t.build/Objects-normal/arm64/ImageCoordinateSpace-primary-emit-module.dia -emit-dependencies-path /Users/admin/builder/spi-builder-workspace/.derivedData/Build/Intermediates.noindex/ImageCoordinateSpace.build/Debug-watchos/ImageCoordinateSpace-t.build/Objects-normal/arm64/ImageCoordinateSpace-primary-emit-module.d -parse-as-library -o /Users/admin/builder/spi-builder-workspace/.derivedData/Build/Intermediates.noindex/ImageCoordinateSpace.build/Debug-watchos/ImageCoordinateSpace-t.build/Objects-normal/arm64/ImageCoordinateSpace.swiftmodule -emit-abi-descriptor-path /Users/admin/builder/spi-builder-workspace/.derivedData/Build/Intermediates.noindex/ImageCoordinateSpace.build/Debug-watchos/ImageCoordinateSpace-t.build/Objects-normal/arm64/ImageCoordinateSpace.abi.json
SwiftCompile normal arm64 (in target 'ImageCoordinateSpace' from project 'ImageCoordinateSpace')
cd /Users/admin/builder/spi-builder-workspace/.swiftpm/xcode
SwiftCompile normal arm64 Compiling\ UIView+UICoordinateSpace.swift /Users/admin/builder/spi-builder-workspace/ImageCoordinateSpace/UIView+UICoordinateSpace.swift (in target 'ImageCoordinateSpace' from project 'ImageCoordinateSpace')
SwiftCompile normal arm64 /Users/admin/builder/spi-builder-workspace/ImageCoordinateSpace/UIView+UICoordinateSpace.swift (in target 'ImageCoordinateSpace' from project 'ImageCoordinateSpace')
cd /Users/admin/builder/spi-builder-workspace/.swiftpm/xcode
builtin-SwiftPerFileCompile UIView+UICoordinateSpace.swift
/Users/admin/builder/spi-builder-workspace/ImageCoordinateSpace/UIView+UICoordinateSpace.swift:12:18: error: 'UIView' is unavailable in watchOS
10 |
11 | // MARK: Adds UIView contentSpace property to view
12 | public extension UIView {
| `- error: 'UIView' is unavailable in watchOS
13 | /**
14 | View coordinate space that accounts for view content mode
/Applications/Xcode-27.0.0-Release.Candidate.app/Contents/Developer/Platforms/WatchOS.platform/Developer/SDKs/WatchOS27.0.sdk/System/Library/Frameworks/UIKit.framework/Headers/UIView.h:152:12: note: 'UIView' has been explicitly marked unavailable here
150 |
151 | UIKIT_EXTERN API_AVAILABLE(ios(2.0)) API_UNAVAILABLE(watchos) NS_SWIFT_UI_ACTOR
152 | @interface UIView : UIResponder <NSCoding, UIAppearance, UIAppearanceContainer, UIDynamicItem, UITraitEnvironment, UICoordinateSpace, UIFocusItem, UIFocusItemContainer, CALayerDelegate>
| `- note: 'UIView' has been explicitly marked unavailable here
153 |
154 | @property(class, nonatomic, readonly) Class layerClass; // default is [CALayer class]. Used when creating the underlying layer for the view.
/Users/admin/builder/spi-builder-workspace/ImageCoordinateSpace/UIView+UICoordinateSpace.swift:46:16: error: cannot find 'viewContentModeTransformer' in scope
44 | */
45 | func contentSpace() -> UICoordinateSpace {
46 | return viewContentModeTransformer.coordinateSpace(basedOn: self)
| `- error: cannot find 'viewContentModeTransformer' in scope
47 | }
48 |
SwiftCompile normal arm64_32 Compiling\ ViewContentModeTransformer+UIView.swift /Users/admin/builder/spi-builder-workspace/ImageCoordinateSpace/ViewContentModeTransformer+UIView.swift (in target 'ImageCoordinateSpace' from project 'ImageCoordinateSpace')
/Users/admin/builder/spi-builder-workspace/ImageCoordinateSpace/ViewContentModeTransformer+UIView.swift:9:11: error: cannot find type 'UIView' in scope
7 | //
8 |
9 | extension UIView {
| `- error: cannot find type 'UIView' in scope
10 | var viewContentModeTransformer: ViewContentModeTransformer {
11 | return .init(contentMode: contentMode,
/Users/admin/builder/spi-builder-workspace/ImageCoordinateSpace/ViewContentModeTransformer.swift:10:22: error: cannot find type 'UIView' in scope
8 |
9 | struct ViewContentModeTransformer {
10 | let contentMode: UIView.ContentMode
| `- error: cannot find type 'UIView' in scope
11 | let sizeTransformer: SizeTransformer
12 |
/Users/admin/builder/spi-builder-workspace/ImageCoordinateSpace/SizeTransformer.swift:9:34: error: cannot find type 'CGSize' in scope
7 |
8 | struct SizeTransformer {
9 | let boundsSize, contentSize: CGSize
| `- error: cannot find type 'CGSize' in scope
10 |
11 | func isIdentity() -> Bool {
/Users/admin/builder/spi-builder-workspace/ImageCoordinateSpace/ViewContentModeTransformer+UIView.swift:18:25: error: cannot find type 'CGAffineTransform' in scope
16 |
17 | extension ViewContentModeTransformer {
18 | func transform() -> CGAffineTransform {
| `- error: cannot find type 'CGAffineTransform' in scope
19 | return sizeTransformer.isIdentity() ? .identity : contentToViewTransform()
20 | }
/Users/admin/builder/spi-builder-workspace/ImageCoordinateSpace/ViewContentModeTransformer+UIView.swift:22:63: error: cannot find type 'UICoordinateSpace' in scope
20 | }
21 |
22 | func coordinateSpace(basedOn space: UICoordinateSpace) -> UICoordinateSpace {
| `- error: cannot find type 'UICoordinateSpace' in scope
23 | return TransformedCoordinateSpace(size: sizeTransformer.contentSize,
24 | converter: .init(transform: transform(),
/Users/admin/builder/spi-builder-workspace/ImageCoordinateSpace/ViewContentModeTransformer+UIView.swift:22:41: error: cannot find type 'UICoordinateSpace' in scope
20 | }
21 |
22 | func coordinateSpace(basedOn space: UICoordinateSpace) -> UICoordinateSpace {
| `- error: cannot find type 'UICoordinateSpace' in scope
23 | return TransformedCoordinateSpace(size: sizeTransformer.contentSize,
24 | converter: .init(transform: transform(),
/Users/admin/builder/spi-builder-workspace/ImageCoordinateSpace/ViewContentModeTransformer.swift:13:38: error: cannot find type 'CGAffineTransform' in scope
11 | let sizeTransformer: SizeTransformer
12 |
13 | func contentToViewTransform() -> CGAffineTransform {
| `- error: cannot find type 'CGAffineTransform' in scope
14 | switch contentMode {
15 | case .scaleAspectFill:
SwiftCompile normal arm64_32 /Users/admin/builder/spi-builder-workspace/ImageCoordinateSpace/ViewContentModeTransformer+UIView.swift (in target 'ImageCoordinateSpace' from project 'ImageCoordinateSpace')
cd /Users/admin/builder/spi-builder-workspace/.swiftpm/xcode
builtin-SwiftPerFileCompile ViewContentModeTransformer+UIView.swift
SwiftCompile normal arm64_32 Compiling\ Convertible.swift /Users/admin/builder/spi-builder-workspace/ImageCoordinateSpace/Convertible.swift (in target 'ImageCoordinateSpace' from project 'ImageCoordinateSpace')
/Users/admin/builder/spi-builder-workspace/ImageCoordinateSpace/Convertible.swift:9:24: error: cannot find type 'CGAffineTransform' in scope
7 |
8 | protocol Convertible {
9 | func applying(_ t: CGAffineTransform) -> Self
| `- error: cannot find type 'CGAffineTransform' in scope
10 | func convert(from: UICoordinateSpace, to: UICoordinateSpace) -> Self
11 | }
/Users/admin/builder/spi-builder-workspace/ImageCoordinateSpace/Convertible.swift:10:24: error: cannot find type 'UICoordinateSpace' in scope
8 | protocol Convertible {
9 | func applying(_ t: CGAffineTransform) -> Self
10 | func convert(from: UICoordinateSpace, to: UICoordinateSpace) -> Self
| `- error: cannot find type 'UICoordinateSpace' in scope
11 | }
12 |
/Users/admin/builder/spi-builder-workspace/ImageCoordinateSpace/Convertible.swift:10:47: error: cannot find type 'UICoordinateSpace' in scope
8 | protocol Convertible {
9 | func applying(_ t: CGAffineTransform) -> Self
10 | func convert(from: UICoordinateSpace, to: UICoordinateSpace) -> Self
| `- error: cannot find type 'UICoordinateSpace' in scope
11 | }
12 |
/Users/admin/builder/spi-builder-workspace/ImageCoordinateSpace/Convertible.swift:13:11: error: cannot find type 'CGRect' in scope
11 | }
12 |
13 | extension CGRect: Convertible {
| `- error: cannot find type 'CGRect' in scope
14 | func convert(from: UICoordinateSpace, to: UICoordinateSpace) -> CGRect {
15 | return from.convert(self, to: to)
SwiftCompile normal arm64_32 /Users/admin/builder/spi-builder-workspace/ImageCoordinateSpace/Convertible.swift (in target 'ImageCoordinateSpace' from project 'ImageCoordinateSpace')
cd /Users/admin/builder/spi-builder-workspace/.swiftpm/xcode
builtin-SwiftPerFileCompile Convertible.swift
SwiftCompile normal arm64_32 Compiling\ TransformedCoordinateSpace.swift /Users/admin/builder/spi-builder-workspace/ImageCoordinateSpace/TransformedCoordinateSpace.swift (in target 'ImageCoordinateSpace' from project 'ImageCoordinateSpace')
/Users/admin/builder/spi-builder-workspace/ImageCoordinateSpace/TransformedCoordinateSpace.swift:9:35: error: cannot find type 'NSObject' in scope
7 | //
8 |
9 | class TransformedCoordinateSpace: NSObject {
| `- error: cannot find type 'NSObject' in scope
10 | let size: CGSize
11 | let converter: Converter
/Users/admin/builder/spi-builder-workspace/ImageCoordinateSpace/TransformedCoordinateSpace.swift:10:15: error: cannot find type 'CGSize' in scope
8 |
9 | class TransformedCoordinateSpace: NSObject {
10 | let size: CGSize
| `- error: cannot find type 'CGSize' in scope
11 | let converter: Converter
12 |
/Users/admin/builder/spi-builder-workspace/ImageCoordinateSpace/TransformedCoordinateSpace.swift:13:28: error: cannot find type 'CGSize' in scope
11 | let converter: Converter
12 |
13 | init(size contentSize: CGSize, converter spaceConverter: Converter) {
| `- error: cannot find type 'CGSize' in scope
14 | size = contentSize
15 | converter = spaceConverter
/Users/admin/builder/spi-builder-workspace/ImageCoordinateSpace/TransformedCoordinateSpace.swift:19:39: error: cannot find type 'UICoordinateSpace' in scope
17 | }
18 |
19 | extension TransformedCoordinateSpace: UICoordinateSpace {
| `- error: cannot find type 'UICoordinateSpace' in scope
20 | var bounds: CGRect {
21 | return .init(origin: .zero, size: size)
/Users/admin/builder/spi-builder-workspace/ImageCoordinateSpace/TransformedCoordinateSpace.swift:20:17: error: cannot find type 'CGRect' in scope
18 |
19 | extension TransformedCoordinateSpace: UICoordinateSpace {
20 | var bounds: CGRect {
| `- error: cannot find type 'CGRect' in scope
21 | return .init(origin: .zero, size: size)
22 | }
/Users/admin/builder/spi-builder-workspace/ImageCoordinateSpace/TransformedCoordinateSpace.swift:24:69: error: cannot find type 'CGPoint' in scope
22 | }
23 |
24 | func convert(_ object: CGPoint, to space: UICoordinateSpace) -> CGPoint {
| `- error: cannot find type 'CGPoint' in scope
25 | return converter.convert(object, to: space)
26 | }
/Users/admin/builder/spi-builder-workspace/ImageCoordinateSpace/TransformedCoordinateSpace.swift:24:28: error: cannot find type 'CGPoint' in scope
22 | }
23 |
24 | func convert(_ object: CGPoint, to space: UICoordinateSpace) -> CGPoint {
| `- error: cannot find type 'CGPoint' in scope
25 | return converter.convert(object, to: space)
26 | }
/Users/admin/builder/spi-builder-workspace/ImageCoordinateSpace/TransformedCoordinateSpace.swift:24:47: error: cannot find type 'UICoordinateSpace' in scope
22 | }
23 |
24 | func convert(_ object: CGPoint, to space: UICoordinateSpace) -> CGPoint {
| `- error: cannot find type 'UICoordinateSpace' in scope
25 | return converter.convert(object, to: space)
26 | }
/Users/admin/builder/spi-builder-workspace/ImageCoordinateSpace/TransformedCoordinateSpace.swift:27:68: error: cannot find type 'CGRect' in scope
25 | return converter.convert(object, to: space)
26 | }
27 | func convert(_ object: CGRect, to space: UICoordinateSpace) -> CGRect {
| `- error: cannot find type 'CGRect' in scope
28 | return converter.convert(object, to: space)
29 | }
/Users/admin/builder/spi-builder-workspace/ImageCoordinateSpace/TransformedCoordinateSpace.swift:27:28: error: cannot find type 'CGRect' in scope
25 | return converter.convert(object, to: space)
26 | }
27 | func convert(_ object: CGRect, to space: UICoordinateSpace) -> CGRect {
| `- error: cannot find type 'CGRect' in scope
28 | return converter.convert(object, to: space)
29 | }
/Users/admin/builder/spi-builder-workspace/ImageCoordinateSpace/TransformedCoordinateSpace.swift:27:46: error: cannot find type 'UICoordinateSpace' in scope
25 | return converter.convert(object, to: space)
26 | }
27 | func convert(_ object: CGRect, to space: UICoordinateSpace) -> CGRect {
| `- error: cannot find type 'UICoordinateSpace' in scope
28 | return converter.convert(object, to: space)
29 | }
/Users/admin/builder/spi-builder-workspace/ImageCoordinateSpace/TransformedCoordinateSpace.swift:31:71: error: cannot find type 'CGPoint' in scope
29 | }
30 |
31 | func convert(_ object: CGPoint, from space: UICoordinateSpace) -> CGPoint {
| `- error: cannot find type 'CGPoint' in scope
32 | return converter.convert(object, from: space)
33 | }
/Users/admin/builder/spi-builder-workspace/ImageCoordinateSpace/TransformedCoordinateSpace.swift:31:28: error: cannot find type 'CGPoint' in scope
29 | }
30 |
31 | func convert(_ object: CGPoint, from space: UICoordinateSpace) -> CGPoint {
| `- error: cannot find type 'CGPoint' in scope
32 | return converter.convert(object, from: space)
33 | }
/Users/admin/builder/spi-builder-workspace/ImageCoordinateSpace/TransformedCoordinateSpace.swift:31:49: error: cannot find type 'UICoordinateSpace' in scope
29 | }
30 |
31 | func convert(_ object: CGPoint, from space: UICoordinateSpace) -> CGPoint {
| `- error: cannot find type 'UICoordinateSpace' in scope
32 | return converter.convert(object, from: space)
33 | }
/Users/admin/builder/spi-builder-workspace/ImageCoordinateSpace/TransformedCoordinateSpace.swift:34:70: error: cannot find type 'CGRect' in scope
32 | return converter.convert(object, from: space)
33 | }
34 | func convert(_ object: CGRect, from space: UICoordinateSpace) -> CGRect {
| `- error: cannot find type 'CGRect' in scope
35 | return converter.convert(object, from: space)
36 | }
/Users/admin/builder/spi-builder-workspace/ImageCoordinateSpace/TransformedCoordinateSpace.swift:34:28: error: cannot find type 'CGRect' in scope
32 | return converter.convert(object, from: space)
33 | }
34 | func convert(_ object: CGRect, from space: UICoordinateSpace) -> CGRect {
| `- error: cannot find type 'CGRect' in scope
35 | return converter.convert(object, from: space)
36 | }
/Users/admin/builder/spi-builder-workspace/ImageCoordinateSpace/TransformedCoordinateSpace.swift:34:48: error: cannot find type 'UICoordinateSpace' in scope
32 | return converter.convert(object, from: space)
33 | }
34 | func convert(_ object: CGRect, from space: UICoordinateSpace) -> CGRect {
| `- error: cannot find type 'UICoordinateSpace' in scope
35 | return converter.convert(object, from: space)
36 | }
/Users/admin/builder/spi-builder-workspace/ImageCoordinateSpace/Converter.swift:9:20: error: cannot find type 'CGAffineTransform' in scope
7 |
8 | struct Converter {
9 | let transform: CGAffineTransform
| `- error: cannot find type 'CGAffineTransform' in scope
10 | let reference: UICoordinateSpace
11 |
/Users/admin/builder/spi-builder-workspace/ImageCoordinateSpace/Converter.swift:10:20: error: cannot find type 'UICoordinateSpace' in scope
8 | struct Converter {
9 | let transform: CGAffineTransform
10 | let reference: UICoordinateSpace
| `- error: cannot find type 'UICoordinateSpace' in scope
11 |
12 | func convert<T: Convertible>(_ object: T, to: UICoordinateSpace) -> T {
/Users/admin/builder/spi-builder-workspace/ImageCoordinateSpace/Converter.swift:12:51: error: cannot find type 'UICoordinateSpace' in scope
10 | let reference: UICoordinateSpace
11 |
12 | func convert<T: Convertible>(_ object: T, to: UICoordinateSpace) -> T {
| `- error: cannot find type 'UICoordinateSpace' in scope
13 | return object.applying(transform).convert(from: reference, to: to)
14 | }
SwiftCompile normal arm64_32 /Users/admin/builder/spi-builder-workspace/ImageCoordinateSpace/TransformedCoordinateSpace.swift (in target 'ImageCoordinateSpace' from project 'ImageCoordinateSpace')
cd /Users/admin/builder/spi-builder-workspace/.swiftpm/xcode
builtin-SwiftPerFileCompile TransformedCoordinateSpace.swift
SwiftCompile normal arm64_32 Compiling\ UIView+UICoordinateSpace.swift /Users/admin/builder/spi-builder-workspace/ImageCoordinateSpace/UIView+UICoordinateSpace.swift (in target 'ImageCoordinateSpace' from project 'ImageCoordinateSpace')
/Users/admin/builder/spi-builder-workspace/ImageCoordinateSpace/UIView+UICoordinateSpace.swift:12:18: error: 'UIView' is unavailable in watchOS
10 |
11 | // MARK: Adds UIView contentSpace property to view
12 | public extension UIView {
| `- error: 'UIView' is unavailable in watchOS
13 | /**
14 | View coordinate space that accounts for view content mode
/Applications/Xcode-27.0.0-Release.Candidate.app/Contents/Developer/Platforms/WatchOS.platform/Developer/SDKs/WatchOS27.0.sdk/System/Library/Frameworks/UIKit.framework/Headers/UIView.h:152:12: note: 'UIView' has been explicitly marked unavailable here
150 |
151 | UIKIT_EXTERN API_AVAILABLE(ios(2.0)) API_UNAVAILABLE(watchos) NS_SWIFT_UI_ACTOR
152 | @interface UIView : UIResponder <NSCoding, UIAppearance, UIAppearanceContainer, UIDynamicItem, UITraitEnvironment, UICoordinateSpace, UIFocusItem, UIFocusItemContainer, CALayerDelegate>
| `- note: 'UIView' has been explicitly marked unavailable here
153 |
154 | @property(class, nonatomic, readonly) Class layerClass; // default is [CALayer class]. Used when creating the underlying layer for the view.
/Users/admin/builder/spi-builder-workspace/ImageCoordinateSpace/UIView+UICoordinateSpace.swift:46:16: error: cannot find 'viewContentModeTransformer' in scope
44 | */
45 | func contentSpace() -> UICoordinateSpace {
46 | return viewContentModeTransformer.coordinateSpace(basedOn: self)
| `- error: cannot find 'viewContentModeTransformer' in scope
47 | }
48 |
SwiftCompile normal arm64_32 /Users/admin/builder/spi-builder-workspace/ImageCoordinateSpace/UIView+UICoordinateSpace.swift (in target 'ImageCoordinateSpace' from project 'ImageCoordinateSpace')
cd /Users/admin/builder/spi-builder-workspace/.swiftpm/xcode
builtin-SwiftPerFileCompile UIView+UICoordinateSpace.swift
SwiftCompile normal arm64 Compiling\ ViewContentModeTransformer.swift /Users/admin/builder/spi-builder-workspace/ImageCoordinateSpace/ViewContentModeTransformer.swift (in target 'ImageCoordinateSpace' from project 'ImageCoordinateSpace')
SwiftCompile normal arm64 /Users/admin/builder/spi-builder-workspace/ImageCoordinateSpace/ViewContentModeTransformer.swift (in target 'ImageCoordinateSpace' from project 'ImageCoordinateSpace')
cd /Users/admin/builder/spi-builder-workspace/.swiftpm/xcode
builtin-SwiftPerFileCompile ViewContentModeTransformer.swift
PruneExplicitPrecompiledModules /Users/admin/builder/spi-builder-workspace/.derivedData/Build/Intermediates.noindex/ExplicitPrecompiledModules
PruneExplicitPrecompiledModules /Users/admin/builder/spi-builder-workspace/.derivedData/Build/Intermediates.noindex/SwiftExplicitPrecompiledModules
PruneExplicitPrecompiledModules /Users/admin/builder/spi-builder-workspace/.derivedData/SDKExplicitPrecompiledModules
2026-09-16 12:55:40.744 xcodebuild[833:5166] [MT] IDERunDestination: Supported platforms for the buildables in the current scheme is empty.
** BUILD FAILED **
The following build commands failed:
SwiftEmitModule normal arm64_32 Emitting\ module\ for\ ImageCoordinateSpace (in target 'ImageCoordinateSpace' from project 'ImageCoordinateSpace')
SwiftCompile normal arm64_32 (in target 'ImageCoordinateSpace' from project 'ImageCoordinateSpace')
SwiftEmitModule normal arm64 Emitting\ module\ for\ ImageCoordinateSpace (in target 'ImageCoordinateSpace' from project 'ImageCoordinateSpace')
SwiftCompile normal arm64 (in target 'ImageCoordinateSpace' from project 'ImageCoordinateSpace')
Building workspace ImageCoordinateSpace with scheme ImageCoordinateSpace
(5 failures)
BUILD FAILURE 6.4 watchOS