Build Information
Failed to build LogConsoleKit, reference 1.0.1 (d7899e), with Swift 6.3 for watchOS using Xcode 26.4 on 16 Jul 2026 23:20:50 UTC.
Build Command
env DEVELOPER_DIR=/Applications/Xcode-26.4.0.app xcrun xcodebuild -IDEClonedSourcePackagesDirPathOverride=$PWD/.dependencies -skipMacroValidation -skipPackagePluginValidation -derivedDataPath $PWD/.derivedData build -scheme LogConsoleKit -destination generic/platform=watchOSBuild Log
========================================
RunAll
========================================
Builder version: undefined version: run 'make version' to update
Interrupt handler set up.
========================================
Checkout
========================================
Clone URL: https://github.com/mstone2112/LogConsoleKit.git
Reference: 1.0.1
Initialized empty Git repository in /Users/admin/builder/spi-builder-workspace/.git/
From https://github.com/mstone2112/LogConsoleKit
* tag 1.0.1 -> FETCH_HEAD
HEAD is now at d7899e8 Initial release
Cloned https://github.com/mstone2112/LogConsoleKit.git
Revision (git rev-parse @):
d7899e890ae0ca354851899d185ab41953697c03
SUCCESS checkout https://github.com/mstone2112/LogConsoleKit.git at 1.0.1
========================================
Build
========================================
Selected platform: watchOS
Swift version: 6.3
Building package at path: $PWD
https://github.com/mstone2112/LogConsoleKit.git
Command line invocation:
/Applications/Xcode-26.4.0.app/Contents/Developer/usr/bin/xcodebuild -IDEClonedSourcePackagesDirPathOverride=/Users/admin/builder/spi-builder-workspace/.dependencies -resolvePackageDependencies
Resolve Package Graph
Resolve Package Graph
Resolved source packages:
LogConsoleKit: /Users/admin/builder/spi-builder-workspace
resolved source packages: LogConsoleKit
2026-07-16 19:20:17.521 xcodebuild[575:3171] [MT] IDERunDestination: Supported platforms for the buildables in the current scheme is empty.
{
"dependencies" : [
],
"manifest_display_name" : "LogConsoleKit",
"name" : "LogConsoleKit",
"path" : "/Users/admin/builder/spi-builder-workspace",
"platforms" : [
{
"name" : "ios",
"version" : "17.0"
},
{
"name" : "macos",
"version" : "14.0"
}
],
"products" : [
{
"name" : "LogConsoleKit",
"targets" : [
"LogConsoleKit"
],
"type" : {
"library" : [
"automatic"
]
}
}
],
"targets" : [
{
"c99name" : "LogConsoleKitTests",
"module_type" : "SwiftTarget",
"name" : "LogConsoleKitTests",
"path" : "Tests/LogConsoleKitTests",
"sources" : [
"LogConsoleKitTests.swift"
],
"target_dependencies" : [
"LogConsoleKit"
],
"type" : "test"
},
{
"c99name" : "LogConsoleKit",
"module_type" : "SwiftTarget",
"name" : "LogConsoleKit",
"path" : "Sources/LogConsoleKit",
"product_memberships" : [
"LogConsoleKit"
],
"sources" : [
"CrashCapture.swift",
"LogConsole.swift",
"LogConsoleContainer.swift",
"Models/CrashRecord.swift",
"Models/LogEntry.swift",
"Models/Session.swift"
],
"type" : "library"
}
],
"tools_version" : "5.10"
}
{
"workspace" : {
"name" : "spi-builder-workspace",
"schemes" : [
"LogConsoleKit"
]
}
}
2026-07-16 19:20:37.940 xcodebuild[728:4387] [MT] IDERunDestination: Supported platforms for the buildables in the current scheme is empty.
Running build ...
env DEVELOPER_DIR=/Applications/Xcode-26.4.0.app xcrun xcodebuild -IDEClonedSourcePackagesDirPathOverride=$PWD/.dependencies -skipMacroValidation -skipPackagePluginValidation -derivedDataPath $PWD/.derivedData build -scheme LogConsoleKit -destination generic/platform=watchOS
Command line invocation:
/Applications/Xcode-26.4.0.app/Contents/Developer/usr/bin/xcodebuild -IDEClonedSourcePackagesDirPathOverride=/Users/admin/builder/spi-builder-workspace/.dependencies -skipMacroValidation -skipPackagePluginValidation -derivedDataPath /Users/admin/builder/spi-builder-workspace/.derivedData build -scheme LogConsoleKit -destination generic/platform=watchOS
Resolve Package Graph
Resolved source packages:
LogConsoleKit: /Users/admin/builder/spi-builder-workspace
ComputePackagePrebuildTargetDependencyGraph
Prepare packages
CreateBuildRequest
SendProjectDescription
CreateBuildOperation
ComputeTargetDependencyGraph
note: Building targets in dependency order
note: Target dependency graph (2 targets)
Target 'LogConsoleKit' in project 'LogConsoleKit'
➜ Explicit dependency on target 'LogConsoleKit' in project 'LogConsoleKit'
Target 'LogConsoleKit' in project 'LogConsoleKit' (no dependencies)
GatherProvisioningInputs
CreateBuildDescription
ExecuteExternalTool /Applications/Xcode-26.4.0.app/Contents/Developer/Toolchains/XcodeDefault.xctoolchain/usr/bin/clang -v -E -dM -isysroot /Applications/Xcode-26.4.0.app/Contents/Developer/Platforms/WatchOS.platform/Developer/SDKs/WatchOS26.4.sdk -x c -c /dev/null
ExecuteExternalTool /Applications/Xcode-26.4.0.app/Contents/Developer/Toolchains/XcodeDefault.xctoolchain/usr/bin/swiftc --version
ExecuteExternalTool /Applications/Xcode-26.4.0.app/Contents/Developer/Toolchains/XcodeDefault.xctoolchain/usr/bin/ld -version_details
Build description signature: 132ae13f1a747a5abaf1f1dd7944a22b
Build description path: /Users/admin/builder/spi-builder-workspace/.derivedData/Build/Intermediates.noindex/XCBuildData/132ae13f1a747a5abaf1f1dd7944a22b.xcbuilddata
CreateBuildDirectory /Users/admin/builder/spi-builder-workspace/.derivedData/Build/Products
cd /Users/admin/builder/spi-builder-workspace/.swiftpm/xcode
builtin-create-build-directory /Users/admin/builder/spi-builder-workspace/.derivedData/Build/Products
CreateBuildDirectory /Users/admin/builder/spi-builder-workspace/.derivedData/Build/Intermediates.noindex
cd /Users/admin/builder/spi-builder-workspace/.swiftpm/xcode
builtin-create-build-directory /Users/admin/builder/spi-builder-workspace/.derivedData/Build/Intermediates.noindex
ClangStatCache /Applications/Xcode-26.4.0.app/Contents/Developer/Toolchains/XcodeDefault.xctoolchain/usr/bin/clang-stat-cache /Applications/Xcode-26.4.0.app/Contents/Developer/Platforms/WatchOS.platform/Developer/SDKs/WatchOS26.4.sdk /Users/admin/builder/spi-builder-workspace/.derivedData/SDKStatCaches.noindex/watchos26.4-23T238-688ef53f1462e2c8f657fdc38a81448f9e51884a582f42380855760c9d4cc599.sdkstatcache
cd /Users/admin/builder/spi-builder-workspace/.swiftpm/xcode
/Applications/Xcode-26.4.0.app/Contents/Developer/Toolchains/XcodeDefault.xctoolchain/usr/bin/clang-stat-cache /Applications/Xcode-26.4.0.app/Contents/Developer/Platforms/WatchOS.platform/Developer/SDKs/WatchOS26.4.sdk -o /Users/admin/builder/spi-builder-workspace/.derivedData/SDKStatCaches.noindex/watchos26.4-23T238-688ef53f1462e2c8f657fdc38a81448f9e51884a582f42380855760c9d4cc599.sdkstatcache
CreateBuildDirectory /Users/admin/builder/spi-builder-workspace/.derivedData/Build/Intermediates.noindex/ExplicitPrecompiledModules
cd /Users/admin/builder/spi-builder-workspace/.swiftpm/xcode
builtin-create-build-directory /Users/admin/builder/spi-builder-workspace/.derivedData/Build/Intermediates.noindex/ExplicitPrecompiledModules
CreateBuildDirectory /Users/admin/builder/spi-builder-workspace/.derivedData/Build/Intermediates.noindex/SwiftExplicitPrecompiledModules
cd /Users/admin/builder/spi-builder-workspace/.swiftpm/xcode
builtin-create-build-directory /Users/admin/builder/spi-builder-workspace/.derivedData/Build/Intermediates.noindex/SwiftExplicitPrecompiledModules
CreateBuildDirectory /Users/admin/builder/spi-builder-workspace/.derivedData/Build/Intermediates.noindex/EagerLinkingTBDs/Debug-watchos
cd /Users/admin/builder/spi-builder-workspace/.swiftpm/xcode
builtin-create-build-directory /Users/admin/builder/spi-builder-workspace/.derivedData/Build/Intermediates.noindex/EagerLinkingTBDs/Debug-watchos
CreateBuildDirectory /Users/admin/builder/spi-builder-workspace/.derivedData/Build/Products/Debug-watchos
cd /Users/admin/builder/spi-builder-workspace/.swiftpm/xcode
builtin-create-build-directory /Users/admin/builder/spi-builder-workspace/.derivedData/Build/Products/Debug-watchos
CreateBuildDirectory /Users/admin/builder/spi-builder-workspace/.derivedData/Build/Products/Debug-watchos/PackageFrameworks
cd /Users/admin/builder/spi-builder-workspace/.swiftpm/xcode
builtin-create-build-directory /Users/admin/builder/spi-builder-workspace/.derivedData/Build/Products/Debug-watchos/PackageFrameworks
WriteAuxiliaryFile /Users/admin/builder/spi-builder-workspace/.derivedData/Build/Intermediates.noindex/LogConsoleKit.build/Debug-watchos/LogConsoleKit.build/LogConsoleKit.modulemap (in target 'LogConsoleKit' from project 'LogConsoleKit')
cd /Users/admin/builder/spi-builder-workspace
write-file /Users/admin/builder/spi-builder-workspace/.derivedData/Build/Intermediates.noindex/LogConsoleKit.build/Debug-watchos/LogConsoleKit.build/LogConsoleKit.modulemap
WriteAuxiliaryFile /Users/admin/builder/spi-builder-workspace/.derivedData/Build/Intermediates.noindex/LogConsoleKit.build/Debug-watchos/LogConsoleKit.build/Objects-normal/arm64_32/LogConsoleKit_const_extract_protocols.json (in target 'LogConsoleKit' from project 'LogConsoleKit')
cd /Users/admin/builder/spi-builder-workspace
write-file /Users/admin/builder/spi-builder-workspace/.derivedData/Build/Intermediates.noindex/LogConsoleKit.build/Debug-watchos/LogConsoleKit.build/Objects-normal/arm64_32/LogConsoleKit_const_extract_protocols.json
WriteAuxiliaryFile /Users/admin/builder/spi-builder-workspace/.derivedData/Build/Intermediates.noindex/LogConsoleKit.build/Debug-watchos/LogConsoleKit.build/Objects-normal/arm64_32/LogConsoleKit-OutputFileMap.json (in target 'LogConsoleKit' from project 'LogConsoleKit')
cd /Users/admin/builder/spi-builder-workspace
write-file /Users/admin/builder/spi-builder-workspace/.derivedData/Build/Intermediates.noindex/LogConsoleKit.build/Debug-watchos/LogConsoleKit.build/Objects-normal/arm64_32/LogConsoleKit-OutputFileMap.json
WriteAuxiliaryFile /Users/admin/builder/spi-builder-workspace/.derivedData/Build/Intermediates.noindex/LogConsoleKit.build/Debug-watchos/LogConsoleKit.build/Objects-normal/arm64_32/LogConsoleKit.SwiftConstValuesFileList (in target 'LogConsoleKit' from project 'LogConsoleKit')
cd /Users/admin/builder/spi-builder-workspace
write-file /Users/admin/builder/spi-builder-workspace/.derivedData/Build/Intermediates.noindex/LogConsoleKit.build/Debug-watchos/LogConsoleKit.build/Objects-normal/arm64_32/LogConsoleKit.SwiftConstValuesFileList
WriteAuxiliaryFile /Users/admin/builder/spi-builder-workspace/.derivedData/Build/Intermediates.noindex/LogConsoleKit.build/Debug-watchos/LogConsoleKit.build/Objects-normal/arm64_32/LogConsoleKit.SwiftFileList (in target 'LogConsoleKit' from project 'LogConsoleKit')
cd /Users/admin/builder/spi-builder-workspace
write-file /Users/admin/builder/spi-builder-workspace/.derivedData/Build/Intermediates.noindex/LogConsoleKit.build/Debug-watchos/LogConsoleKit.build/Objects-normal/arm64_32/LogConsoleKit.SwiftFileList
WriteAuxiliaryFile /Users/admin/builder/spi-builder-workspace/.derivedData/Build/Intermediates.noindex/LogConsoleKit.build/Debug-watchos/LogConsoleKit.build/Objects-normal/arm64/LogConsoleKit_const_extract_protocols.json (in target 'LogConsoleKit' from project 'LogConsoleKit')
cd /Users/admin/builder/spi-builder-workspace
write-file /Users/admin/builder/spi-builder-workspace/.derivedData/Build/Intermediates.noindex/LogConsoleKit.build/Debug-watchos/LogConsoleKit.build/Objects-normal/arm64/LogConsoleKit_const_extract_protocols.json
WriteAuxiliaryFile /Users/admin/builder/spi-builder-workspace/.derivedData/Build/Intermediates.noindex/LogConsoleKit.build/Debug-watchos/LogConsoleKit.build/Objects-normal/arm64/LogConsoleKit.SwiftFileList (in target 'LogConsoleKit' from project 'LogConsoleKit')
cd /Users/admin/builder/spi-builder-workspace
write-file /Users/admin/builder/spi-builder-workspace/.derivedData/Build/Intermediates.noindex/LogConsoleKit.build/Debug-watchos/LogConsoleKit.build/Objects-normal/arm64/LogConsoleKit.SwiftFileList
WriteAuxiliaryFile /Users/admin/builder/spi-builder-workspace/.derivedData/Build/Intermediates.noindex/LogConsoleKit.build/Debug-watchos/LogConsoleKit.build/Objects-normal/arm64/LogConsoleKit.SwiftConstValuesFileList (in target 'LogConsoleKit' from project 'LogConsoleKit')
cd /Users/admin/builder/spi-builder-workspace
write-file /Users/admin/builder/spi-builder-workspace/.derivedData/Build/Intermediates.noindex/LogConsoleKit.build/Debug-watchos/LogConsoleKit.build/Objects-normal/arm64/LogConsoleKit.SwiftConstValuesFileList
WriteAuxiliaryFile /Users/admin/builder/spi-builder-workspace/.derivedData/Build/Intermediates.noindex/LogConsoleKit.build/Debug-watchos/LogConsoleKit.build/Objects-normal/arm64_32/LogConsoleKit.LinkFileList (in target 'LogConsoleKit' from project 'LogConsoleKit')
cd /Users/admin/builder/spi-builder-workspace
write-file /Users/admin/builder/spi-builder-workspace/.derivedData/Build/Intermediates.noindex/LogConsoleKit.build/Debug-watchos/LogConsoleKit.build/Objects-normal/arm64_32/LogConsoleKit.LinkFileList
WriteAuxiliaryFile /Users/admin/builder/spi-builder-workspace/.derivedData/Build/Intermediates.noindex/LogConsoleKit.build/Debug-watchos/LogConsoleKit.build/Objects-normal/arm64/LogConsoleKit.LinkFileList (in target 'LogConsoleKit' from project 'LogConsoleKit')
cd /Users/admin/builder/spi-builder-workspace
write-file /Users/admin/builder/spi-builder-workspace/.derivedData/Build/Intermediates.noindex/LogConsoleKit.build/Debug-watchos/LogConsoleKit.build/Objects-normal/arm64/LogConsoleKit.LinkFileList
WriteAuxiliaryFile /Users/admin/builder/spi-builder-workspace/.derivedData/Build/Intermediates.noindex/LogConsoleKit.build/Debug-watchos/LogConsoleKit.build/Objects-normal/arm64/LogConsoleKit-OutputFileMap.json (in target 'LogConsoleKit' from project 'LogConsoleKit')
cd /Users/admin/builder/spi-builder-workspace
write-file /Users/admin/builder/spi-builder-workspace/.derivedData/Build/Intermediates.noindex/LogConsoleKit.build/Debug-watchos/LogConsoleKit.build/Objects-normal/arm64/LogConsoleKit-OutputFileMap.json
WriteAuxiliaryFile /Users/admin/builder/spi-builder-workspace/.derivedData/Build/Intermediates.noindex/LogConsoleKit.build/Debug-watchos/LogConsoleKit.build/LogConsoleKit.DependencyMetadataFileList (in target 'LogConsoleKit' from project 'LogConsoleKit')
cd /Users/admin/builder/spi-builder-workspace
write-file /Users/admin/builder/spi-builder-workspace/.derivedData/Build/Intermediates.noindex/LogConsoleKit.build/Debug-watchos/LogConsoleKit.build/LogConsoleKit.DependencyMetadataFileList
WriteAuxiliaryFile /Users/admin/builder/spi-builder-workspace/.derivedData/Build/Intermediates.noindex/LogConsoleKit.build/Debug-watchos/LogConsoleKit.build/LogConsoleKit.DependencyStaticMetadataFileList (in target 'LogConsoleKit' from project 'LogConsoleKit')
cd /Users/admin/builder/spi-builder-workspace
write-file /Users/admin/builder/spi-builder-workspace/.derivedData/Build/Intermediates.noindex/LogConsoleKit.build/Debug-watchos/LogConsoleKit.build/LogConsoleKit.DependencyStaticMetadataFileList
Copy /Users/admin/builder/spi-builder-workspace/.derivedData/Build/Intermediates.noindex/GeneratedModuleMaps-watchos/LogConsoleKit.modulemap /Users/admin/builder/spi-builder-workspace/.derivedData/Build/Intermediates.noindex/LogConsoleKit.build/Debug-watchos/LogConsoleKit.build/LogConsoleKit.modulemap (in target 'LogConsoleKit' from project 'LogConsoleKit')
cd /Users/admin/builder/spi-builder-workspace
builtin-copy -exclude .DS_Store -exclude CVS -exclude .svn -exclude .git -exclude .hg -resolve-src-symlinks /Users/admin/builder/spi-builder-workspace/.derivedData/Build/Intermediates.noindex/LogConsoleKit.build/Debug-watchos/LogConsoleKit.build/LogConsoleKit.modulemap /Users/admin/builder/spi-builder-workspace/.derivedData/Build/Intermediates.noindex/GeneratedModuleMaps-watchos
SwiftDriver LogConsoleKit normal arm64 com.apple.xcode.tools.swift.compiler (in target 'LogConsoleKit' from project 'LogConsoleKit')
cd /Users/admin/builder/spi-builder-workspace/.swiftpm/xcode
builtin-SwiftDriver -- /Applications/Xcode-26.4.0.app/Contents/Developer/Toolchains/XcodeDefault.xctoolchain/usr/bin/swiftc -module-name LogConsoleKit -Onone @/Users/admin/builder/spi-builder-workspace/.derivedData/Build/Intermediates.noindex/LogConsoleKit.build/Debug-watchos/LogConsoleKit.build/Objects-normal/arm64/LogConsoleKit.SwiftFileList -DSWIFT_PACKAGE -DDEBUG -DSWIFT_MODULE_RESOURCE_BUNDLE_UNAVAILABLE -DXcode -plugin-path /Applications/Xcode-26.4.0.app/Contents/Developer/Toolchains/XcodeDefault.xctoolchain/usr/lib/swift/host/plugins/testing -enable-experimental-feature DebugDescriptionMacro -sdk /Applications/Xcode-26.4.0.app/Contents/Developer/Platforms/WatchOS.platform/Developer/SDKs/WatchOS26.4.sdk -target arm64-apple-watchos10.0 -g -module-cache-path /Users/admin/builder/spi-builder-workspace/.derivedData/ModuleCache.noindex -Xfrontend -serialize-debugging-options -profile-coverage-mapping -profile-generate -enable-testing -index-store-path /Users/admin/builder/spi-builder-workspace/.derivedData/Index.noindex/DataStore -Xcc -D_LIBCPP_HARDENING_MODE\=_LIBCPP_HARDENING_MODE_DEBUG -swift-version 5 -I /Users/admin/builder/spi-builder-workspace/.derivedData/Build/Products/Debug-watchos -Isystem /Applications/Xcode-26.4.0.app/Contents/Developer/Platforms/WatchOS.platform/Developer/usr/lib -F /Users/admin/builder/spi-builder-workspace/.derivedData/Build/Products/Debug-watchos -F /Applications/Xcode-26.4.0.app/Contents/Developer/Platforms/WatchOS.platform/Developer/Library/Frameworks -F /Applications/Xcode-26.4.0.app/Contents/Developer/Platforms/WatchOS.platform/Developer/SDKs/WatchOS26.4.sdk/Developer/Library/Frameworks -c -j10 -enable-batch-mode -incremental -Xcc -ivfsstatcache -Xcc /Users/admin/builder/spi-builder-workspace/.derivedData/SDKStatCaches.noindex/watchos26.4-23T238-688ef53f1462e2c8f657fdc38a81448f9e51884a582f42380855760c9d4cc599.sdkstatcache -output-file-map /Users/admin/builder/spi-builder-workspace/.derivedData/Build/Intermediates.noindex/LogConsoleKit.build/Debug-watchos/LogConsoleKit.build/Objects-normal/arm64/LogConsoleKit-OutputFileMap.json -use-frontend-parseable-output -save-temps -no-color-diagnostics -explicit-module-build -module-cache-path /Users/admin/builder/spi-builder-workspace/.derivedData/Build/Intermediates.noindex/SwiftExplicitPrecompiledModules -clang-scanner-module-cache-path /Users/admin/builder/spi-builder-workspace/.derivedData/ModuleCache.noindex -sdk-module-cache-path /Users/admin/builder/spi-builder-workspace/.derivedData/ModuleCache.noindex -serialize-diagnostics -emit-dependencies -emit-module -emit-module-path /Users/admin/builder/spi-builder-workspace/.derivedData/Build/Intermediates.noindex/LogConsoleKit.build/Debug-watchos/LogConsoleKit.build/Objects-normal/arm64/LogConsoleKit.swiftmodule -validate-clang-modules-once -clang-build-session-file /Users/admin/builder/spi-builder-workspace/.derivedData/ModuleCache.noindex/Session.modulevalidation -package-name spi_builder_workspace -Xcc -I/Users/admin/builder/spi-builder-workspace/.derivedData/Build/Intermediates.noindex/LogConsoleKit.build/Debug-watchos/LogConsoleKit.build/swift-overrides.hmap -emit-const-values -Xfrontend -const-gather-protocols-file -Xfrontend /Users/admin/builder/spi-builder-workspace/.derivedData/Build/Intermediates.noindex/LogConsoleKit.build/Debug-watchos/LogConsoleKit.build/Objects-normal/arm64/LogConsoleKit_const_extract_protocols.json -Xcc -I/Users/admin/builder/spi-builder-workspace/.derivedData/Build/Products/Debug-watchos/include -Xcc -I/Users/admin/builder/spi-builder-workspace/.derivedData/Build/Intermediates.noindex/LogConsoleKit.build/Debug-watchos/LogConsoleKit.build/DerivedSources-normal/arm64 -Xcc -I/Users/admin/builder/spi-builder-workspace/.derivedData/Build/Intermediates.noindex/LogConsoleKit.build/Debug-watchos/LogConsoleKit.build/DerivedSources/arm64 -Xcc -I/Users/admin/builder/spi-builder-workspace/.derivedData/Build/Intermediates.noindex/LogConsoleKit.build/Debug-watchos/LogConsoleKit.build/DerivedSources -Xcc -DSWIFT_PACKAGE -Xcc -DDEBUG\=1 -emit-objc-header -emit-objc-header-path /Users/admin/builder/spi-builder-workspace/.derivedData/Build/Intermediates.noindex/LogConsoleKit.build/Debug-watchos/LogConsoleKit.build/Objects-normal/arm64/LogConsoleKit-Swift.h -working-directory /Users/admin/builder/spi-builder-workspace/.swiftpm/xcode -experimental-emit-module-separately -disable-cmo
SwiftDriver LogConsoleKit normal arm64_32 com.apple.xcode.tools.swift.compiler (in target 'LogConsoleKit' from project 'LogConsoleKit')
cd /Users/admin/builder/spi-builder-workspace/.swiftpm/xcode
builtin-SwiftDriver -- /Applications/Xcode-26.4.0.app/Contents/Developer/Toolchains/XcodeDefault.xctoolchain/usr/bin/swiftc -module-name LogConsoleKit -Onone @/Users/admin/builder/spi-builder-workspace/.derivedData/Build/Intermediates.noindex/LogConsoleKit.build/Debug-watchos/LogConsoleKit.build/Objects-normal/arm64_32/LogConsoleKit.SwiftFileList -DSWIFT_PACKAGE -DDEBUG -DSWIFT_MODULE_RESOURCE_BUNDLE_UNAVAILABLE -DXcode -plugin-path /Applications/Xcode-26.4.0.app/Contents/Developer/Toolchains/XcodeDefault.xctoolchain/usr/lib/swift/host/plugins/testing -enable-experimental-feature DebugDescriptionMacro -sdk /Applications/Xcode-26.4.0.app/Contents/Developer/Platforms/WatchOS.platform/Developer/SDKs/WatchOS26.4.sdk -target arm64_32-apple-watchos10.0 -g -module-cache-path /Users/admin/builder/spi-builder-workspace/.derivedData/ModuleCache.noindex -Xfrontend -serialize-debugging-options -profile-coverage-mapping -profile-generate -enable-testing -index-store-path /Users/admin/builder/spi-builder-workspace/.derivedData/Index.noindex/DataStore -Xcc -D_LIBCPP_HARDENING_MODE\=_LIBCPP_HARDENING_MODE_DEBUG -swift-version 5 -I /Users/admin/builder/spi-builder-workspace/.derivedData/Build/Products/Debug-watchos -Isystem /Applications/Xcode-26.4.0.app/Contents/Developer/Platforms/WatchOS.platform/Developer/usr/lib -F /Users/admin/builder/spi-builder-workspace/.derivedData/Build/Products/Debug-watchos -F /Applications/Xcode-26.4.0.app/Contents/Developer/Platforms/WatchOS.platform/Developer/Library/Frameworks -F /Applications/Xcode-26.4.0.app/Contents/Developer/Platforms/WatchOS.platform/Developer/SDKs/WatchOS26.4.sdk/Developer/Library/Frameworks -c -j10 -enable-batch-mode -incremental -Xcc -ivfsstatcache -Xcc /Users/admin/builder/spi-builder-workspace/.derivedData/SDKStatCaches.noindex/watchos26.4-23T238-688ef53f1462e2c8f657fdc38a81448f9e51884a582f42380855760c9d4cc599.sdkstatcache -output-file-map /Users/admin/builder/spi-builder-workspace/.derivedData/Build/Intermediates.noindex/LogConsoleKit.build/Debug-watchos/LogConsoleKit.build/Objects-normal/arm64_32/LogConsoleKit-OutputFileMap.json -use-frontend-parseable-output -save-temps -no-color-diagnostics -explicit-module-build -module-cache-path /Users/admin/builder/spi-builder-workspace/.derivedData/Build/Intermediates.noindex/SwiftExplicitPrecompiledModules -clang-scanner-module-cache-path /Users/admin/builder/spi-builder-workspace/.derivedData/ModuleCache.noindex -sdk-module-cache-path /Users/admin/builder/spi-builder-workspace/.derivedData/ModuleCache.noindex -serialize-diagnostics -emit-dependencies -emit-module -emit-module-path /Users/admin/builder/spi-builder-workspace/.derivedData/Build/Intermediates.noindex/LogConsoleKit.build/Debug-watchos/LogConsoleKit.build/Objects-normal/arm64_32/LogConsoleKit.swiftmodule -validate-clang-modules-once -clang-build-session-file /Users/admin/builder/spi-builder-workspace/.derivedData/ModuleCache.noindex/Session.modulevalidation -package-name spi_builder_workspace -Xcc -I/Users/admin/builder/spi-builder-workspace/.derivedData/Build/Intermediates.noindex/LogConsoleKit.build/Debug-watchos/LogConsoleKit.build/swift-overrides.hmap -emit-const-values -Xfrontend -const-gather-protocols-file -Xfrontend /Users/admin/builder/spi-builder-workspace/.derivedData/Build/Intermediates.noindex/LogConsoleKit.build/Debug-watchos/LogConsoleKit.build/Objects-normal/arm64_32/LogConsoleKit_const_extract_protocols.json -Xcc -I/Users/admin/builder/spi-builder-workspace/.derivedData/Build/Products/Debug-watchos/include -Xcc -I/Users/admin/builder/spi-builder-workspace/.derivedData/Build/Intermediates.noindex/LogConsoleKit.build/Debug-watchos/LogConsoleKit.build/DerivedSources-normal/arm64_32 -Xcc -I/Users/admin/builder/spi-builder-workspace/.derivedData/Build/Intermediates.noindex/LogConsoleKit.build/Debug-watchos/LogConsoleKit.build/DerivedSources/arm64_32 -Xcc -I/Users/admin/builder/spi-builder-workspace/.derivedData/Build/Intermediates.noindex/LogConsoleKit.build/Debug-watchos/LogConsoleKit.build/DerivedSources -Xcc -DSWIFT_PACKAGE -Xcc -DDEBUG\=1 -emit-objc-header -emit-objc-header-path /Users/admin/builder/spi-builder-workspace/.derivedData/Build/Intermediates.noindex/LogConsoleKit.build/Debug-watchos/LogConsoleKit.build/Objects-normal/arm64_32/LogConsoleKit-Swift.h -working-directory /Users/admin/builder/spi-builder-workspace/.swiftpm/xcode -experimental-emit-module-separately -disable-cmo
SwiftExplicitDependencyGeneratePcm arm64_32 /Users/admin/builder/spi-builder-workspace/.derivedData/ModuleCache.noindex/ptrauth-CSYNJ36TKIRL7QNRKDKOGXJU2.pcm
SwiftExplicitDependencyGeneratePcm arm64_32 /Users/admin/builder/spi-builder-workspace/.derivedData/ModuleCache.noindex/_SwiftConcurrencyShims-8J360MDDQXUL93K2URBTQH9R7.pcm
SwiftExplicitDependencyGeneratePcm arm64_32 /Users/admin/builder/spi-builder-workspace/.derivedData/ModuleCache.noindex/SwiftShims-1SU5ITVAD0IOPFW9PGAM4K5UA.pcm
SwiftExplicitDependencyGeneratePcm arm64_32 /Users/admin/builder/spi-builder-workspace/.derivedData/ModuleCache.noindex/_Builtin_float-8WB2TQ5ID0E4TLXDTEVJ2XNQ6.pcm
SwiftExplicitDependencyGeneratePcm arm64_32 /Users/admin/builder/spi-builder-workspace/.derivedData/ModuleCache.noindex/_Builtin_stdbool-412RH2O2ONCZJ7OEVHFAOI0AK.pcm
SwiftExplicitDependencyGeneratePcm arm64_32 /Users/admin/builder/spi-builder-workspace/.derivedData/ModuleCache.noindex/_Builtin_stdarg-C5SVPIYECR3VZY1UE4FL7OF4G.pcm
SwiftExplicitDependencyGeneratePcm arm64_32 /Users/admin/builder/spi-builder-workspace/.derivedData/ModuleCache.noindex/ptrcheck-9HLFLNTO8GHE1CGLX3O9VDPWZ.pcm
SwiftExplicitDependencyGeneratePcm arm64_32 /Users/admin/builder/spi-builder-workspace/.derivedData/ModuleCache.noindex/_AvailabilityInternal-2DTNL8T5MKRQYAGUSOL6U8ZDV.pcm
SwiftExplicitDependencyGeneratePcm arm64_32 /Users/admin/builder/spi-builder-workspace/.derivedData/ModuleCache.noindex/_Builtin_stddef-C4TC854O65J5497BBX600KKRB.pcm
SwiftExplicitDependencyGeneratePcm arm64 /Users/admin/builder/spi-builder-workspace/.derivedData/ModuleCache.noindex/_Builtin_stdbool-CM4QDBLSHYZT29UKT3T72KQVR.pcm
SwiftExplicitDependencyGeneratePcm arm64 /Users/admin/builder/spi-builder-workspace/.derivedData/ModuleCache.noindex/_Builtin_stdarg-50H2DFYYV5EW682NL84TR3FV1.pcm
SwiftExplicitDependencyGeneratePcm arm64 /Users/admin/builder/spi-builder-workspace/.derivedData/ModuleCache.noindex/_AvailabilityInternal-9FKWK8IDCHHC3NXLJ2XQ5IQV6.pcm
SwiftExplicitDependencyGeneratePcm arm64 /Users/admin/builder/spi-builder-workspace/.derivedData/ModuleCache.noindex/SwiftShims-B69EYQWEVKSIGNJZKYHR2Q9QO.pcm
SwiftExplicitDependencyGeneratePcm arm64 /Users/admin/builder/spi-builder-workspace/.derivedData/ModuleCache.noindex/ptrcheck-CQT494I37559JYD3PA7WDDHWT.pcm
SwiftExplicitDependencyGeneratePcm arm64 /Users/admin/builder/spi-builder-workspace/.derivedData/ModuleCache.noindex/_Builtin_float-64SVI3JFJ3UKP4C6X0OLYO830.pcm
SwiftExplicitDependencyGeneratePcm arm64 /Users/admin/builder/spi-builder-workspace/.derivedData/ModuleCache.noindex/_Builtin_stddef-6BGY691FJWHBF8WK1C0KR0NSP.pcm
SwiftExplicitDependencyGeneratePcm arm64 /Users/admin/builder/spi-builder-workspace/.derivedData/ModuleCache.noindex/ptrauth-AJX0T9B8L1Q3XNNOXOEZIT8RH.pcm
SwiftExplicitDependencyGeneratePcm arm64 /Users/admin/builder/spi-builder-workspace/.derivedData/ModuleCache.noindex/_SwiftConcurrencyShims-DUCOK4TK92CTD42OXDA1ZNQE4.pcm
SwiftExplicitDependencyGeneratePcm arm64_32 /Users/admin/builder/spi-builder-workspace/.derivedData/ModuleCache.noindex/_DarwinFoundation1-BS2JXGE4HZ5FY2BPGNP630G8F.pcm
SwiftExplicitDependencyGeneratePcm arm64 /Users/admin/builder/spi-builder-workspace/.derivedData/ModuleCache.noindex/_DarwinFoundation1-2Q28C3Q4TAV3NMR8JWE92WTRF.pcm
SwiftExplicitDependencyGeneratePcm arm64_32 /Users/admin/builder/spi-builder-workspace/.derivedData/ModuleCache.noindex/_Builtin_limits-3IQFCXNJ9EXDUEG18FF5AUJ7Y.pcm
SwiftExplicitDependencyGeneratePcm arm64_32 /Users/admin/builder/spi-builder-workspace/.derivedData/ModuleCache.noindex/_DarwinFoundation2-1RJ6JRGXZ8SPWZ1ITP42AK7ED.pcm
SwiftExplicitDependencyGeneratePcm arm64 /Users/admin/builder/spi-builder-workspace/.derivedData/ModuleCache.noindex/_DarwinFoundation2-EWJ448ABN70728AP6ZZ9WEOUL.pcm
SwiftExplicitDependencyGeneratePcm arm64 /Users/admin/builder/spi-builder-workspace/.derivedData/ModuleCache.noindex/_Builtin_limits-9RZQTF1GJ0416YQ0Z02NZZXQC.pcm
SwiftExplicitDependencyGeneratePcm arm64_32 /Users/admin/builder/spi-builder-workspace/.derivedData/ModuleCache.noindex/_Builtin_stdint-EGGP79F0O4J8S59BX8NXLCSRA.pcm
SwiftExplicitDependencyGeneratePcm arm64_32 /Users/admin/builder/spi-builder-workspace/.derivedData/ModuleCache.noindex/sys_types-A93LFYRPY6H19OYORB7OCRWS.pcm
SwiftExplicitDependencyGeneratePcm arm64 /Users/admin/builder/spi-builder-workspace/.derivedData/ModuleCache.noindex/_Builtin_stdint-1QOGRV0BGHI0YS4FVC1LRKC3H.pcm
SwiftExplicitDependencyGeneratePcm arm64 /Users/admin/builder/spi-builder-workspace/.derivedData/ModuleCache.noindex/sys_types-2UB4LFMFDMJ9BAWDPUJUGHDF4.pcm
SwiftExplicitDependencyGeneratePcm arm64_32 /Users/admin/builder/spi-builder-workspace/.derivedData/ModuleCache.noindex/_DarwinFoundation3-64R5F69X303A73IHCYRY9YQZ5.pcm
SwiftExplicitDependencyGeneratePcm arm64 /Users/admin/builder/spi-builder-workspace/.derivedData/ModuleCache.noindex/_DarwinFoundation3-85XSHOS3CYWKRNKX2G54S4O40.pcm
SwiftExplicitDependencyGeneratePcm arm64_32 /Users/admin/builder/spi-builder-workspace/.derivedData/ModuleCache.noindex/_Builtin_inttypes-DFP9KL85KTQ4S03234NG2STCR.pcm
SwiftExplicitDependencyGeneratePcm arm64 /Users/admin/builder/spi-builder-workspace/.derivedData/ModuleCache.noindex/_Builtin_inttypes-5VSELNGR1UTMSG0B9R9OUAADQ.pcm
SwiftExplicitDependencyGeneratePcm arm64_32 /Users/admin/builder/spi-builder-workspace/.derivedData/ModuleCache.noindex/Darwin-7YSIOPFZ55PIKH4VLTSKSD1VC.pcm
SwiftExplicitDependencyGeneratePcm arm64 /Users/admin/builder/spi-builder-workspace/.derivedData/ModuleCache.noindex/Darwin-BBMJ4730QL10MWDNUFZJBYRN.pcm
SwiftExplicitDependencyGeneratePcm arm64_32 /Users/admin/builder/spi-builder-workspace/.derivedData/ModuleCache.noindex/ObjectiveC-A454NAS899IHKN5FXNYEN6YN8.pcm
SwiftExplicitDependencyGeneratePcm arm64 /Users/admin/builder/spi-builder-workspace/.derivedData/ModuleCache.noindex/ObjectiveC-Y2H3FASB6S9J4MW2R2WQEJLM.pcm
SwiftExplicitDependencyGeneratePcm arm64_32 /Users/admin/builder/spi-builder-workspace/.derivedData/ModuleCache.noindex/os_object-IVSSSVSJYK45M023SEEMEEK7.pcm
SwiftExplicitDependencyGeneratePcm arm64_32 /Users/admin/builder/spi-builder-workspace/.derivedData/ModuleCache.noindex/os_workgroup-1OOJFHXIHOZPPYDUR9OHEF8Q8.pcm
SwiftExplicitDependencyGeneratePcm arm64 /Users/admin/builder/spi-builder-workspace/.derivedData/ModuleCache.noindex/os_object-C5Y3EORD6K8DOSP4T3Q3RFZ8L.pcm
SwiftExplicitDependencyGeneratePcm arm64 /Users/admin/builder/spi-builder-workspace/.derivedData/ModuleCache.noindex/os_workgroup-819V7E6IGB5TNT5WEQ245EX6R.pcm
SwiftExplicitDependencyGeneratePcm arm64_32 /Users/admin/builder/spi-builder-workspace/.derivedData/ModuleCache.noindex/Dispatch-3505J0L9W5O3CWY9CI0FWKIHP.pcm
SwiftExplicitDependencyGeneratePcm arm64 /Users/admin/builder/spi-builder-workspace/.derivedData/ModuleCache.noindex/Dispatch-R1PG9Y2DP3EK3LRUA8PRPADC.pcm
SwiftExplicitDependencyGeneratePcm arm64_32 /Users/admin/builder/spi-builder-workspace/.derivedData/ModuleCache.noindex/XPC-EBVVYR4TF0PQUZ4W3Y6BB8T4R.pcm
SwiftExplicitDependencyGeneratePcm arm64_32 /Users/admin/builder/spi-builder-workspace/.derivedData/ModuleCache.noindex/CoreFoundation-ARJYTIRRDW39S4NN6EM23QIBS.pcm
SwiftExplicitDependencyGeneratePcm arm64 /Users/admin/builder/spi-builder-workspace/.derivedData/ModuleCache.noindex/XPC-9LXFH1YGCTEYI6FZTMA69KC0E.pcm
SwiftExplicitDependencyGeneratePcm arm64 /Users/admin/builder/spi-builder-workspace/.derivedData/ModuleCache.noindex/CoreFoundation-5K8M5ISJ7BMQVNR98DK2M4NVG.pcm
SwiftExplicitDependencyGeneratePcm arm64_32 /Users/admin/builder/spi-builder-workspace/.derivedData/ModuleCache.noindex/Security-18V7BBHOAWHI6N4MT8WMS1NTI.pcm
SwiftExplicitDependencyGeneratePcm arm64 /Users/admin/builder/spi-builder-workspace/.derivedData/ModuleCache.noindex/Security-BV24I6SQZR1TBPFSIT5KTQ5X9.pcm
SwiftExplicitDependencyGeneratePcm arm64_32 /Users/admin/builder/spi-builder-workspace/.derivedData/ModuleCache.noindex/Foundation-6R9V5UMJYXKQLO5TWCMLTAXSH.pcm
SwiftExplicitDependencyGeneratePcm arm64 /Users/admin/builder/spi-builder-workspace/.derivedData/ModuleCache.noindex/Foundation-DGTSTG9ILAWV20UWIH3AFDWUP.pcm
SwiftCompile normal arm64_32 Compiling\ CrashRecord.swift /Users/admin/builder/spi-builder-workspace/Sources/LogConsoleKit/Models/CrashRecord.swift (in target 'LogConsoleKit' from project 'LogConsoleKit')
SwiftCompile normal arm64_32 /Users/admin/builder/spi-builder-workspace/Sources/LogConsoleKit/Models/CrashRecord.swift (in target 'LogConsoleKit' from project 'LogConsoleKit')
cd /Users/admin/builder/spi-builder-workspace/.swiftpm/xcode
SwiftCompile normal arm64_32 Compiling\ LogConsoleContainer.swift /Users/admin/builder/spi-builder-workspace/Sources/LogConsoleKit/LogConsoleContainer.swift (in target 'LogConsoleKit' from project 'LogConsoleKit')
SwiftCompile normal arm64_32 /Users/admin/builder/spi-builder-workspace/Sources/LogConsoleKit/LogConsoleContainer.swift (in target 'LogConsoleKit' from project 'LogConsoleKit')
cd /Users/admin/builder/spi-builder-workspace/.swiftpm/xcode
SwiftCompile normal arm64_32 Compiling\ Session.swift /Users/admin/builder/spi-builder-workspace/Sources/LogConsoleKit/Models/Session.swift (in target 'LogConsoleKit' from project 'LogConsoleKit')
SwiftCompile normal arm64_32 /Users/admin/builder/spi-builder-workspace/Sources/LogConsoleKit/Models/Session.swift (in target 'LogConsoleKit' from project 'LogConsoleKit')
cd /Users/admin/builder/spi-builder-workspace/.swiftpm/xcode
SwiftEmitModule normal arm64_32 Emitting\ module\ for\ LogConsoleKit (in target 'LogConsoleKit' from project 'LogConsoleKit')
EmitSwiftModule normal arm64_32 (in target 'LogConsoleKit' from project 'LogConsoleKit')
cd /Users/admin/builder/spi-builder-workspace/.swiftpm/xcode
SwiftCompile normal arm64_32 Compiling\ CrashCapture.swift /Users/admin/builder/spi-builder-workspace/Sources/LogConsoleKit/CrashCapture.swift (in target 'LogConsoleKit' from project 'LogConsoleKit')
SwiftCompile normal arm64_32 /Users/admin/builder/spi-builder-workspace/Sources/LogConsoleKit/CrashCapture.swift (in target 'LogConsoleKit' from project 'LogConsoleKit')
cd /Users/admin/builder/spi-builder-workspace/.swiftpm/xcode
SwiftCompile normal arm64_32 Compiling\ LogConsole.swift /Users/admin/builder/spi-builder-workspace/Sources/LogConsoleKit/LogConsole.swift (in target 'LogConsoleKit' from project 'LogConsoleKit')
Failed frontend command:
/Applications/Xcode-26.4.0.app/Contents/Developer/Toolchains/XcodeDefault.xctoolchain/usr/bin/swift-frontend -frontend -c /Users/admin/builder/spi-builder-workspace/Sources/LogConsoleKit/CrashCapture.swift -primary-file /Users/admin/builder/spi-builder-workspace/Sources/LogConsoleKit/LogConsole.swift /Users/admin/builder/spi-builder-workspace/Sources/LogConsoleKit/LogConsoleContainer.swift /Users/admin/builder/spi-builder-workspace/Sources/LogConsoleKit/Models/CrashRecord.swift /Users/admin/builder/spi-builder-workspace/Sources/LogConsoleKit/Models/LogEntry.swift /Users/admin/builder/spi-builder-workspace/Sources/LogConsoleKit/Models/Session.swift -emit-dependencies-path /Users/admin/builder/spi-builder-workspace/.derivedData/Build/Intermediates.noindex/LogConsoleKit.build/Debug-watchos/LogConsoleKit.build/Objects-normal/arm64_32/LogConsole.d -emit-const-values-path /Users/admin/builder/spi-builder-workspace/.derivedData/Build/Intermediates.noindex/LogConsoleKit.build/Debug-watchos/LogConsoleKit.build/Objects-normal/arm64_32/LogConsole.swiftconstvalues -emit-reference-dependencies-path /Users/admin/builder/spi-builder-workspace/.derivedData/Build/Intermediates.noindex/LogConsoleKit.build/Debug-watchos/LogConsoleKit.build/Objects-normal/arm64_32/LogConsole.swiftdeps -serialize-diagnostics-path /Users/admin/builder/spi-builder-workspace/.derivedData/Build/Intermediates.noindex/LogConsoleKit.build/Debug-watchos/LogConsoleKit.build/Objects-normal/arm64_32/LogConsole.dia -target arm64_32-apple-watchos10.0 -module-can-import-version Darwin 377.100.15 0 -load-resolved-plugin /Applications/Xcode-26.4.0.app/Contents/Developer/Platforms/WatchOS.platform/Developer/usr/lib/swift/host/plugins/libFoundationMacros.dylib\#/Applications/Xcode-26.4.0.app/Contents/Developer/Platforms/WatchOS.platform/Developer/usr/bin/swift-plugin-server\#FoundationMacros -load-resolved-plugin /Applications/Xcode-26.4.0.app/Contents/Developer/Platforms/WatchOS.platform/Developer/usr/lib/swift/host/plugins/libObservationMacros.dylib\#/Applications/Xcode-26.4.0.app/Contents/Developer/Platforms/WatchOS.platform/Developer/usr/bin/swift-plugin-server\#ObservationMacros -load-resolved-plugin /Applications/Xcode-26.4.0.app/Contents/Developer/Platforms/WatchOS.platform/Developer/usr/lib/swift/host/plugins/libSwiftDataMacros.dylib\#/Applications/Xcode-26.4.0.app/Contents/Developer/Platforms/WatchOS.platform/Developer/usr/bin/swift-plugin-server\#SwiftDataMacros -load-resolved-plugin /Applications/Xcode-26.4.0.app/Contents/Developer/Platforms/WatchOS.platform/Developer/usr/lib/swift/host/plugins/libSwiftMacros.dylib\#/Applications/Xcode-26.4.0.app/Contents/Developer/Platforms/WatchOS.platform/Developer/usr/bin/swift-plugin-server\#SwiftMacros -disable-implicit-swift-modules -Xcc -fno-implicit-modules -Xcc -fno-implicit-module-maps -explicit-swift-module-map-file /Users/admin/builder/spi-builder-workspace/.derivedData/Build/Intermediates.noindex/LogConsoleKit.build/Debug-watchos/LogConsoleKit.build/Objects-normal/arm64_32/LogConsoleKit-dependencies-2.json -debug-module-path /Users/admin/builder/spi-builder-workspace/.derivedData/Build/Intermediates.noindex/LogConsoleKit.build/Debug-watchos/LogConsoleKit.build/Objects-normal/arm64_32/LogConsoleKit.swiftmodule -enable-objc-interop -sdk /Applications/Xcode-26.4.0.app/Contents/Developer/Platforms/WatchOS.platform/Developer/SDKs/WatchOS26.4.sdk -I /Users/admin/builder/spi-builder-workspace/.derivedData/Build/Products/Debug-watchos -Isystem /Applications/Xcode-26.4.0.app/Contents/Developer/Platforms/WatchOS.platform/Developer/usr/lib -F /Users/admin/builder/spi-builder-workspace/.derivedData/Build/Products/Debug-watchos -F /Applications/Xcode-26.4.0.app/Contents/Developer/Platforms/WatchOS.platform/Developer/Library/Frameworks -F /Applications/Xcode-26.4.0.app/Contents/Developer/Platforms/WatchOS.platform/Developer/SDKs/WatchOS26.4.sdk/Developer/Library/Frameworks -no-color-diagnostics -Xcc -fno-color-diagnostics -enable-testing -g -debug-info-format\=dwarf -dwarf-version\=4 -module-cache-path /Users/admin/builder/spi-builder-workspace/.derivedData/Build/Intermediates.noindex/SwiftExplicitPrecompiledModules -profile-generate -profile-coverage-mapping -swift-version 5 -Onone -D SWIFT_PACKAGE -D DEBUG -D SWIFT_MODULE_RESOURCE_BUNDLE_UNAVAILABLE -D Xcode -serialize-debugging-options -const-gather-protocols-file /Users/admin/builder/spi-builder-workspace/.derivedData/Build/Intermediates.noindex/LogConsoleKit.build/Debug-watchos/LogConsoleKit.build/Objects-normal/arm64_32/LogConsoleKit_const_extract_protocols.json -enable-experimental-feature DebugDescriptionMacro -empty-abi-descriptor -validate-clang-modules-once -clang-build-session-file /Users/admin/builder/spi-builder-workspace/.derivedData/ModuleCache.noindex/Session.modulevalidation -Xcc -working-directory -Xcc /Users/admin/builder/spi-builder-workspace/.swiftpm/xcode -enable-anonymous-context-mangled-names -file-compilation-dir /Users/admin/builder/spi-builder-workspace/.swiftpm/xcode -Xcc -D_LIBCPP_HARDENING_MODE\=_LIBCPP_HARDENING_MODE_DEBUG -Xcc -ivfsstatcache -Xcc /Users/admin/builder/spi-builder-workspace/.derivedData/SDKStatCaches.noindex/watchos26.4-23T238-688ef53f1462e2c8f657fdc38a81448f9e51884a582f42380855760c9d4cc599.sdkstatcache -Xcc -I/Users/admin/builder/spi-builder-workspace/.derivedData/Build/Intermediates.noindex/LogConsoleKit.build/Debug-watchos/LogConsoleKit.build/swift-overrides.hmap -Xcc -I/Users/admin/builder/spi-builder-workspace/.derivedData/Build/Products/Debug-watchos/include -Xcc -I/Users/admin/builder/spi-builder-workspace/.derivedData/Build/Intermediates.noindex/LogConsoleKit.build/Debug-watchos/LogConsoleKit.build/DerivedSources-normal/arm64_32 -Xcc -I/Users/admin/builder/spi-builder-workspace/.derivedData/Build/Intermediates.noindex/LogConsoleKit.build/Debug-watchos/LogConsoleKit.build/DerivedSources/arm64_32 -Xcc -I/Users/admin/builder/spi-builder-workspace/.derivedData/Build/Intermediates.noindex/LogConsoleKit.build/Debug-watchos/LogConsoleKit.build/DerivedSources -Xcc -DSWIFT_PACKAGE -Xcc -DDEBUG\=1 -no-auto-bridging-header-chaining -module-name LogConsoleKit -package-name spi_builder_workspace -frontend-parseable-output -disable-clang-spi -clang-target arm64_32-apple-watchos26.4 -target-sdk-version 26.4 -target-sdk-name watchos26.4 -in-process-plugin-server-path /Applications/Xcode-26.4.0.app/Contents/Developer/Toolchains/XcodeDefault.xctoolchain/usr/lib/swift/host/libSwiftInProcPluginServer.dylib -o /Users/admin/builder/spi-builder-workspace/.derivedData/Build/Intermediates.noindex/LogConsoleKit.build/Debug-watchos/LogConsoleKit.build/Objects-normal/arm64_32/LogConsole.o -index-unit-output-path /LogConsoleKit.build/Debug-watchos/LogConsoleKit.build/Objects-normal/arm64_32/LogConsole.o -index-store-path /Users/admin/builder/spi-builder-workspace/.derivedData/Index.noindex/DataStore -index-system-modules
SwiftCompile normal arm64_32 /Users/admin/builder/spi-builder-workspace/Sources/LogConsoleKit/LogConsole.swift (in target 'LogConsoleKit' from project 'LogConsoleKit')
cd /Users/admin/builder/spi-builder-workspace/.swiftpm/xcode
/Users/admin/builder/spi-builder-workspace/Sources/LogConsoleKit/LogConsole.swift:100:9: error: cannot find 'Host' in scope
Host.current().localizedName ?? "Mac"
^~~~
SwiftCompile normal arm64_32 Compiling\ LogEntry.swift /Users/admin/builder/spi-builder-workspace/Sources/LogConsoleKit/Models/LogEntry.swift (in target 'LogConsoleKit' from project 'LogConsoleKit')
SwiftCompile normal arm64_32 /Users/admin/builder/spi-builder-workspace/Sources/LogConsoleKit/Models/LogEntry.swift (in target 'LogConsoleKit' from project 'LogConsoleKit')
cd /Users/admin/builder/spi-builder-workspace/.swiftpm/xcode
SwiftEmitModule normal arm64 Emitting\ module\ for\ LogConsoleKit (in target 'LogConsoleKit' from project 'LogConsoleKit')
EmitSwiftModule normal arm64 (in target 'LogConsoleKit' from project 'LogConsoleKit')
cd /Users/admin/builder/spi-builder-workspace/.swiftpm/xcode
SwiftCompile normal arm64 Compiling\ LogConsoleContainer.swift /Users/admin/builder/spi-builder-workspace/Sources/LogConsoleKit/LogConsoleContainer.swift (in target 'LogConsoleKit' from project 'LogConsoleKit')
SwiftCompile normal arm64 /Users/admin/builder/spi-builder-workspace/Sources/LogConsoleKit/LogConsoleContainer.swift (in target 'LogConsoleKit' from project 'LogConsoleKit')
cd /Users/admin/builder/spi-builder-workspace/.swiftpm/xcode
SwiftCompile normal arm64 Compiling\ CrashRecord.swift /Users/admin/builder/spi-builder-workspace/Sources/LogConsoleKit/Models/CrashRecord.swift (in target 'LogConsoleKit' from project 'LogConsoleKit')
SwiftCompile normal arm64 /Users/admin/builder/spi-builder-workspace/Sources/LogConsoleKit/Models/CrashRecord.swift (in target 'LogConsoleKit' from project 'LogConsoleKit')
cd /Users/admin/builder/spi-builder-workspace/.swiftpm/xcode
SwiftCompile normal arm64 Compiling\ LogEntry.swift /Users/admin/builder/spi-builder-workspace/Sources/LogConsoleKit/Models/LogEntry.swift (in target 'LogConsoleKit' from project 'LogConsoleKit')
SwiftCompile normal arm64 /Users/admin/builder/spi-builder-workspace/Sources/LogConsoleKit/Models/LogEntry.swift (in target 'LogConsoleKit' from project 'LogConsoleKit')
cd /Users/admin/builder/spi-builder-workspace/.swiftpm/xcode
SwiftDriverJobDiscovery normal arm64_32 Emitting module for LogConsoleKit (in target 'LogConsoleKit' from project 'LogConsoleKit')
SwiftDriver\ Compilation\ Requirements LogConsoleKit normal arm64_32 com.apple.xcode.tools.swift.compiler (in target 'LogConsoleKit' from project 'LogConsoleKit')
cd /Users/admin/builder/spi-builder-workspace/.swiftpm/xcode
builtin-Swift-Compilation-Requirements -- /Applications/Xcode-26.4.0.app/Contents/Developer/Toolchains/XcodeDefault.xctoolchain/usr/bin/swiftc -module-name LogConsoleKit -Onone @/Users/admin/builder/spi-builder-workspace/.derivedData/Build/Intermediates.noindex/LogConsoleKit.build/Debug-watchos/LogConsoleKit.build/Objects-normal/arm64_32/LogConsoleKit.SwiftFileList -DSWIFT_PACKAGE -DDEBUG -DSWIFT_MODULE_RESOURCE_BUNDLE_UNAVAILABLE -DXcode -plugin-path /Applications/Xcode-26.4.0.app/Contents/Developer/Toolchains/XcodeDefault.xctoolchain/usr/lib/swift/host/plugins/testing -enable-experimental-feature DebugDescriptionMacro -sdk /Applications/Xcode-26.4.0.app/Contents/Developer/Platforms/WatchOS.platform/Developer/SDKs/WatchOS26.4.sdk -target arm64_32-apple-watchos10.0 -g -module-cache-path /Users/admin/builder/spi-builder-workspace/.derivedData/ModuleCache.noindex -Xfrontend -serialize-debugging-options -profile-coverage-mapping -profile-generate -enable-testing -index-store-path /Users/admin/builder/spi-builder-workspace/.derivedData/Index.noindex/DataStore -Xcc -D_LIBCPP_HARDENING_MODE\=_LIBCPP_HARDENING_MODE_DEBUG -swift-version 5 -I /Users/admin/builder/spi-builder-workspace/.derivedData/Build/Products/Debug-watchos -Isystem /Applications/Xcode-26.4.0.app/Contents/Developer/Platforms/WatchOS.platform/Developer/usr/lib -F /Users/admin/builder/spi-builder-workspace/.derivedData/Build/Products/Debug-watchos -F /Applications/Xcode-26.4.0.app/Contents/Developer/Platforms/WatchOS.platform/Developer/Library/Frameworks -F /Applications/Xcode-26.4.0.app/Contents/Developer/Platforms/WatchOS.platform/Developer/SDKs/WatchOS26.4.sdk/Developer/Library/Frameworks -c -j10 -enable-batch-mode -incremental -Xcc -ivfsstatcache -Xcc /Users/admin/builder/spi-builder-workspace/.derivedData/SDKStatCaches.noindex/watchos26.4-23T238-688ef53f1462e2c8f657fdc38a81448f9e51884a582f42380855760c9d4cc599.sdkstatcache -output-file-map /Users/admin/builder/spi-builder-workspace/.derivedData/Build/Intermediates.noindex/LogConsoleKit.build/Debug-watchos/LogConsoleKit.build/Objects-normal/arm64_32/LogConsoleKit-OutputFileMap.json -use-frontend-parseable-output -save-temps -no-color-diagnostics -explicit-module-build -module-cache-path /Users/admin/builder/spi-builder-workspace/.derivedData/Build/Intermediates.noindex/SwiftExplicitPrecompiledModules -clang-scanner-module-cache-path /Users/admin/builder/spi-builder-workspace/.derivedData/ModuleCache.noindex -sdk-module-cache-path /Users/admin/builder/spi-builder-workspace/.derivedData/ModuleCache.noindex -serialize-diagnostics -emit-dependencies -emit-module -emit-module-path /Users/admin/builder/spi-builder-workspace/.derivedData/Build/Intermediates.noindex/LogConsoleKit.build/Debug-watchos/LogConsoleKit.build/Objects-normal/arm64_32/LogConsoleKit.swiftmodule -validate-clang-modules-once -clang-build-session-file /Users/admin/builder/spi-builder-workspace/.derivedData/ModuleCache.noindex/Session.modulevalidation -package-name spi_builder_workspace -Xcc -I/Users/admin/builder/spi-builder-workspace/.derivedData/Build/Intermediates.noindex/LogConsoleKit.build/Debug-watchos/LogConsoleKit.build/swift-overrides.hmap -emit-const-values -Xfrontend -const-gather-protocols-file -Xfrontend /Users/admin/builder/spi-builder-workspace/.derivedData/Build/Intermediates.noindex/LogConsoleKit.build/Debug-watchos/LogConsoleKit.build/Objects-normal/arm64_32/LogConsoleKit_const_extract_protocols.json -Xcc -I/Users/admin/builder/spi-builder-workspace/.derivedData/Build/Products/Debug-watchos/include -Xcc -I/Users/admin/builder/spi-builder-workspace/.derivedData/Build/Intermediates.noindex/LogConsoleKit.build/Debug-watchos/LogConsoleKit.build/DerivedSources-normal/arm64_32 -Xcc -I/Users/admin/builder/spi-builder-workspace/.derivedData/Build/Intermediates.noindex/LogConsoleKit.build/Debug-watchos/LogConsoleKit.build/DerivedSources/arm64_32 -Xcc -I/Users/admin/builder/spi-builder-workspace/.derivedData/Build/Intermediates.noindex/LogConsoleKit.build/Debug-watchos/LogConsoleKit.build/DerivedSources -Xcc -DSWIFT_PACKAGE -Xcc -DDEBUG\=1 -emit-objc-header -emit-objc-header-path /Users/admin/builder/spi-builder-workspace/.derivedData/Build/Intermediates.noindex/LogConsoleKit.build/Debug-watchos/LogConsoleKit.build/Objects-normal/arm64_32/LogConsoleKit-Swift.h -working-directory /Users/admin/builder/spi-builder-workspace/.swiftpm/xcode -experimental-emit-module-separately -disable-cmo
SwiftDriverJobDiscovery normal arm64 Emitting module for LogConsoleKit (in target 'LogConsoleKit' from project 'LogConsoleKit')
SwiftDriver\ Compilation\ Requirements LogConsoleKit normal arm64 com.apple.xcode.tools.swift.compiler (in target 'LogConsoleKit' from project 'LogConsoleKit')
cd /Users/admin/builder/spi-builder-workspace/.swiftpm/xcode
builtin-Swift-Compilation-Requirements -- /Applications/Xcode-26.4.0.app/Contents/Developer/Toolchains/XcodeDefault.xctoolchain/usr/bin/swiftc -module-name LogConsoleKit -Onone @/Users/admin/builder/spi-builder-workspace/.derivedData/Build/Intermediates.noindex/LogConsoleKit.build/Debug-watchos/LogConsoleKit.build/Objects-normal/arm64/LogConsoleKit.SwiftFileList -DSWIFT_PACKAGE -DDEBUG -DSWIFT_MODULE_RESOURCE_BUNDLE_UNAVAILABLE -DXcode -plugin-path /Applications/Xcode-26.4.0.app/Contents/Developer/Toolchains/XcodeDefault.xctoolchain/usr/lib/swift/host/plugins/testing -enable-experimental-feature DebugDescriptionMacro -sdk /Applications/Xcode-26.4.0.app/Contents/Developer/Platforms/WatchOS.platform/Developer/SDKs/WatchOS26.4.sdk -target arm64-apple-watchos10.0 -g -module-cache-path /Users/admin/builder/spi-builder-workspace/.derivedData/ModuleCache.noindex -Xfrontend -serialize-debugging-options -profile-coverage-mapping -profile-generate -enable-testing -index-store-path /Users/admin/builder/spi-builder-workspace/.derivedData/Index.noindex/DataStore -Xcc -D_LIBCPP_HARDENING_MODE\=_LIBCPP_HARDENING_MODE_DEBUG -swift-version 5 -I /Users/admin/builder/spi-builder-workspace/.derivedData/Build/Products/Debug-watchos -Isystem /Applications/Xcode-26.4.0.app/Contents/Developer/Platforms/WatchOS.platform/Developer/usr/lib -F /Users/admin/builder/spi-builder-workspace/.derivedData/Build/Products/Debug-watchos -F /Applications/Xcode-26.4.0.app/Contents/Developer/Platforms/WatchOS.platform/Developer/Library/Frameworks -F /Applications/Xcode-26.4.0.app/Contents/Developer/Platforms/WatchOS.platform/Developer/SDKs/WatchOS26.4.sdk/Developer/Library/Frameworks -c -j10 -enable-batch-mode -incremental -Xcc -ivfsstatcache -Xcc /Users/admin/builder/spi-builder-workspace/.derivedData/SDKStatCaches.noindex/watchos26.4-23T238-688ef53f1462e2c8f657fdc38a81448f9e51884a582f42380855760c9d4cc599.sdkstatcache -output-file-map /Users/admin/builder/spi-builder-workspace/.derivedData/Build/Intermediates.noindex/LogConsoleKit.build/Debug-watchos/LogConsoleKit.build/Objects-normal/arm64/LogConsoleKit-OutputFileMap.json -use-frontend-parseable-output -save-temps -no-color-diagnostics -explicit-module-build -module-cache-path /Users/admin/builder/spi-builder-workspace/.derivedData/Build/Intermediates.noindex/SwiftExplicitPrecompiledModules -clang-scanner-module-cache-path /Users/admin/builder/spi-builder-workspace/.derivedData/ModuleCache.noindex -sdk-module-cache-path /Users/admin/builder/spi-builder-workspace/.derivedData/ModuleCache.noindex -serialize-diagnostics -emit-dependencies -emit-module -emit-module-path /Users/admin/builder/spi-builder-workspace/.derivedData/Build/Intermediates.noindex/LogConsoleKit.build/Debug-watchos/LogConsoleKit.build/Objects-normal/arm64/LogConsoleKit.swiftmodule -validate-clang-modules-once -clang-build-session-file /Users/admin/builder/spi-builder-workspace/.derivedData/ModuleCache.noindex/Session.modulevalidation -package-name spi_builder_workspace -Xcc -I/Users/admin/builder/spi-builder-workspace/.derivedData/Build/Intermediates.noindex/LogConsoleKit.build/Debug-watchos/LogConsoleKit.build/swift-overrides.hmap -emit-const-values -Xfrontend -const-gather-protocols-file -Xfrontend /Users/admin/builder/spi-builder-workspace/.derivedData/Build/Intermediates.noindex/LogConsoleKit.build/Debug-watchos/LogConsoleKit.build/Objects-normal/arm64/LogConsoleKit_const_extract_protocols.json -Xcc -I/Users/admin/builder/spi-builder-workspace/.derivedData/Build/Products/Debug-watchos/include -Xcc -I/Users/admin/builder/spi-builder-workspace/.derivedData/Build/Intermediates.noindex/LogConsoleKit.build/Debug-watchos/LogConsoleKit.build/DerivedSources-normal/arm64 -Xcc -I/Users/admin/builder/spi-builder-workspace/.derivedData/Build/Intermediates.noindex/LogConsoleKit.build/Debug-watchos/LogConsoleKit.build/DerivedSources/arm64 -Xcc -I/Users/admin/builder/spi-builder-workspace/.derivedData/Build/Intermediates.noindex/LogConsoleKit.build/Debug-watchos/LogConsoleKit.build/DerivedSources -Xcc -DSWIFT_PACKAGE -Xcc -DDEBUG\=1 -emit-objc-header -emit-objc-header-path /Users/admin/builder/spi-builder-workspace/.derivedData/Build/Intermediates.noindex/LogConsoleKit.build/Debug-watchos/LogConsoleKit.build/Objects-normal/arm64/LogConsoleKit-Swift.h -working-directory /Users/admin/builder/spi-builder-workspace/.swiftpm/xcode -experimental-emit-module-separately -disable-cmo
SwiftCompile normal arm64 Compiling\ CrashCapture.swift /Users/admin/builder/spi-builder-workspace/Sources/LogConsoleKit/CrashCapture.swift (in target 'LogConsoleKit' from project 'LogConsoleKit')
SwiftCompile normal arm64 /Users/admin/builder/spi-builder-workspace/Sources/LogConsoleKit/CrashCapture.swift (in target 'LogConsoleKit' from project 'LogConsoleKit')
cd /Users/admin/builder/spi-builder-workspace/.swiftpm/xcode
SwiftMergeGeneratedHeaders /Users/admin/builder/spi-builder-workspace/.derivedData/Build/Intermediates.noindex/GeneratedModuleMaps-watchos/LogConsoleKit-Swift.h /Users/admin/builder/spi-builder-workspace/.derivedData/Build/Intermediates.noindex/LogConsoleKit.build/Debug-watchos/LogConsoleKit.build/Objects-normal/arm64/LogConsoleKit-Swift.h /Users/admin/builder/spi-builder-workspace/.derivedData/Build/Intermediates.noindex/LogConsoleKit.build/Debug-watchos/LogConsoleKit.build/Objects-normal/arm64_32/LogConsoleKit-Swift.h (in target 'LogConsoleKit' from project 'LogConsoleKit')
cd /Users/admin/builder/spi-builder-workspace
builtin-swiftHeaderTool -arch arm64 /Users/admin/builder/spi-builder-workspace/.derivedData/Build/Intermediates.noindex/LogConsoleKit.build/Debug-watchos/LogConsoleKit.build/Objects-normal/arm64/LogConsoleKit-Swift.h -arch arm64_32 /Users/admin/builder/spi-builder-workspace/.derivedData/Build/Intermediates.noindex/LogConsoleKit.build/Debug-watchos/LogConsoleKit.build/Objects-normal/arm64_32/LogConsoleKit-Swift.h -o /Users/admin/builder/spi-builder-workspace/.derivedData/Build/Intermediates.noindex/GeneratedModuleMaps-watchos/LogConsoleKit-Swift.h
SwiftDriverJobDiscovery normal arm64_32 Compiling CrashCapture.swift (in target 'LogConsoleKit' from project 'LogConsoleKit')
Copy /Users/admin/builder/spi-builder-workspace/.derivedData/Build/Products/Debug-watchos/LogConsoleKit.swiftmodule/arm64_32-apple-watchos.swiftmodule /Users/admin/builder/spi-builder-workspace/.derivedData/Build/Intermediates.noindex/LogConsoleKit.build/Debug-watchos/LogConsoleKit.build/Objects-normal/arm64_32/LogConsoleKit.swiftmodule (in target 'LogConsoleKit' from project 'LogConsoleKit')
cd /Users/admin/builder/spi-builder-workspace
builtin-copy -exclude .DS_Store -exclude CVS -exclude .svn -exclude .git -exclude .hg -resolve-src-symlinks -rename /Users/admin/builder/spi-builder-workspace/.derivedData/Build/Intermediates.noindex/LogConsoleKit.build/Debug-watchos/LogConsoleKit.build/Objects-normal/arm64_32/LogConsoleKit.swiftmodule /Users/admin/builder/spi-builder-workspace/.derivedData/Build/Products/Debug-watchos/LogConsoleKit.swiftmodule/arm64_32-apple-watchos.swiftmodule
Copy /Users/admin/builder/spi-builder-workspace/.derivedData/Build/Products/Debug-watchos/LogConsoleKit.swiftmodule/arm64_32-apple-watchos.swiftdoc /Users/admin/builder/spi-builder-workspace/.derivedData/Build/Intermediates.noindex/LogConsoleKit.build/Debug-watchos/LogConsoleKit.build/Objects-normal/arm64_32/LogConsoleKit.swiftdoc (in target 'LogConsoleKit' from project 'LogConsoleKit')
cd /Users/admin/builder/spi-builder-workspace
builtin-copy -exclude .DS_Store -exclude CVS -exclude .svn -exclude .git -exclude .hg -resolve-src-symlinks -rename /Users/admin/builder/spi-builder-workspace/.derivedData/Build/Intermediates.noindex/LogConsoleKit.build/Debug-watchos/LogConsoleKit.build/Objects-normal/arm64_32/LogConsoleKit.swiftdoc /Users/admin/builder/spi-builder-workspace/.derivedData/Build/Products/Debug-watchos/LogConsoleKit.swiftmodule/arm64_32-apple-watchos.swiftdoc
Copy /Users/admin/builder/spi-builder-workspace/.derivedData/Build/Products/Debug-watchos/LogConsoleKit.swiftmodule/arm64_32-apple-watchos.abi.json /Users/admin/builder/spi-builder-workspace/.derivedData/Build/Intermediates.noindex/LogConsoleKit.build/Debug-watchos/LogConsoleKit.build/Objects-normal/arm64_32/LogConsoleKit.abi.json (in target 'LogConsoleKit' from project 'LogConsoleKit')
cd /Users/admin/builder/spi-builder-workspace
builtin-copy -exclude .DS_Store -exclude CVS -exclude .svn -exclude .git -exclude .hg -resolve-src-symlinks -rename /Users/admin/builder/spi-builder-workspace/.derivedData/Build/Intermediates.noindex/LogConsoleKit.build/Debug-watchos/LogConsoleKit.build/Objects-normal/arm64_32/LogConsoleKit.abi.json /Users/admin/builder/spi-builder-workspace/.derivedData/Build/Products/Debug-watchos/LogConsoleKit.swiftmodule/arm64_32-apple-watchos.abi.json
Copy /Users/admin/builder/spi-builder-workspace/.derivedData/Build/Products/Debug-watchos/LogConsoleKit.swiftmodule/arm64-apple-watchos.swiftmodule /Users/admin/builder/spi-builder-workspace/.derivedData/Build/Intermediates.noindex/LogConsoleKit.build/Debug-watchos/LogConsoleKit.build/Objects-normal/arm64/LogConsoleKit.swiftmodule (in target 'LogConsoleKit' from project 'LogConsoleKit')
cd /Users/admin/builder/spi-builder-workspace
builtin-copy -exclude .DS_Store -exclude CVS -exclude .svn -exclude .git -exclude .hg -resolve-src-symlinks -rename /Users/admin/builder/spi-builder-workspace/.derivedData/Build/Intermediates.noindex/LogConsoleKit.build/Debug-watchos/LogConsoleKit.build/Objects-normal/arm64/LogConsoleKit.swiftmodule /Users/admin/builder/spi-builder-workspace/.derivedData/Build/Products/Debug-watchos/LogConsoleKit.swiftmodule/arm64-apple-watchos.swiftmodule
Copy /Users/admin/builder/spi-builder-workspace/.derivedData/Build/Products/Debug-watchos/LogConsoleKit.swiftmodule/arm64-apple-watchos.swiftdoc /Users/admin/builder/spi-builder-workspace/.derivedData/Build/Intermediates.noindex/LogConsoleKit.build/Debug-watchos/LogConsoleKit.build/Objects-normal/arm64/LogConsoleKit.swiftdoc (in target 'LogConsoleKit' from project 'LogConsoleKit')
cd /Users/admin/builder/spi-builder-workspace
builtin-copy -exclude .DS_Store -exclude CVS -exclude .svn -exclude .git -exclude .hg -resolve-src-symlinks -rename /Users/admin/builder/spi-builder-workspace/.derivedData/Build/Intermediates.noindex/LogConsoleKit.build/Debug-watchos/LogConsoleKit.build/Objects-normal/arm64/LogConsoleKit.swiftdoc /Users/admin/builder/spi-builder-workspace/.derivedData/Build/Products/Debug-watchos/LogConsoleKit.swiftmodule/arm64-apple-watchos.swiftdoc
Copy /Users/admin/builder/spi-builder-workspace/.derivedData/Build/Products/Debug-watchos/LogConsoleKit.swiftmodule/arm64-apple-watchos.abi.json /Users/admin/builder/spi-builder-workspace/.derivedData/Build/Intermediates.noindex/LogConsoleKit.build/Debug-watchos/LogConsoleKit.build/Objects-normal/arm64/LogConsoleKit.abi.json (in target 'LogConsoleKit' from project 'LogConsoleKit')
cd /Users/admin/builder/spi-builder-workspace
builtin-copy -exclude .DS_Store -exclude CVS -exclude .svn -exclude .git -exclude .hg -resolve-src-symlinks -rename /Users/admin/builder/spi-builder-workspace/.derivedData/Build/Intermediates.noindex/LogConsoleKit.build/Debug-watchos/LogConsoleKit.build/Objects-normal/arm64/LogConsoleKit.abi.json /Users/admin/builder/spi-builder-workspace/.derivedData/Build/Products/Debug-watchos/LogConsoleKit.swiftmodule/arm64-apple-watchos.abi.json
Copy /Users/admin/builder/spi-builder-workspace/.derivedData/Build/Products/Debug-watchos/LogConsoleKit.swiftmodule/Project/arm64_32-apple-watchos.swiftsourceinfo /Users/admin/builder/spi-builder-workspace/.derivedData/Build/Intermediates.noindex/LogConsoleKit.build/Debug-watchos/LogConsoleKit.build/Objects-normal/arm64_32/LogConsoleKit.swiftsourceinfo (in target 'LogConsoleKit' from project 'LogConsoleKit')
cd /Users/admin/builder/spi-builder-workspace
builtin-copy -exclude .DS_Store -exclude CVS -exclude .svn -exclude .git -exclude .hg -resolve-src-symlinks -rename /Users/admin/builder/spi-builder-workspace/.derivedData/Build/Intermediates.noindex/LogConsoleKit.build/Debug-watchos/LogConsoleKit.build/Objects-normal/arm64_32/LogConsoleKit.swiftsourceinfo /Users/admin/builder/spi-builder-workspace/.derivedData/Build/Products/Debug-watchos/LogConsoleKit.swiftmodule/Project/arm64_32-apple-watchos.swiftsourceinfo
Copy /Users/admin/builder/spi-builder-workspace/.derivedData/Build/Products/Debug-watchos/LogConsoleKit.swiftmodule/Project/arm64-apple-watchos.swiftsourceinfo /Users/admin/builder/spi-builder-workspace/.derivedData/Build/Intermediates.noindex/LogConsoleKit.build/Debug-watchos/LogConsoleKit.build/Objects-normal/arm64/LogConsoleKit.swiftsourceinfo (in target 'LogConsoleKit' from project 'LogConsoleKit')
cd /Users/admin/builder/spi-builder-workspace
builtin-copy -exclude .DS_Store -exclude CVS -exclude .svn -exclude .git -exclude .hg -resolve-src-symlinks -rename /Users/admin/builder/spi-builder-workspace/.derivedData/Build/Intermediates.noindex/LogConsoleKit.build/Debug-watchos/LogConsoleKit.build/Objects-normal/arm64/LogConsoleKit.swiftsourceinfo /Users/admin/builder/spi-builder-workspace/.derivedData/Build/Products/Debug-watchos/LogConsoleKit.swiftmodule/Project/arm64-apple-watchos.swiftsourceinfo
SwiftCompile normal arm64 Compiling\ LogConsole.swift /Users/admin/builder/spi-builder-workspace/Sources/LogConsoleKit/LogConsole.swift (in target 'LogConsoleKit' from project 'LogConsoleKit')
SwiftCompile normal arm64 /Users/admin/builder/spi-builder-workspace/Sources/LogConsoleKit/LogConsole.swift (in target 'LogConsoleKit' from project 'LogConsoleKit')
cd /Users/admin/builder/spi-builder-workspace/.swiftpm/xcode
2026-07-16 19:20:39.534 xcodebuild[736:4477] [MT] IDERunDestination: Supported platforms for the buildables in the current scheme is empty.
** BUILD FAILED **
The following build commands failed:
SwiftCompile normal arm64_32 Compiling\ LogConsole.swift /Users/admin/builder/spi-builder-workspace/Sources/LogConsoleKit/LogConsole.swift (in target 'LogConsoleKit' from project 'LogConsoleKit')
SwiftCompile normal arm64_32 /Users/admin/builder/spi-builder-workspace/Sources/LogConsoleKit/LogConsole.swift (in target 'LogConsoleKit' from project 'LogConsoleKit')
Building workspace spi-builder-workspace with scheme LogConsoleKit
(3 failures)
Command line invocation:
/Applications/Xcode-26.4.0.app/Contents/Developer/usr/bin/xcodebuild -IDEClonedSourcePackagesDirPathOverride=/Users/admin/builder/spi-builder-workspace/.dependencies -resolvePackageDependencies
Resolve Package Graph
Resolved source packages:
LogConsoleKit: /Users/admin/builder/spi-builder-workspace
resolved source packages: LogConsoleKit
2026-07-16 19:20:46.876 xcodebuild[827:4856] [MT] IDERunDestination: Supported platforms for the buildables in the current scheme is empty.
{
"dependencies" : [
],
"manifest_display_name" : "LogConsoleKit",
"name" : "LogConsoleKit",
"path" : "/Users/admin/builder/spi-builder-workspace",
"platforms" : [
{
"name" : "ios",
"version" : "17.0"
},
{
"name" : "macos",
"version" : "14.0"
}
],
"products" : [
{
"name" : "LogConsoleKit",
"targets" : [
"LogConsoleKit"
],
"type" : {
"library" : [
"automatic"
]
}
}
],
"targets" : [
{
"c99name" : "LogConsoleKitTests",
"module_type" : "SwiftTarget",
"name" : "LogConsoleKitTests",
"path" : "Tests/LogConsoleKitTests",
"sources" : [
"LogConsoleKitTests.swift"
],
"target_dependencies" : [
"LogConsoleKit"
],
"type" : "test"
},
{
"c99name" : "LogConsoleKit",
"module_type" : "SwiftTarget",
"name" : "LogConsoleKit",
"path" : "Sources/LogConsoleKit",
"product_memberships" : [
"LogConsoleKit"
],
"sources" : [
"CrashCapture.swift",
"LogConsole.swift",
"LogConsoleContainer.swift",
"Models/CrashRecord.swift",
"Models/LogEntry.swift",
"Models/Session.swift"
],
"type" : "library"
}
],
"tools_version" : "5.10"
}
{
"workspace" : {
"name" : "spi-builder-workspace",
"schemes" : [
"LogConsoleKit"
]
}
}
2026-07-16 19:20:47.971 xcodebuild[837:4941] [MT] IDERunDestination: Supported platforms for the buildables in the current scheme is empty.
Running build ...
env DEVELOPER_DIR=/Applications/Xcode-26.4.0.app xcrun xcodebuild -IDEClonedSourcePackagesDirPathOverride=$PWD/.dependencies -skipMacroValidation -skipPackagePluginValidation -derivedDataPath $PWD/.derivedData build -scheme LogConsoleKit -destination generic/platform=watchOS
Command line invocation:
/Applications/Xcode-26.4.0.app/Contents/Developer/usr/bin/xcodebuild -IDEClonedSourcePackagesDirPathOverride=/Users/admin/builder/spi-builder-workspace/.dependencies -skipMacroValidation -skipPackagePluginValidation -derivedDataPath /Users/admin/builder/spi-builder-workspace/.derivedData build -scheme LogConsoleKit -destination generic/platform=watchOS
Resolve Package Graph
Resolved source packages:
LogConsoleKit: /Users/admin/builder/spi-builder-workspace
ComputePackagePrebuildTargetDependencyGraph
Prepare packages
CreateBuildRequest
SendProjectDescription
CreateBuildOperation
ComputeTargetDependencyGraph
note: Building targets in dependency order
note: Target dependency graph (2 targets)
Target 'LogConsoleKit' in project 'LogConsoleKit'
➜ Explicit dependency on target 'LogConsoleKit' in project 'LogConsoleKit'
Target 'LogConsoleKit' in project 'LogConsoleKit' (no dependencies)
GatherProvisioningInputs
CreateBuildDescription
ClangStatCache /Applications/Xcode-26.4.0.app/Contents/Developer/Toolchains/XcodeDefault.xctoolchain/usr/bin/clang-stat-cache /Applications/Xcode-26.4.0.app/Contents/Developer/Platforms/WatchOS.platform/Developer/SDKs/WatchOS26.4.sdk /Users/admin/builder/spi-builder-workspace/.derivedData/SDKStatCaches.noindex/watchos26.4-23T238-688ef53f1462e2c8f657fdc38a81448f9e51884a582f42380855760c9d4cc599.sdkstatcache
cd /Users/admin/builder/spi-builder-workspace/.swiftpm/xcode
/Applications/Xcode-26.4.0.app/Contents/Developer/Toolchains/XcodeDefault.xctoolchain/usr/bin/clang-stat-cache /Applications/Xcode-26.4.0.app/Contents/Developer/Platforms/WatchOS.platform/Developer/SDKs/WatchOS26.4.sdk -o /Users/admin/builder/spi-builder-workspace/.derivedData/SDKStatCaches.noindex/watchos26.4-23T238-688ef53f1462e2c8f657fdc38a81448f9e51884a582f42380855760c9d4cc599.sdkstatcache
SwiftDriver LogConsoleKit normal arm64 com.apple.xcode.tools.swift.compiler (in target 'LogConsoleKit' from project 'LogConsoleKit')
cd /Users/admin/builder/spi-builder-workspace/.swiftpm/xcode
builtin-SwiftDriver -- /Applications/Xcode-26.4.0.app/Contents/Developer/Toolchains/XcodeDefault.xctoolchain/usr/bin/swiftc -module-name LogConsoleKit -Onone @/Users/admin/builder/spi-builder-workspace/.derivedData/Build/Intermediates.noindex/LogConsoleKit.build/Debug-watchos/LogConsoleKit.build/Objects-normal/arm64/LogConsoleKit.SwiftFileList -DSWIFT_PACKAGE -DDEBUG -DSWIFT_MODULE_RESOURCE_BUNDLE_UNAVAILABLE -DXcode -plugin-path /Applications/Xcode-26.4.0.app/Contents/Developer/Toolchains/XcodeDefault.xctoolchain/usr/lib/swift/host/plugins/testing -enable-experimental-feature DebugDescriptionMacro -sdk /Applications/Xcode-26.4.0.app/Contents/Developer/Platforms/WatchOS.platform/Developer/SDKs/WatchOS26.4.sdk -target arm64-apple-watchos10.0 -g -module-cache-path /Users/admin/builder/spi-builder-workspace/.derivedData/ModuleCache.noindex -Xfrontend -serialize-debugging-options -profile-coverage-mapping -profile-generate -enable-testing -index-store-path /Users/admin/builder/spi-builder-workspace/.derivedData/Index.noindex/DataStore -Xcc -D_LIBCPP_HARDENING_MODE\=_LIBCPP_HARDENING_MODE_DEBUG -swift-version 5 -I /Users/admin/builder/spi-builder-workspace/.derivedData/Build/Products/Debug-watchos -Isystem /Applications/Xcode-26.4.0.app/Contents/Developer/Platforms/WatchOS.platform/Developer/usr/lib -F /Users/admin/builder/spi-builder-workspace/.derivedData/Build/Products/Debug-watchos -F /Applications/Xcode-26.4.0.app/Contents/Developer/Platforms/WatchOS.platform/Developer/Library/Frameworks -F /Applications/Xcode-26.4.0.app/Contents/Developer/Platforms/WatchOS.platform/Developer/SDKs/WatchOS26.4.sdk/Developer/Library/Frameworks -c -j10 -enable-batch-mode -incremental -Xcc -ivfsstatcache -Xcc /Users/admin/builder/spi-builder-workspace/.derivedData/SDKStatCaches.noindex/watchos26.4-23T238-688ef53f1462e2c8f657fdc38a81448f9e51884a582f42380855760c9d4cc599.sdkstatcache -output-file-map /Users/admin/builder/spi-builder-workspace/.derivedData/Build/Intermediates.noindex/LogConsoleKit.build/Debug-watchos/LogConsoleKit.build/Objects-normal/arm64/LogConsoleKit-OutputFileMap.json -use-frontend-parseable-output -save-temps -no-color-diagnostics -explicit-module-build -module-cache-path /Users/admin/builder/spi-builder-workspace/.derivedData/Build/Intermediates.noindex/SwiftExplicitPrecompiledModules -clang-scanner-module-cache-path /Users/admin/builder/spi-builder-workspace/.derivedData/ModuleCache.noindex -sdk-module-cache-path /Users/admin/builder/spi-builder-workspace/.derivedData/ModuleCache.noindex -serialize-diagnostics -emit-dependencies -emit-module -emit-module-path /Users/admin/builder/spi-builder-workspace/.derivedData/Build/Intermediates.noindex/LogConsoleKit.build/Debug-watchos/LogConsoleKit.build/Objects-normal/arm64/LogConsoleKit.swiftmodule -validate-clang-modules-once -clang-build-session-file /Users/admin/builder/spi-builder-workspace/.derivedData/ModuleCache.noindex/Session.modulevalidation -package-name spi_builder_workspace -Xcc -I/Users/admin/builder/spi-builder-workspace/.derivedData/Build/Intermediates.noindex/LogConsoleKit.build/Debug-watchos/LogConsoleKit.build/swift-overrides.hmap -emit-const-values -Xfrontend -const-gather-protocols-file -Xfrontend /Users/admin/builder/spi-builder-workspace/.derivedData/Build/Intermediates.noindex/LogConsoleKit.build/Debug-watchos/LogConsoleKit.build/Objects-normal/arm64/LogConsoleKit_const_extract_protocols.json -Xcc -I/Users/admin/builder/spi-builder-workspace/.derivedData/Build/Products/Debug-watchos/include -Xcc -I/Users/admin/builder/spi-builder-workspace/.derivedData/Build/Intermediates.noindex/LogConsoleKit.build/Debug-watchos/LogConsoleKit.build/DerivedSources-normal/arm64 -Xcc -I/Users/admin/builder/spi-builder-workspace/.derivedData/Build/Intermediates.noindex/LogConsoleKit.build/Debug-watchos/LogConsoleKit.build/DerivedSources/arm64 -Xcc -I/Users/admin/builder/spi-builder-workspace/.derivedData/Build/Intermediates.noindex/LogConsoleKit.build/Debug-watchos/LogConsoleKit.build/DerivedSources -Xcc -DSWIFT_PACKAGE -Xcc -DDEBUG\=1 -emit-objc-header -emit-objc-header-path /Users/admin/builder/spi-builder-workspace/.derivedData/Build/Intermediates.noindex/LogConsoleKit.build/Debug-watchos/LogConsoleKit.build/Objects-normal/arm64/LogConsoleKit-Swift.h -working-directory /Users/admin/builder/spi-builder-workspace/.swiftpm/xcode -experimental-emit-module-separately -disable-cmo
SwiftDriver LogConsoleKit normal arm64_32 com.apple.xcode.tools.swift.compiler (in target 'LogConsoleKit' from project 'LogConsoleKit')
cd /Users/admin/builder/spi-builder-workspace/.swiftpm/xcode
builtin-SwiftDriver -- /Applications/Xcode-26.4.0.app/Contents/Developer/Toolchains/XcodeDefault.xctoolchain/usr/bin/swiftc -module-name LogConsoleKit -Onone @/Users/admin/builder/spi-builder-workspace/.derivedData/Build/Intermediates.noindex/LogConsoleKit.build/Debug-watchos/LogConsoleKit.build/Objects-normal/arm64_32/LogConsoleKit.SwiftFileList -DSWIFT_PACKAGE -DDEBUG -DSWIFT_MODULE_RESOURCE_BUNDLE_UNAVAILABLE -DXcode -plugin-path /Applications/Xcode-26.4.0.app/Contents/Developer/Toolchains/XcodeDefault.xctoolchain/usr/lib/swift/host/plugins/testing -enable-experimental-feature DebugDescriptionMacro -sdk /Applications/Xcode-26.4.0.app/Contents/Developer/Platforms/WatchOS.platform/Developer/SDKs/WatchOS26.4.sdk -target arm64_32-apple-watchos10.0 -g -module-cache-path /Users/admin/builder/spi-builder-workspace/.derivedData/ModuleCache.noindex -Xfrontend -serialize-debugging-options -profile-coverage-mapping -profile-generate -enable-testing -index-store-path /Users/admin/builder/spi-builder-workspace/.derivedData/Index.noindex/DataStore -Xcc -D_LIBCPP_HARDENING_MODE\=_LIBCPP_HARDENING_MODE_DEBUG -swift-version 5 -I /Users/admin/builder/spi-builder-workspace/.derivedData/Build/Products/Debug-watchos -Isystem /Applications/Xcode-26.4.0.app/Contents/Developer/Platforms/WatchOS.platform/Developer/usr/lib -F /Users/admin/builder/spi-builder-workspace/.derivedData/Build/Products/Debug-watchos -F /Applications/Xcode-26.4.0.app/Contents/Developer/Platforms/WatchOS.platform/Developer/Library/Frameworks -F /Applications/Xcode-26.4.0.app/Contents/Developer/Platforms/WatchOS.platform/Developer/SDKs/WatchOS26.4.sdk/Developer/Library/Frameworks -c -j10 -enable-batch-mode -incremental -Xcc -ivfsstatcache -Xcc /Users/admin/builder/spi-builder-workspace/.derivedData/SDKStatCaches.noindex/watchos26.4-23T238-688ef53f1462e2c8f657fdc38a81448f9e51884a582f42380855760c9d4cc599.sdkstatcache -output-file-map /Users/admin/builder/spi-builder-workspace/.derivedData/Build/Intermediates.noindex/LogConsoleKit.build/Debug-watchos/LogConsoleKit.build/Objects-normal/arm64_32/LogConsoleKit-OutputFileMap.json -use-frontend-parseable-output -save-temps -no-color-diagnostics -explicit-module-build -module-cache-path /Users/admin/builder/spi-builder-workspace/.derivedData/Build/Intermediates.noindex/SwiftExplicitPrecompiledModules -clang-scanner-module-cache-path /Users/admin/builder/spi-builder-workspace/.derivedData/ModuleCache.noindex -sdk-module-cache-path /Users/admin/builder/spi-builder-workspace/.derivedData/ModuleCache.noindex -serialize-diagnostics -emit-dependencies -emit-module -emit-module-path /Users/admin/builder/spi-builder-workspace/.derivedData/Build/Intermediates.noindex/LogConsoleKit.build/Debug-watchos/LogConsoleKit.build/Objects-normal/arm64_32/LogConsoleKit.swiftmodule -validate-clang-modules-once -clang-build-session-file /Users/admin/builder/spi-builder-workspace/.derivedData/ModuleCache.noindex/Session.modulevalidation -package-name spi_builder_workspace -Xcc -I/Users/admin/builder/spi-builder-workspace/.derivedData/Build/Intermediates.noindex/LogConsoleKit.build/Debug-watchos/LogConsoleKit.build/swift-overrides.hmap -emit-const-values -Xfrontend -const-gather-protocols-file -Xfrontend /Users/admin/builder/spi-builder-workspace/.derivedData/Build/Intermediates.noindex/LogConsoleKit.build/Debug-watchos/LogConsoleKit.build/Objects-normal/arm64_32/LogConsoleKit_const_extract_protocols.json -Xcc -I/Users/admin/builder/spi-builder-workspace/.derivedData/Build/Products/Debug-watchos/include -Xcc -I/Users/admin/builder/spi-builder-workspace/.derivedData/Build/Intermediates.noindex/LogConsoleKit.build/Debug-watchos/LogConsoleKit.build/DerivedSources-normal/arm64_32 -Xcc -I/Users/admin/builder/spi-builder-workspace/.derivedData/Build/Intermediates.noindex/LogConsoleKit.build/Debug-watchos/LogConsoleKit.build/DerivedSources/arm64_32 -Xcc -I/Users/admin/builder/spi-builder-workspace/.derivedData/Build/Intermediates.noindex/LogConsoleKit.build/Debug-watchos/LogConsoleKit.build/DerivedSources -Xcc -DSWIFT_PACKAGE -Xcc -DDEBUG\=1 -emit-objc-header -emit-objc-header-path /Users/admin/builder/spi-builder-workspace/.derivedData/Build/Intermediates.noindex/LogConsoleKit.build/Debug-watchos/LogConsoleKit.build/Objects-normal/arm64_32/LogConsoleKit-Swift.h -working-directory /Users/admin/builder/spi-builder-workspace/.swiftpm/xcode -experimental-emit-module-separately -disable-cmo
SwiftCompile normal arm64 Compiling\ LogEntry.swift /Users/admin/builder/spi-builder-workspace/Sources/LogConsoleKit/Models/LogEntry.swift (in target 'LogConsoleKit' from project 'LogConsoleKit')
SwiftCompile normal arm64 /Users/admin/builder/spi-builder-workspace/Sources/LogConsoleKit/Models/LogEntry.swift (in target 'LogConsoleKit' from project 'LogConsoleKit')
cd /Users/admin/builder/spi-builder-workspace/.swiftpm/xcode
SwiftCompile normal arm64 Compiling\ Session.swift /Users/admin/builder/spi-builder-workspace/Sources/LogConsoleKit/Models/Session.swift (in target 'LogConsoleKit' from project 'LogConsoleKit')
SwiftCompile normal arm64 /Users/admin/builder/spi-builder-workspace/Sources/LogConsoleKit/Models/Session.swift (in target 'LogConsoleKit' from project 'LogConsoleKit')
cd /Users/admin/builder/spi-builder-workspace/.swiftpm/xcode
SwiftEmitModule normal arm64 Emitting\ module\ for\ LogConsoleKit (in target 'LogConsoleKit' from project 'LogConsoleKit')
EmitSwiftModule normal arm64 (in target 'LogConsoleKit' from project 'LogConsoleKit')
cd /Users/admin/builder/spi-builder-workspace/.swiftpm/xcode
SwiftCompile normal arm64 Compiling\ LogConsoleContainer.swift /Users/admin/builder/spi-builder-workspace/Sources/LogConsoleKit/LogConsoleContainer.swift (in target 'LogConsoleKit' from project 'LogConsoleKit')
SwiftCompile normal arm64 /Users/admin/builder/spi-builder-workspace/Sources/LogConsoleKit/LogConsoleContainer.swift (in target 'LogConsoleKit' from project 'LogConsoleKit')
cd /Users/admin/builder/spi-builder-workspace/.swiftpm/xcode
SwiftCompile normal arm64 Compiling\ CrashRecord.swift /Users/admin/builder/spi-builder-workspace/Sources/LogConsoleKit/Models/CrashRecord.swift (in target 'LogConsoleKit' from project 'LogConsoleKit')
SwiftCompile normal arm64 /Users/admin/builder/spi-builder-workspace/Sources/LogConsoleKit/Models/CrashRecord.swift (in target 'LogConsoleKit' from project 'LogConsoleKit')
cd /Users/admin/builder/spi-builder-workspace/.swiftpm/xcode
SwiftCompile normal arm64 Compiling\ CrashCapture.swift /Users/admin/builder/spi-builder-workspace/Sources/LogConsoleKit/CrashCapture.swift (in target 'LogConsoleKit' from project 'LogConsoleKit')
SwiftCompile normal arm64 /Users/admin/builder/spi-builder-workspace/Sources/LogConsoleKit/CrashCapture.swift (in target 'LogConsoleKit' from project 'LogConsoleKit')
cd /Users/admin/builder/spi-builder-workspace/.swiftpm/xcode
SwiftCompile normal arm64 Compiling\ LogConsole.swift /Users/admin/builder/spi-builder-workspace/Sources/LogConsoleKit/LogConsole.swift (in target 'LogConsoleKit' from project 'LogConsoleKit')
SwiftCompile normal arm64 /Users/admin/builder/spi-builder-workspace/Sources/LogConsoleKit/LogConsole.swift (in target 'LogConsoleKit' from project 'LogConsoleKit')
cd /Users/admin/builder/spi-builder-workspace/.swiftpm/xcode
SwiftCompile normal arm64_32 Compiling\ LogConsoleContainer.swift /Users/admin/builder/spi-builder-workspace/Sources/LogConsoleKit/LogConsoleContainer.swift (in target 'LogConsoleKit' from project 'LogConsoleKit')
SwiftCompile normal arm64_32 /Users/admin/builder/spi-builder-workspace/Sources/LogConsoleKit/LogConsoleContainer.swift (in target 'LogConsoleKit' from project 'LogConsoleKit')
cd /Users/admin/builder/spi-builder-workspace/.swiftpm/xcode
SwiftEmitModule normal arm64_32 Emitting\ module\ for\ LogConsoleKit (in target 'LogConsoleKit' from project 'LogConsoleKit')
EmitSwiftModule normal arm64_32 (in target 'LogConsoleKit' from project 'LogConsoleKit')
cd /Users/admin/builder/spi-builder-workspace/.swiftpm/xcode
SwiftCompile normal arm64_32 Compiling\ LogEntry.swift /Users/admin/builder/spi-builder-workspace/Sources/LogConsoleKit/Models/LogEntry.swift (in target 'LogConsoleKit' from project 'LogConsoleKit')
SwiftCompile normal arm64_32 /Users/admin/builder/spi-builder-workspace/Sources/LogConsoleKit/Models/LogEntry.swift (in target 'LogConsoleKit' from project 'LogConsoleKit')
cd /Users/admin/builder/spi-builder-workspace/.swiftpm/xcode
SwiftCompile normal arm64_32 Compiling\ LogConsole.swift /Users/admin/builder/spi-builder-workspace/Sources/LogConsoleKit/LogConsole.swift (in target 'LogConsoleKit' from project 'LogConsoleKit')
Failed frontend command:
/Applications/Xcode-26.4.0.app/Contents/Developer/Toolchains/XcodeDefault.xctoolchain/usr/bin/swift-frontend -frontend -c /Users/admin/builder/spi-builder-workspace/Sources/LogConsoleKit/CrashCapture.swift -primary-file /Users/admin/builder/spi-builder-workspace/Sources/LogConsoleKit/LogConsole.swift /Users/admin/builder/spi-builder-workspace/Sources/LogConsoleKit/LogConsoleContainer.swift /Users/admin/builder/spi-builder-workspace/Sources/LogConsoleKit/Models/CrashRecord.swift /Users/admin/builder/spi-builder-workspace/Sources/LogConsoleKit/Models/LogEntry.swift /Users/admin/builder/spi-builder-workspace/Sources/LogConsoleKit/Models/Session.swift -emit-dependencies-path /Users/admin/builder/spi-builder-workspace/.derivedData/Build/Intermediates.noindex/LogConsoleKit.build/Debug-watchos/LogConsoleKit.build/Objects-normal/arm64_32/LogConsole.d -emit-const-values-path /Users/admin/builder/spi-builder-workspace/.derivedData/Build/Intermediates.noindex/LogConsoleKit.build/Debug-watchos/LogConsoleKit.build/Objects-normal/arm64_32/LogConsole.swiftconstvalues -emit-reference-dependencies-path /Users/admin/builder/spi-builder-workspace/.derivedData/Build/Intermediates.noindex/LogConsoleKit.build/Debug-watchos/LogConsoleKit.build/Objects-normal/arm64_32/LogConsole.swiftdeps -serialize-diagnostics-path /Users/admin/builder/spi-builder-workspace/.derivedData/Build/Intermediates.noindex/LogConsoleKit.build/Debug-watchos/LogConsoleKit.build/Objects-normal/arm64_32/LogConsole.dia -target arm64_32-apple-watchos10.0 -module-can-import-version Darwin 377.100.15 0 -load-resolved-plugin /Applications/Xcode-26.4.0.app/Contents/Developer/Platforms/WatchOS.platform/Developer/usr/lib/swift/host/plugins/libFoundationMacros.dylib\#/Applications/Xcode-26.4.0.app/Contents/Developer/Platforms/WatchOS.platform/Developer/usr/bin/swift-plugin-server\#FoundationMacros -load-resolved-plugin /Applications/Xcode-26.4.0.app/Contents/Developer/Platforms/WatchOS.platform/Developer/usr/lib/swift/host/plugins/libObservationMacros.dylib\#/Applications/Xcode-26.4.0.app/Contents/Developer/Platforms/WatchOS.platform/Developer/usr/bin/swift-plugin-server\#ObservationMacros -load-resolved-plugin /Applications/Xcode-26.4.0.app/Contents/Developer/Platforms/WatchOS.platform/Developer/usr/lib/swift/host/plugins/libSwiftDataMacros.dylib\#/Applications/Xcode-26.4.0.app/Contents/Developer/Platforms/WatchOS.platform/Developer/usr/bin/swift-plugin-server\#SwiftDataMacros -load-resolved-plugin /Applications/Xcode-26.4.0.app/Contents/Developer/Platforms/WatchOS.platform/Developer/usr/lib/swift/host/plugins/libSwiftMacros.dylib\#/Applications/Xcode-26.4.0.app/Contents/Developer/Platforms/WatchOS.platform/Developer/usr/bin/swift-plugin-server\#SwiftMacros -disable-implicit-swift-modules -Xcc -fno-implicit-modules -Xcc -fno-implicit-module-maps -explicit-swift-module-map-file /Users/admin/builder/spi-builder-workspace/.derivedData/Build/Intermediates.noindex/LogConsoleKit.build/Debug-watchos/LogConsoleKit.build/Objects-normal/arm64_32/LogConsoleKit-dependencies-1.json -debug-module-path /Users/admin/builder/spi-builder-workspace/.derivedData/Build/Intermediates.noindex/LogConsoleKit.build/Debug-watchos/LogConsoleKit.build/Objects-normal/arm64_32/LogConsoleKit.swiftmodule -enable-objc-interop -sdk /Applications/Xcode-26.4.0.app/Contents/Developer/Platforms/WatchOS.platform/Developer/SDKs/WatchOS26.4.sdk -I /Users/admin/builder/spi-builder-workspace/.derivedData/Build/Products/Debug-watchos -Isystem /Applications/Xcode-26.4.0.app/Contents/Developer/Platforms/WatchOS.platform/Developer/usr/lib -F /Users/admin/builder/spi-builder-workspace/.derivedData/Build/Products/Debug-watchos -F /Applications/Xcode-26.4.0.app/Contents/Developer/Platforms/WatchOS.platform/Developer/Library/Frameworks -F /Applications/Xcode-26.4.0.app/Contents/Developer/Platforms/WatchOS.platform/Developer/SDKs/WatchOS26.4.sdk/Developer/Library/Frameworks -no-color-diagnostics -Xcc -fno-color-diagnostics -enable-testing -g -debug-info-format\=dwarf -dwarf-version\=4 -module-cache-path /Users/admin/builder/spi-builder-workspace/.derivedData/Build/Intermediates.noindex/SwiftExplicitPrecompiledModules -profile-generate -profile-coverage-mapping -swift-version 5 -Onone -D SWIFT_PACKAGE -D DEBUG -D SWIFT_MODULE_RESOURCE_BUNDLE_UNAVAILABLE -D Xcode -serialize-debugging-options -const-gather-protocols-file /Users/admin/builder/spi-builder-workspace/.derivedData/Build/Intermediates.noindex/LogConsoleKit.build/Debug-watchos/LogConsoleKit.build/Objects-normal/arm64_32/LogConsoleKit_const_extract_protocols.json -enable-experimental-feature DebugDescriptionMacro -empty-abi-descriptor -validate-clang-modules-once -clang-build-session-file /Users/admin/builder/spi-builder-workspace/.derivedData/ModuleCache.noindex/Session.modulevalidation -Xcc -working-directory -Xcc /Users/admin/builder/spi-builder-workspace/.swiftpm/xcode -enable-anonymous-context-mangled-names -file-compilation-dir /Users/admin/builder/spi-builder-workspace/.swiftpm/xcode -Xcc -D_LIBCPP_HARDENING_MODE\=_LIBCPP_HARDENING_MODE_DEBUG -Xcc -ivfsstatcache -Xcc /Users/admin/builder/spi-builder-workspace/.derivedData/SDKStatCaches.noindex/watchos26.4-23T238-688ef53f1462e2c8f657fdc38a81448f9e51884a582f42380855760c9d4cc599.sdkstatcache -Xcc -I/Users/admin/builder/spi-builder-workspace/.derivedData/Build/Intermediates.noindex/LogConsoleKit.build/Debug-watchos/LogConsoleKit.build/swift-overrides.hmap -Xcc -I/Users/admin/builder/spi-builder-workspace/.derivedData/Build/Products/Debug-watchos/include -Xcc -I/Users/admin/builder/spi-builder-workspace/.derivedData/Build/Intermediates.noindex/LogConsoleKit.build/Debug-watchos/LogConsoleKit.build/DerivedSources-normal/arm64_32 -Xcc -I/Users/admin/builder/spi-builder-workspace/.derivedData/Build/Intermediates.noindex/LogConsoleKit.build/Debug-watchos/LogConsoleKit.build/DerivedSources/arm64_32 -Xcc -I/Users/admin/builder/spi-builder-workspace/.derivedData/Build/Intermediates.noindex/LogConsoleKit.build/Debug-watchos/LogConsoleKit.build/DerivedSources -Xcc -DSWIFT_PACKAGE -Xcc -DDEBUG\=1 -no-auto-bridging-header-chaining -module-name LogConsoleKit -package-name spi_builder_workspace -frontend-parseable-output -disable-clang-spi -clang-target arm64_32-apple-watchos26.4 -target-sdk-version 26.4 -target-sdk-name watchos26.4 -in-process-plugin-server-path /Applications/Xcode-26.4.0.app/Contents/Developer/Toolchains/XcodeDefault.xctoolchain/usr/lib/swift/host/libSwiftInProcPluginServer.dylib -o /Users/admin/builder/spi-builder-workspace/.derivedData/Build/Intermediates.noindex/LogConsoleKit.build/Debug-watchos/LogConsoleKit.build/Objects-normal/arm64_32/LogConsole.o -index-unit-output-path /LogConsoleKit.build/Debug-watchos/LogConsoleKit.build/Objects-normal/arm64_32/LogConsole.o -index-store-path /Users/admin/builder/spi-builder-workspace/.derivedData/Index.noindex/DataStore -index-system-modules
SwiftCompile normal arm64_32 /Users/admin/builder/spi-builder-workspace/Sources/LogConsoleKit/LogConsole.swift (in target 'LogConsoleKit' from project 'LogConsoleKit')
cd /Users/admin/builder/spi-builder-workspace/.swiftpm/xcode
/Users/admin/builder/spi-builder-workspace/Sources/LogConsoleKit/LogConsole.swift:100:9: error: cannot find 'Host' in scope
Host.current().localizedName ?? "Mac"
^~~~
SwiftDriverJobDiscovery normal arm64_32 Compiling LogConsoleContainer.swift (in target 'LogConsoleKit' from project 'LogConsoleKit')
SwiftCompile normal arm64_32 Compiling\ Session.swift /Users/admin/builder/spi-builder-workspace/Sources/LogConsoleKit/Models/Session.swift (in target 'LogConsoleKit' from project 'LogConsoleKit')
SwiftCompile normal arm64_32 /Users/admin/builder/spi-builder-workspace/Sources/LogConsoleKit/Models/Session.swift (in target 'LogConsoleKit' from project 'LogConsoleKit')
cd /Users/admin/builder/spi-builder-workspace/.swiftpm/xcode
SwiftCompile normal arm64_32 Compiling\ CrashRecord.swift /Users/admin/builder/spi-builder-workspace/Sources/LogConsoleKit/Models/CrashRecord.swift (in target 'LogConsoleKit' from project 'LogConsoleKit')
SwiftCompile normal arm64_32 /Users/admin/builder/spi-builder-workspace/Sources/LogConsoleKit/Models/CrashRecord.swift (in target 'LogConsoleKit' from project 'LogConsoleKit')
cd /Users/admin/builder/spi-builder-workspace/.swiftpm/xcode
SwiftDriverJobDiscovery normal arm64_32 Compiling LogEntry.swift (in target 'LogConsoleKit' from project 'LogConsoleKit')
2026-07-16 19:20:48.801 xcodebuild[840:4973] [MT] IDERunDestination: Supported platforms for the buildables in the current scheme is empty.
** BUILD FAILED **
The following build commands failed:
SwiftCompile normal arm64_32 Compiling\ LogConsole.swift /Users/admin/builder/spi-builder-workspace/Sources/LogConsoleKit/LogConsole.swift (in target 'LogConsoleKit' from project 'LogConsoleKit')
SwiftCompile normal arm64_32 /Users/admin/builder/spi-builder-workspace/Sources/LogConsoleKit/LogConsole.swift (in target 'LogConsoleKit' from project 'LogConsoleKit')
Building workspace spi-builder-workspace with scheme LogConsoleKit
(3 failures)
BUILD FAILURE 6.3 watchOS