Build Information
Failed to build gRPC, reference 1.83.1 (9d5e9f), with Swift 6.1 for Linux on 26 Sep 2026 15:27:14 UTC.
Build Command
bash -c docker run --pull=always --rm -v "checkouts-54344845-0":/host -w "$PWD" -e JAVA_HOME="/root/.sdkman/candidates/java/current" -e SPI_BUILD="1" -e SPI_PROCESSING="1" registry.gitlab.com/saguaro1/spi-images:basic-6.1-latest swift build --triple x86_64-unknown-linux-gnu 2>&1Build Log
========================================
RunAll
========================================
Builder version: 5.1.0
Interrupt handler set up.
========================================
Checkout
========================================
Clone URL: https://github.com/google/grpc-binary.git
Reference: 1.83.1
Initialized empty Git repository in /host/spi-builder-workspace/.git/
hint: Using 'master' as the name for the initial branch. This default branch name
hint: is subject to change. To configure the initial branch name to use in all
hint: of your new repositories, which will suppress this warning, call:
hint:
hint: git config --global init.defaultBranch <name>
hint:
hint: Names commonly chosen instead of 'master' are 'main', 'trunk' and
hint: 'development'. The just-created branch can be renamed via this command:
hint:
hint: git branch -m <name>
From https://github.com/google/grpc-binary
* tag 1.83.1 -> FETCH_HEAD
HEAD is now at 9d5e9f0 infra: C++ 17 compatible 1.83.1 release (Firebase 13) (#24)
Cloned https://github.com/google/grpc-binary.git
Revision (git rev-parse @):
9d5e9f05670c9eab8d8c22731ddd5d4d9cf867a8
SUCCESS checkout https://github.com/google/grpc-binary.git at 1.83.1
========================================
Build
========================================
Selected platform: linux
Swift version: 6.1
Building package at path: $PWD
https://github.com/google/grpc-binary.git
https://github.com/google/grpc-binary.git
WARNING: environment variable SUPPRESS_SWIFT_6_FLAGS is not set
Running build ...
bash -c docker run --pull=always --rm -v "checkouts-54344845-0":/host -w "$PWD" -e JAVA_HOME="/root/.sdkman/candidates/java/current" -e SPI_BUILD="1" -e SPI_PROCESSING="1" registry.gitlab.com/saguaro1/spi-images:basic-6.1-latest swift build --triple x86_64-unknown-linux-gnu -Xswiftc -Xfrontend -Xswiftc -stats-output-dir -Xswiftc -Xfrontend -Xswiftc .stats -Xswiftc -strict-concurrency=complete -Xswiftc -enable-upcoming-feature -Xswiftc StrictConcurrency -Xswiftc -enable-upcoming-feature -Xswiftc DisableOutwardActorInference -Xswiftc -enable-upcoming-feature -Xswiftc GlobalActorIsolatedTypesUsability -Xswiftc -enable-upcoming-feature -Xswiftc InferSendableFromCaptures 2>&1
basic-6.1-latest: Pulling from saguaro1/spi-images
Digest: sha256:bebe373f64586285d153a73cebf57004d534988a7110464fd581e50dd24c756b
Status: Image is up to date for registry.gitlab.com/saguaro1/spi-images:basic-6.1-latest
Fetching https://github.com/google/abseil-cpp-binary.git
[1/107] Fetching abseil-cpp-binary
Fetched https://github.com/google/abseil-cpp-binary.git from cache (0.41s)
Computing version for https://github.com/google/abseil-cpp-binary.git
Computed https://github.com/google/abseil-cpp-binary.git at 1.2025051202.0 (0.67s)
Creating working copy for https://github.com/google/abseil-cpp-binary.git
Working copy of https://github.com/google/abseil-cpp-binary.git resolved at 1.2025051202.0
Downloading binary artifact https://dl.google.com/firebase/ios/bin/grpc/1.83.1/rc0/grpcpp.zip
Downloading binary artifact https://dl.google.com/firebase/ios/bin/abseil/1.2025051202.0/rc0/absl.zip
Downloading binary artifact https://dl.google.com/firebase/ios/bin/grpc/1.83.1/rc0/grpc.zip
Downloading binary artifact https://dl.google.com/firebase/ios/bin/grpc/1.83.1/rc0/openssl_grpc.zip
[1354/1354] Downloading https://dl.google.com/firebase/ios/bin/grpc/1.83.1/rc0/grpc.zip
[24823/24823] Downloading https://dl.google.com/firebase/ios/bin/grpc/1.83.1/rc0/grpc.zip, https://dl.google.com/firebase/ios/bin/grpc/1.83.1/rc0/grpcpp.zip
[30531/30531] Downloading https://dl.google.com/firebase/ios/bin/grpc/1.83.1/rc0/grpc.zip, https://dl.google.com/firebase/ios/bin/grpc/1.83.1/rc0/grpcpp.zip, https://dl.google.com/firebase/ios/bin/abseil/1.2025051202.0/rc0/absl.zip
[97935/97935] Downloading https://dl.google.com/firebase/ios/bin/grpc/1.83.1/rc0/grpc.zip, https://dl.google.com/firebase/ios/bin/grpc/1.83.1/rc0/grpcpp.zip, https://dl.google.com/firebase/ios/bin/abseil/1.2025051202.0/rc0/absl.zip, https://dl.google.com/firebase/ios/bin/grpc/1.83.1/rc0/openssl_grpc.zip
Downloaded https://dl.google.com/firebase/ios/bin/abseil/1.2025051202.0/rc0/absl.zip (1.39s)
[16302055/16302055] Downloading https://dl.google.com/firebase/ios/bin/grpc/1.83.1/rc0/openssl_grpc.zip
Downloaded https://dl.google.com/firebase/ios/bin/grpc/1.83.1/rc0/openssl_grpc.zip (2.59s)
Downloaded https://dl.google.com/firebase/ios/bin/grpc/1.83.1/rc0/grpcpp.zip (2.87s)
Downloaded https://dl.google.com/firebase/ios/bin/grpc/1.83.1/rc0/grpc.zip (9.83s)
Building for debugging...
[0/9] Copying PrivacyInfo.xcprivacy
In file included from <built-in>:1:
/host/spi-builder-workspace/.build/x86_64-unknown-linux-gnu/debug/opensslWrapper.build/DerivedSources/resource_bundle_accessor.h:2:9: fatal error: 'Foundation/Foundation.h' file not found
2 | #import <Foundation/Foundation.h>
| ^~~~~~~~~~~~~~~~~~~~~~~~~
1 error generated.
In file included from <built-in>:1:
/host/spi-builder-workspace/.build/x86_64-unknown-linux-gnu/debug/grpcWrapper.build/DerivedSources/resource_bundle_accessor.h:2:9: fatal error: 'Foundation/Foundation.h' file not found
2 | #import <Foundation/Foundation.h>
| ^~~~~~~~~~~~~~~~~~~~~~~~~
1 error generated.
[3/9] Compiling opensslWrapper resource_bundle_accessor.m
[3/9] Compiling grpcWrapper empty.m
In file included from <built-in>:1:
/host/spi-builder-workspace/.build/x86_64-unknown-linux-gnu/debug/grpcWrapper.build/DerivedSources/resource_bundle_accessor.h:2:9: fatal error: 'Foundation/Foundation.h' file not found
2 | #import <Foundation/Foundation.h>
| ^~~~~~~~~~~~~~~~~~~~~~~~~
1 error generated.
[3/9] Compiling grpcWrapper resource_bundle_accessor.m
In file included from <built-in>:1:
/host/spi-builder-workspace/.build/x86_64-unknown-linux-gnu/debug/grpcppWrapper.build/DerivedSources/resource_bundle_accessor.h:2:9: fatal error: 'Foundation/Foundation.h' file not found
2 | #import <Foundation/Foundation.h>
| ^~~~~~~~~~~~~~~~~~~~~~~~~
1 error generated.
[3/9] Compiling grpcppWrapper empty.m
In file included from <built-in>:1:
/host/spi-builder-workspace/.build/x86_64-unknown-linux-gnu/debug/opensslWrapper.build/DerivedSources/resource_bundle_accessor.h:2:9: fatal error: 'Foundation/Foundation.h' file not found
2 | #import <Foundation/Foundation.h>
| ^~~~~~~~~~~~~~~~~~~~~~~~~
1 error generated.
[3/9] Compiling opensslWrapper empty.m
In file included from <built-in>:1:
/host/spi-builder-workspace/.build/x86_64-unknown-linux-gnu/debug/grpcppWrapper.build/DerivedSources/resource_bundle_accessor.h:2:9: fatal error: 'Foundation/Foundation.h' file not found
2 | #import <Foundation/Foundation.h>
| ^~~~~~~~~~~~~~~~~~~~~~~~~
1 error generated.
[3/9] Compiling grpcppWrapper resource_bundle_accessor.m
Running build ...
bash -c docker run --pull=always --rm -v "checkouts-54344845-0":/host -w "$PWD" -e JAVA_HOME="/root/.sdkman/candidates/java/current" -e SPI_BUILD="1" -e SPI_PROCESSING="1" registry.gitlab.com/saguaro1/spi-images:basic-6.1-latest swift build --triple x86_64-unknown-linux-gnu 2>&1
basic-6.1-latest: Pulling from saguaro1/spi-images
Digest: sha256:bebe373f64586285d153a73cebf57004d534988a7110464fd581e50dd24c756b
Status: Image is up to date for registry.gitlab.com/saguaro1/spi-images:basic-6.1-latest
[0/1] Planning build
Building for debugging...
In file included from <built-in>:1:
/host/spi-builder-workspace/.build/x86_64-unknown-linux-gnu/debug/grpcppWrapper.build/DerivedSources/resource_bundle_accessor.h:2:9: fatal error: 'Foundation/Foundation.h' file not found
2 | #import <Foundation/Foundation.h>
| ^~~~~~~~~~~~~~~~~~~~~~~~~
1 error generated.
[0/6] Compiling grpcppWrapper empty.m
In file included from <built-in>:1:
/host/spi-builder-workspace/.build/x86_64-unknown-linux-gnu/debug/opensslWrapper.build/DerivedSources/resource_bundle_accessor.h:2:9: fatal error: 'Foundation/Foundation.h' file not found
2 | #import <Foundation/Foundation.h>
| ^~~~~~~~~~~~~~~~~~~~~~~~~
1 error generated.
[0/6] Compiling opensslWrapper empty.m
In file included from <built-in>:1:
/host/spi-builder-workspace/.build/x86_64-unknown-linux-gnu/debug/grpcWrapper.build/DerivedSources/resource_bundle_accessor.h:2:9: fatal error: 'Foundation/Foundation.h' file not found
2 | #import <Foundation/Foundation.h>
| ^~~~~~~~~~~~~~~~~~~~~~~~~
1 error generated.
[0/6] Compiling grpcWrapper empty.m
In file included from <built-in>:1:
/host/spi-builder-workspace/.build/x86_64-unknown-linux-gnu/debug/grpcWrapper.build/DerivedSources/resource_bundle_accessor.h:2:9: fatal error: 'Foundation/Foundation.h' file not found
2 | #import <Foundation/Foundation.h>
| ^~~~~~~~~~~~~~~~~~~~~~~~~
1 error generated.
[0/6] Compiling grpcWrapper resource_bundle_accessor.m
In file included from <built-in>:1:
/host/spi-builder-workspace/.build/x86_64-unknown-linux-gnu/debug/opensslWrapper.build/DerivedSources/resource_bundle_accessor.h:2:9: fatal error: 'Foundation/Foundation.h' file not found
2 | #import <Foundation/Foundation.h>
| ^~~~~~~~~~~~~~~~~~~~~~~~~
1 error generated.
[0/6] Compiling opensslWrapper resource_bundle_accessor.m
In file included from <built-in>:1:
/host/spi-builder-workspace/.build/x86_64-unknown-linux-gnu/debug/grpcppWrapper.build/DerivedSources/resource_bundle_accessor.h:2:9: fatal error: 'Foundation/Foundation.h' file not found
2 | #import <Foundation/Foundation.h>
| ^~~~~~~~~~~~~~~~~~~~~~~~~
1 error generated.
[0/6] Compiling grpcppWrapper resource_bundle_accessor.m
BUILD FAILURE 6.1 linux