Build Information
Failed to build ContributeWordPress, reference 1.0.0 (6dceda), with Swift 6.4 for watchOS using Xcode 27.0 on 19 Sep 2026 16:16:50 UTC.
Build Command
env DEVELOPER_DIR=/Applications/Xcode-27.0.0-Release.Candidate.app xcrun xcodebuild -IDEClonedSourcePackagesDirPathOverride=$PWD/.dependencies -skipMacroValidation -skipPackagePluginValidation -derivedDataPath $PWD/.derivedData build -scheme ContributeWordPress-Package -destination generic/platform=watchOSBuild Log
SwiftCompile normal arm64_32 /Users/admin/builder/spi-builder-workspace/.dependencies/checkouts/SyndiKit/Sources/SyndiKit/Dictionary.swift (in target 'SyndiKit' from project 'SyndiKit')
cd /Users/admin/builder/spi-builder-workspace/.swiftpm/xcode
builtin-SwiftPerFileCompile Dictionary.swift
SwiftCompile normal arm64_32 /Users/admin/builder/spi-builder-workspace/.dependencies/checkouts/SyndiKit/Sources/SyndiKit/Formats/Blogs/CategoryDescriptor.swift (in target 'SyndiKit' from project 'SyndiKit')
cd /Users/admin/builder/spi-builder-workspace/.swiftpm/xcode
builtin-SwiftPerFileCompile CategoryDescriptor.swift
SwiftCompile normal arm64_32 /Users/admin/builder/spi-builder-workspace/.dependencies/checkouts/SyndiKit/Sources/SyndiKit/Formats/Blogs/CategoryLanguage.swift (in target 'SyndiKit' from project 'SyndiKit')
cd /Users/admin/builder/spi-builder-workspace/.swiftpm/xcode
builtin-SwiftPerFileCompile CategoryLanguage.swift
SwiftCompile normal arm64_32 /Users/admin/builder/spi-builder-workspace/.dependencies/checkouts/SyndiKit/Sources/SyndiKit/Formats/Blogs/LanguageContentResult.swift (in target 'SyndiKit' from project 'SyndiKit')
cd /Users/admin/builder/spi-builder-workspace/.swiftpm/xcode
builtin-SwiftPerFileCompile LanguageContentResult.swift
SwiftCompile normal arm64_32 /Users/admin/builder/spi-builder-workspace/.dependencies/checkouts/SyndiKit/Sources/SyndiKit/Formats/Blogs/ProcessedBlogsResult.swift (in target 'SyndiKit' from project 'SyndiKit')
cd /Users/admin/builder/spi-builder-workspace/.swiftpm/xcode
builtin-SwiftPerFileCompile ProcessedBlogsResult.swift
SwiftCompile normal arm64_32 /Users/admin/builder/spi-builder-workspace/.dependencies/checkouts/SyndiKit/Sources/SyndiKit/Formats/Blogs/Site.swift (in target 'SyndiKit' from project 'SyndiKit')
cd /Users/admin/builder/spi-builder-workspace/.swiftpm/xcode
builtin-SwiftPerFileCompile Site.swift
SwiftCompile normal arm64_32 /Users/admin/builder/spi-builder-workspace/.dependencies/checkouts/SyndiKit/Sources/SyndiKit/Formats/Blogs/SiteCategory.swift (in target 'SyndiKit' from project 'SyndiKit')
cd /Users/admin/builder/spi-builder-workspace/.swiftpm/xcode
builtin-SwiftPerFileCompile SiteCategory.swift
SwiftCompile normal arm64_32 /Users/admin/builder/spi-builder-workspace/.dependencies/checkouts/SyndiKit/Sources/SyndiKit/Formats/Blogs/SiteCategoryType.swift (in target 'SyndiKit' from project 'SyndiKit')
cd /Users/admin/builder/spi-builder-workspace/.swiftpm/xcode
builtin-SwiftPerFileCompile SiteCategoryType.swift
SwiftCompile normal arm64_32 /Users/admin/builder/spi-builder-workspace/.dependencies/checkouts/SyndiKit/Sources/SyndiKit/Formats/Blogs/SiteCollection.swift (in target 'SyndiKit' from project 'SyndiKit')
cd /Users/admin/builder/spi-builder-workspace/.swiftpm/xcode
builtin-SwiftPerFileCompile SiteCollection.swift
SwiftCompile normal arm64_32 /Users/admin/builder/spi-builder-workspace/.dependencies/checkouts/SyndiKit/Sources/SyndiKit/Formats/Blogs/SiteCollectionDirectory.swift (in target 'SyndiKit' from project 'SyndiKit')
cd /Users/admin/builder/spi-builder-workspace/.swiftpm/xcode
builtin-SwiftPerFileCompile SiteCollectionDirectory.swift
SwiftCompile normal arm64_32 /Users/admin/builder/spi-builder-workspace/.dependencies/checkouts/SyndiKit/Sources/SyndiKit/Formats/Blogs/SiteCollectionProcessor.swift (in target 'SyndiKit' from project 'SyndiKit')
cd /Users/admin/builder/spi-builder-workspace/.swiftpm/xcode
builtin-SwiftPerFileCompile SiteCollectionProcessor.swift
SwiftCompile normal arm64_32 /Users/admin/builder/spi-builder-workspace/.dependencies/checkouts/SyndiKit/Sources/SyndiKit/Formats/Blogs/SiteDirectory.swift (in target 'SyndiKit' from project 'SyndiKit')
cd /Users/admin/builder/spi-builder-workspace/.swiftpm/xcode
builtin-SwiftPerFileCompile SiteDirectory.swift
SwiftDriverJobDiscovery normal arm64_32 Compiling OPML+Body.swift, OPML+Head.swift, OPML+Outline.swift, OPML.swift, OutlineType.swift, SyndicationUpdate.swift, SyndicationUpdateFrequency.swift, SyndicationUpdatePeriod.swift, KeyedDecodingContainerProtocol.swift, StringProtocol.swift, URL.swift (in target 'SyndiKit' from project 'SyndiKit')
SwiftDriver\ Compilation Markdown normal arm64_32 com.apple.xcode.tools.swift.compiler (in target 'Markdown' from project 'swift-markdown')
cd /Users/admin/builder/spi-builder-workspace/.swiftpm/xcode
builtin-Swift-Compilation -- /Applications/Xcode-27.0.0-Release.Candidate.app/Contents/Developer/Toolchains/XcodeDefault.xctoolchain/usr/bin/swiftc -parse-as-library -module-name Markdown -Onone @/Users/admin/builder/spi-builder-workspace/.derivedData/Build/Intermediates.noindex/swift-markdown.build/Debug-watchos/Markdown-t.build/Objects-normal/arm64_32/Markdown.SwiftFileList -DSWIFT_PACKAGE -DDEBUG -DSWIFT_MODULE_RESOURCE_BUNDLE_UNAVAILABLE -Xcc -fmodule-map-file\=/Users/admin/builder/spi-builder-workspace/.dependencies/checkouts/swift-cmark/src/include/module.modulemap -Xcc -fmodule-map-file\=/Users/admin/builder/spi-builder-workspace/.dependencies/checkouts/swift-cmark/extensions/include/module.modulemap -Xcc -fmodule-map-file\=/Users/admin/builder/spi-builder-workspace/.dependencies/checkouts/swift-markdown/Sources/CAtomic/include/module.modulemap -DXcode -plugin-path /Applications/Xcode-27.0.0-Release.Candidate.app/Contents/Developer/Toolchains/XcodeDefault.xctoolchain/usr/lib/swift/host/plugins/testing -enable-experimental-feature DebugDescriptionMacro -sdk /Applications/Xcode-27.0.0-Release.Candidate.app/Contents/Developer/Platforms/WatchOS.platform/Developer/SDKs/WatchOS27.0.sdk -target arm64_32-apple-watchos9.0 -g -module-cache-path /Users/admin/builder/spi-builder-workspace/.derivedData/ModuleCache.noindex -Xfrontend -serialize-debugging-options -profile-coverage-mapping -profile-generate -enable-testing -suppress-warnings -index-store-path /Users/admin/builder/spi-builder-workspace/.derivedData/Index.noindex/DataStore -Xcc -D_LIBCPP_HARDENING_MODE\=_LIBCPP_HARDENING_MODE_DEBUG -swift-version 5 -I /Users/admin/builder/spi-builder-workspace/.derivedData/Build/Products/Debug-watchos -Isystem /Applications/Xcode-27.0.0-Release.Candidate.app/Contents/Developer/Platforms/WatchOS.platform/Developer/usr/lib -F /Users/admin/builder/spi-builder-workspace/.derivedData/Build/Products/Debug-watchos/PackageFrameworks -F /Users/admin/builder/spi-builder-workspace/.derivedData/Build/Products/Debug-watchos -F /Applications/Xcode-27.0.0-Release.Candidate.app/Contents/Developer/Platforms/WatchOS.platform/Developer/Library/Frameworks -F /Applications/Xcode-27.0.0-Release.Candidate.app/Contents/Developer/Platforms/WatchOS.platform/Developer/SDKs/WatchOS27.0.sdk/Developer/Library/Frameworks -c -j10 -enable-batch-mode -incremental -Xcc -ivfsstatcache -Xcc /Users/admin/builder/spi-builder-workspace/.derivedData/SDKStatCaches.noindex/watchos27.0-24R360-e829b21a6f8c9b70876ba0858053c04477534ef55a1706bf4c1112bbb242f0a2.sdkstatcache -output-file-map /Users/admin/builder/spi-builder-workspace/.derivedData/Build/Intermediates.noindex/swift-markdown.build/Debug-watchos/Markdown-t.build/Objects-normal/arm64_32/Markdown-OutputFileMap.json -save-temps -no-color-diagnostics -explicit-module-build -module-cache-path /Users/admin/builder/spi-builder-workspace/.derivedData/Build/Intermediates.noindex/SwiftExplicitPrecompiledModules -clang-scanner-module-cache-path /Users/admin/builder/spi-builder-workspace/.derivedData/ModuleCache.noindex -sdk-module-cache-path /Users/admin/builder/spi-builder-workspace/.derivedData/SDKExplicitPrecompiledModules -emit-dependencies -emit-module -emit-module-path /Users/admin/builder/spi-builder-workspace/.derivedData/Build/Intermediates.noindex/swift-markdown.build/Debug-watchos/Markdown-t.build/Objects-normal/arm64_32/Markdown.swiftmodule -serialize-diagnostics -dependency-scan-serialize-diagnostics-path /Users/admin/builder/spi-builder-workspace/.derivedData/Build/Intermediates.noindex/swift-markdown.build/Debug-watchos/Markdown-t.build/Objects-normal/arm64_32/Markdown-dependency-scan.dia -user-module-version 0.8.0 -validate-clang-modules-once -clang-build-session-file /Users/admin/builder/spi-builder-workspace/.derivedData/ModuleCache.noindex/Session.modulevalidation -Xcc -fmodules-prune-interval\=86400 -Xcc -fmodules-prune-after\=345600 -package-name swift_markdown -emit-const-values -const-gather-protocols-list /Users/admin/builder/spi-builder-workspace/.derivedData/Build/Intermediates.noindex/swift-markdown.build/Debug-watchos/Markdown-t.build/Objects-normal/arm64_32/Markdown_const_extract_protocols.json -Xcc -I/Users/admin/builder/spi-builder-workspace/.dependencies/checkouts/swift-cmark/src/include -Xcc -I/Users/admin/builder/spi-builder-workspace/.dependencies/checkouts/swift-cmark/extensions/include -Xcc -I/Users/admin/builder/spi-builder-workspace/.dependencies/checkouts/swift-markdown/Sources/CAtomic/include -Xcc -I/Users/admin/builder/spi-builder-workspace/.derivedData/Build/Products/Debug-watchos/include -Xcc -I/Users/admin/builder/spi-builder-workspace/.derivedData/Build/Intermediates.noindex/swift-markdown.build/Debug-watchos/Markdown-t.build/DerivedSources-normal/arm64_32 -Xcc -I/Users/admin/builder/spi-builder-workspace/.derivedData/Build/Intermediates.noindex/swift-markdown.build/Debug-watchos/Markdown-t.build/DerivedSources/arm64_32 -Xcc -I/Users/admin/builder/spi-builder-workspace/.derivedData/Build/Intermediates.noindex/swift-markdown.build/Debug-watchos/Markdown-t.build/DerivedSources -Xcc -DSWIFT_PACKAGE -Xcc -DDEBUG\=1 -emit-objc-header -emit-objc-header-path /Users/admin/builder/spi-builder-workspace/.derivedData/Build/Intermediates.noindex/swift-markdown.build/Debug-watchos/Markdown-t.build/Objects-normal/arm64_32/Markdown-Swift.h -working-directory /Users/admin/builder/spi-builder-workspace/.swiftpm/xcode -experimental-emit-module-separately -disable-cmo
SwiftDriverJobDiscovery normal arm64_32 Compiling Character.swift, Collection.swift, Author.swift, EntryCategory.swift, Entryable.swift, Feedable.swift, Link.swift, CData.swift, ListString.swift, UTF8EncodedURL.swift, XMLStringInt.swift, AnyDecoding.swift (in target 'SyndiKit' from project 'SyndiKit')
SwiftCompile normal arm64_32 Compiling\ MarkdownContentYAMLBuilder.swift,\ PassthroughMarkdownGenerator.swift,\ BasicContentURLGenerator.swift /Users/admin/builder/spi-builder-workspace/.dependencies/checkouts/Contribute/Sources/Contribute/MarkdownContentYAMLBuilder.swift /Users/admin/builder/spi-builder-workspace/.dependencies/checkouts/Contribute/Sources/Contribute/PassthroughMarkdownGenerator.swift /Users/admin/builder/spi-builder-workspace/.dependencies/checkouts/Contribute/Sources/Contribute/Protocols/BasicContentURLGenerator.swift (in target 'Contribute' from project 'Contribute')
SwiftCompile normal arm64_32 /Users/admin/builder/spi-builder-workspace/.dependencies/checkouts/Contribute/Sources/Contribute/MarkdownContentYAMLBuilder.swift (in target 'Contribute' from project 'Contribute')
cd /Users/admin/builder/spi-builder-workspace/.swiftpm/xcode
builtin-SwiftPerFileCompile MarkdownContentYAMLBuilder.swift
SwiftCompile normal arm64_32 /Users/admin/builder/spi-builder-workspace/.dependencies/checkouts/Contribute/Sources/Contribute/PassthroughMarkdownGenerator.swift (in target 'Contribute' from project 'Contribute')
cd /Users/admin/builder/spi-builder-workspace/.swiftpm/xcode
builtin-SwiftPerFileCompile PassthroughMarkdownGenerator.swift
SwiftCompile normal arm64_32 /Users/admin/builder/spi-builder-workspace/.dependencies/checkouts/Contribute/Sources/Contribute/Protocols/BasicContentURLGenerator.swift (in target 'Contribute' from project 'Contribute')
cd /Users/admin/builder/spi-builder-workspace/.swiftpm/xcode
builtin-SwiftPerFileCompile BasicContentURLGenerator.swift
Ld /Users/admin/builder/spi-builder-workspace/.derivedData/Build/Intermediates.noindex/swift-markdown.build/Debug-watchos/Markdown-t.build/Objects-normal/arm64_32/Binary/Markdown.o normal arm64_32 (in target 'Markdown' from project 'swift-markdown')
cd /Users/admin/builder/spi-builder-workspace/.dependencies/checkouts/swift-markdown
/Applications/Xcode-27.0.0-Release.Candidate.app/Contents/Developer/Toolchains/XcodeDefault.xctoolchain/usr/bin/clang -Xlinker -reproducible -target arm64_32-apple-watchos9.0 -r -isysroot /Applications/Xcode-27.0.0-Release.Candidate.app/Contents/Developer/Platforms/WatchOS.platform/Developer/SDKs/WatchOS27.0.sdk -O0 -w -Xlinker -no_warn_duplicate_libraries -F/Users/admin/builder/spi-builder-workspace/.derivedData/Build/Intermediates.noindex/EagerLinkingTBDs/Debug-watchos -F/Users/admin/builder/spi-builder-workspace/.derivedData/Build/Products/Debug-watchos/PackageFrameworks -F/Users/admin/builder/spi-builder-workspace/.derivedData/Build/Products/Debug-watchos -iframework /Applications/Xcode-27.0.0-Release.Candidate.app/Contents/Developer/Platforms/WatchOS.platform/Developer/Library/Frameworks -iframework /Applications/Xcode-27.0.0-Release.Candidate.app/Contents/Developer/Platforms/WatchOS.platform/Developer/SDKs/WatchOS27.0.sdk/Developer/Library/Frameworks -filelist /Users/admin/builder/spi-builder-workspace/.derivedData/Build/Intermediates.noindex/swift-markdown.build/Debug-watchos/Markdown-t.build/Objects-normal/arm64_32/Markdown.LinkFileList -nostdlib -Xlinker -object_path_lto -Xlinker /Users/admin/builder/spi-builder-workspace/.derivedData/Build/Intermediates.noindex/swift-markdown.build/Debug-watchos/Markdown-t.build/Objects-normal/arm64_32/Markdown_lto.o -Xlinker -no_deduplicate -Xlinker -debug_variant -Xlinker -dependency_info -Xlinker /Users/admin/builder/spi-builder-workspace/.derivedData/Build/Intermediates.noindex/swift-markdown.build/Debug-watchos/Markdown-t.build/Objects-normal/arm64_32/Markdown_dependency_info.dat -fobjc-link-runtime -L/Applications/Xcode-27.0.0-Release.Candidate.app/Contents/Developer/Toolchains/XcodeDefault.xctoolchain/usr/lib/swift/watchos -L/usr/lib/swift -Xlinker -add_ast_path -Xlinker /Users/admin/builder/spi-builder-workspace/.derivedData/Build/Intermediates.noindex/swift-markdown.build/Debug-watchos/Markdown-t.build/Objects-normal/arm64_32/Markdown.swiftmodule -o /Users/admin/builder/spi-builder-workspace/.derivedData/Build/Intermediates.noindex/swift-markdown.build/Debug-watchos/Markdown-t.build/Objects-normal/arm64_32/Binary/Markdown.o
SwiftDriverJobDiscovery normal arm64 Compiling RSSImage.swift, RSSItem+Init.swift, RSSItem+InternalInit.swift, RSSItem.swift, RSSItemCategory.swift, MediaContent.swift, PodcastChapters+MimeType.swift, PodcastChapters.swift, PodcastEpisode.swift, PodcastFunding.swift, PodcastLocation+GeoURI.swift (in target 'SyndiKit' from project 'SyndiKit')
SwiftCompile normal arm64 Compiling\ FrontMatterTranslator.swift,\ HTMLSource.swift,\ MarkdownContentBuilder.swift /Users/admin/builder/spi-builder-workspace/.dependencies/checkouts/Contribute/Sources/Contribute/Protocols/FrontMatterTranslator.swift /Users/admin/builder/spi-builder-workspace/.dependencies/checkouts/Contribute/Sources/Contribute/Protocols/HTMLSource.swift /Users/admin/builder/spi-builder-workspace/.dependencies/checkouts/Contribute/Sources/Contribute/Protocols/MarkdownContentBuilder.swift (in target 'Contribute' from project 'Contribute')
SwiftCompile normal arm64 /Users/admin/builder/spi-builder-workspace/.dependencies/checkouts/Contribute/Sources/Contribute/Protocols/FrontMatterTranslator.swift (in target 'Contribute' from project 'Contribute')
cd /Users/admin/builder/spi-builder-workspace/.swiftpm/xcode
builtin-SwiftPerFileCompile FrontMatterTranslator.swift
SwiftCompile normal arm64 /Users/admin/builder/spi-builder-workspace/.dependencies/checkouts/Contribute/Sources/Contribute/Protocols/HTMLSource.swift (in target 'Contribute' from project 'Contribute')
cd /Users/admin/builder/spi-builder-workspace/.swiftpm/xcode
builtin-SwiftPerFileCompile HTMLSource.swift
SwiftCompile normal arm64 /Users/admin/builder/spi-builder-workspace/.dependencies/checkouts/Contribute/Sources/Contribute/Protocols/MarkdownContentBuilder.swift (in target 'Contribute' from project 'Contribute')
cd /Users/admin/builder/spi-builder-workspace/.swiftpm/xcode
builtin-SwiftPerFileCompile MarkdownContentBuilder.swift
SwiftDriverJobDiscovery normal arm64_32 Compiling PodcastLocation+OsmQuery.swift, PodcastLocation.swift, PodcastLocked.swift, PodcastPerson+Role.swift, PodcastPerson.swift, PodcastSeason.swift, PodcastSoundbite.swift, PodcastTranscript+MimeType.swift, PodcastTranscript.swift, Video.swift, Entryable+WordPressPost.swift (in target 'SyndiKit' from project 'SyndiKit')
SwiftCompile normal arm64 Compiling\ ContentType.swift,\ ContentURLGenerator.swift,\ FileManagerProtocol.swift /Users/admin/builder/spi-builder-workspace/.dependencies/checkouts/Contribute/Sources/Contribute/Protocols/ContentType.swift /Users/admin/builder/spi-builder-workspace/.dependencies/checkouts/Contribute/Sources/Contribute/Protocols/ContentURLGenerator.swift /Users/admin/builder/spi-builder-workspace/.dependencies/checkouts/Contribute/Sources/Contribute/Protocols/FileManagerProtocol.swift (in target 'Contribute' from project 'Contribute')
SwiftCompile normal arm64 /Users/admin/builder/spi-builder-workspace/.dependencies/checkouts/Contribute/Sources/Contribute/Protocols/ContentType.swift (in target 'Contribute' from project 'Contribute')
cd /Users/admin/builder/spi-builder-workspace/.swiftpm/xcode
builtin-SwiftPerFileCompile ContentType.swift
SwiftCompile normal arm64 /Users/admin/builder/spi-builder-workspace/.dependencies/checkouts/Contribute/Sources/Contribute/Protocols/ContentURLGenerator.swift (in target 'Contribute' from project 'Contribute')
cd /Users/admin/builder/spi-builder-workspace/.swiftpm/xcode
builtin-SwiftPerFileCompile ContentURLGenerator.swift
SwiftCompile normal arm64 /Users/admin/builder/spi-builder-workspace/.dependencies/checkouts/Contribute/Sources/Contribute/Protocols/FileManagerProtocol.swift (in target 'Contribute' from project 'Contribute')
cd /Users/admin/builder/spi-builder-workspace/.swiftpm/xcode
builtin-SwiftPerFileCompile FileManagerProtocol.swift
CreateUniversalBinary /Users/admin/builder/spi-builder-workspace/.derivedData/Build/Products/Debug-watchos/Markdown.o normal arm64\ arm64_32 (in target 'Markdown' from project 'swift-markdown')
cd /Users/admin/builder/spi-builder-workspace/.dependencies/checkouts/swift-markdown
/Applications/Xcode-27.0.0-Release.Candidate.app/Contents/Developer/Toolchains/XcodeDefault.xctoolchain/usr/bin/lipo -create /Users/admin/builder/spi-builder-workspace/.derivedData/Build/Intermediates.noindex/swift-markdown.build/Debug-watchos/Markdown-t.build/Objects-normal/arm64/Binary/Markdown.o /Users/admin/builder/spi-builder-workspace/.derivedData/Build/Intermediates.noindex/swift-markdown.build/Debug-watchos/Markdown-t.build/Objects-normal/arm64_32/Binary/Markdown.o -output /Users/admin/builder/spi-builder-workspace/.derivedData/Build/Products/Debug-watchos/Markdown.o
SwiftDriverJobDiscovery normal arm64_32 Compiling MarkdownContentYAMLBuilder.swift, PassthroughMarkdownGenerator.swift, BasicContentURLGenerator.swift (in target 'Contribute' from project 'Contribute')
SwiftCompile normal arm64 Compiling\ URL.swift,\ URLDownloaderError.swift,\ YAML.swift /Users/admin/builder/spi-builder-workspace/.dependencies/checkouts/Contribute/Sources/Contribute/URL.swift /Users/admin/builder/spi-builder-workspace/.dependencies/checkouts/Contribute/Sources/Contribute/URLDownloaderError.swift /Users/admin/builder/spi-builder-workspace/.dependencies/checkouts/Contribute/Sources/Contribute/YAML.swift (in target 'Contribute' from project 'Contribute')
SwiftCompile normal arm64 /Users/admin/builder/spi-builder-workspace/.dependencies/checkouts/Contribute/Sources/Contribute/URL.swift (in target 'Contribute' from project 'Contribute')
cd /Users/admin/builder/spi-builder-workspace/.swiftpm/xcode
builtin-SwiftPerFileCompile URL.swift
SwiftCompile normal arm64 /Users/admin/builder/spi-builder-workspace/.dependencies/checkouts/Contribute/Sources/Contribute/URLDownloaderError.swift (in target 'Contribute' from project 'Contribute')
cd /Users/admin/builder/spi-builder-workspace/.swiftpm/xcode
builtin-SwiftPerFileCompile URLDownloaderError.swift
SwiftCompile normal arm64 /Users/admin/builder/spi-builder-workspace/.dependencies/checkouts/Contribute/Sources/Contribute/YAML.swift (in target 'Contribute' from project 'Contribute')
cd /Users/admin/builder/spi-builder-workspace/.swiftpm/xcode
builtin-SwiftPerFileCompile YAML.swift
SwiftDriverJobDiscovery normal arm64 Compiling CustomDecoderSetup.swift, DateFormatterDecoder.swift, DecodableFeed.swift, DecoderSetup.swift, DecoderSource.swift, Decoding.swift, DecodingError.swift, JSONDecoder.swift, SynDecoder+Helpers.swift, SynDecoder.swift, TypeDecoder.swift, XMLDecoder.swift (in target 'SyndiKit' from project 'SyndiKit')
SwiftCompile normal arm64 Compiling\ URLSessionable.swift,\ SimpleFrontMatterMarkdownFormatter.swift,\ String.swift /Users/admin/builder/spi-builder-workspace/.dependencies/checkouts/Contribute/Sources/Contribute/Protocols/URLSessionable.swift /Users/admin/builder/spi-builder-workspace/.dependencies/checkouts/Contribute/Sources/Contribute/SimpleFrontMatterMarkdownFormatter.swift /Users/admin/builder/spi-builder-workspace/.dependencies/checkouts/Contribute/Sources/Contribute/String.swift (in target 'Contribute' from project 'Contribute')
SwiftCompile normal arm64 /Users/admin/builder/spi-builder-workspace/.dependencies/checkouts/Contribute/Sources/Contribute/Protocols/URLSessionable.swift (in target 'Contribute' from project 'Contribute')
cd /Users/admin/builder/spi-builder-workspace/.swiftpm/xcode
builtin-SwiftPerFileCompile URLSessionable.swift
SwiftCompile normal arm64 /Users/admin/builder/spi-builder-workspace/.dependencies/checkouts/Contribute/Sources/Contribute/SimpleFrontMatterMarkdownFormatter.swift (in target 'Contribute' from project 'Contribute')
cd /Users/admin/builder/spi-builder-workspace/.swiftpm/xcode
builtin-SwiftPerFileCompile SimpleFrontMatterMarkdownFormatter.swift
SwiftCompile normal arm64 /Users/admin/builder/spi-builder-workspace/.dependencies/checkouts/Contribute/Sources/Contribute/String.swift (in target 'Contribute' from project 'Contribute')
cd /Users/admin/builder/spi-builder-workspace/.swiftpm/xcode
builtin-SwiftPerFileCompile String.swift
SwiftCompile normal arm64 Compiling\ FrontMatterExporter.swift,\ FrontMatterFormatter.swift,\ FrontMatterMarkdownFormatter.swift /Users/admin/builder/spi-builder-workspace/.dependencies/checkouts/Contribute/Sources/Contribute/Protocols/FrontMatterExporter.swift /Users/admin/builder/spi-builder-workspace/.dependencies/checkouts/Contribute/Sources/Contribute/Protocols/FrontMatterFormatter.swift /Users/admin/builder/spi-builder-workspace/.dependencies/checkouts/Contribute/Sources/Contribute/Protocols/FrontMatterMarkdownFormatter.swift (in target 'Contribute' from project 'Contribute')
SwiftCompile normal arm64 /Users/admin/builder/spi-builder-workspace/.dependencies/checkouts/Contribute/Sources/Contribute/Protocols/FrontMatterExporter.swift (in target 'Contribute' from project 'Contribute')
cd /Users/admin/builder/spi-builder-workspace/.swiftpm/xcode
builtin-SwiftPerFileCompile FrontMatterExporter.swift
SwiftCompile normal arm64 /Users/admin/builder/spi-builder-workspace/.dependencies/checkouts/Contribute/Sources/Contribute/Protocols/FrontMatterFormatter.swift (in target 'Contribute' from project 'Contribute')
cd /Users/admin/builder/spi-builder-workspace/.swiftpm/xcode
builtin-SwiftPerFileCompile FrontMatterFormatter.swift
SwiftCompile normal arm64 /Users/admin/builder/spi-builder-workspace/.dependencies/checkouts/Contribute/Sources/Contribute/Protocols/FrontMatterMarkdownFormatter.swift (in target 'Contribute' from project 'Contribute')
cd /Users/admin/builder/spi-builder-workspace/.swiftpm/xcode
builtin-SwiftPerFileCompile FrontMatterMarkdownFormatter.swift
SwiftDriverJobDiscovery normal arm64 Compiling Dictionary.swift, CategoryDescriptor.swift, CategoryLanguage.swift, LanguageContentResult.swift, ProcessedBlogsResult.swift, Site.swift, SiteCategory.swift, SiteCategoryType.swift, SiteCollection.swift, SiteCollectionDirectory.swift, SiteCollectionProcessor.swift, SiteDirectory.swift (in target 'SyndiKit' from project 'SyndiKit')
SwiftCompile normal arm64_32 Compiling\ FrontMatterExporter.swift,\ FrontMatterFormatter.swift,\ FrontMatterMarkdownFormatter.swift /Users/admin/builder/spi-builder-workspace/.dependencies/checkouts/Contribute/Sources/Contribute/Protocols/FrontMatterExporter.swift /Users/admin/builder/spi-builder-workspace/.dependencies/checkouts/Contribute/Sources/Contribute/Protocols/FrontMatterFormatter.swift /Users/admin/builder/spi-builder-workspace/.dependencies/checkouts/Contribute/Sources/Contribute/Protocols/FrontMatterMarkdownFormatter.swift (in target 'Contribute' from project 'Contribute')
SwiftCompile normal arm64_32 /Users/admin/builder/spi-builder-workspace/.dependencies/checkouts/Contribute/Sources/Contribute/Protocols/FrontMatterExporter.swift (in target 'Contribute' from project 'Contribute')
cd /Users/admin/builder/spi-builder-workspace/.swiftpm/xcode
builtin-SwiftPerFileCompile FrontMatterExporter.swift
SwiftCompile normal arm64_32 /Users/admin/builder/spi-builder-workspace/.dependencies/checkouts/Contribute/Sources/Contribute/Protocols/FrontMatterFormatter.swift (in target 'Contribute' from project 'Contribute')
cd /Users/admin/builder/spi-builder-workspace/.swiftpm/xcode
builtin-SwiftPerFileCompile FrontMatterFormatter.swift
SwiftCompile normal arm64_32 /Users/admin/builder/spi-builder-workspace/.dependencies/checkouts/Contribute/Sources/Contribute/Protocols/FrontMatterMarkdownFormatter.swift (in target 'Contribute' from project 'Contribute')
cd /Users/admin/builder/spi-builder-workspace/.swiftpm/xcode
builtin-SwiftPerFileCompile FrontMatterMarkdownFormatter.swift
SwiftDriverJobDiscovery normal arm64 Compiling JSONFeed.swift, JSONItem.swift, Enclosure.swift, EntryID.swift, BasicProperties.swift, ITunesProperties.swift, MediaProperties.swift, PodcastProperties.swift, WordPressProperties.swift, RSSChannel.swift, RSSFeed.swift (in target 'SyndiKit' from project 'SyndiKit')
SwiftCompile normal arm64_32 Compiling\ URLSessionable.swift,\ SimpleFrontMatterMarkdownFormatter.swift,\ String.swift /Users/admin/builder/spi-builder-workspace/.dependencies/checkouts/Contribute/Sources/Contribute/Protocols/URLSessionable.swift /Users/admin/builder/spi-builder-workspace/.dependencies/checkouts/Contribute/Sources/Contribute/SimpleFrontMatterMarkdownFormatter.swift /Users/admin/builder/spi-builder-workspace/.dependencies/checkouts/Contribute/Sources/Contribute/String.swift (in target 'Contribute' from project 'Contribute')
SwiftCompile normal arm64_32 /Users/admin/builder/spi-builder-workspace/.dependencies/checkouts/Contribute/Sources/Contribute/Protocols/URLSessionable.swift (in target 'Contribute' from project 'Contribute')
cd /Users/admin/builder/spi-builder-workspace/.swiftpm/xcode
builtin-SwiftPerFileCompile URLSessionable.swift
SwiftCompile normal arm64_32 /Users/admin/builder/spi-builder-workspace/.dependencies/checkouts/Contribute/Sources/Contribute/SimpleFrontMatterMarkdownFormatter.swift (in target 'Contribute' from project 'Contribute')
cd /Users/admin/builder/spi-builder-workspace/.swiftpm/xcode
builtin-SwiftPerFileCompile SimpleFrontMatterMarkdownFormatter.swift
SwiftCompile normal arm64_32 /Users/admin/builder/spi-builder-workspace/.dependencies/checkouts/Contribute/Sources/Contribute/String.swift (in target 'Contribute' from project 'Contribute')
cd /Users/admin/builder/spi-builder-workspace/.swiftpm/xcode
builtin-SwiftPerFileCompile String.swift
SwiftDriverJobDiscovery normal arm64_32 Compiling JSONFeed.swift, JSONItem.swift, Enclosure.swift, EntryID.swift, BasicProperties.swift, ITunesProperties.swift, MediaProperties.swift, PodcastProperties.swift, WordPressProperties.swift, RSSChannel.swift, RSSFeed.swift (in target 'SyndiKit' from project 'SyndiKit')
SwiftCompile normal arm64 Compiling\ MarkdownContentYAMLBuilder.swift,\ PassthroughMarkdownGenerator.swift,\ BasicContentURLGenerator.swift /Users/admin/builder/spi-builder-workspace/.dependencies/checkouts/Contribute/Sources/Contribute/MarkdownContentYAMLBuilder.swift /Users/admin/builder/spi-builder-workspace/.dependencies/checkouts/Contribute/Sources/Contribute/PassthroughMarkdownGenerator.swift /Users/admin/builder/spi-builder-workspace/.dependencies/checkouts/Contribute/Sources/Contribute/Protocols/BasicContentURLGenerator.swift (in target 'Contribute' from project 'Contribute')
SwiftCompile normal arm64 /Users/admin/builder/spi-builder-workspace/.dependencies/checkouts/Contribute/Sources/Contribute/MarkdownContentYAMLBuilder.swift (in target 'Contribute' from project 'Contribute')
cd /Users/admin/builder/spi-builder-workspace/.swiftpm/xcode
builtin-SwiftPerFileCompile MarkdownContentYAMLBuilder.swift
SwiftCompile normal arm64 /Users/admin/builder/spi-builder-workspace/.dependencies/checkouts/Contribute/Sources/Contribute/PassthroughMarkdownGenerator.swift (in target 'Contribute' from project 'Contribute')
cd /Users/admin/builder/spi-builder-workspace/.swiftpm/xcode
builtin-SwiftPerFileCompile PassthroughMarkdownGenerator.swift
SwiftCompile normal arm64 /Users/admin/builder/spi-builder-workspace/.dependencies/checkouts/Contribute/Sources/Contribute/Protocols/BasicContentURLGenerator.swift (in target 'Contribute' from project 'Contribute')
cd /Users/admin/builder/spi-builder-workspace/.swiftpm/xcode
builtin-SwiftPerFileCompile BasicContentURLGenerator.swift
SwiftDriverJobDiscovery normal arm64 Compiling FrontMatterTranslator.swift, HTMLSource.swift, MarkdownContentBuilder.swift (in target 'Contribute' from project 'Contribute')
SwiftCompile normal arm64 Compiling\ MarkdownExtractor.swift,\ MarkdownGenerator.swift,\ URLDownloader.swift /Users/admin/builder/spi-builder-workspace/.dependencies/checkouts/Contribute/Sources/Contribute/Protocols/MarkdownExtractor.swift /Users/admin/builder/spi-builder-workspace/.dependencies/checkouts/Contribute/Sources/Contribute/Protocols/MarkdownGenerator.swift /Users/admin/builder/spi-builder-workspace/.dependencies/checkouts/Contribute/Sources/Contribute/Protocols/URLDownloader.swift (in target 'Contribute' from project 'Contribute')
SwiftCompile normal arm64 /Users/admin/builder/spi-builder-workspace/.dependencies/checkouts/Contribute/Sources/Contribute/Protocols/MarkdownExtractor.swift (in target 'Contribute' from project 'Contribute')
cd /Users/admin/builder/spi-builder-workspace/.swiftpm/xcode
builtin-SwiftPerFileCompile MarkdownExtractor.swift
SwiftCompile normal arm64 /Users/admin/builder/spi-builder-workspace/.dependencies/checkouts/Contribute/Sources/Contribute/Protocols/MarkdownGenerator.swift (in target 'Contribute' from project 'Contribute')
cd /Users/admin/builder/spi-builder-workspace/.swiftpm/xcode
builtin-SwiftPerFileCompile MarkdownGenerator.swift
SwiftCompile normal arm64 /Users/admin/builder/spi-builder-workspace/.dependencies/checkouts/Contribute/Sources/Contribute/Protocols/URLDownloader.swift (in target 'Contribute' from project 'Contribute')
cd /Users/admin/builder/spi-builder-workspace/.swiftpm/xcode
builtin-SwiftPerFileCompile URLDownloader.swift
SwiftDriverJobDiscovery normal arm64 Compiling URL.swift, URLDownloaderError.swift, YAML.swift (in target 'Contribute' from project 'Contribute')
SwiftCompile normal arm64_32 Compiling\ FrontMatterYAMLExporter.swift,\ HTMLtoMarkdown.swift,\ ImportError.swift,\ MarkdownContentBuilderOptions.swift /Users/admin/builder/spi-builder-workspace/.dependencies/checkouts/Contribute/Sources/Contribute/FrontMatterYAMLExporter.swift /Users/admin/builder/spi-builder-workspace/.dependencies/checkouts/Contribute/Sources/Contribute/HTMLtoMarkdown.swift /Users/admin/builder/spi-builder-workspace/.dependencies/checkouts/Contribute/Sources/Contribute/ImportError.swift /Users/admin/builder/spi-builder-workspace/.dependencies/checkouts/Contribute/Sources/Contribute/MarkdownContentBuilderOptions.swift (in target 'Contribute' from project 'Contribute')
SwiftCompile normal arm64_32 /Users/admin/builder/spi-builder-workspace/.dependencies/checkouts/Contribute/Sources/Contribute/FrontMatterYAMLExporter.swift (in target 'Contribute' from project 'Contribute')
cd /Users/admin/builder/spi-builder-workspace/.swiftpm/xcode
builtin-SwiftPerFileCompile FrontMatterYAMLExporter.swift
SwiftCompile normal arm64_32 /Users/admin/builder/spi-builder-workspace/.dependencies/checkouts/Contribute/Sources/Contribute/HTMLtoMarkdown.swift (in target 'Contribute' from project 'Contribute')
cd /Users/admin/builder/spi-builder-workspace/.swiftpm/xcode
builtin-SwiftPerFileCompile HTMLtoMarkdown.swift
SwiftCompile normal arm64_32 /Users/admin/builder/spi-builder-workspace/.dependencies/checkouts/Contribute/Sources/Contribute/ImportError.swift (in target 'Contribute' from project 'Contribute')
cd /Users/admin/builder/spi-builder-workspace/.swiftpm/xcode
builtin-SwiftPerFileCompile ImportError.swift
SwiftCompile normal arm64_32 /Users/admin/builder/spi-builder-workspace/.dependencies/checkouts/Contribute/Sources/Contribute/MarkdownContentBuilderOptions.swift (in target 'Contribute' from project 'Contribute')
cd /Users/admin/builder/spi-builder-workspace/.swiftpm/xcode
builtin-SwiftPerFileCompile MarkdownContentBuilderOptions.swift
SwiftDriverJobDiscovery normal arm64 Compiling ContentType.swift, ContentURLGenerator.swift, FileManagerProtocol.swift (in target 'Contribute' from project 'Contribute')
SwiftDriverJobDiscovery normal arm64_32 Compiling Dictionary.swift, CategoryDescriptor.swift, CategoryLanguage.swift, LanguageContentResult.swift, ProcessedBlogsResult.swift, Site.swift, SiteCategory.swift, SiteCategoryType.swift, SiteCollection.swift, SiteCollectionDirectory.swift, SiteCollectionProcessor.swift, SiteDirectory.swift (in target 'SyndiKit' from project 'SyndiKit')
SwiftCompile normal arm64 Compiling\ ContributeError.swift,\ FileNameGenerator.swift,\ FileURLDownloader.swift,\ FilteredHTMLMarkdownExtractor.swift /Users/admin/builder/spi-builder-workspace/.dependencies/checkouts/Contribute/Sources/Contribute/ContributeError.swift /Users/admin/builder/spi-builder-workspace/.dependencies/checkouts/Contribute/Sources/Contribute/FileNameGenerator.swift /Users/admin/builder/spi-builder-workspace/.dependencies/checkouts/Contribute/Sources/Contribute/FileURLDownloader.swift /Users/admin/builder/spi-builder-workspace/.dependencies/checkouts/Contribute/Sources/Contribute/FilteredHTMLMarkdownExtractor.swift (in target 'Contribute' from project 'Contribute')
SwiftCompile normal arm64 /Users/admin/builder/spi-builder-workspace/.dependencies/checkouts/Contribute/Sources/Contribute/ContributeError.swift (in target 'Contribute' from project 'Contribute')
cd /Users/admin/builder/spi-builder-workspace/.swiftpm/xcode
builtin-SwiftPerFileCompile ContributeError.swift
SwiftCompile normal arm64 /Users/admin/builder/spi-builder-workspace/.dependencies/checkouts/Contribute/Sources/Contribute/FileNameGenerator.swift (in target 'Contribute' from project 'Contribute')
cd /Users/admin/builder/spi-builder-workspace/.swiftpm/xcode
builtin-SwiftPerFileCompile FileNameGenerator.swift
SwiftCompile normal arm64 /Users/admin/builder/spi-builder-workspace/.dependencies/checkouts/Contribute/Sources/Contribute/FileURLDownloader.swift (in target 'Contribute' from project 'Contribute')
cd /Users/admin/builder/spi-builder-workspace/.swiftpm/xcode
builtin-SwiftPerFileCompile FileURLDownloader.swift
SwiftCompile normal arm64 /Users/admin/builder/spi-builder-workspace/.dependencies/checkouts/Contribute/Sources/Contribute/FilteredHTMLMarkdownExtractor.swift (in target 'Contribute' from project 'Contribute')
cd /Users/admin/builder/spi-builder-workspace/.swiftpm/xcode
builtin-SwiftPerFileCompile FilteredHTMLMarkdownExtractor.swift
SwiftDriverJobDiscovery normal arm64 Compiling FrontMatterExporter.swift, FrontMatterFormatter.swift, FrontMatterMarkdownFormatter.swift (in target 'Contribute' from project 'Contribute')
SwiftDriver\ Compilation SyndiKit normal arm64_32 com.apple.xcode.tools.swift.compiler (in target 'SyndiKit' from project 'SyndiKit')
cd /Users/admin/builder/spi-builder-workspace/.swiftpm/xcode
builtin-Swift-Compilation -- /Applications/Xcode-27.0.0-Release.Candidate.app/Contents/Developer/Toolchains/XcodeDefault.xctoolchain/usr/bin/swiftc -parse-as-library -module-name SyndiKit -Onone @/Users/admin/builder/spi-builder-workspace/.derivedData/Build/Intermediates.noindex/SyndiKit.build/Debug-watchos/SyndiKit-t.build/Objects-normal/arm64_32/SyndiKit.SwiftFileList -DSWIFT_PACKAGE -DDEBUG -DSWIFT_MODULE_RESOURCE_BUNDLE_UNAVAILABLE -DXcode -enable-upcoming-feature ExistentialAny -enable-upcoming-feature InternalImportsByDefault -enable-upcoming-feature MemberImportVisibility -enable-upcoming-feature InferIsolatedConformances -enable-upcoming-feature NonisolatedNonsendingByDefault -enable-upcoming-feature FullTypedThrows -plugin-path /Applications/Xcode-27.0.0-Release.Candidate.app/Contents/Developer/Toolchains/XcodeDefault.xctoolchain/usr/lib/swift/host/plugins/testing -enable-experimental-feature DebugDescriptionMacro -sdk /Applications/Xcode-27.0.0-Release.Candidate.app/Contents/Developer/Platforms/WatchOS.platform/Developer/SDKs/WatchOS27.0.sdk -target arm64_32-apple-watchos9.0 -g -module-cache-path /Users/admin/builder/spi-builder-workspace/.derivedData/ModuleCache.noindex -Xfrontend -serialize-debugging-options -profile-coverage-mapping -profile-generate -enable-testing -suppress-warnings -index-store-path /Users/admin/builder/spi-builder-workspace/.derivedData/Index.noindex/DataStore -Xcc -D_LIBCPP_HARDENING_MODE\=_LIBCPP_HARDENING_MODE_DEBUG -swift-version 6 -I /Users/admin/builder/spi-builder-workspace/.derivedData/Build/Products/Debug-watchos -Isystem /Applications/Xcode-27.0.0-Release.Candidate.app/Contents/Developer/Platforms/WatchOS.platform/Developer/usr/lib -F /Users/admin/builder/spi-builder-workspace/.derivedData/Build/Products/Debug-watchos/PackageFrameworks -F /Users/admin/builder/spi-builder-workspace/.derivedData/Build/Products/Debug-watchos -F /Applications/Xcode-27.0.0-Release.Candidate.app/Contents/Developer/Platforms/WatchOS.platform/Developer/Library/Frameworks -F /Applications/Xcode-27.0.0-Release.Candidate.app/Contents/Developer/Platforms/WatchOS.platform/Developer/SDKs/WatchOS27.0.sdk/Developer/Library/Frameworks -c -j10 -enable-batch-mode -incremental -Xcc -ivfsstatcache -Xcc /Users/admin/builder/spi-builder-workspace/.derivedData/SDKStatCaches.noindex/watchos27.0-24R360-e829b21a6f8c9b70876ba0858053c04477534ef55a1706bf4c1112bbb242f0a2.sdkstatcache -output-file-map /Users/admin/builder/spi-builder-workspace/.derivedData/Build/Intermediates.noindex/SyndiKit.build/Debug-watchos/SyndiKit-t.build/Objects-normal/arm64_32/SyndiKit-OutputFileMap.json -save-temps -no-color-diagnostics -explicit-module-build -module-cache-path /Users/admin/builder/spi-builder-workspace/.derivedData/Build/Intermediates.noindex/SwiftExplicitPrecompiledModules -clang-scanner-module-cache-path /Users/admin/builder/spi-builder-workspace/.derivedData/ModuleCache.noindex -sdk-module-cache-path /Users/admin/builder/spi-builder-workspace/.derivedData/SDKExplicitPrecompiledModules -emit-dependencies -emit-module -emit-module-path /Users/admin/builder/spi-builder-workspace/.derivedData/Build/Intermediates.noindex/SyndiKit.build/Debug-watchos/SyndiKit-t.build/Objects-normal/arm64_32/SyndiKit.swiftmodule -serialize-diagnostics -dependency-scan-serialize-diagnostics-path /Users/admin/builder/spi-builder-workspace/.derivedData/Build/Intermediates.noindex/SyndiKit.build/Debug-watchos/SyndiKit-t.build/Objects-normal/arm64_32/SyndiKit-dependency-scan.dia -user-module-version 0.8.1 -validate-clang-modules-once -clang-build-session-file /Users/admin/builder/spi-builder-workspace/.derivedData/ModuleCache.noindex/Session.modulevalidation -Xcc -fmodules-prune-interval\=86400 -Xcc -fmodules-prune-after\=345600 -package-name syndikit -emit-const-values -const-gather-protocols-list /Users/admin/builder/spi-builder-workspace/.derivedData/Build/Intermediates.noindex/SyndiKit.build/Debug-watchos/SyndiKit-t.build/Objects-normal/arm64_32/SyndiKit_const_extract_protocols.json -Xcc -I/Users/admin/builder/spi-builder-workspace/.derivedData/Build/Products/Debug-watchos/include -Xcc -I/Users/admin/builder/spi-builder-workspace/.derivedData/Build/Intermediates.noindex/SyndiKit.build/Debug-watchos/SyndiKit-t.build/DerivedSources-normal/arm64_32 -Xcc -I/Users/admin/builder/spi-builder-workspace/.derivedData/Build/Intermediates.noindex/SyndiKit.build/Debug-watchos/SyndiKit-t.build/DerivedSources/arm64_32 -Xcc -I/Users/admin/builder/spi-builder-workspace/.derivedData/Build/Intermediates.noindex/SyndiKit.build/Debug-watchos/SyndiKit-t.build/DerivedSources -Xcc -DSWIFT_PACKAGE -Xcc -DDEBUG\=1 -emit-objc-header -emit-objc-header-path /Users/admin/builder/spi-builder-workspace/.derivedData/Build/Intermediates.noindex/SyndiKit.build/Debug-watchos/SyndiKit-t.build/Objects-normal/arm64_32/SyndiKit-Swift.h -working-directory /Users/admin/builder/spi-builder-workspace/.swiftpm/xcode -experimental-emit-module-separately -disable-cmo
SwiftCompile normal arm64 Compiling\ FrontMatterYAMLExporter.swift,\ HTMLtoMarkdown.swift,\ ImportError.swift,\ MarkdownContentBuilderOptions.swift /Users/admin/builder/spi-builder-workspace/.dependencies/checkouts/Contribute/Sources/Contribute/FrontMatterYAMLExporter.swift /Users/admin/builder/spi-builder-workspace/.dependencies/checkouts/Contribute/Sources/Contribute/HTMLtoMarkdown.swift /Users/admin/builder/spi-builder-workspace/.dependencies/checkouts/Contribute/Sources/Contribute/ImportError.swift /Users/admin/builder/spi-builder-workspace/.dependencies/checkouts/Contribute/Sources/Contribute/MarkdownContentBuilderOptions.swift (in target 'Contribute' from project 'Contribute')
SwiftCompile normal arm64 /Users/admin/builder/spi-builder-workspace/.dependencies/checkouts/Contribute/Sources/Contribute/FrontMatterYAMLExporter.swift (in target 'Contribute' from project 'Contribute')
cd /Users/admin/builder/spi-builder-workspace/.swiftpm/xcode
builtin-SwiftPerFileCompile FrontMatterYAMLExporter.swift
SwiftCompile normal arm64 /Users/admin/builder/spi-builder-workspace/.dependencies/checkouts/Contribute/Sources/Contribute/HTMLtoMarkdown.swift (in target 'Contribute' from project 'Contribute')
cd /Users/admin/builder/spi-builder-workspace/.swiftpm/xcode
builtin-SwiftPerFileCompile HTMLtoMarkdown.swift
SwiftCompile normal arm64 /Users/admin/builder/spi-builder-workspace/.dependencies/checkouts/Contribute/Sources/Contribute/ImportError.swift (in target 'Contribute' from project 'Contribute')
cd /Users/admin/builder/spi-builder-workspace/.swiftpm/xcode
builtin-SwiftPerFileCompile ImportError.swift
SwiftCompile normal arm64 /Users/admin/builder/spi-builder-workspace/.dependencies/checkouts/Contribute/Sources/Contribute/MarkdownContentBuilderOptions.swift (in target 'Contribute' from project 'Contribute')
cd /Users/admin/builder/spi-builder-workspace/.swiftpm/xcode
builtin-SwiftPerFileCompile MarkdownContentBuilderOptions.swift
SwiftCompile normal arm64_32 Compiling\ MarkdownExtractor.swift,\ MarkdownGenerator.swift,\ URLDownloader.swift /Users/admin/builder/spi-builder-workspace/.dependencies/checkouts/Contribute/Sources/Contribute/Protocols/MarkdownExtractor.swift /Users/admin/builder/spi-builder-workspace/.dependencies/checkouts/Contribute/Sources/Contribute/Protocols/MarkdownGenerator.swift /Users/admin/builder/spi-builder-workspace/.dependencies/checkouts/Contribute/Sources/Contribute/Protocols/URLDownloader.swift (in target 'Contribute' from project 'Contribute')
SwiftCompile normal arm64_32 /Users/admin/builder/spi-builder-workspace/.dependencies/checkouts/Contribute/Sources/Contribute/Protocols/MarkdownExtractor.swift (in target 'Contribute' from project 'Contribute')
cd /Users/admin/builder/spi-builder-workspace/.swiftpm/xcode
builtin-SwiftPerFileCompile MarkdownExtractor.swift
SwiftCompile normal arm64_32 /Users/admin/builder/spi-builder-workspace/.dependencies/checkouts/Contribute/Sources/Contribute/Protocols/MarkdownGenerator.swift (in target 'Contribute' from project 'Contribute')
cd /Users/admin/builder/spi-builder-workspace/.swiftpm/xcode
builtin-SwiftPerFileCompile MarkdownGenerator.swift
SwiftCompile normal arm64_32 /Users/admin/builder/spi-builder-workspace/.dependencies/checkouts/Contribute/Sources/Contribute/Protocols/URLDownloader.swift (in target 'Contribute' from project 'Contribute')
cd /Users/admin/builder/spi-builder-workspace/.swiftpm/xcode
builtin-SwiftPerFileCompile URLDownloader.swift
SwiftDriverJobDiscovery normal arm64_32 Compiling FrontMatterExporter.swift, FrontMatterFormatter.swift, FrontMatterMarkdownFormatter.swift (in target 'Contribute' from project 'Contribute')
SwiftDriverJobDiscovery normal arm64 Compiling MarkdownExtractor.swift, MarkdownGenerator.swift, URLDownloader.swift (in target 'Contribute' from project 'Contribute')
SwiftCompile normal arm64_32 Compiling\ URL.swift,\ URLDownloaderError.swift,\ YAML.swift /Users/admin/builder/spi-builder-workspace/.dependencies/checkouts/Contribute/Sources/Contribute/URL.swift /Users/admin/builder/spi-builder-workspace/.dependencies/checkouts/Contribute/Sources/Contribute/URLDownloaderError.swift /Users/admin/builder/spi-builder-workspace/.dependencies/checkouts/Contribute/Sources/Contribute/YAML.swift (in target 'Contribute' from project 'Contribute')
SwiftCompile normal arm64_32 /Users/admin/builder/spi-builder-workspace/.dependencies/checkouts/Contribute/Sources/Contribute/URL.swift (in target 'Contribute' from project 'Contribute')
cd /Users/admin/builder/spi-builder-workspace/.swiftpm/xcode
builtin-SwiftPerFileCompile URL.swift
SwiftCompile normal arm64_32 /Users/admin/builder/spi-builder-workspace/.dependencies/checkouts/Contribute/Sources/Contribute/URLDownloaderError.swift (in target 'Contribute' from project 'Contribute')
cd /Users/admin/builder/spi-builder-workspace/.swiftpm/xcode
builtin-SwiftPerFileCompile URLDownloaderError.swift
SwiftCompile normal arm64_32 /Users/admin/builder/spi-builder-workspace/.dependencies/checkouts/Contribute/Sources/Contribute/YAML.swift (in target 'Contribute' from project 'Contribute')
cd /Users/admin/builder/spi-builder-workspace/.swiftpm/xcode
builtin-SwiftPerFileCompile YAML.swift
SwiftDriverJobDiscovery normal arm64 Compiling MarkdownContentYAMLBuilder.swift, PassthroughMarkdownGenerator.swift, BasicContentURLGenerator.swift (in target 'Contribute' from project 'Contribute')
SwiftCompile normal arm64_32 Compiling\ FrontMatterTranslator.swift,\ HTMLSource.swift,\ MarkdownContentBuilder.swift /Users/admin/builder/spi-builder-workspace/.dependencies/checkouts/Contribute/Sources/Contribute/Protocols/FrontMatterTranslator.swift /Users/admin/builder/spi-builder-workspace/.dependencies/checkouts/Contribute/Sources/Contribute/Protocols/HTMLSource.swift /Users/admin/builder/spi-builder-workspace/.dependencies/checkouts/Contribute/Sources/Contribute/Protocols/MarkdownContentBuilder.swift (in target 'Contribute' from project 'Contribute')
SwiftCompile normal arm64_32 /Users/admin/builder/spi-builder-workspace/.dependencies/checkouts/Contribute/Sources/Contribute/Protocols/FrontMatterTranslator.swift (in target 'Contribute' from project 'Contribute')
cd /Users/admin/builder/spi-builder-workspace/.swiftpm/xcode
builtin-SwiftPerFileCompile FrontMatterTranslator.swift
SwiftCompile normal arm64_32 /Users/admin/builder/spi-builder-workspace/.dependencies/checkouts/Contribute/Sources/Contribute/Protocols/HTMLSource.swift (in target 'Contribute' from project 'Contribute')
cd /Users/admin/builder/spi-builder-workspace/.swiftpm/xcode
builtin-SwiftPerFileCompile HTMLSource.swift
SwiftCompile normal arm64_32 /Users/admin/builder/spi-builder-workspace/.dependencies/checkouts/Contribute/Sources/Contribute/Protocols/MarkdownContentBuilder.swift (in target 'Contribute' from project 'Contribute')
cd /Users/admin/builder/spi-builder-workspace/.swiftpm/xcode
builtin-SwiftPerFileCompile MarkdownContentBuilder.swift
SwiftDriverJobDiscovery normal arm64 Compiling URLSessionable.swift, SimpleFrontMatterMarkdownFormatter.swift, String.swift (in target 'Contribute' from project 'Contribute')
SwiftCompile normal arm64_32 Compiling\ ContributeError.swift,\ FileNameGenerator.swift,\ FileURLDownloader.swift,\ FilteredHTMLMarkdownExtractor.swift /Users/admin/builder/spi-builder-workspace/.dependencies/checkouts/Contribute/Sources/Contribute/ContributeError.swift /Users/admin/builder/spi-builder-workspace/.dependencies/checkouts/Contribute/Sources/Contribute/FileNameGenerator.swift /Users/admin/builder/spi-builder-workspace/.dependencies/checkouts/Contribute/Sources/Contribute/FileURLDownloader.swift /Users/admin/builder/spi-builder-workspace/.dependencies/checkouts/Contribute/Sources/Contribute/FilteredHTMLMarkdownExtractor.swift (in target 'Contribute' from project 'Contribute')
SwiftCompile normal arm64_32 /Users/admin/builder/spi-builder-workspace/.dependencies/checkouts/Contribute/Sources/Contribute/ContributeError.swift (in target 'Contribute' from project 'Contribute')
cd /Users/admin/builder/spi-builder-workspace/.swiftpm/xcode
builtin-SwiftPerFileCompile ContributeError.swift
SwiftCompile normal arm64_32 /Users/admin/builder/spi-builder-workspace/.dependencies/checkouts/Contribute/Sources/Contribute/FileNameGenerator.swift (in target 'Contribute' from project 'Contribute')
cd /Users/admin/builder/spi-builder-workspace/.swiftpm/xcode
builtin-SwiftPerFileCompile FileNameGenerator.swift
SwiftCompile normal arm64_32 /Users/admin/builder/spi-builder-workspace/.dependencies/checkouts/Contribute/Sources/Contribute/FileURLDownloader.swift (in target 'Contribute' from project 'Contribute')
cd /Users/admin/builder/spi-builder-workspace/.swiftpm/xcode
builtin-SwiftPerFileCompile FileURLDownloader.swift
SwiftCompile normal arm64_32 /Users/admin/builder/spi-builder-workspace/.dependencies/checkouts/Contribute/Sources/Contribute/FilteredHTMLMarkdownExtractor.swift (in target 'Contribute' from project 'Contribute')
cd /Users/admin/builder/spi-builder-workspace/.swiftpm/xcode
builtin-SwiftPerFileCompile FilteredHTMLMarkdownExtractor.swift
SwiftCompile normal arm64 Compiling\ SwiftSoupMarkdownGenerator+Markup.swift,\ SwiftSoupMarkdownGenerator+TableList.swift,\ SwiftSoupMarkdownGenerator.swift /Users/admin/builder/spi-builder-workspace/.dependencies/checkouts/Contribute/Sources/Contribute/SwiftSoupMarkdownGenerator+Markup.swift /Users/admin/builder/spi-builder-workspace/.dependencies/checkouts/Contribute/Sources/Contribute/SwiftSoupMarkdownGenerator+TableList.swift /Users/admin/builder/spi-builder-workspace/.dependencies/checkouts/Contribute/Sources/Contribute/SwiftSoupMarkdownGenerator.swift (in target 'Contribute' from project 'Contribute')
SwiftCompile normal arm64 /Users/admin/builder/spi-builder-workspace/.dependencies/checkouts/Contribute/Sources/Contribute/SwiftSoupMarkdownGenerator+Markup.swift (in target 'Contribute' from project 'Contribute')
cd /Users/admin/builder/spi-builder-workspace/.swiftpm/xcode
builtin-SwiftPerFileCompile SwiftSoupMarkdownGenerator+Markup.swift
SwiftCompile normal arm64 /Users/admin/builder/spi-builder-workspace/.dependencies/checkouts/Contribute/Sources/Contribute/SwiftSoupMarkdownGenerator+TableList.swift (in target 'Contribute' from project 'Contribute')
cd /Users/admin/builder/spi-builder-workspace/.swiftpm/xcode
builtin-SwiftPerFileCompile SwiftSoupMarkdownGenerator+TableList.swift
SwiftCompile normal arm64 /Users/admin/builder/spi-builder-workspace/.dependencies/checkouts/Contribute/Sources/Contribute/SwiftSoupMarkdownGenerator.swift (in target 'Contribute' from project 'Contribute')
cd /Users/admin/builder/spi-builder-workspace/.swiftpm/xcode
builtin-SwiftPerFileCompile SwiftSoupMarkdownGenerator.swift
SwiftDriverJobDiscovery normal arm64_32 Compiling MarkdownExtractor.swift, MarkdownGenerator.swift, URLDownloader.swift (in target 'Contribute' from project 'Contribute')
SwiftCompile normal arm64_32 Compiling\ ContentType.swift,\ ContentURLGenerator.swift,\ FileManagerProtocol.swift /Users/admin/builder/spi-builder-workspace/.dependencies/checkouts/Contribute/Sources/Contribute/Protocols/ContentType.swift /Users/admin/builder/spi-builder-workspace/.dependencies/checkouts/Contribute/Sources/Contribute/Protocols/ContentURLGenerator.swift /Users/admin/builder/spi-builder-workspace/.dependencies/checkouts/Contribute/Sources/Contribute/Protocols/FileManagerProtocol.swift (in target 'Contribute' from project 'Contribute')
SwiftCompile normal arm64_32 /Users/admin/builder/spi-builder-workspace/.dependencies/checkouts/Contribute/Sources/Contribute/Protocols/ContentType.swift (in target 'Contribute' from project 'Contribute')
cd /Users/admin/builder/spi-builder-workspace/.swiftpm/xcode
builtin-SwiftPerFileCompile ContentType.swift
SwiftCompile normal arm64_32 /Users/admin/builder/spi-builder-workspace/.dependencies/checkouts/Contribute/Sources/Contribute/Protocols/ContentURLGenerator.swift (in target 'Contribute' from project 'Contribute')
cd /Users/admin/builder/spi-builder-workspace/.swiftpm/xcode
builtin-SwiftPerFileCompile ContentURLGenerator.swift
SwiftCompile normal arm64_32 /Users/admin/builder/spi-builder-workspace/.dependencies/checkouts/Contribute/Sources/Contribute/Protocols/FileManagerProtocol.swift (in target 'Contribute' from project 'Contribute')
cd /Users/admin/builder/spi-builder-workspace/.swiftpm/xcode
builtin-SwiftPerFileCompile FileManagerProtocol.swift
SwiftDriverJobDiscovery normal arm64 Compiling ContributeError.swift, FileNameGenerator.swift, FileURLDownloader.swift, FilteredHTMLMarkdownExtractor.swift (in target 'Contribute' from project 'Contribute')
SwiftCompile normal arm64_32 Compiling\ SwiftSoupMarkdownGenerator+Markup.swift,\ SwiftSoupMarkdownGenerator+TableList.swift,\ SwiftSoupMarkdownGenerator.swift /Users/admin/builder/spi-builder-workspace/.dependencies/checkouts/Contribute/Sources/Contribute/SwiftSoupMarkdownGenerator+Markup.swift /Users/admin/builder/spi-builder-workspace/.dependencies/checkouts/Contribute/Sources/Contribute/SwiftSoupMarkdownGenerator+TableList.swift /Users/admin/builder/spi-builder-workspace/.dependencies/checkouts/Contribute/Sources/Contribute/SwiftSoupMarkdownGenerator.swift (in target 'Contribute' from project 'Contribute')
SwiftCompile normal arm64_32 /Users/admin/builder/spi-builder-workspace/.dependencies/checkouts/Contribute/Sources/Contribute/SwiftSoupMarkdownGenerator+Markup.swift (in target 'Contribute' from project 'Contribute')
cd /Users/admin/builder/spi-builder-workspace/.swiftpm/xcode
builtin-SwiftPerFileCompile SwiftSoupMarkdownGenerator+Markup.swift
SwiftCompile normal arm64_32 /Users/admin/builder/spi-builder-workspace/.dependencies/checkouts/Contribute/Sources/Contribute/SwiftSoupMarkdownGenerator+TableList.swift (in target 'Contribute' from project 'Contribute')
cd /Users/admin/builder/spi-builder-workspace/.swiftpm/xcode
builtin-SwiftPerFileCompile SwiftSoupMarkdownGenerator+TableList.swift
SwiftCompile normal arm64_32 /Users/admin/builder/spi-builder-workspace/.dependencies/checkouts/Contribute/Sources/Contribute/SwiftSoupMarkdownGenerator.swift (in target 'Contribute' from project 'Contribute')
cd /Users/admin/builder/spi-builder-workspace/.swiftpm/xcode
builtin-SwiftPerFileCompile SwiftSoupMarkdownGenerator.swift
SwiftDriverJobDiscovery normal arm64 Compiling OPML+Body.swift, OPML+Head.swift, OPML+Outline.swift, OPML.swift, OutlineType.swift, SyndicationUpdate.swift, SyndicationUpdateFrequency.swift, SyndicationUpdatePeriod.swift, KeyedDecodingContainerProtocol.swift, StringProtocol.swift, URL.swift (in target 'SyndiKit' from project 'SyndiKit')
SwiftDriverJobDiscovery normal arm64_32 Compiling FrontMatterYAMLExporter.swift, HTMLtoMarkdown.swift, ImportError.swift, MarkdownContentBuilderOptions.swift (in target 'Contribute' from project 'Contribute')
SwiftDriverJobDiscovery normal arm64_32 Compiling URLSessionable.swift, SimpleFrontMatterMarkdownFormatter.swift, String.swift (in target 'Contribute' from project 'Contribute')
SwiftDriverJobDiscovery normal arm64_32 Compiling URL.swift, URLDownloaderError.swift, YAML.swift (in target 'Contribute' from project 'Contribute')
ExtractAppIntentsMetadata (in target 'Markdown' from project 'swift-markdown')
cd /Users/admin/builder/spi-builder-workspace/.dependencies/checkouts/swift-markdown
/Applications/Xcode-27.0.0-Release.Candidate.app/Contents/Developer/Toolchains/XcodeDefault.xctoolchain/usr/bin/appintentsmetadataprocessor --toolchain-dir /var/run/com.apple.security.cryptexd/mnt/com.apple.MobileAsset.MetalToolchain-v27.1.266.1.RbF8fF/Metal.xctoolchain --module-name Markdown --sdk-root /Applications/Xcode-27.0.0-Release.Candidate.app/Contents/Developer/Platforms/WatchOS.platform/Developer/SDKs/WatchOS27.0.sdk --xcode-version 27A266a --platform-family watchOS --deployment-target 9.0 --bundle-identifier swift-markdown.Markdown --output /Users/admin/builder/spi-builder-workspace/.derivedData/Build/Products/Debug-watchos/Markdown.appintents --target-triple arm64-apple-watchos9.0 --target-triple arm64_32-apple-watchos9.0 --binary-file /Users/admin/builder/spi-builder-workspace/.derivedData/Build/Products/Debug-watchos/Markdown.o --dependency-file /Users/admin/builder/spi-builder-workspace/.derivedData/Build/Intermediates.noindex/swift-markdown.build/Debug-watchos/Markdown-t.build/Objects-normal/arm64/Markdown_dependency_info.dat --dependency-file /Users/admin/builder/spi-builder-workspace/.derivedData/Build/Intermediates.noindex/swift-markdown.build/Debug-watchos/Markdown-t.build/Objects-normal/arm64_32/Markdown_dependency_info.dat --stringsdata-file /Users/admin/builder/spi-builder-workspace/.derivedData/Build/Intermediates.noindex/swift-markdown.build/Debug-watchos/Markdown-t.build/Objects-normal/arm64/ExtractedAppShortcutsMetadata.stringsdata --stringsdata-file /Users/admin/builder/spi-builder-workspace/.derivedData/Build/Intermediates.noindex/swift-markdown.build/Debug-watchos/Markdown-t.build/Objects-normal/arm64_32/ExtractedAppShortcutsMetadata.stringsdata --source-file-list /Users/admin/builder/spi-builder-workspace/.derivedData/Build/Intermediates.noindex/swift-markdown.build/Debug-watchos/Markdown-t.build/Objects-normal/arm64/Markdown.SwiftFileList --source-file-list /Users/admin/builder/spi-builder-workspace/.derivedData/Build/Intermediates.noindex/swift-markdown.build/Debug-watchos/Markdown-t.build/Objects-normal/arm64_32/Markdown.SwiftFileList --metadata-file-list /Users/admin/builder/spi-builder-workspace/.derivedData/Build/Intermediates.noindex/swift-markdown.build/Debug-watchos/Markdown-t.build/Markdown.DependencyMetadataFileList --static-metadata-file-list /Users/admin/builder/spi-builder-workspace/.derivedData/Build/Intermediates.noindex/swift-markdown.build/Debug-watchos/Markdown-t.build/Markdown.DependencyStaticMetadataFileList --swift-const-vals-list /Users/admin/builder/spi-builder-workspace/.derivedData/Build/Intermediates.noindex/swift-markdown.build/Debug-watchos/Markdown-t.build/Objects-normal/arm64/Markdown.SwiftConstValuesFileList --swift-const-vals-list /Users/admin/builder/spi-builder-workspace/.derivedData/Build/Intermediates.noindex/swift-markdown.build/Debug-watchos/Markdown-t.build/Objects-normal/arm64_32/Markdown.SwiftConstValuesFileList --force --compile-time-extraction --deployment-aware-processing --no-app-shortcuts-localization
2026-09-19 12:16:44.087 appintentsmetadataprocessor[1473:8066] Starting appintentsmetadataprocessor export
2026-09-19 12:16:44.217 appintentsmetadataprocessor[1473:8066] Extracted no relevant App Intents symbols, skipping writing output
Ld /Users/admin/builder/spi-builder-workspace/.derivedData/Build/Intermediates.noindex/SyndiKit.build/Debug-watchos/SyndiKit-t.build/Objects-normal/arm64_32/Binary/SyndiKit.o normal arm64_32 (in target 'SyndiKit' from project 'SyndiKit')
cd /Users/admin/builder/spi-builder-workspace/.dependencies/checkouts/SyndiKit
/Applications/Xcode-27.0.0-Release.Candidate.app/Contents/Developer/Toolchains/XcodeDefault.xctoolchain/usr/bin/clang -Xlinker -reproducible -target arm64_32-apple-watchos9.0 -r -isysroot /Applications/Xcode-27.0.0-Release.Candidate.app/Contents/Developer/Platforms/WatchOS.platform/Developer/SDKs/WatchOS27.0.sdk -O0 -w -Xlinker -no_warn_duplicate_libraries -F/Users/admin/builder/spi-builder-workspace/.derivedData/Build/Intermediates.noindex/EagerLinkingTBDs/Debug-watchos -F/Users/admin/builder/spi-builder-workspace/.derivedData/Build/Products/Debug-watchos/PackageFrameworks -F/Users/admin/builder/spi-builder-workspace/.derivedData/Build/Products/Debug-watchos -iframework /Applications/Xcode-27.0.0-Release.Candidate.app/Contents/Developer/Platforms/WatchOS.platform/Developer/Library/Frameworks -iframework /Applications/Xcode-27.0.0-Release.Candidate.app/Contents/Developer/Platforms/WatchOS.platform/Developer/SDKs/WatchOS27.0.sdk/Developer/Library/Frameworks -filelist /Users/admin/builder/spi-builder-workspace/.derivedData/Build/Intermediates.noindex/SyndiKit.build/Debug-watchos/SyndiKit-t.build/Objects-normal/arm64_32/SyndiKit.LinkFileList -nostdlib -Xlinker -object_path_lto -Xlinker /Users/admin/builder/spi-builder-workspace/.derivedData/Build/Intermediates.noindex/SyndiKit.build/Debug-watchos/SyndiKit-t.build/Objects-normal/arm64_32/SyndiKit_lto.o -Xlinker -no_deduplicate -Xlinker -debug_variant -Xlinker -dependency_info -Xlinker /Users/admin/builder/spi-builder-workspace/.derivedData/Build/Intermediates.noindex/SyndiKit.build/Debug-watchos/SyndiKit-t.build/Objects-normal/arm64_32/SyndiKit_dependency_info.dat -fobjc-link-runtime -L/Applications/Xcode-27.0.0-Release.Candidate.app/Contents/Developer/Toolchains/XcodeDefault.xctoolchain/usr/lib/swift/watchos -L/usr/lib/swift -Xlinker -add_ast_path -Xlinker /Users/admin/builder/spi-builder-workspace/.derivedData/Build/Intermediates.noindex/SyndiKit.build/Debug-watchos/SyndiKit-t.build/Objects-normal/arm64_32/SyndiKit.swiftmodule -o /Users/admin/builder/spi-builder-workspace/.derivedData/Build/Intermediates.noindex/SyndiKit.build/Debug-watchos/SyndiKit-t.build/Objects-normal/arm64_32/Binary/SyndiKit.o
SwiftDriver ContributeWordPress normal arm64_32 com.apple.xcode.tools.swift.compiler (in target 'ContributeWordPress' from project 'ContributeWordPress')
cd /Users/admin/builder/spi-builder-workspace/.swiftpm/xcode
builtin-SwiftDriver -- /Applications/Xcode-27.0.0-Release.Candidate.app/Contents/Developer/Toolchains/XcodeDefault.xctoolchain/usr/bin/swiftc -parse-as-library -module-name ContributeWordPress -Onone @/Users/admin/builder/spi-builder-workspace/.derivedData/Build/Intermediates.noindex/ContributeWordPress.build/Debug-watchos/ContributeWordPress-t.build/Objects-normal/arm64_32/ContributeWordPress.SwiftFileList -DSWIFT_PACKAGE -DDEBUG -DSWIFT_MODULE_RESOURCE_BUNDLE_UNAVAILABLE -Xcc -fmodule-map-file\=/Users/admin/builder/spi-builder-workspace/.dependencies/checkouts/Yams/Sources/CYaml/include/module.modulemap -Xcc -fmodule-map-file\=/Users/admin/builder/spi-builder-workspace/.dependencies/checkouts/swift-cmark/src/include/module.modulemap -Xcc -fmodule-map-file\=/Users/admin/builder/spi-builder-workspace/.dependencies/checkouts/swift-cmark/extensions/include/module.modulemap -Xcc -fmodule-map-file\=/Users/admin/builder/spi-builder-workspace/.dependencies/checkouts/swift-markdown/Sources/CAtomic/include/module.modulemap -DXcode -plugin-path /Applications/Xcode-27.0.0-Release.Candidate.app/Contents/Developer/Toolchains/XcodeDefault.xctoolchain/usr/lib/swift/host/plugins/testing -enable-experimental-feature DebugDescriptionMacro -sdk /Applications/Xcode-27.0.0-Release.Candidate.app/Contents/Developer/Platforms/WatchOS.platform/Developer/SDKs/WatchOS27.0.sdk -target arm64_32-apple-watchos9.0 -g -module-cache-path /Users/admin/builder/spi-builder-workspace/.derivedData/ModuleCache.noindex -Xfrontend -serialize-debugging-options -profile-coverage-mapping -profile-generate -enable-testing -index-store-path /Users/admin/builder/spi-builder-workspace/.derivedData/Index.noindex/DataStore -Xcc -D_LIBCPP_HARDENING_MODE\=_LIBCPP_HARDENING_MODE_DEBUG -swift-version 5 -I /Users/admin/builder/spi-builder-workspace/.derivedData/Build/Products/Debug-watchos -Isystem /Applications/Xcode-27.0.0-Release.Candidate.app/Contents/Developer/Platforms/WatchOS.platform/Developer/usr/lib -F /Users/admin/builder/spi-builder-workspace/.derivedData/Build/Products/Debug-watchos/PackageFrameworks -F /Users/admin/builder/spi-builder-workspace/.derivedData/Build/Products/Debug-watchos -F /Applications/Xcode-27.0.0-Release.Candidate.app/Contents/Developer/Platforms/WatchOS.platform/Developer/Library/Frameworks -F /Applications/Xcode-27.0.0-Release.Candidate.app/Contents/Developer/Platforms/WatchOS.platform/Developer/SDKs/WatchOS27.0.sdk/Developer/Library/Frameworks -c -j10 -enable-batch-mode -incremental -Xcc -ivfsstatcache -Xcc /Users/admin/builder/spi-builder-workspace/.derivedData/SDKStatCaches.noindex/watchos27.0-24R360-e829b21a6f8c9b70876ba0858053c04477534ef55a1706bf4c1112bbb242f0a2.sdkstatcache -output-file-map /Users/admin/builder/spi-builder-workspace/.derivedData/Build/Intermediates.noindex/ContributeWordPress.build/Debug-watchos/ContributeWordPress-t.build/Objects-normal/arm64_32/ContributeWordPress-OutputFileMap.json -save-temps -no-color-diagnostics -explicit-module-build -module-cache-path /Users/admin/builder/spi-builder-workspace/.derivedData/Build/Intermediates.noindex/SwiftExplicitPrecompiledModules -clang-scanner-module-cache-path /Users/admin/builder/spi-builder-workspace/.derivedData/ModuleCache.noindex -sdk-module-cache-path /Users/admin/builder/spi-builder-workspace/.derivedData/SDKExplicitPrecompiledModules -emit-dependencies -emit-module -emit-module-path /Users/admin/builder/spi-builder-workspace/.derivedData/Build/Intermediates.noindex/ContributeWordPress.build/Debug-watchos/ContributeWordPress-t.build/Objects-normal/arm64_32/ContributeWordPress.swiftmodule -serialize-diagnostics -dependency-scan-serialize-diagnostics-path /Users/admin/builder/spi-builder-workspace/.derivedData/Build/Intermediates.noindex/ContributeWordPress.build/Debug-watchos/ContributeWordPress-t.build/Objects-normal/arm64_32/ContributeWordPress-dependency-scan.dia -validate-clang-modules-once -clang-build-session-file /Users/admin/builder/spi-builder-workspace/.derivedData/ModuleCache.noindex/Session.modulevalidation -Xcc -fmodules-prune-interval\=86400 -Xcc -fmodules-prune-after\=345600 -emit-const-values -const-gather-protocols-list /Users/admin/builder/spi-builder-workspace/.derivedData/Build/Intermediates.noindex/ContributeWordPress.build/Debug-watchos/ContributeWordPress-t.build/Objects-normal/arm64_32/ContributeWordPress_const_extract_protocols.json -Xcc -I/Users/admin/builder/spi-builder-workspace/.dependencies/checkouts/Yams/Sources/CYaml/include -Xcc -I/Users/admin/builder/spi-builder-workspace/.dependencies/checkouts/swift-cmark/src/include -Xcc -I/Users/admin/builder/spi-builder-workspace/.dependencies/checkouts/swift-cmark/extensions/include -Xcc -I/Users/admin/builder/spi-builder-workspace/.dependencies/checkouts/swift-markdown/Sources/CAtomic/include -Xcc -I/Users/admin/builder/spi-builder-workspace/.derivedData/Build/Products/Debug-watchos/include -Xcc -I/Users/admin/builder/spi-builder-workspace/.derivedData/Build/Intermediates.noindex/ContributeWordPress.build/Debug-watchos/ContributeWordPress-t.build/DerivedSources-normal/arm64_32 -Xcc -I/Users/admin/builder/spi-builder-workspace/.derivedData/Build/Intermediates.noindex/ContributeWordPress.build/Debug-watchos/ContributeWordPress-t.build/DerivedSources/arm64_32 -Xcc -I/Users/admin/builder/spi-builder-workspace/.derivedData/Build/Intermediates.noindex/ContributeWordPress.build/Debug-watchos/ContributeWordPress-t.build/DerivedSources -Xcc -DSWIFT_PACKAGE -Xcc -DDEBUG\=1 -emit-objc-header -emit-objc-header-path /Users/admin/builder/spi-builder-workspace/.derivedData/Build/Intermediates.noindex/ContributeWordPress.build/Debug-watchos/ContributeWordPress-t.build/Objects-normal/arm64_32/ContributeWordPress-Swift.h -working-directory /Users/admin/builder/spi-builder-workspace/.swiftpm/xcode -experimental-emit-module-separately -disable-cmo
SwiftDriver ContributeWordPress normal arm64 com.apple.xcode.tools.swift.compiler (in target 'ContributeWordPress' from project 'ContributeWordPress')
cd /Users/admin/builder/spi-builder-workspace/.swiftpm/xcode
builtin-SwiftDriver -- /Applications/Xcode-27.0.0-Release.Candidate.app/Contents/Developer/Toolchains/XcodeDefault.xctoolchain/usr/bin/swiftc -parse-as-library -module-name ContributeWordPress -Onone @/Users/admin/builder/spi-builder-workspace/.derivedData/Build/Intermediates.noindex/ContributeWordPress.build/Debug-watchos/ContributeWordPress-t.build/Objects-normal/arm64/ContributeWordPress.SwiftFileList -DSWIFT_PACKAGE -DDEBUG -DSWIFT_MODULE_RESOURCE_BUNDLE_UNAVAILABLE -Xcc -fmodule-map-file\=/Users/admin/builder/spi-builder-workspace/.dependencies/checkouts/Yams/Sources/CYaml/include/module.modulemap -Xcc -fmodule-map-file\=/Users/admin/builder/spi-builder-workspace/.dependencies/checkouts/swift-cmark/src/include/module.modulemap -Xcc -fmodule-map-file\=/Users/admin/builder/spi-builder-workspace/.dependencies/checkouts/swift-cmark/extensions/include/module.modulemap -Xcc -fmodule-map-file\=/Users/admin/builder/spi-builder-workspace/.dependencies/checkouts/swift-markdown/Sources/CAtomic/include/module.modulemap -DXcode -plugin-path /Applications/Xcode-27.0.0-Release.Candidate.app/Contents/Developer/Toolchains/XcodeDefault.xctoolchain/usr/lib/swift/host/plugins/testing -enable-experimental-feature DebugDescriptionMacro -sdk /Applications/Xcode-27.0.0-Release.Candidate.app/Contents/Developer/Platforms/WatchOS.platform/Developer/SDKs/WatchOS27.0.sdk -target arm64-apple-watchos9.0 -g -module-cache-path /Users/admin/builder/spi-builder-workspace/.derivedData/ModuleCache.noindex -Xfrontend -serialize-debugging-options -profile-coverage-mapping -profile-generate -enable-testing -index-store-path /Users/admin/builder/spi-builder-workspace/.derivedData/Index.noindex/DataStore -Xcc -D_LIBCPP_HARDENING_MODE\=_LIBCPP_HARDENING_MODE_DEBUG -swift-version 5 -I /Users/admin/builder/spi-builder-workspace/.derivedData/Build/Products/Debug-watchos -Isystem /Applications/Xcode-27.0.0-Release.Candidate.app/Contents/Developer/Platforms/WatchOS.platform/Developer/usr/lib -F /Users/admin/builder/spi-builder-workspace/.derivedData/Build/Products/Debug-watchos/PackageFrameworks -F /Users/admin/builder/spi-builder-workspace/.derivedData/Build/Products/Debug-watchos -F /Applications/Xcode-27.0.0-Release.Candidate.app/Contents/Developer/Platforms/WatchOS.platform/Developer/Library/Frameworks -F /Applications/Xcode-27.0.0-Release.Candidate.app/Contents/Developer/Platforms/WatchOS.platform/Developer/SDKs/WatchOS27.0.sdk/Developer/Library/Frameworks -c -j10 -enable-batch-mode -incremental -Xcc -ivfsstatcache -Xcc /Users/admin/builder/spi-builder-workspace/.derivedData/SDKStatCaches.noindex/watchos27.0-24R360-e829b21a6f8c9b70876ba0858053c04477534ef55a1706bf4c1112bbb242f0a2.sdkstatcache -output-file-map /Users/admin/builder/spi-builder-workspace/.derivedData/Build/Intermediates.noindex/ContributeWordPress.build/Debug-watchos/ContributeWordPress-t.build/Objects-normal/arm64/ContributeWordPress-OutputFileMap.json -save-temps -no-color-diagnostics -explicit-module-build -module-cache-path /Users/admin/builder/spi-builder-workspace/.derivedData/Build/Intermediates.noindex/SwiftExplicitPrecompiledModules -clang-scanner-module-cache-path /Users/admin/builder/spi-builder-workspace/.derivedData/ModuleCache.noindex -sdk-module-cache-path /Users/admin/builder/spi-builder-workspace/.derivedData/SDKExplicitPrecompiledModules -emit-dependencies -emit-module -emit-module-path /Users/admin/builder/spi-builder-workspace/.derivedData/Build/Intermediates.noindex/ContributeWordPress.build/Debug-watchos/ContributeWordPress-t.build/Objects-normal/arm64/ContributeWordPress.swiftmodule -serialize-diagnostics -dependency-scan-serialize-diagnostics-path /Users/admin/builder/spi-builder-workspace/.derivedData/Build/Intermediates.noindex/ContributeWordPress.build/Debug-watchos/ContributeWordPress-t.build/Objects-normal/arm64/ContributeWordPress-dependency-scan.dia -validate-clang-modules-once -clang-build-session-file /Users/admin/builder/spi-builder-workspace/.derivedData/ModuleCache.noindex/Session.modulevalidation -Xcc -fmodules-prune-interval\=86400 -Xcc -fmodules-prune-after\=345600 -emit-const-values -const-gather-protocols-list /Users/admin/builder/spi-builder-workspace/.derivedData/Build/Intermediates.noindex/ContributeWordPress.build/Debug-watchos/ContributeWordPress-t.build/Objects-normal/arm64/ContributeWordPress_const_extract_protocols.json -Xcc -I/Users/admin/builder/spi-builder-workspace/.dependencies/checkouts/Yams/Sources/CYaml/include -Xcc -I/Users/admin/builder/spi-builder-workspace/.dependencies/checkouts/swift-cmark/src/include -Xcc -I/Users/admin/builder/spi-builder-workspace/.dependencies/checkouts/swift-cmark/extensions/include -Xcc -I/Users/admin/builder/spi-builder-workspace/.dependencies/checkouts/swift-markdown/Sources/CAtomic/include -Xcc -I/Users/admin/builder/spi-builder-workspace/.derivedData/Build/Products/Debug-watchos/include -Xcc -I/Users/admin/builder/spi-builder-workspace/.derivedData/Build/Intermediates.noindex/ContributeWordPress.build/Debug-watchos/ContributeWordPress-t.build/DerivedSources-normal/arm64 -Xcc -I/Users/admin/builder/spi-builder-workspace/.derivedData/Build/Intermediates.noindex/ContributeWordPress.build/Debug-watchos/ContributeWordPress-t.build/DerivedSources/arm64 -Xcc -I/Users/admin/builder/spi-builder-workspace/.derivedData/Build/Intermediates.noindex/ContributeWordPress.build/Debug-watchos/ContributeWordPress-t.build/DerivedSources -Xcc -DSWIFT_PACKAGE -Xcc -DDEBUG\=1 -emit-objc-header -emit-objc-header-path /Users/admin/builder/spi-builder-workspace/.derivedData/Build/Intermediates.noindex/ContributeWordPress.build/Debug-watchos/ContributeWordPress-t.build/Objects-normal/arm64/ContributeWordPress-Swift.h -working-directory /Users/admin/builder/spi-builder-workspace/.swiftpm/xcode -experimental-emit-module-separately -disable-cmo
SwiftDriverJobDiscovery normal arm64 Compiling PodcastLocation+OsmQuery.swift, PodcastLocation.swift, PodcastLocked.swift, PodcastPerson+Role.swift, PodcastPerson.swift, PodcastSeason.swift, PodcastSoundbite.swift, PodcastTranscript+MimeType.swift, PodcastTranscript.swift, Video.swift, Entryable+WordPressPost.swift (in target 'SyndiKit' from project 'SyndiKit')
SwiftDriver\ Compilation SyndiKit normal arm64 com.apple.xcode.tools.swift.compiler (in target 'SyndiKit' from project 'SyndiKit')
cd /Users/admin/builder/spi-builder-workspace/.swiftpm/xcode
builtin-Swift-Compilation -- /Applications/Xcode-27.0.0-Release.Candidate.app/Contents/Developer/Toolchains/XcodeDefault.xctoolchain/usr/bin/swiftc -parse-as-library -module-name SyndiKit -Onone @/Users/admin/builder/spi-builder-workspace/.derivedData/Build/Intermediates.noindex/SyndiKit.build/Debug-watchos/SyndiKit-t.build/Objects-normal/arm64/SyndiKit.SwiftFileList -DSWIFT_PACKAGE -DDEBUG -DSWIFT_MODULE_RESOURCE_BUNDLE_UNAVAILABLE -DXcode -enable-upcoming-feature ExistentialAny -enable-upcoming-feature InternalImportsByDefault -enable-upcoming-feature MemberImportVisibility -enable-upcoming-feature InferIsolatedConformances -enable-upcoming-feature NonisolatedNonsendingByDefault -enable-upcoming-feature FullTypedThrows -plugin-path /Applications/Xcode-27.0.0-Release.Candidate.app/Contents/Developer/Toolchains/XcodeDefault.xctoolchain/usr/lib/swift/host/plugins/testing -enable-experimental-feature DebugDescriptionMacro -sdk /Applications/Xcode-27.0.0-Release.Candidate.app/Contents/Developer/Platforms/WatchOS.platform/Developer/SDKs/WatchOS27.0.sdk -target arm64-apple-watchos9.0 -g -module-cache-path /Users/admin/builder/spi-builder-workspace/.derivedData/ModuleCache.noindex -Xfrontend -serialize-debugging-options -profile-coverage-mapping -profile-generate -enable-testing -suppress-warnings -index-store-path /Users/admin/builder/spi-builder-workspace/.derivedData/Index.noindex/DataStore -Xcc -D_LIBCPP_HARDENING_MODE\=_LIBCPP_HARDENING_MODE_DEBUG -swift-version 6 -I /Users/admin/builder/spi-builder-workspace/.derivedData/Build/Products/Debug-watchos -Isystem /Applications/Xcode-27.0.0-Release.Candidate.app/Contents/Developer/Platforms/WatchOS.platform/Developer/usr/lib -F /Users/admin/builder/spi-builder-workspace/.derivedData/Build/Products/Debug-watchos/PackageFrameworks -F /Users/admin/builder/spi-builder-workspace/.derivedData/Build/Products/Debug-watchos -F /Applications/Xcode-27.0.0-Release.Candidate.app/Contents/Developer/Platforms/WatchOS.platform/Developer/Library/Frameworks -F /Applications/Xcode-27.0.0-Release.Candidate.app/Contents/Developer/Platforms/WatchOS.platform/Developer/SDKs/WatchOS27.0.sdk/Developer/Library/Frameworks -c -j10 -enable-batch-mode -incremental -Xcc -ivfsstatcache -Xcc /Users/admin/builder/spi-builder-workspace/.derivedData/SDKStatCaches.noindex/watchos27.0-24R360-e829b21a6f8c9b70876ba0858053c04477534ef55a1706bf4c1112bbb242f0a2.sdkstatcache -output-file-map /Users/admin/builder/spi-builder-workspace/.derivedData/Build/Intermediates.noindex/SyndiKit.build/Debug-watchos/SyndiKit-t.build/Objects-normal/arm64/SyndiKit-OutputFileMap.json -save-temps -no-color-diagnostics -explicit-module-build -module-cache-path /Users/admin/builder/spi-builder-workspace/.derivedData/Build/Intermediates.noindex/SwiftExplicitPrecompiledModules -clang-scanner-module-cache-path /Users/admin/builder/spi-builder-workspace/.derivedData/ModuleCache.noindex -sdk-module-cache-path /Users/admin/builder/spi-builder-workspace/.derivedData/SDKExplicitPrecompiledModules -emit-dependencies -emit-module -emit-module-path /Users/admin/builder/spi-builder-workspace/.derivedData/Build/Intermediates.noindex/SyndiKit.build/Debug-watchos/SyndiKit-t.build/Objects-normal/arm64/SyndiKit.swiftmodule -serialize-diagnostics -dependency-scan-serialize-diagnostics-path /Users/admin/builder/spi-builder-workspace/.derivedData/Build/Intermediates.noindex/SyndiKit.build/Debug-watchos/SyndiKit-t.build/Objects-normal/arm64/SyndiKit-dependency-scan.dia -user-module-version 0.8.1 -validate-clang-modules-once -clang-build-session-file /Users/admin/builder/spi-builder-workspace/.derivedData/ModuleCache.noindex/Session.modulevalidation -Xcc -fmodules-prune-interval\=86400 -Xcc -fmodules-prune-after\=345600 -package-name syndikit -emit-const-values -const-gather-protocols-list /Users/admin/builder/spi-builder-workspace/.derivedData/Build/Intermediates.noindex/SyndiKit.build/Debug-watchos/SyndiKit-t.build/Objects-normal/arm64/SyndiKit_const_extract_protocols.json -Xcc -I/Users/admin/builder/spi-builder-workspace/.derivedData/Build/Products/Debug-watchos/include -Xcc -I/Users/admin/builder/spi-builder-workspace/.derivedData/Build/Intermediates.noindex/SyndiKit.build/Debug-watchos/SyndiKit-t.build/DerivedSources-normal/arm64 -Xcc -I/Users/admin/builder/spi-builder-workspace/.derivedData/Build/Intermediates.noindex/SyndiKit.build/Debug-watchos/SyndiKit-t.build/DerivedSources/arm64 -Xcc -I/Users/admin/builder/spi-builder-workspace/.derivedData/Build/Intermediates.noindex/SyndiKit.build/Debug-watchos/SyndiKit-t.build/DerivedSources -Xcc -DSWIFT_PACKAGE -Xcc -DDEBUG\=1 -emit-objc-header -emit-objc-header-path /Users/admin/builder/spi-builder-workspace/.derivedData/Build/Intermediates.noindex/SyndiKit.build/Debug-watchos/SyndiKit-t.build/Objects-normal/arm64/SyndiKit-Swift.h -working-directory /Users/admin/builder/spi-builder-workspace/.swiftpm/xcode -experimental-emit-module-separately -disable-cmo
Ld /Users/admin/builder/spi-builder-workspace/.derivedData/Build/Intermediates.noindex/SyndiKit.build/Debug-watchos/SyndiKit-t.build/Objects-normal/arm64/Binary/SyndiKit.o normal arm64 (in target 'SyndiKit' from project 'SyndiKit')
cd /Users/admin/builder/spi-builder-workspace/.dependencies/checkouts/SyndiKit
/Applications/Xcode-27.0.0-Release.Candidate.app/Contents/Developer/Toolchains/XcodeDefault.xctoolchain/usr/bin/clang -Xlinker -reproducible -target arm64-apple-watchos9.0 -r -isysroot /Applications/Xcode-27.0.0-Release.Candidate.app/Contents/Developer/Platforms/WatchOS.platform/Developer/SDKs/WatchOS27.0.sdk -O0 -w -Xlinker -no_warn_duplicate_libraries -F/Users/admin/builder/spi-builder-workspace/.derivedData/Build/Intermediates.noindex/EagerLinkingTBDs/Debug-watchos -F/Users/admin/builder/spi-builder-workspace/.derivedData/Build/Products/Debug-watchos/PackageFrameworks -F/Users/admin/builder/spi-builder-workspace/.derivedData/Build/Products/Debug-watchos -iframework /Applications/Xcode-27.0.0-Release.Candidate.app/Contents/Developer/Platforms/WatchOS.platform/Developer/Library/Frameworks -iframework /Applications/Xcode-27.0.0-Release.Candidate.app/Contents/Developer/Platforms/WatchOS.platform/Developer/SDKs/WatchOS27.0.sdk/Developer/Library/Frameworks -filelist /Users/admin/builder/spi-builder-workspace/.derivedData/Build/Intermediates.noindex/SyndiKit.build/Debug-watchos/SyndiKit-t.build/Objects-normal/arm64/SyndiKit.LinkFileList -nostdlib -Xlinker -object_path_lto -Xlinker /Users/admin/builder/spi-builder-workspace/.derivedData/Build/Intermediates.noindex/SyndiKit.build/Debug-watchos/SyndiKit-t.build/Objects-normal/arm64/SyndiKit_lto.o -Xlinker -no_deduplicate -Xlinker -debug_variant -Xlinker -dependency_info -Xlinker /Users/admin/builder/spi-builder-workspace/.derivedData/Build/Intermediates.noindex/SyndiKit.build/Debug-watchos/SyndiKit-t.build/Objects-normal/arm64/SyndiKit_dependency_info.dat -fobjc-link-runtime -L/Applications/Xcode-27.0.0-Release.Candidate.app/Contents/Developer/Toolchains/XcodeDefault.xctoolchain/usr/lib/swift/watchos -L/usr/lib/swift -Xlinker -add_ast_path -Xlinker /Users/admin/builder/spi-builder-workspace/.derivedData/Build/Intermediates.noindex/SyndiKit.build/Debug-watchos/SyndiKit-t.build/Objects-normal/arm64/SyndiKit.swiftmodule -o /Users/admin/builder/spi-builder-workspace/.derivedData/Build/Intermediates.noindex/SyndiKit.build/Debug-watchos/SyndiKit-t.build/Objects-normal/arm64/Binary/SyndiKit.o
SwiftDriverJobDiscovery normal arm64_32 Compiling FrontMatterTranslator.swift, HTMLSource.swift, MarkdownContentBuilder.swift (in target 'Contribute' from project 'Contribute')
SwiftDriverJobDiscovery normal arm64_32 Compiling ContributeError.swift, FileNameGenerator.swift, FileURLDownloader.swift, FilteredHTMLMarkdownExtractor.swift (in target 'Contribute' from project 'Contribute')
CreateUniversalBinary /Users/admin/builder/spi-builder-workspace/.derivedData/Build/Products/Debug-watchos/SyndiKit.o normal arm64\ arm64_32 (in target 'SyndiKit' from project 'SyndiKit')
cd /Users/admin/builder/spi-builder-workspace/.dependencies/checkouts/SyndiKit
/Applications/Xcode-27.0.0-Release.Candidate.app/Contents/Developer/Toolchains/XcodeDefault.xctoolchain/usr/bin/lipo -create /Users/admin/builder/spi-builder-workspace/.derivedData/Build/Intermediates.noindex/SyndiKit.build/Debug-watchos/SyndiKit-t.build/Objects-normal/arm64/Binary/SyndiKit.o /Users/admin/builder/spi-builder-workspace/.derivedData/Build/Intermediates.noindex/SyndiKit.build/Debug-watchos/SyndiKit-t.build/Objects-normal/arm64_32/Binary/SyndiKit.o -output /Users/admin/builder/spi-builder-workspace/.derivedData/Build/Products/Debug-watchos/SyndiKit.o
ExtractAppIntentsMetadata (in target 'SyndiKit' from project 'SyndiKit')
cd /Users/admin/builder/spi-builder-workspace/.dependencies/checkouts/SyndiKit
/Applications/Xcode-27.0.0-Release.Candidate.app/Contents/Developer/Toolchains/XcodeDefault.xctoolchain/usr/bin/appintentsmetadataprocessor --toolchain-dir /var/run/com.apple.security.cryptexd/mnt/com.apple.MobileAsset.MetalToolchain-v27.1.266.1.RbF8fF/Metal.xctoolchain --module-name SyndiKit --sdk-root /Applications/Xcode-27.0.0-Release.Candidate.app/Contents/Developer/Platforms/WatchOS.platform/Developer/SDKs/WatchOS27.0.sdk --xcode-version 27A266a --platform-family watchOS --deployment-target 9.0 --bundle-identifier syndikit.SyndiKit --output /Users/admin/builder/spi-builder-workspace/.derivedData/Build/Products/Debug-watchos/SyndiKit.appintents --target-triple arm64-apple-watchos9.0 --target-triple arm64_32-apple-watchos9.0 --binary-file /Users/admin/builder/spi-builder-workspace/.derivedData/Build/Products/Debug-watchos/SyndiKit.o --dependency-file /Users/admin/builder/spi-builder-workspace/.derivedData/Build/Intermediates.noindex/SyndiKit.build/Debug-watchos/SyndiKit-t.build/Objects-normal/arm64/SyndiKit_dependency_info.dat --dependency-file /Users/admin/builder/spi-builder-workspace/.derivedData/Build/Intermediates.noindex/SyndiKit.build/Debug-watchos/SyndiKit-t.build/Objects-normal/arm64_32/SyndiKit_dependency_info.dat --stringsdata-file /Users/admin/builder/spi-builder-workspace/.derivedData/Build/Intermediates.noindex/SyndiKit.build/Debug-watchos/SyndiKit-t.build/Objects-normal/arm64/ExtractedAppShortcutsMetadata.stringsdata --stringsdata-file /Users/admin/builder/spi-builder-workspace/.derivedData/Build/Intermediates.noindex/SyndiKit.build/Debug-watchos/SyndiKit-t.build/Objects-normal/arm64_32/ExtractedAppShortcutsMetadata.stringsdata --source-file-list /Users/admin/builder/spi-builder-workspace/.derivedData/Build/Intermediates.noindex/SyndiKit.build/Debug-watchos/SyndiKit-t.build/Objects-normal/arm64/SyndiKit.SwiftFileList --source-file-list /Users/admin/builder/spi-builder-workspace/.derivedData/Build/Intermediates.noindex/SyndiKit.build/Debug-watchos/SyndiKit-t.build/Objects-normal/arm64_32/SyndiKit.SwiftFileList --metadata-file-list /Users/admin/builder/spi-builder-workspace/.derivedData/Build/Intermediates.noindex/SyndiKit.build/Debug-watchos/SyndiKit-t.build/SyndiKit.DependencyMetadataFileList --static-metadata-file-list /Users/admin/builder/spi-builder-workspace/.derivedData/Build/Intermediates.noindex/SyndiKit.build/Debug-watchos/SyndiKit-t.build/SyndiKit.DependencyStaticMetadataFileList --swift-const-vals-list /Users/admin/builder/spi-builder-workspace/.derivedData/Build/Intermediates.noindex/SyndiKit.build/Debug-watchos/SyndiKit-t.build/Objects-normal/arm64/SyndiKit.SwiftConstValuesFileList --swift-const-vals-list /Users/admin/builder/spi-builder-workspace/.derivedData/Build/Intermediates.noindex/SyndiKit.build/Debug-watchos/SyndiKit-t.build/Objects-normal/arm64_32/SyndiKit.SwiftConstValuesFileList --force --compile-time-extraction --deployment-aware-processing --no-app-shortcuts-localization
2026-09-19 12:16:44.214 appintentsmetadataprocessor[1479:8150] Starting appintentsmetadataprocessor export
2026-09-19 12:16:44.293 appintentsmetadataprocessor[1479:8150] Extracted no relevant App Intents symbols, skipping writing output
SwiftDriverJobDiscovery normal arm64 Compiling FrontMatterYAMLExporter.swift, HTMLtoMarkdown.swift, ImportError.swift, MarkdownContentBuilderOptions.swift (in target 'Contribute' from project 'Contribute')
SwiftDriverJobDiscovery normal arm64_32 Compiling ContentType.swift, ContentURLGenerator.swift, FileManagerProtocol.swift (in target 'Contribute' from project 'Contribute')
SwiftExplicitDependencyGeneratePcm arm64_32 /Users/admin/builder/spi-builder-workspace/.derivedData/Build/Intermediates.noindex/SwiftExplicitPrecompiledModules/CYaml-82OVO6W2C86GC6K88MZ559K75.pcm
SwiftExplicitDependencyGeneratePcm arm64 /Users/admin/builder/spi-builder-workspace/.derivedData/Build/Intermediates.noindex/SwiftExplicitPrecompiledModules/CYaml-4SO98J4FNRXAZK4MZWK5DKTOW.pcm
SwiftDriverJobDiscovery normal arm64 Compiling SwiftSoupMarkdownGenerator+Markup.swift, SwiftSoupMarkdownGenerator+TableList.swift, SwiftSoupMarkdownGenerator.swift (in target 'Contribute' from project 'Contribute')
SwiftDriver\ Compilation Contribute normal arm64 com.apple.xcode.tools.swift.compiler (in target 'Contribute' from project 'Contribute')
cd /Users/admin/builder/spi-builder-workspace/.swiftpm/xcode
builtin-Swift-Compilation -- /Applications/Xcode-27.0.0-Release.Candidate.app/Contents/Developer/Toolchains/XcodeDefault.xctoolchain/usr/bin/swiftc -parse-as-library -module-name Contribute -Onone @/Users/admin/builder/spi-builder-workspace/.derivedData/Build/Intermediates.noindex/Contribute.build/Debug-watchos/Contribute-t.build/Objects-normal/arm64/Contribute.SwiftFileList -DSWIFT_PACKAGE -DDEBUG -DSWIFT_MODULE_RESOURCE_BUNDLE_UNAVAILABLE -Xcc -fmodule-map-file\=/Users/admin/builder/spi-builder-workspace/.dependencies/checkouts/Yams/Sources/CYaml/include/module.modulemap -Xcc -fmodule-map-file\=/Users/admin/builder/spi-builder-workspace/.dependencies/checkouts/swift-cmark/src/include/module.modulemap -Xcc -fmodule-map-file\=/Users/admin/builder/spi-builder-workspace/.dependencies/checkouts/swift-cmark/extensions/include/module.modulemap -Xcc -fmodule-map-file\=/Users/admin/builder/spi-builder-workspace/.dependencies/checkouts/swift-markdown/Sources/CAtomic/include/module.modulemap -DXcode -plugin-path /Applications/Xcode-27.0.0-Release.Candidate.app/Contents/Developer/Toolchains/XcodeDefault.xctoolchain/usr/lib/swift/host/plugins/testing -enable-experimental-feature DebugDescriptionMacro -sdk /Applications/Xcode-27.0.0-Release.Candidate.app/Contents/Developer/Platforms/WatchOS.platform/Developer/SDKs/WatchOS27.0.sdk -target arm64-apple-watchos9.0 -g -module-cache-path /Users/admin/builder/spi-builder-workspace/.derivedData/ModuleCache.noindex -Xfrontend -serialize-debugging-options -profile-coverage-mapping -profile-generate -enable-testing -suppress-warnings -index-store-path /Users/admin/builder/spi-builder-workspace/.derivedData/Index.noindex/DataStore -Xcc -D_LIBCPP_HARDENING_MODE\=_LIBCPP_HARDENING_MODE_DEBUG -swift-version 6 -I /Users/admin/builder/spi-builder-workspace/.derivedData/Build/Products/Debug-watchos -Isystem /Applications/Xcode-27.0.0-Release.Candidate.app/Contents/Developer/Platforms/WatchOS.platform/Developer/usr/lib -F /Users/admin/builder/spi-builder-workspace/.derivedData/Build/Products/Debug-watchos/PackageFrameworks -F /Users/admin/builder/spi-builder-workspace/.derivedData/Build/Products/Debug-watchos -F /Applications/Xcode-27.0.0-Release.Candidate.app/Contents/Developer/Platforms/WatchOS.platform/Developer/Library/Frameworks -F /Applications/Xcode-27.0.0-Release.Candidate.app/Contents/Developer/Platforms/WatchOS.platform/Developer/SDKs/WatchOS27.0.sdk/Developer/Library/Frameworks -c -j10 -enable-batch-mode -incremental -Xcc -ivfsstatcache -Xcc /Users/admin/builder/spi-builder-workspace/.derivedData/SDKStatCaches.noindex/watchos27.0-24R360-e829b21a6f8c9b70876ba0858053c04477534ef55a1706bf4c1112bbb242f0a2.sdkstatcache -output-file-map /Users/admin/builder/spi-builder-workspace/.derivedData/Build/Intermediates.noindex/Contribute.build/Debug-watchos/Contribute-t.build/Objects-normal/arm64/Contribute-OutputFileMap.json -save-temps -no-color-diagnostics -explicit-module-build -module-cache-path /Users/admin/builder/spi-builder-workspace/.derivedData/Build/Intermediates.noindex/SwiftExplicitPrecompiledModules -clang-scanner-module-cache-path /Users/admin/builder/spi-builder-workspace/.derivedData/ModuleCache.noindex -sdk-module-cache-path /Users/admin/builder/spi-builder-workspace/.derivedData/SDKExplicitPrecompiledModules -emit-dependencies -emit-module -emit-module-path /Users/admin/builder/spi-builder-workspace/.derivedData/Build/Intermediates.noindex/Contribute.build/Debug-watchos/Contribute-t.build/Objects-normal/arm64/Contribute.swiftmodule -serialize-diagnostics -dependency-scan-serialize-diagnostics-path /Users/admin/builder/spi-builder-workspace/.derivedData/Build/Intermediates.noindex/Contribute.build/Debug-watchos/Contribute-t.build/Objects-normal/arm64/Contribute-dependency-scan.dia -validate-clang-modules-once -clang-build-session-file /Users/admin/builder/spi-builder-workspace/.derivedData/ModuleCache.noindex/Session.modulevalidation -Xcc -fmodules-prune-interval\=86400 -Xcc -fmodules-prune-after\=345600 -package-name contribute -emit-const-values -const-gather-protocols-list /Users/admin/builder/spi-builder-workspace/.derivedData/Build/Intermediates.noindex/Contribute.build/Debug-watchos/Contribute-t.build/Objects-normal/arm64/Contribute_const_extract_protocols.json -Xcc -I/Users/admin/builder/spi-builder-workspace/.dependencies/checkouts/Yams/Sources/CYaml/include -Xcc -I/Users/admin/builder/spi-builder-workspace/.dependencies/checkouts/swift-cmark/src/include -Xcc -I/Users/admin/builder/spi-builder-workspace/.dependencies/checkouts/swift-cmark/extensions/include -Xcc -I/Users/admin/builder/spi-builder-workspace/.dependencies/checkouts/swift-markdown/Sources/CAtomic/include -Xcc -I/Users/admin/builder/spi-builder-workspace/.derivedData/Build/Products/Debug-watchos/include -Xcc -I/Users/admin/builder/spi-builder-workspace/.derivedData/Build/Intermediates.noindex/Contribute.build/Debug-watchos/Contribute-t.build/DerivedSources-normal/arm64 -Xcc -I/Users/admin/builder/spi-builder-workspace/.derivedData/Build/Intermediates.noindex/Contribute.build/Debug-watchos/Contribute-t.build/DerivedSources/arm64 -Xcc -I/Users/admin/builder/spi-builder-workspace/.derivedData/Build/Intermediates.noindex/Contribute.build/Debug-watchos/Contribute-t.build/DerivedSources -Xcc -DSWIFT_PACKAGE -Xcc -DDEBUG\=1 -emit-objc-header -emit-objc-header-path /Users/admin/builder/spi-builder-workspace/.derivedData/Build/Intermediates.noindex/Contribute.build/Debug-watchos/Contribute-t.build/Objects-normal/arm64/Contribute-Swift.h -working-directory /Users/admin/builder/spi-builder-workspace/.swiftpm/xcode -experimental-emit-module-separately -disable-cmo
Ld /Users/admin/builder/spi-builder-workspace/.derivedData/Build/Intermediates.noindex/Contribute.build/Debug-watchos/Contribute-t.build/Objects-normal/arm64/Binary/Contribute.o normal arm64 (in target 'Contribute' from project 'Contribute')
cd /Users/admin/builder/spi-builder-workspace/.dependencies/checkouts/Contribute
/Applications/Xcode-27.0.0-Release.Candidate.app/Contents/Developer/Toolchains/XcodeDefault.xctoolchain/usr/bin/clang -Xlinker -reproducible -target arm64-apple-watchos9.0 -r -isysroot /Applications/Xcode-27.0.0-Release.Candidate.app/Contents/Developer/Platforms/WatchOS.platform/Developer/SDKs/WatchOS27.0.sdk -O0 -w -Xlinker -no_warn_duplicate_libraries -F/Users/admin/builder/spi-builder-workspace/.derivedData/Build/Intermediates.noindex/EagerLinkingTBDs/Debug-watchos -F/Users/admin/builder/spi-builder-workspace/.derivedData/Build/Products/Debug-watchos/PackageFrameworks -F/Users/admin/builder/spi-builder-workspace/.derivedData/Build/Products/Debug-watchos -iframework /Applications/Xcode-27.0.0-Release.Candidate.app/Contents/Developer/Platforms/WatchOS.platform/Developer/Library/Frameworks -iframework /Applications/Xcode-27.0.0-Release.Candidate.app/Contents/Developer/Platforms/WatchOS.platform/Developer/SDKs/WatchOS27.0.sdk/Developer/Library/Frameworks -filelist /Users/admin/builder/spi-builder-workspace/.derivedData/Build/Intermediates.noindex/Contribute.build/Debug-watchos/Contribute-t.build/Objects-normal/arm64/Contribute.LinkFileList -nostdlib -Xlinker -object_path_lto -Xlinker /Users/admin/builder/spi-builder-workspace/.derivedData/Build/Intermediates.noindex/Contribute.build/Debug-watchos/Contribute-t.build/Objects-normal/arm64/Contribute_lto.o -Xlinker -no_deduplicate -Xlinker -debug_variant -Xlinker -dependency_info -Xlinker /Users/admin/builder/spi-builder-workspace/.derivedData/Build/Intermediates.noindex/Contribute.build/Debug-watchos/Contribute-t.build/Objects-normal/arm64/Contribute_dependency_info.dat -fobjc-link-runtime -L/Applications/Xcode-27.0.0-Release.Candidate.app/Contents/Developer/Toolchains/XcodeDefault.xctoolchain/usr/lib/swift/watchos -L/usr/lib/swift -Xlinker -add_ast_path -Xlinker /Users/admin/builder/spi-builder-workspace/.derivedData/Build/Intermediates.noindex/Contribute.build/Debug-watchos/Contribute-t.build/Objects-normal/arm64/Contribute.swiftmodule -o /Users/admin/builder/spi-builder-workspace/.derivedData/Build/Intermediates.noindex/Contribute.build/Debug-watchos/Contribute-t.build/Objects-normal/arm64/Binary/Contribute.o
SwiftCompile normal arm64_32 Compiling\ MarkdownProcessor+Begin.swift,\ MarkdownProcessor+SectionContentURLGenerator.swift,\ MarkdownProcessor+Starter.swift,\ MarkdownProcessor.swift /Users/admin/builder/spi-builder-workspace/Sources/ContributeWordPress/Processing/MarkdownProcessor+Begin.swift /Users/admin/builder/spi-builder-workspace/Sources/ContributeWordPress/Processing/MarkdownProcessor+SectionContentURLGenerator.swift /Users/admin/builder/spi-builder-workspace/Sources/ContributeWordPress/Processing/MarkdownProcessor+Starter.swift /Users/admin/builder/spi-builder-workspace/Sources/ContributeWordPress/Processing/MarkdownProcessor.swift (in target 'ContributeWordPress' from project 'ContributeWordPress')
SwiftCompile normal arm64_32 /Users/admin/builder/spi-builder-workspace/Sources/ContributeWordPress/Processing/MarkdownProcessor+Begin.swift (in target 'ContributeWordPress' from project 'ContributeWordPress')
cd /Users/admin/builder/spi-builder-workspace/.swiftpm/xcode
builtin-SwiftPerFileCompile MarkdownProcessor+Begin.swift
SwiftCompile normal arm64_32 /Users/admin/builder/spi-builder-workspace/Sources/ContributeWordPress/Processing/MarkdownProcessor+SectionContentURLGenerator.swift (in target 'ContributeWordPress' from project 'ContributeWordPress')
cd /Users/admin/builder/spi-builder-workspace/.swiftpm/xcode
builtin-SwiftPerFileCompile MarkdownProcessor+SectionContentURLGenerator.swift
SwiftCompile normal arm64_32 /Users/admin/builder/spi-builder-workspace/Sources/ContributeWordPress/Processing/MarkdownProcessor+Starter.swift (in target 'ContributeWordPress' from project 'ContributeWordPress')
cd /Users/admin/builder/spi-builder-workspace/.swiftpm/xcode
builtin-SwiftPerFileCompile MarkdownProcessor+Starter.swift
SwiftCompile normal arm64_32 /Users/admin/builder/spi-builder-workspace/Sources/ContributeWordPress/Processing/MarkdownProcessor.swift (in target 'ContributeWordPress' from project 'ContributeWordPress')
cd /Users/admin/builder/spi-builder-workspace/.swiftpm/xcode
builtin-SwiftPerFileCompile MarkdownProcessor.swift
SwiftCompile normal arm64_32 Compiling\ Settings.swift,\ NetlifyRedirectFormatter.swift,\ RedirectFormatter.swift,\ DynamicRedirectGenerator.swift /Users/admin/builder/spi-builder-workspace/Sources/ContributeWordPress/Processing/Settings.swift /Users/admin/builder/spi-builder-workspace/Sources/ContributeWordPress/Redirects/Formatters/NetlifyRedirectFormatter.swift /Users/admin/builder/spi-builder-workspace/Sources/ContributeWordPress/Redirects/Formatters/RedirectFormatter.swift /Users/admin/builder/spi-builder-workspace/Sources/ContributeWordPress/Redirects/Generators/DynamicRedirectGenerator.swift (in target 'ContributeWordPress' from project 'ContributeWordPress')
SwiftCompile normal arm64_32 /Users/admin/builder/spi-builder-workspace/Sources/ContributeWordPress/Processing/Settings.swift (in target 'ContributeWordPress' from project 'ContributeWordPress')
cd /Users/admin/builder/spi-builder-workspace/.swiftpm/xcode
builtin-SwiftPerFileCompile Settings.swift
SwiftCompile normal arm64_32 /Users/admin/builder/spi-builder-workspace/Sources/ContributeWordPress/Redirects/Formatters/NetlifyRedirectFormatter.swift (in target 'ContributeWordPress' from project 'ContributeWordPress')
cd /Users/admin/builder/spi-builder-workspace/.swiftpm/xcode
builtin-SwiftPerFileCompile NetlifyRedirectFormatter.swift
SwiftCompile normal arm64_32 /Users/admin/builder/spi-builder-workspace/Sources/ContributeWordPress/Redirects/Formatters/RedirectFormatter.swift (in target 'ContributeWordPress' from project 'ContributeWordPress')
cd /Users/admin/builder/spi-builder-workspace/.swiftpm/xcode
builtin-SwiftPerFileCompile RedirectFormatter.swift
SwiftCompile normal arm64_32 /Users/admin/builder/spi-builder-workspace/Sources/ContributeWordPress/Redirects/Generators/DynamicRedirectGenerator.swift (in target 'ContributeWordPress' from project 'ContributeWordPress')
cd /Users/admin/builder/spi-builder-workspace/.swiftpm/xcode
builtin-SwiftPerFileCompile DynamicRedirectGenerator.swift
SwiftCompile normal arm64_32 Compiling\ RedirectListGenerator.swift,\ RedirectItem.swift,\ DynamicRedirectFileWriter.swift,\ RedirectFileWriter.swift /Users/admin/builder/spi-builder-workspace/Sources/ContributeWordPress/Redirects/Generators/RedirectListGenerator.swift /Users/admin/builder/spi-builder-workspace/Sources/ContributeWordPress/Redirects/RedirectItem.swift /Users/admin/builder/spi-builder-workspace/Sources/ContributeWordPress/Redirects/Writers/DynamicRedirectFileWriter.swift /Users/admin/builder/spi-builder-workspace/Sources/ContributeWordPress/Redirects/Writers/RedirectFileWriter.swift (in target 'ContributeWordPress' from project 'ContributeWordPress')
SwiftCompile normal arm64_32 /Users/admin/builder/spi-builder-workspace/Sources/ContributeWordPress/Redirects/Generators/RedirectListGenerator.swift (in target 'ContributeWordPress' from project 'ContributeWordPress')
cd /Users/admin/builder/spi-builder-workspace/.swiftpm/xcode
builtin-SwiftPerFileCompile RedirectListGenerator.swift
SwiftCompile normal arm64_32 /Users/admin/builder/spi-builder-workspace/Sources/ContributeWordPress/Redirects/RedirectItem.swift (in target 'ContributeWordPress' from project 'ContributeWordPress')
cd /Users/admin/builder/spi-builder-workspace/.swiftpm/xcode
builtin-SwiftPerFileCompile RedirectItem.swift
SwiftCompile normal arm64_32 /Users/admin/builder/spi-builder-workspace/Sources/ContributeWordPress/Redirects/Writers/DynamicRedirectFileWriter.swift (in target 'ContributeWordPress' from project 'ContributeWordPress')
cd /Users/admin/builder/spi-builder-workspace/.swiftpm/xcode
builtin-SwiftPerFileCompile DynamicRedirectFileWriter.swift
SwiftCompile normal arm64_32 /Users/admin/builder/spi-builder-workspace/Sources/ContributeWordPress/Redirects/Writers/RedirectFileWriter.swift (in target 'ContributeWordPress' from project 'ContributeWordPress')
cd /Users/admin/builder/spi-builder-workspace/.swiftpm/xcode
builtin-SwiftPerFileCompile RedirectFileWriter.swift
SwiftCompile normal arm64_32 Compiling\ ProcessorSettings.swift,\ PublishDefaults.swift,\ Settings+ContentResources.swift,\ Settings+Root.swift /Users/admin/builder/spi-builder-workspace/Sources/ContributeWordPress/Processing/ProcessorSettings.swift /Users/admin/builder/spi-builder-workspace/Sources/ContributeWordPress/Processing/PublishDefaults.swift /Users/admin/builder/spi-builder-workspace/Sources/ContributeWordPress/Processing/Settings+ContentResources.swift /Users/admin/builder/spi-builder-workspace/Sources/ContributeWordPress/Processing/Settings+Root.swift (in target 'ContributeWordPress' from project 'ContributeWordPress')
/Users/admin/builder/spi-builder-workspace/Sources/ContributeWordPress/Processing/Settings+ContentResources.swift:55:7: error: cannot find 'PandocMarkdownGenerator' in scope
53 | assetRelativePath: String = PublishDefaults.wpAssetsRelativePath,
54 | temporaryFile: @escaping (String) throws -> URL =
55 | PandocMarkdownGenerator.Temporary.file(fromContent:),
| `- error: cannot find 'PandocMarkdownGenerator' in scope
56 | shellOut: @escaping (String, [String]) throws -> String
57 | ) {
/Users/admin/builder/spi-builder-workspace/Sources/ContributeWordPress/Processing/Settings+ContentResources.swift:66:7: error: cannot find 'PandocMarkdownGenerator' in scope
64 | assetRelativePath: assetRelativePath,
65 | markdownGenerator:
66 | PandocMarkdownGenerator(shellOut: shellOut, temporaryFile: temporaryFile)
| `- error: cannot find 'PandocMarkdownGenerator' in scope
67 | )
68 | }
/Users/admin/builder/spi-builder-workspace/Sources/ContributeWordPress/Processing/Settings+Root.swift:83:7: error: cannot find 'PandocMarkdownGenerator' in scope
81 | assetRelativePath: String = PublishDefaults.wpAssetsRelativePath,
82 | temporaryFile: @escaping (String) throws -> URL =
83 | PandocMarkdownGenerator.Temporary.file(fromContent:),
| `- error: cannot find 'PandocMarkdownGenerator' in scope
84 | shellOut: @escaping (String, [String]) throws -> String
85 | ) {
Failed frontend command:
/Applications/Xcode-27.0.0-Release.Candidate.app/Contents/Developer/Toolchains/XcodeDefault.xctoolchain/usr/bin/swift-frontend -frontend -c /Users/admin/builder/spi-builder-workspace/Sources/ContributeWordPress/Contribute/SectionContentURLGenerator.swift /Users/admin/builder/spi-builder-workspace/Sources/ContributeWordPress/Contribute/Source.swift /Users/admin/builder/spi-builder-workspace/Sources/ContributeWordPress/Contribute/SpecFrontMatterTranslator.swift /Users/admin/builder/spi-builder-workspace/Sources/ContributeWordPress/Contribute/Specs.swift /Users/admin/builder/spi-builder-workspace/Sources/ContributeWordPress/Decoder/BaseURLSite.swift /Users/admin/builder/spi-builder-workspace/Sources/ContributeWordPress/Decoder/PostsExportDecoder.swift /Users/admin/builder/spi-builder-workspace/Sources/ContributeWordPress/Decoder/SitesExportDecoder.swift /Users/admin/builder/spi-builder-workspace/Sources/ContributeWordPress/Decoder/SitesExportSynDecoder.swift /Users/admin/builder/spi-builder-workspace/Sources/ContributeWordPress/Decoder/SynDecoder.swift /Users/admin/builder/spi-builder-workspace/Sources/ContributeWordPress/Decoder/WordPressDecoder.swift /Users/admin/builder/spi-builder-workspace/Sources/ContributeWordPress/Decoder/WordPressSite+RSSChannel.swift /Users/admin/builder/spi-builder-workspace/Sources/ContributeWordPress/Decoder/WordPressSite.swift /Users/admin/builder/spi-builder-workspace/Sources/ContributeWordPress/Extensions/FileManager.swift /Users/admin/builder/spi-builder-workspace/Sources/ContributeWordPress/Extensions/RSSChannel.swift /Users/admin/builder/spi-builder-workspace/Sources/ContributeWordPress/Extensions/Sequence.swift /Users/admin/builder/spi-builder-workspace/Sources/ContributeWordPress/Extensions/URL.swift /Users/admin/builder/spi-builder-workspace/Sources/ContributeWordPress/Images/AssetDownloader.swift /Users/admin/builder/spi-builder-workspace/Sources/ContributeWordPress/Images/AssetImport+WordPress.swift /Users/admin/builder/spi-builder-workspace/Sources/ContributeWordPress/Images/AssetImport.swift /Users/admin/builder/spi-builder-workspace/Sources/ContributeWordPress/Images/AssetImportFactory.swift /Users/admin/builder/spi-builder-workspace/Sources/ContributeWordPress/Images/AssetImportSetting.swift /Users/admin/builder/spi-builder-workspace/Sources/ContributeWordPress/Images/Downloader.swift /Users/admin/builder/spi-builder-workspace/Sources/ContributeWordPress/Images/WordPressError.swift /Users/admin/builder/spi-builder-workspace/Sources/ContributeWordPress/PostFilters/PostFilter.swift /Users/admin/builder/spi-builder-workspace/Sources/ContributeWordPress/PostFilters/RegexKeyPostFilter.swift /Users/admin/builder/spi-builder-workspace/Sources/ContributeWordPress/Processing/MarkdownProcessor+Begin.swift /Users/admin/builder/spi-builder-workspace/Sources/ContributeWordPress/Processing/MarkdownProcessor+SectionContentURLGenerator.swift /Users/admin/builder/spi-builder-workspace/Sources/ContributeWordPress/Processing/MarkdownProcessor+Starter.swift /Users/admin/builder/spi-builder-workspace/Sources/ContributeWordPress/Processing/MarkdownProcessor.swift -primary-file /Users/admin/builder/spi-builder-workspace/Sources/ContributeWordPress/Processing/ProcessorSettings.swift -primary-file /Users/admin/builder/spi-builder-workspace/Sources/ContributeWordPress/Processing/PublishDefaults.swift -primary-file /Users/admin/builder/spi-builder-workspace/Sources/ContributeWordPress/Processing/Settings+ContentResources.swift -primary-file /Users/admin/builder/spi-builder-workspace/Sources/ContributeWordPress/Processing/Settings+Root.swift /Users/admin/builder/spi-builder-workspace/Sources/ContributeWordPress/Processing/Settings.swift /Users/admin/builder/spi-builder-workspace/Sources/ContributeWordPress/Redirects/Formatters/NetlifyRedirectFormatter.swift /Users/admin/builder/spi-builder-workspace/Sources/ContributeWordPress/Redirects/Formatters/RedirectFormatter.swift /Users/admin/builder/spi-builder-workspace/Sources/ContributeWordPress/Redirects/Generators/DynamicRedirectGenerator.swift /Users/admin/builder/spi-builder-workspace/Sources/ContributeWordPress/Redirects/Generators/RedirectListGenerator.swift /Users/admin/builder/spi-builder-workspace/Sources/ContributeWordPress/Redirects/RedirectItem.swift /Users/admin/builder/spi-builder-workspace/Sources/ContributeWordPress/Redirects/Writers/DynamicRedirectFileWriter.swift /Users/admin/builder/spi-builder-workspace/Sources/ContributeWordPress/Redirects/Writers/RedirectFileWriter.swift -supplementary-output-file-map /Users/admin/builder/spi-builder-workspace/.derivedData/Build/Intermediates.noindex/ContributeWordPress.build/Debug-watchos/ContributeWordPress-t.build/Objects-normal/arm64_32/supplementaryOutputs-110 -target arm64_32-apple-watchos9.0 -disable-cross-import-overlay-search -load-resolved-plugin /Applications/Xcode-27.0.0-Release.Candidate.app/Contents/Developer/Platforms/WatchOS.platform/Developer/usr/lib/swift/host/plugins/libFoundationMacros.dylib\#/Applications/Xcode-27.0.0-Release.Candidate.app/Contents/Developer/Platforms/WatchOS.platform/Developer/usr/bin/swift-plugin-server\#FoundationMacros -load-resolved-plugin /Applications/Xcode-27.0.0-Release.Candidate.app/Contents/Developer/Platforms/WatchOS.platform/Developer/usr/lib/swift/host/plugins/libObservationMacros.dylib\#/Applications/Xcode-27.0.0-Release.Candidate.app/Contents/Developer/Platforms/WatchOS.platform/Developer/usr/bin/swift-plugin-server\#ObservationMacros -load-resolved-plugin /Applications/Xcode-27.0.0-Release.Candidate.app/Contents/Developer/Platforms/WatchOS.platform/Developer/usr/lib/swift/host/plugins/libSwiftMacros.dylib\#/Applications/Xcode-27.0.0-Release.Candidate.app/Contents/Developer/Platforms/WatchOS.platform/Developer/usr/bin/swift-plugin-server\#SwiftMacros -disable-implicit-swift-modules -Xcc -fno-implicit-modules -Xcc -fno-implicit-module-maps -explicit-swift-module-map-file /Users/admin/builder/spi-builder-workspace/.derivedData/Build/Intermediates.noindex/ContributeWordPress.build/Debug-watchos/ContributeWordPress-t.build/Objects-normal/arm64_32/ContributeWordPress-dependencies-1.json -enable-objc-interop -sdk /Applications/Xcode-27.0.0-Release.Candidate.app/Contents/Developer/Platforms/WatchOS.platform/Developer/SDKs/WatchOS27.0.sdk -I /Users/admin/builder/spi-builder-workspace/.derivedData/Build/Products/Debug-watchos -Isystem /Applications/Xcode-27.0.0-Release.Candidate.app/Contents/Developer/Platforms/WatchOS.platform/Developer/usr/lib -F /Users/admin/builder/spi-builder-workspace/.derivedData/Build/Products/Debug-watchos/PackageFrameworks -F /Users/admin/builder/spi-builder-workspace/.derivedData/Build/Products/Debug-watchos -F /Applications/Xcode-27.0.0-Release.Candidate.app/Contents/Developer/Platforms/WatchOS.platform/Developer/Library/Frameworks -F /Applications/Xcode-27.0.0-Release.Candidate.app/Contents/Developer/Platforms/WatchOS.platform/Developer/SDKs/WatchOS27.0.sdk/Developer/Library/Frameworks -module-cache-path /Users/admin/builder/spi-builder-workspace/.derivedData/Build/Intermediates.noindex/SwiftExplicitPrecompiledModules -no-color-diagnostics -Xcc -fno-color-diagnostics -enable-testing -g -debug-info-format\=dwarf -dwarf-version\=4 -profile-generate -profile-coverage-mapping -swift-version 5 -Onone -D SWIFT_PACKAGE -D DEBUG -D SWIFT_MODULE_RESOURCE_BUNDLE_UNAVAILABLE -D Xcode -serialize-debugging-options -enable-experimental-feature DebugDescriptionMacro -empty-abi-descriptor -validate-clang-modules-once -clang-build-session-file /Users/admin/builder/spi-builder-workspace/.derivedData/ModuleCache.noindex/Session.modulevalidation -Xcc -working-directory -Xcc /Users/admin/builder/spi-builder-workspace/.swiftpm/xcode -enable-anonymous-context-mangled-names -file-compilation-dir /Users/admin/builder/spi-builder-workspace/.swiftpm/xcode -Xcc -fmodule-map-file\=/Users/admin/builder/spi-builder-workspace/.dependencies/checkouts/Yams/Sources/CYaml/include/module.modulemap -Xcc -fmodule-map-file\=/Users/admin/builder/spi-builder-workspace/.dependencies/checkouts/swift-cmark/src/include/module.modulemap -Xcc -fmodule-map-file\=/Users/admin/builder/spi-builder-workspace/.dependencies/checkouts/swift-cmark/extensions/include/module.modulemap -Xcc -fmodule-map-file\=/Users/admin/builder/spi-builder-workspace/.dependencies/checkouts/swift-markdown/Sources/CAtomic/include/module.modulemap -Xcc -D_LIBCPP_HARDENING_MODE\=_LIBCPP_HARDENING_MODE_DEBUG -Xcc -ivfsstatcache -Xcc /Users/admin/builder/spi-builder-workspace/.derivedData/SDKStatCaches.noindex/watchos27.0-24R360-e829b21a6f8c9b70876ba0858053c04477534ef55a1706bf4c1112bbb242f0a2.sdkstatcache -Xcc -fmodules-prune-interval\=86400 -Xcc -fmodules-prune-after\=345600 -Xcc -I/Users/admin/builder/spi-builder-workspace/.dependencies/checkouts/Yams/Sources/CYaml/include -Xcc -I/Users/admin/builder/spi-builder-workspace/.dependencies/checkouts/swift-cmark/src/include -Xcc -I/Users/admin/builder/spi-builder-workspace/.dependencies/checkouts/swift-cmark/extensions/include -Xcc -I/Users/admin/builder/spi-builder-workspace/.dependencies/checkouts/swift-markdown/Sources/CAtomic/include -Xcc -I/Users/admin/builder/spi-builder-workspace/.derivedData/Build/Products/Debug-watchos/include -Xcc -I/Users/admin/builder/spi-builder-workspace/.derivedData/Build/Intermediates.noindex/ContributeWordPress.build/Debug-watchos/ContributeWordPress-t.build/DerivedSources-normal/arm64_32 -Xcc -I/Users/admin/builder/spi-builder-workspace/.derivedData/Build/Intermediates.noindex/ContributeWordPress.build/Debug-watchos/ContributeWordPress-t.build/DerivedSources/arm64_32 -Xcc -I/Users/admin/builder/spi-builder-workspace/.derivedData/Build/Intermediates.noindex/ContributeWordPress.build/Debug-watchos/ContributeWordPress-t.build/DerivedSources -Xcc -DSWIFT_PACKAGE -Xcc -DDEBUG\=1 -no-auto-bridging-header-chaining -module-name ContributeWordPress -const-gather-protocols-file /Users/admin/builder/spi-builder-workspace/.derivedData/Build/Intermediates.noindex/ContributeWordPress.build/Debug-watchos/ContributeWordPress-t.build/Objects-normal/arm64_32/ContributeWordPress_const_extract_protocols.json -disable-clang-spi -clang-target arm64_32-apple-watchos27.0 -target-sdk-version 27.0 -target-sdk-name watchos27.0 -in-process-plugin-server-path /Applications/Xcode-27.0.0-Release.Candidate.app/Contents/Developer/Toolchains/XcodeDefault.xctoolchain/usr/lib/swift/host/libSwiftInProcPluginServer.dylib -parse-as-library -o /Users/admin/builder/spi-builder-workspace/.derivedData/Build/Intermediates.noindex/ContributeWordPress.build/Debug-watchos/ContributeWordPress-t.build/Objects-normal/arm64_32/ProcessorSettings.o -o /Users/admin/builder/spi-builder-workspace/.derivedData/Build/Intermediates.noindex/ContributeWordPress.build/Debug-watchos/ContributeWordPress-t.build/Objects-normal/arm64_32/PublishDefaults.o -o /Users/admin/builder/spi-builder-workspace/.derivedData/Build/Intermediates.noindex/ContributeWordPress.build/Debug-watchos/ContributeWordPress-t.build/Objects-normal/arm64_32/Settings+ContentResources.o -o /Users/admin/builder/spi-builder-workspace/.derivedData/Build/Intermediates.noindex/ContributeWordPress.build/Debug-watchos/ContributeWordPress-t.build/Objects-normal/arm64_32/Settings+Root.o -debug-module-path /Users/admin/builder/spi-builder-workspace/.derivedData/Build/Intermediates.noindex/ContributeWordPress.build/Debug-watchos/ContributeWordPress-t.build/Objects-normal/arm64_32/ContributeWordPress.swiftmodule -index-unit-output-path /ContributeWordPress.build/Debug-watchos/ContributeWordPress-t.build/Objects-normal/arm64_32/ProcessorSettings.o -index-unit-output-path /ContributeWordPress.build/Debug-watchos/ContributeWordPress-t.build/Objects-normal/arm64_32/PublishDefaults.o -index-unit-output-path /ContributeWordPress.build/Debug-watchos/ContributeWordPress-t.build/Objects-normal/arm64_32/Settings+ContentResources.o -index-unit-output-path /ContributeWordPress.build/Debug-watchos/ContributeWordPress-t.build/Objects-normal/arm64_32/Settings+Root.o -index-store-path /Users/admin/builder/spi-builder-workspace/.derivedData/Index.noindex/DataStore -index-system-modules
SwiftCompile normal arm64_32 /Users/admin/builder/spi-builder-workspace/Sources/ContributeWordPress/Processing/ProcessorSettings.swift (in target 'ContributeWordPress' from project 'ContributeWordPress')
cd /Users/admin/builder/spi-builder-workspace/.swiftpm/xcode
builtin-SwiftPerFileCompile ProcessorSettings.swift
SwiftCompile normal arm64_32 /Users/admin/builder/spi-builder-workspace/Sources/ContributeWordPress/Processing/PublishDefaults.swift (in target 'ContributeWordPress' from project 'ContributeWordPress')
cd /Users/admin/builder/spi-builder-workspace/.swiftpm/xcode
builtin-SwiftPerFileCompile PublishDefaults.swift
SwiftCompile normal arm64_32 /Users/admin/builder/spi-builder-workspace/Sources/ContributeWordPress/Processing/Settings+ContentResources.swift (in target 'ContributeWordPress' from project 'ContributeWordPress')
cd /Users/admin/builder/spi-builder-workspace/.swiftpm/xcode
builtin-SwiftPerFileCompile Settings+ContentResources.swift
SwiftCompile normal arm64_32 /Users/admin/builder/spi-builder-workspace/Sources/ContributeWordPress/Processing/Settings+Root.swift (in target 'ContributeWordPress' from project 'ContributeWordPress')
cd /Users/admin/builder/spi-builder-workspace/.swiftpm/xcode
builtin-SwiftPerFileCompile Settings+Root.swift
SwiftCompile normal arm64_32 Compiling\ Downloader.swift,\ WordPressError.swift,\ PostFilter.swift,\ RegexKeyPostFilter.swift /Users/admin/builder/spi-builder-workspace/Sources/ContributeWordPress/Images/Downloader.swift /Users/admin/builder/spi-builder-workspace/Sources/ContributeWordPress/Images/WordPressError.swift /Users/admin/builder/spi-builder-workspace/Sources/ContributeWordPress/PostFilters/PostFilter.swift /Users/admin/builder/spi-builder-workspace/Sources/ContributeWordPress/PostFilters/RegexKeyPostFilter.swift (in target 'ContributeWordPress' from project 'ContributeWordPress')
SwiftCompile normal arm64_32 /Users/admin/builder/spi-builder-workspace/Sources/ContributeWordPress/Images/Downloader.swift (in target 'ContributeWordPress' from project 'ContributeWordPress')
cd /Users/admin/builder/spi-builder-workspace/.swiftpm/xcode
builtin-SwiftPerFileCompile Downloader.swift
SwiftCompile normal arm64_32 /Users/admin/builder/spi-builder-workspace/Sources/ContributeWordPress/Images/WordPressError.swift (in target 'ContributeWordPress' from project 'ContributeWordPress')
cd /Users/admin/builder/spi-builder-workspace/.swiftpm/xcode
builtin-SwiftPerFileCompile WordPressError.swift
SwiftCompile normal arm64_32 /Users/admin/builder/spi-builder-workspace/Sources/ContributeWordPress/PostFilters/PostFilter.swift (in target 'ContributeWordPress' from project 'ContributeWordPress')
cd /Users/admin/builder/spi-builder-workspace/.swiftpm/xcode
builtin-SwiftPerFileCompile PostFilter.swift
SwiftCompile normal arm64_32 /Users/admin/builder/spi-builder-workspace/Sources/ContributeWordPress/PostFilters/RegexKeyPostFilter.swift (in target 'ContributeWordPress' from project 'ContributeWordPress')
cd /Users/admin/builder/spi-builder-workspace/.swiftpm/xcode
builtin-SwiftPerFileCompile RegexKeyPostFilter.swift
SwiftCompile normal arm64_32 Compiling\ RSSChannel.swift,\ Sequence.swift,\ URL.swift,\ AssetDownloader.swift /Users/admin/builder/spi-builder-workspace/Sources/ContributeWordPress/Extensions/RSSChannel.swift /Users/admin/builder/spi-builder-workspace/Sources/ContributeWordPress/Extensions/Sequence.swift /Users/admin/builder/spi-builder-workspace/Sources/ContributeWordPress/Extensions/URL.swift /Users/admin/builder/spi-builder-workspace/Sources/ContributeWordPress/Images/AssetDownloader.swift (in target 'ContributeWordPress' from project 'ContributeWordPress')
SwiftCompile normal arm64_32 /Users/admin/builder/spi-builder-workspace/Sources/ContributeWordPress/Extensions/RSSChannel.swift (in target 'ContributeWordPress' from project 'ContributeWordPress')
cd /Users/admin/builder/spi-builder-workspace/.swiftpm/xcode
builtin-SwiftPerFileCompile RSSChannel.swift
SwiftCompile normal arm64_32 /Users/admin/builder/spi-builder-workspace/Sources/ContributeWordPress/Extensions/Sequence.swift (in target 'ContributeWordPress' from project 'ContributeWordPress')
cd /Users/admin/builder/spi-builder-workspace/.swiftpm/xcode
builtin-SwiftPerFileCompile Sequence.swift
SwiftCompile normal arm64_32 /Users/admin/builder/spi-builder-workspace/Sources/ContributeWordPress/Extensions/URL.swift (in target 'ContributeWordPress' from project 'ContributeWordPress')
cd /Users/admin/builder/spi-builder-workspace/.swiftpm/xcode
builtin-SwiftPerFileCompile URL.swift
SwiftCompile normal arm64_32 /Users/admin/builder/spi-builder-workspace/Sources/ContributeWordPress/Images/AssetDownloader.swift (in target 'ContributeWordPress' from project 'ContributeWordPress')
cd /Users/admin/builder/spi-builder-workspace/.swiftpm/xcode
builtin-SwiftPerFileCompile AssetDownloader.swift
SwiftEmitModule normal arm64_32 Emitting\ module\ for\ ContributeWordPress (in target 'ContributeWordPress' from project 'ContributeWordPress')
SwiftCompile normal arm64_32 (in target 'ContributeWordPress' from project 'ContributeWordPress')
cd /Users/admin/builder/spi-builder-workspace/.swiftpm/xcode
SwiftCompile normal arm64_32 Compiling\ SectionContentURLGenerator.swift,\ Source.swift,\ SpecFrontMatterTranslator.swift,\ Specs.swift,\ BaseURLSite.swift /Users/admin/builder/spi-builder-workspace/Sources/ContributeWordPress/Contribute/SectionContentURLGenerator.swift /Users/admin/builder/spi-builder-workspace/Sources/ContributeWordPress/Contribute/Source.swift /Users/admin/builder/spi-builder-workspace/Sources/ContributeWordPress/Contribute/SpecFrontMatterTranslator.swift /Users/admin/builder/spi-builder-workspace/Sources/ContributeWordPress/Contribute/Specs.swift /Users/admin/builder/spi-builder-workspace/Sources/ContributeWordPress/Decoder/BaseURLSite.swift (in target 'ContributeWordPress' from project 'ContributeWordPress')
SwiftCompile normal arm64_32 /Users/admin/builder/spi-builder-workspace/Sources/ContributeWordPress/Contribute/SectionContentURLGenerator.swift (in target 'ContributeWordPress' from project 'ContributeWordPress')
cd /Users/admin/builder/spi-builder-workspace/.swiftpm/xcode
builtin-SwiftPerFileCompile SectionContentURLGenerator.swift
SwiftCompile normal arm64_32 /Users/admin/builder/spi-builder-workspace/Sources/ContributeWordPress/Contribute/Source.swift (in target 'ContributeWordPress' from project 'ContributeWordPress')
cd /Users/admin/builder/spi-builder-workspace/.swiftpm/xcode
builtin-SwiftPerFileCompile Source.swift
SwiftCompile normal arm64_32 /Users/admin/builder/spi-builder-workspace/Sources/ContributeWordPress/Contribute/SpecFrontMatterTranslator.swift (in target 'ContributeWordPress' from project 'ContributeWordPress')
cd /Users/admin/builder/spi-builder-workspace/.swiftpm/xcode
builtin-SwiftPerFileCompile SpecFrontMatterTranslator.swift
SwiftCompile normal arm64_32 /Users/admin/builder/spi-builder-workspace/Sources/ContributeWordPress/Contribute/Specs.swift (in target 'ContributeWordPress' from project 'ContributeWordPress')
cd /Users/admin/builder/spi-builder-workspace/.swiftpm/xcode
builtin-SwiftPerFileCompile Specs.swift
SwiftCompile normal arm64_32 /Users/admin/builder/spi-builder-workspace/Sources/ContributeWordPress/Decoder/BaseURLSite.swift (in target 'ContributeWordPress' from project 'ContributeWordPress')
cd /Users/admin/builder/spi-builder-workspace/.swiftpm/xcode
builtin-SwiftPerFileCompile BaseURLSite.swift
SwiftCompile normal arm64_32 Compiling\ PostsExportDecoder.swift,\ SitesExportDecoder.swift,\ SitesExportSynDecoder.swift,\ SynDecoder.swift /Users/admin/builder/spi-builder-workspace/Sources/ContributeWordPress/Decoder/PostsExportDecoder.swift /Users/admin/builder/spi-builder-workspace/Sources/ContributeWordPress/Decoder/SitesExportDecoder.swift /Users/admin/builder/spi-builder-workspace/Sources/ContributeWordPress/Decoder/SitesExportSynDecoder.swift /Users/admin/builder/spi-builder-workspace/Sources/ContributeWordPress/Decoder/SynDecoder.swift (in target 'ContributeWordPress' from project 'ContributeWordPress')
SwiftCompile normal arm64_32 /Users/admin/builder/spi-builder-workspace/Sources/ContributeWordPress/Decoder/PostsExportDecoder.swift (in target 'ContributeWordPress' from project 'ContributeWordPress')
cd /Users/admin/builder/spi-builder-workspace/.swiftpm/xcode
builtin-SwiftPerFileCompile PostsExportDecoder.swift
SwiftCompile normal arm64_32 /Users/admin/builder/spi-builder-workspace/Sources/ContributeWordPress/Decoder/SitesExportDecoder.swift (in target 'ContributeWordPress' from project 'ContributeWordPress')
cd /Users/admin/builder/spi-builder-workspace/.swiftpm/xcode
builtin-SwiftPerFileCompile SitesExportDecoder.swift
SwiftCompile normal arm64_32 /Users/admin/builder/spi-builder-workspace/Sources/ContributeWordPress/Decoder/SitesExportSynDecoder.swift (in target 'ContributeWordPress' from project 'ContributeWordPress')
cd /Users/admin/builder/spi-builder-workspace/.swiftpm/xcode
builtin-SwiftPerFileCompile SitesExportSynDecoder.swift
SwiftCompile normal arm64_32 /Users/admin/builder/spi-builder-workspace/Sources/ContributeWordPress/Decoder/SynDecoder.swift (in target 'ContributeWordPress' from project 'ContributeWordPress')
cd /Users/admin/builder/spi-builder-workspace/.swiftpm/xcode
builtin-SwiftPerFileCompile SynDecoder.swift
SwiftEmitModule normal arm64 Emitting\ module\ for\ ContributeWordPress (in target 'ContributeWordPress' from project 'ContributeWordPress')
SwiftCompile normal arm64 (in target 'ContributeWordPress' from project 'ContributeWordPress')
cd /Users/admin/builder/spi-builder-workspace/.swiftpm/xcode
SwiftDriverJobDiscovery normal arm64_32 Compiling SwiftSoupMarkdownGenerator+Markup.swift, SwiftSoupMarkdownGenerator+TableList.swift, SwiftSoupMarkdownGenerator.swift (in target 'Contribute' from project 'Contribute')
SwiftCompile normal arm64 Compiling\ SectionContentURLGenerator.swift,\ Source.swift,\ SpecFrontMatterTranslator.swift,\ Specs.swift,\ BaseURLSite.swift /Users/admin/builder/spi-builder-workspace/Sources/ContributeWordPress/Contribute/SectionContentURLGenerator.swift /Users/admin/builder/spi-builder-workspace/Sources/ContributeWordPress/Contribute/Source.swift /Users/admin/builder/spi-builder-workspace/Sources/ContributeWordPress/Contribute/SpecFrontMatterTranslator.swift /Users/admin/builder/spi-builder-workspace/Sources/ContributeWordPress/Contribute/Specs.swift /Users/admin/builder/spi-builder-workspace/Sources/ContributeWordPress/Decoder/BaseURLSite.swift (in target 'ContributeWordPress' from project 'ContributeWordPress')
SwiftCompile normal arm64 /Users/admin/builder/spi-builder-workspace/Sources/ContributeWordPress/Contribute/SectionContentURLGenerator.swift (in target 'ContributeWordPress' from project 'ContributeWordPress')
cd /Users/admin/builder/spi-builder-workspace/.swiftpm/xcode
builtin-SwiftPerFileCompile SectionContentURLGenerator.swift
SwiftCompile normal arm64 /Users/admin/builder/spi-builder-workspace/Sources/ContributeWordPress/Contribute/Source.swift (in target 'ContributeWordPress' from project 'ContributeWordPress')
cd /Users/admin/builder/spi-builder-workspace/.swiftpm/xcode
builtin-SwiftPerFileCompile Source.swift
SwiftCompile normal arm64 /Users/admin/builder/spi-builder-workspace/Sources/ContributeWordPress/Contribute/SpecFrontMatterTranslator.swift (in target 'ContributeWordPress' from project 'ContributeWordPress')
cd /Users/admin/builder/spi-builder-workspace/.swiftpm/xcode
builtin-SwiftPerFileCompile SpecFrontMatterTranslator.swift
SwiftCompile normal arm64 /Users/admin/builder/spi-builder-workspace/Sources/ContributeWordPress/Contribute/Specs.swift (in target 'ContributeWordPress' from project 'ContributeWordPress')
cd /Users/admin/builder/spi-builder-workspace/.swiftpm/xcode
builtin-SwiftPerFileCompile Specs.swift
SwiftCompile normal arm64 /Users/admin/builder/spi-builder-workspace/Sources/ContributeWordPress/Decoder/BaseURLSite.swift (in target 'ContributeWordPress' from project 'ContributeWordPress')
cd /Users/admin/builder/spi-builder-workspace/.swiftpm/xcode
builtin-SwiftPerFileCompile BaseURLSite.swift
PruneExplicitPrecompiledModules /Users/admin/builder/spi-builder-workspace/.derivedData/Build/Intermediates.noindex/ExplicitPrecompiledModules
PruneExplicitPrecompiledModules /Users/admin/builder/spi-builder-workspace/.derivedData/Build/Intermediates.noindex/SwiftExplicitPrecompiledModules
PruneExplicitPrecompiledModules /Users/admin/builder/spi-builder-workspace/.derivedData/SDKExplicitPrecompiledModules
2026-09-19 12:16:28.012 xcodebuild[921:5325] [MT] IDERunDestination: Supported platforms for the buildables in the current scheme is empty.
** BUILD FAILED **
The following build commands failed:
SwiftCompile normal arm64_32 Compiling\ ProcessorSettings.swift,\ PublishDefaults.swift,\ Settings+ContentResources.swift,\ Settings+Root.swift /Users/admin/builder/spi-builder-workspace/Sources/ContributeWordPress/Processing/ProcessorSettings.swift /Users/admin/builder/spi-builder-workspace/Sources/ContributeWordPress/Processing/PublishDefaults.swift /Users/admin/builder/spi-builder-workspace/Sources/ContributeWordPress/Processing/Settings+ContentResources.swift /Users/admin/builder/spi-builder-workspace/Sources/ContributeWordPress/Processing/Settings+Root.swift (in target 'ContributeWordPress' from project 'ContributeWordPress')
SwiftCompile normal arm64_32 /Users/admin/builder/spi-builder-workspace/Sources/ContributeWordPress/Processing/Settings+ContentResources.swift (in target 'ContributeWordPress' from project 'ContributeWordPress')
SwiftCompile normal arm64_32 /Users/admin/builder/spi-builder-workspace/Sources/ContributeWordPress/Processing/Settings+Root.swift (in target 'ContributeWordPress' from project 'ContributeWordPress')
Building workspace ContributeWordPress with scheme ContributeWordPress-Package
(4 failures)
Command line invocation:
/Applications/Xcode-27.0.0-Release.Candidate.app/Contents/Developer/usr/bin/xcodebuild -IDEClonedSourcePackagesDirPathOverride=/Users/admin/builder/spi-builder-workspace/.dependencies -resolvePackageDependencies
Resolve Package Graph
Resolved source packages:
ContributeWordPress: /Users/admin/builder/spi-builder-workspace
cmark-gfm: https://github.com/swiftlang/swift-cmark.git @ 0.8.0
Contribute: https://github.com/brightdigit/Contribute.git @ 1.0.0-beta.1
SwiftSoup: https://github.com/scinfu/SwiftSoup.git @ 2.13.9
SyndiKit: https://github.com/brightdigit/SyndiKit.git @ 0.8.1
swift-markdown: https://github.com/swiftlang/swift-markdown.git @ 0.8.0
Yams: https://github.com/jpsim/Yams.git @ 6.2.2
XMLCoder: https://github.com/CoreOffice/XMLCoder @ 0.18.2
resolved source packages: ContributeWordPress, cmark-gfm, Contribute, SwiftSoup, SyndiKit, swift-markdown, Yams, XMLCoder
2026-09-19 12:16:45.976 xcodebuild[1494:8269] [MT] IDERunDestination: Supported platforms for the buildables in the current scheme is empty.
{
"dependencies" : [
{
"identity" : "contribute",
"requirement" : {
"range" : [
{
"lower_bound" : "1.0.0-alpha.5",
"upper_bound" : "2.0.0"
}
]
},
"type" : "sourceControl",
"url" : "https://github.com/brightdigit/Contribute.git"
},
{
"identity" : "syndikit",
"requirement" : {
"range" : [
{
"lower_bound" : "0.3.7",
"upper_bound" : "1.0.0"
}
]
},
"type" : "sourceControl",
"url" : "https://github.com/brightdigit/SyndiKit.git"
}
],
"manifest_display_name" : "ContributeWordPress",
"name" : "ContributeWordPress",
"path" : "/Users/admin/builder/spi-builder-workspace",
"platforms" : [
{
"name" : "macos",
"version" : "12.0"
}
],
"products" : [
{
"name" : "ContributeWordPress",
"targets" : [
"ContributeWordPress"
],
"type" : {
"library" : [
"automatic"
]
}
},
{
"name" : "wpublish",
"targets" : [
"wpublish"
],
"type" : {
"executable" : null
}
}
],
"targets" : [
{
"c99name" : "wpublish",
"module_type" : "SwiftTarget",
"name" : "wpublish",
"path" : "Sources/wpublish",
"product_memberships" : [
"wpublish"
],
"sources" : [
"main.swift"
],
"target_dependencies" : [
"ContributeWordPress"
],
"type" : "executable"
},
{
"c99name" : "ContributeWordPressTests",
"module_type" : "SwiftTarget",
"name" : "ContributeWordPressTests",
"path" : "Tests/ContributeWordPressTests",
"sources" : [
"Contribute/SpecFrontMatterTranslatorTests.swift",
"Decoder/SitesExportSynDecoderTests.swift",
"Decoder/SynDecoderTests.swift",
"FileManagerExtensionTests.swift",
"Helpers/Error/AssetDownloaderError.swift",
"Helpers/Error/DownloadError.swift",
"Helpers/Error/EquatableError.swift",
"Helpers/Error/FrontMatterExporterError.swift",
"Helpers/Error/MarkdownContentBuilderError.swift",
"Helpers/Error/MarkdownExtractorError.swift",
"Helpers/Error/RedirectFileWriterError.swift",
"Helpers/Error/SitesExportDecoderError.swift",
"Helpers/Error/URLError.swift",
"Helpers/Extension/FakeData/AssetImport+Fake.swift",
"Helpers/Extension/FakeData/EntryID+Fake.swift",
"Helpers/Extension/FakeData/RSSItemCategory+Fake.swift",
"Helpers/Extension/FakeData/String+Fake.swift",
"Helpers/Extension/FakeData/URL+Fake.swift",
"Helpers/Extension/FakeData/WordPressPost+Attachments.swift",
"Helpers/Extension/FakeData/WordPressPost+Posts.swift",
"Helpers/Extension/FakeData/WordPressPost.swift",
"Helpers/Extension/FakeData/WordPressSite+Fake.swift",
"Helpers/Extension/Make/AssetImport+Make.swift",
"Helpers/Extension/Make/RSSItem+Make.swift",
"Helpers/Extension/Make/Source+Make.swift",
"Helpers/Extension/Make/WordPressPost+Make.swift",
"Helpers/Extension/Make/WordPressSite+Make.swift",
"Helpers/Extension/URL.swift",
"Helpers/Extension/XCTestCase.swift",
"Helpers/Spy/AssetDownloaderSpy.swift",
"Helpers/Spy/AssetImportFactorySpy.swift",
"Helpers/Spy/FileDownloaderSpy.swift",
"Helpers/Spy/FileURLFromDirectorySpy.swift",
"Helpers/Spy/FrontMatterExporterSpy.swift",
"Helpers/Spy/KeyFromURLSpy.swift",
"Helpers/Spy/MarkdownContentBuilderSpy.swift",
"Helpers/Spy/MarkdownExtractorSpy.swift",
"Helpers/Spy/PostFilterSpy.swift",
"Helpers/Spy/RedirectFileWriterSpy.swift",
"Helpers/Spy/RedirectFormatterSpy.swift",
"Helpers/Spy/SitesExportDecoderSpy.swift",
"Helpers/Spy/UrlPathGenerateSpy.swift",
"Helpers/Stub/AssetDownloaderStub.swift",
"Helpers/Stub/AssetImportFactoryStub.swift",
"Helpers/Stub/ContentURLGeneratorStub.swift",
"Helpers/Stub/MarkdownContentBuilderStub.swift",
"Helpers/Stub/RedirectFileWriterStub.swift",
"Helpers/Stub/RedirectFormatterStub.swift",
"Helpers/Stub/SettingsStub.swift",
"Helpers/Stub/SitesExportDecoderStub.swift",
"Images/AssetDownloaderTests.swift",
"Images/AssetImportTests.swift",
"Images/AssetImportWordPressTests.swift",
"PostFilters/RegexKeyPostFilterTests.swift",
"Processing/MarkdownProcessorAssetDownloaderTests.swift",
"Processing/MarkdownProcessorAssetImportTests.swift",
"Processing/MarkdownProcessorContentBuilderTests.swift",
"Processing/MarkdownProcessorExportDecoderTests.swift",
"Processing/MarkdownProcessorRedirectWriterTests.swift",
"Processing/SettingsTests+Init.swift",
"Processing/SettingsTests.swift",
"Redirects/DynamicRedirectFileWriterTests.swift",
"Redirects/DynamicRedirectGeneratorTests.swift",
"Redirects/NetlifyRedirectFormatterTests.swift",
"Redirects/SectionContentURLGeneratorTests.swift",
"URLExtensionTests.swift"
],
"target_dependencies" : [
"ContributeWordPress"
],
"type" : "test"
},
{
"c99name" : "ContributeWordPress",
"module_type" : "SwiftTarget",
"name" : "ContributeWordPress",
"path" : "Sources/ContributeWordPress",
"product_dependencies" : [
"Contribute",
"SyndiKit"
],
"product_memberships" : [
"ContributeWordPress",
"wpublish"
],
"sources" : [
"Contribute/SectionContentURLGenerator.swift",
"Contribute/Source.swift",
"Contribute/SpecFrontMatterTranslator.swift",
"Contribute/Specs.swift",
"Decoder/BaseURLSite.swift",
"Decoder/PostsExportDecoder.swift",
"Decoder/SitesExportDecoder.swift",
"Decoder/SitesExportSynDecoder.swift",
"Decoder/SynDecoder.swift",
"Decoder/WordPressDecoder.swift",
"Decoder/WordPressSite+RSSChannel.swift",
"Decoder/WordPressSite.swift",
"Extensions/FileManager.swift",
"Extensions/RSSChannel.swift",
"Extensions/Sequence.swift",
"Extensions/URL.swift",
"Images/AssetDownloader.swift",
"Images/AssetImport+WordPress.swift",
"Images/AssetImport.swift",
"Images/AssetImportFactory.swift",
"Images/AssetImportSetting.swift",
"Images/Downloader.swift",
"Images/WordPressError.swift",
"PostFilters/PostFilter.swift",
"PostFilters/RegexKeyPostFilter.swift",
"Processing/MarkdownProcessor+Begin.swift",
"Processing/MarkdownProcessor+SectionContentURLGenerator.swift",
"Processing/MarkdownProcessor+Starter.swift",
"Processing/MarkdownProcessor.swift",
"Processing/ProcessorSettings.swift",
"Processing/PublishDefaults.swift",
"Processing/Settings+ContentResources.swift",
"Processing/Settings+Root.swift",
"Processing/Settings.swift",
"Redirects/Formatters/NetlifyRedirectFormatter.swift",
"Redirects/Formatters/RedirectFormatter.swift",
"Redirects/Generators/DynamicRedirectGenerator.swift",
"Redirects/Generators/RedirectListGenerator.swift",
"Redirects/RedirectItem.swift",
"Redirects/Writers/DynamicRedirectFileWriter.swift",
"Redirects/Writers/RedirectFileWriter.swift"
],
"type" : "library"
}
],
"tools_version" : "5.8"
}
{
"workspace" : {
"name" : "ContributeWordPress",
"schemes" : [
"ContributeWordPress",
"ContributeWordPress-Package",
"wpublish"
]
}
}
2026-09-19 12:16:47.458 xcodebuild[1502:8335] [MT] IDERunDestination: Supported platforms for the buildables in the current scheme is empty.
Running build ...
env DEVELOPER_DIR=/Applications/Xcode-27.0.0-Release.Candidate.app xcrun xcodebuild -IDEClonedSourcePackagesDirPathOverride=$PWD/.dependencies -skipMacroValidation -skipPackagePluginValidation -derivedDataPath $PWD/.derivedData build -scheme ContributeWordPress-Package -destination generic/platform=watchOS
Command line invocation:
/Applications/Xcode-27.0.0-Release.Candidate.app/Contents/Developer/usr/bin/xcodebuild -IDEClonedSourcePackagesDirPathOverride=/Users/admin/builder/spi-builder-workspace/.dependencies -skipMacroValidation -skipPackagePluginValidation -derivedDataPath /Users/admin/builder/spi-builder-workspace/.derivedData build -scheme ContributeWordPress-Package -destination generic/platform=watchOS
Resolve Package Graph
Resolved source packages:
Contribute: https://github.com/brightdigit/Contribute.git @ 1.0.0-beta.1
swift-markdown: https://github.com/swiftlang/swift-markdown.git @ 0.8.0
SyndiKit: https://github.com/brightdigit/SyndiKit.git @ 0.8.1
XMLCoder: https://github.com/CoreOffice/XMLCoder @ 0.18.2
Yams: https://github.com/jpsim/Yams.git @ 6.2.2
cmark-gfm: https://github.com/swiftlang/swift-cmark.git @ 0.8.0
ContributeWordPress: /Users/admin/builder/spi-builder-workspace
SwiftSoup: https://github.com/scinfu/SwiftSoup.git @ 2.13.9
ComputePackagePrebuildTargetDependencyGraph
Prepare packages
CreateBuildRequest
SendProjectDescription
CreateBuildOperation
ComputeTargetDependencyGraph
note: Building targets in dependency order
note: Target dependency graph (21 targets)
Target 'wpublish-product' in project 'ContributeWordPress'
➜ Explicit dependency on target 'ContributeWordPress' in project 'ContributeWordPress'
➜ Explicit dependency on target 'Contribute-product' in project 'Contribute'
➜ Explicit dependency on target 'SyndiKit-product' in project 'SyndiKit'
Target 'ContributeWordPress-product' in project 'ContributeWordPress'
➜ Explicit dependency on target 'ContributeWordPress' in project 'ContributeWordPress'
➜ Explicit dependency on target 'Contribute-product' in project 'Contribute'
➜ Explicit dependency on target 'SyndiKit-product' in project 'SyndiKit'
Target 'ContributeWordPress' in project 'ContributeWordPress'
➜ Explicit dependency on target 'Contribute-product' in project 'Contribute'
➜ Explicit dependency on target 'SyndiKit-product' in project 'SyndiKit'
Target 'SyndiKit-product' in project 'SyndiKit'
➜ Explicit dependency on target 'SyndiKit' in project 'SyndiKit'
➜ Explicit dependency on target 'XMLCoder-product' in project 'XMLCoder'
Target 'SyndiKit' in project 'SyndiKit'
➜ Explicit dependency on target 'XMLCoder-product' in project 'XMLCoder'
Target 'XMLCoder-product' in project 'XMLCoder'
➜ Explicit dependency on target 'XMLCoder' in project 'XMLCoder'
Target 'XMLCoder' in project 'XMLCoder' (no dependencies)
Target 'Contribute-product' in project 'Contribute'
➜ Explicit dependency on target 'Contribute' in project 'Contribute'
➜ Explicit dependency on target 'Yams-product' in project 'Yams'
➜ Explicit dependency on target 'SwiftSoup-product' in project 'SwiftSoup'
➜ Explicit dependency on target 'Markdown-product' in project 'swift-markdown'
Target 'Contribute' in project 'Contribute'
➜ Explicit dependency on target 'Yams-product' in project 'Yams'
➜ Explicit dependency on target 'SwiftSoup-product' in project 'SwiftSoup'
➜ Explicit dependency on target 'Markdown-product' in project 'swift-markdown'
Target 'Markdown-product' in project 'swift-markdown'
➜ Explicit dependency on target 'Markdown' in project 'swift-markdown'
➜ Explicit dependency on target 'CAtomic' in project 'swift-markdown'
➜ Explicit dependency on target 'cmark-gfm-product' in project 'cmark-gfm'
➜ Explicit dependency on target 'cmark-gfm-extensions-product' in project 'cmark-gfm'
Target 'Markdown' in project 'swift-markdown'
➜ Explicit dependency on target 'CAtomic' in project 'swift-markdown'
➜ Explicit dependency on target 'cmark-gfm-product' in project 'cmark-gfm'
➜ Explicit dependency on target 'cmark-gfm-extensions-product' in project 'cmark-gfm'
Target 'cmark-gfm-extensions-product' in project 'cmark-gfm'
➜ Explicit dependency on target 'cmark-gfm-extensions' in project 'cmark-gfm'
➜ Explicit dependency on target 'cmark-gfm' in project 'cmark-gfm'
Target 'cmark-gfm-extensions' in project 'cmark-gfm'
➜ Explicit dependency on target 'cmark-gfm' in project 'cmark-gfm'
Target 'cmark-gfm-product' in project 'cmark-gfm'
➜ Explicit dependency on target 'cmark-gfm' in project 'cmark-gfm'
Target 'cmark-gfm' in project 'cmark-gfm' (no dependencies)
Target 'CAtomic' in project 'swift-markdown' (no dependencies)
Target 'SwiftSoup-product' in project 'SwiftSoup'
➜ Explicit dependency on target 'SwiftSoup' in project 'SwiftSoup'
Target 'SwiftSoup' in project 'SwiftSoup' (no dependencies)
Target 'Yams-product' in project 'Yams'
➜ Explicit dependency on target 'Yams' in project 'Yams'
➜ Explicit dependency on target 'CYaml' in project 'Yams'
Target 'Yams' in project 'Yams'
➜ Explicit dependency on target 'CYaml' in project 'Yams'
Target 'CYaml' in project 'Yams' (no dependencies)
GatherProvisioningInputs
CreateBuildDescription
ClangStatCache /Applications/Xcode-27.0.0-Release.Candidate.app/Contents/Developer/Toolchains/XcodeDefault.xctoolchain/usr/bin/clang-stat-cache /Applications/Xcode-27.0.0-Release.Candidate.app/Contents/Developer/Platforms/WatchOS.platform/Developer/SDKs/WatchOS27.0.sdk /Users/admin/builder/spi-builder-workspace/.derivedData/SDKStatCaches.noindex/watchos27.0-24R360-e829b21a6f8c9b70876ba0858053c04477534ef55a1706bf4c1112bbb242f0a2.sdkstatcache
cd /Users/admin/builder/spi-builder-workspace/.swiftpm/xcode
/Applications/Xcode-27.0.0-Release.Candidate.app/Contents/Developer/Toolchains/XcodeDefault.xctoolchain/usr/bin/clang-stat-cache /Applications/Xcode-27.0.0-Release.Candidate.app/Contents/Developer/Platforms/WatchOS.platform/Developer/SDKs/WatchOS27.0.sdk -o /Users/admin/builder/spi-builder-workspace/.derivedData/SDKStatCaches.noindex/watchos27.0-24R360-e829b21a6f8c9b70876ba0858053c04477534ef55a1706bf4c1112bbb242f0a2.sdkstatcache
SwiftDriver ContributeWordPress normal arm64 com.apple.xcode.tools.swift.compiler (in target 'ContributeWordPress' from project 'ContributeWordPress')
cd /Users/admin/builder/spi-builder-workspace/.swiftpm/xcode
builtin-SwiftDriver -- /Applications/Xcode-27.0.0-Release.Candidate.app/Contents/Developer/Toolchains/XcodeDefault.xctoolchain/usr/bin/swiftc -parse-as-library -module-name ContributeWordPress -Onone @/Users/admin/builder/spi-builder-workspace/.derivedData/Build/Intermediates.noindex/ContributeWordPress.build/Debug-watchos/ContributeWordPress-t.build/Objects-normal/arm64/ContributeWordPress.SwiftFileList -DSWIFT_PACKAGE -DDEBUG -DSWIFT_MODULE_RESOURCE_BUNDLE_UNAVAILABLE -Xcc -fmodule-map-file\=/Users/admin/builder/spi-builder-workspace/.dependencies/checkouts/Yams/Sources/CYaml/include/module.modulemap -Xcc -fmodule-map-file\=/Users/admin/builder/spi-builder-workspace/.dependencies/checkouts/swift-cmark/src/include/module.modulemap -Xcc -fmodule-map-file\=/Users/admin/builder/spi-builder-workspace/.dependencies/checkouts/swift-cmark/extensions/include/module.modulemap -Xcc -fmodule-map-file\=/Users/admin/builder/spi-builder-workspace/.dependencies/checkouts/swift-markdown/Sources/CAtomic/include/module.modulemap -DXcode -plugin-path /Applications/Xcode-27.0.0-Release.Candidate.app/Contents/Developer/Toolchains/XcodeDefault.xctoolchain/usr/lib/swift/host/plugins/testing -enable-experimental-feature DebugDescriptionMacro -sdk /Applications/Xcode-27.0.0-Release.Candidate.app/Contents/Developer/Platforms/WatchOS.platform/Developer/SDKs/WatchOS27.0.sdk -target arm64-apple-watchos9.0 -g -module-cache-path /Users/admin/builder/spi-builder-workspace/.derivedData/ModuleCache.noindex -Xfrontend -serialize-debugging-options -profile-coverage-mapping -profile-generate -enable-testing -index-store-path /Users/admin/builder/spi-builder-workspace/.derivedData/Index.noindex/DataStore -Xcc -D_LIBCPP_HARDENING_MODE\=_LIBCPP_HARDENING_MODE_DEBUG -swift-version 5 -I /Users/admin/builder/spi-builder-workspace/.derivedData/Build/Products/Debug-watchos -Isystem /Applications/Xcode-27.0.0-Release.Candidate.app/Contents/Developer/Platforms/WatchOS.platform/Developer/usr/lib -F /Users/admin/builder/spi-builder-workspace/.derivedData/Build/Products/Debug-watchos/PackageFrameworks -F /Users/admin/builder/spi-builder-workspace/.derivedData/Build/Products/Debug-watchos -F /Applications/Xcode-27.0.0-Release.Candidate.app/Contents/Developer/Platforms/WatchOS.platform/Developer/Library/Frameworks -F /Applications/Xcode-27.0.0-Release.Candidate.app/Contents/Developer/Platforms/WatchOS.platform/Developer/SDKs/WatchOS27.0.sdk/Developer/Library/Frameworks -c -j10 -enable-batch-mode -incremental -Xcc -ivfsstatcache -Xcc /Users/admin/builder/spi-builder-workspace/.derivedData/SDKStatCaches.noindex/watchos27.0-24R360-e829b21a6f8c9b70876ba0858053c04477534ef55a1706bf4c1112bbb242f0a2.sdkstatcache -output-file-map /Users/admin/builder/spi-builder-workspace/.derivedData/Build/Intermediates.noindex/ContributeWordPress.build/Debug-watchos/ContributeWordPress-t.build/Objects-normal/arm64/ContributeWordPress-OutputFileMap.json -save-temps -no-color-diagnostics -explicit-module-build -module-cache-path /Users/admin/builder/spi-builder-workspace/.derivedData/Build/Intermediates.noindex/SwiftExplicitPrecompiledModules -clang-scanner-module-cache-path /Users/admin/builder/spi-builder-workspace/.derivedData/ModuleCache.noindex -sdk-module-cache-path /Users/admin/builder/spi-builder-workspace/.derivedData/SDKExplicitPrecompiledModules -emit-dependencies -emit-module -emit-module-path /Users/admin/builder/spi-builder-workspace/.derivedData/Build/Intermediates.noindex/ContributeWordPress.build/Debug-watchos/ContributeWordPress-t.build/Objects-normal/arm64/ContributeWordPress.swiftmodule -serialize-diagnostics -dependency-scan-serialize-diagnostics-path /Users/admin/builder/spi-builder-workspace/.derivedData/Build/Intermediates.noindex/ContributeWordPress.build/Debug-watchos/ContributeWordPress-t.build/Objects-normal/arm64/ContributeWordPress-dependency-scan.dia -validate-clang-modules-once -clang-build-session-file /Users/admin/builder/spi-builder-workspace/.derivedData/ModuleCache.noindex/Session.modulevalidation -Xcc -fmodules-prune-interval\=86400 -Xcc -fmodules-prune-after\=345600 -emit-const-values -const-gather-protocols-list /Users/admin/builder/spi-builder-workspace/.derivedData/Build/Intermediates.noindex/ContributeWordPress.build/Debug-watchos/ContributeWordPress-t.build/Objects-normal/arm64/ContributeWordPress_const_extract_protocols.json -Xcc -I/Users/admin/builder/spi-builder-workspace/.dependencies/checkouts/Yams/Sources/CYaml/include -Xcc -I/Users/admin/builder/spi-builder-workspace/.dependencies/checkouts/swift-cmark/src/include -Xcc -I/Users/admin/builder/spi-builder-workspace/.dependencies/checkouts/swift-cmark/extensions/include -Xcc -I/Users/admin/builder/spi-builder-workspace/.dependencies/checkouts/swift-markdown/Sources/CAtomic/include -Xcc -I/Users/admin/builder/spi-builder-workspace/.derivedData/Build/Products/Debug-watchos/include -Xcc -I/Users/admin/builder/spi-builder-workspace/.derivedData/Build/Intermediates.noindex/ContributeWordPress.build/Debug-watchos/ContributeWordPress-t.build/DerivedSources-normal/arm64 -Xcc -I/Users/admin/builder/spi-builder-workspace/.derivedData/Build/Intermediates.noindex/ContributeWordPress.build/Debug-watchos/ContributeWordPress-t.build/DerivedSources/arm64 -Xcc -I/Users/admin/builder/spi-builder-workspace/.derivedData/Build/Intermediates.noindex/ContributeWordPress.build/Debug-watchos/ContributeWordPress-t.build/DerivedSources -Xcc -DSWIFT_PACKAGE -Xcc -DDEBUG\=1 -emit-objc-header -emit-objc-header-path /Users/admin/builder/spi-builder-workspace/.derivedData/Build/Intermediates.noindex/ContributeWordPress.build/Debug-watchos/ContributeWordPress-t.build/Objects-normal/arm64/ContributeWordPress-Swift.h -working-directory /Users/admin/builder/spi-builder-workspace/.swiftpm/xcode -experimental-emit-module-separately -disable-cmo
SwiftDriver ContributeWordPress normal arm64_32 com.apple.xcode.tools.swift.compiler (in target 'ContributeWordPress' from project 'ContributeWordPress')
cd /Users/admin/builder/spi-builder-workspace/.swiftpm/xcode
builtin-SwiftDriver -- /Applications/Xcode-27.0.0-Release.Candidate.app/Contents/Developer/Toolchains/XcodeDefault.xctoolchain/usr/bin/swiftc -parse-as-library -module-name ContributeWordPress -Onone @/Users/admin/builder/spi-builder-workspace/.derivedData/Build/Intermediates.noindex/ContributeWordPress.build/Debug-watchos/ContributeWordPress-t.build/Objects-normal/arm64_32/ContributeWordPress.SwiftFileList -DSWIFT_PACKAGE -DDEBUG -DSWIFT_MODULE_RESOURCE_BUNDLE_UNAVAILABLE -Xcc -fmodule-map-file\=/Users/admin/builder/spi-builder-workspace/.dependencies/checkouts/Yams/Sources/CYaml/include/module.modulemap -Xcc -fmodule-map-file\=/Users/admin/builder/spi-builder-workspace/.dependencies/checkouts/swift-cmark/src/include/module.modulemap -Xcc -fmodule-map-file\=/Users/admin/builder/spi-builder-workspace/.dependencies/checkouts/swift-cmark/extensions/include/module.modulemap -Xcc -fmodule-map-file\=/Users/admin/builder/spi-builder-workspace/.dependencies/checkouts/swift-markdown/Sources/CAtomic/include/module.modulemap -DXcode -plugin-path /Applications/Xcode-27.0.0-Release.Candidate.app/Contents/Developer/Toolchains/XcodeDefault.xctoolchain/usr/lib/swift/host/plugins/testing -enable-experimental-feature DebugDescriptionMacro -sdk /Applications/Xcode-27.0.0-Release.Candidate.app/Contents/Developer/Platforms/WatchOS.platform/Developer/SDKs/WatchOS27.0.sdk -target arm64_32-apple-watchos9.0 -g -module-cache-path /Users/admin/builder/spi-builder-workspace/.derivedData/ModuleCache.noindex -Xfrontend -serialize-debugging-options -profile-coverage-mapping -profile-generate -enable-testing -index-store-path /Users/admin/builder/spi-builder-workspace/.derivedData/Index.noindex/DataStore -Xcc -D_LIBCPP_HARDENING_MODE\=_LIBCPP_HARDENING_MODE_DEBUG -swift-version 5 -I /Users/admin/builder/spi-builder-workspace/.derivedData/Build/Products/Debug-watchos -Isystem /Applications/Xcode-27.0.0-Release.Candidate.app/Contents/Developer/Platforms/WatchOS.platform/Developer/usr/lib -F /Users/admin/builder/spi-builder-workspace/.derivedData/Build/Products/Debug-watchos/PackageFrameworks -F /Users/admin/builder/spi-builder-workspace/.derivedData/Build/Products/Debug-watchos -F /Applications/Xcode-27.0.0-Release.Candidate.app/Contents/Developer/Platforms/WatchOS.platform/Developer/Library/Frameworks -F /Applications/Xcode-27.0.0-Release.Candidate.app/Contents/Developer/Platforms/WatchOS.platform/Developer/SDKs/WatchOS27.0.sdk/Developer/Library/Frameworks -c -j10 -enable-batch-mode -incremental -Xcc -ivfsstatcache -Xcc /Users/admin/builder/spi-builder-workspace/.derivedData/SDKStatCaches.noindex/watchos27.0-24R360-e829b21a6f8c9b70876ba0858053c04477534ef55a1706bf4c1112bbb242f0a2.sdkstatcache -output-file-map /Users/admin/builder/spi-builder-workspace/.derivedData/Build/Intermediates.noindex/ContributeWordPress.build/Debug-watchos/ContributeWordPress-t.build/Objects-normal/arm64_32/ContributeWordPress-OutputFileMap.json -save-temps -no-color-diagnostics -explicit-module-build -module-cache-path /Users/admin/builder/spi-builder-workspace/.derivedData/Build/Intermediates.noindex/SwiftExplicitPrecompiledModules -clang-scanner-module-cache-path /Users/admin/builder/spi-builder-workspace/.derivedData/ModuleCache.noindex -sdk-module-cache-path /Users/admin/builder/spi-builder-workspace/.derivedData/SDKExplicitPrecompiledModules -emit-dependencies -emit-module -emit-module-path /Users/admin/builder/spi-builder-workspace/.derivedData/Build/Intermediates.noindex/ContributeWordPress.build/Debug-watchos/ContributeWordPress-t.build/Objects-normal/arm64_32/ContributeWordPress.swiftmodule -serialize-diagnostics -dependency-scan-serialize-diagnostics-path /Users/admin/builder/spi-builder-workspace/.derivedData/Build/Intermediates.noindex/ContributeWordPress.build/Debug-watchos/ContributeWordPress-t.build/Objects-normal/arm64_32/ContributeWordPress-dependency-scan.dia -validate-clang-modules-once -clang-build-session-file /Users/admin/builder/spi-builder-workspace/.derivedData/ModuleCache.noindex/Session.modulevalidation -Xcc -fmodules-prune-interval\=86400 -Xcc -fmodules-prune-after\=345600 -emit-const-values -const-gather-protocols-list /Users/admin/builder/spi-builder-workspace/.derivedData/Build/Intermediates.noindex/ContributeWordPress.build/Debug-watchos/ContributeWordPress-t.build/Objects-normal/arm64_32/ContributeWordPress_const_extract_protocols.json -Xcc -I/Users/admin/builder/spi-builder-workspace/.dependencies/checkouts/Yams/Sources/CYaml/include -Xcc -I/Users/admin/builder/spi-builder-workspace/.dependencies/checkouts/swift-cmark/src/include -Xcc -I/Users/admin/builder/spi-builder-workspace/.dependencies/checkouts/swift-cmark/extensions/include -Xcc -I/Users/admin/builder/spi-builder-workspace/.dependencies/checkouts/swift-markdown/Sources/CAtomic/include -Xcc -I/Users/admin/builder/spi-builder-workspace/.derivedData/Build/Products/Debug-watchos/include -Xcc -I/Users/admin/builder/spi-builder-workspace/.derivedData/Build/Intermediates.noindex/ContributeWordPress.build/Debug-watchos/ContributeWordPress-t.build/DerivedSources-normal/arm64_32 -Xcc -I/Users/admin/builder/spi-builder-workspace/.derivedData/Build/Intermediates.noindex/ContributeWordPress.build/Debug-watchos/ContributeWordPress-t.build/DerivedSources/arm64_32 -Xcc -I/Users/admin/builder/spi-builder-workspace/.derivedData/Build/Intermediates.noindex/ContributeWordPress.build/Debug-watchos/ContributeWordPress-t.build/DerivedSources -Xcc -DSWIFT_PACKAGE -Xcc -DDEBUG\=1 -emit-objc-header -emit-objc-header-path /Users/admin/builder/spi-builder-workspace/.derivedData/Build/Intermediates.noindex/ContributeWordPress.build/Debug-watchos/ContributeWordPress-t.build/Objects-normal/arm64_32/ContributeWordPress-Swift.h -working-directory /Users/admin/builder/spi-builder-workspace/.swiftpm/xcode -experimental-emit-module-separately -disable-cmo
SwiftDriver Contribute normal arm64_32 com.apple.xcode.tools.swift.compiler (in target 'Contribute' from project 'Contribute')
cd /Users/admin/builder/spi-builder-workspace/.swiftpm/xcode
builtin-SwiftDriver -- /Applications/Xcode-27.0.0-Release.Candidate.app/Contents/Developer/Toolchains/XcodeDefault.xctoolchain/usr/bin/swiftc -parse-as-library -module-name Contribute -Onone @/Users/admin/builder/spi-builder-workspace/.derivedData/Build/Intermediates.noindex/Contribute.build/Debug-watchos/Contribute-t.build/Objects-normal/arm64_32/Contribute.SwiftFileList -DSWIFT_PACKAGE -DDEBUG -DSWIFT_MODULE_RESOURCE_BUNDLE_UNAVAILABLE -Xcc -fmodule-map-file\=/Users/admin/builder/spi-builder-workspace/.dependencies/checkouts/Yams/Sources/CYaml/include/module.modulemap -Xcc -fmodule-map-file\=/Users/admin/builder/spi-builder-workspace/.dependencies/checkouts/swift-cmark/src/include/module.modulemap -Xcc -fmodule-map-file\=/Users/admin/builder/spi-builder-workspace/.dependencies/checkouts/swift-cmark/extensions/include/module.modulemap -Xcc -fmodule-map-file\=/Users/admin/builder/spi-builder-workspace/.dependencies/checkouts/swift-markdown/Sources/CAtomic/include/module.modulemap -DXcode -plugin-path /Applications/Xcode-27.0.0-Release.Candidate.app/Contents/Developer/Toolchains/XcodeDefault.xctoolchain/usr/lib/swift/host/plugins/testing -enable-experimental-feature DebugDescriptionMacro -sdk /Applications/Xcode-27.0.0-Release.Candidate.app/Contents/Developer/Platforms/WatchOS.platform/Developer/SDKs/WatchOS27.0.sdk -target arm64_32-apple-watchos9.0 -g -module-cache-path /Users/admin/builder/spi-builder-workspace/.derivedData/ModuleCache.noindex -Xfrontend -serialize-debugging-options -profile-coverage-mapping -profile-generate -enable-testing -suppress-warnings -index-store-path /Users/admin/builder/spi-builder-workspace/.derivedData/Index.noindex/DataStore -Xcc -D_LIBCPP_HARDENING_MODE\=_LIBCPP_HARDENING_MODE_DEBUG -swift-version 6 -I /Users/admin/builder/spi-builder-workspace/.derivedData/Build/Products/Debug-watchos -Isystem /Applications/Xcode-27.0.0-Release.Candidate.app/Contents/Developer/Platforms/WatchOS.platform/Developer/usr/lib -F /Users/admin/builder/spi-builder-workspace/.derivedData/Build/Products/Debug-watchos/PackageFrameworks -F /Users/admin/builder/spi-builder-workspace/.derivedData/Build/Products/Debug-watchos -F /Applications/Xcode-27.0.0-Release.Candidate.app/Contents/Developer/Platforms/WatchOS.platform/Developer/Library/Frameworks -F /Applications/Xcode-27.0.0-Release.Candidate.app/Contents/Developer/Platforms/WatchOS.platform/Developer/SDKs/WatchOS27.0.sdk/Developer/Library/Frameworks -c -j10 -enable-batch-mode -incremental -Xcc -ivfsstatcache -Xcc /Users/admin/builder/spi-builder-workspace/.derivedData/SDKStatCaches.noindex/watchos27.0-24R360-e829b21a6f8c9b70876ba0858053c04477534ef55a1706bf4c1112bbb242f0a2.sdkstatcache -output-file-map /Users/admin/builder/spi-builder-workspace/.derivedData/Build/Intermediates.noindex/Contribute.build/Debug-watchos/Contribute-t.build/Objects-normal/arm64_32/Contribute-OutputFileMap.json -save-temps -no-color-diagnostics -explicit-module-build -module-cache-path /Users/admin/builder/spi-builder-workspace/.derivedData/Build/Intermediates.noindex/SwiftExplicitPrecompiledModules -clang-scanner-module-cache-path /Users/admin/builder/spi-builder-workspace/.derivedData/ModuleCache.noindex -sdk-module-cache-path /Users/admin/builder/spi-builder-workspace/.derivedData/SDKExplicitPrecompiledModules -emit-dependencies -emit-module -emit-module-path /Users/admin/builder/spi-builder-workspace/.derivedData/Build/Intermediates.noindex/Contribute.build/Debug-watchos/Contribute-t.build/Objects-normal/arm64_32/Contribute.swiftmodule -serialize-diagnostics -dependency-scan-serialize-diagnostics-path /Users/admin/builder/spi-builder-workspace/.derivedData/Build/Intermediates.noindex/Contribute.build/Debug-watchos/Contribute-t.build/Objects-normal/arm64_32/Contribute-dependency-scan.dia -validate-clang-modules-once -clang-build-session-file /Users/admin/builder/spi-builder-workspace/.derivedData/ModuleCache.noindex/Session.modulevalidation -Xcc -fmodules-prune-interval\=86400 -Xcc -fmodules-prune-after\=345600 -package-name contribute -emit-const-values -const-gather-protocols-list /Users/admin/builder/spi-builder-workspace/.derivedData/Build/Intermediates.noindex/Contribute.build/Debug-watchos/Contribute-t.build/Objects-normal/arm64_32/Contribute_const_extract_protocols.json -Xcc -I/Users/admin/builder/spi-builder-workspace/.dependencies/checkouts/Yams/Sources/CYaml/include -Xcc -I/Users/admin/builder/spi-builder-workspace/.dependencies/checkouts/swift-cmark/src/include -Xcc -I/Users/admin/builder/spi-builder-workspace/.dependencies/checkouts/swift-cmark/extensions/include -Xcc -I/Users/admin/builder/spi-builder-workspace/.dependencies/checkouts/swift-markdown/Sources/CAtomic/include -Xcc -I/Users/admin/builder/spi-builder-workspace/.derivedData/Build/Products/Debug-watchos/include -Xcc -I/Users/admin/builder/spi-builder-workspace/.derivedData/Build/Intermediates.noindex/Contribute.build/Debug-watchos/Contribute-t.build/DerivedSources-normal/arm64_32 -Xcc -I/Users/admin/builder/spi-builder-workspace/.derivedData/Build/Intermediates.noindex/Contribute.build/Debug-watchos/Contribute-t.build/DerivedSources/arm64_32 -Xcc -I/Users/admin/builder/spi-builder-workspace/.derivedData/Build/Intermediates.noindex/Contribute.build/Debug-watchos/Contribute-t.build/DerivedSources -Xcc -DSWIFT_PACKAGE -Xcc -DDEBUG\=1 -emit-objc-header -emit-objc-header-path /Users/admin/builder/spi-builder-workspace/.derivedData/Build/Intermediates.noindex/Contribute.build/Debug-watchos/Contribute-t.build/Objects-normal/arm64_32/Contribute-Swift.h -working-directory /Users/admin/builder/spi-builder-workspace/.swiftpm/xcode -experimental-emit-module-separately -disable-cmo
SwiftEmitModule normal arm64_32 Emitting\ module\ for\ ContributeWordPress (in target 'ContributeWordPress' from project 'ContributeWordPress')
SwiftCompile normal arm64_32 (in target 'ContributeWordPress' from project 'ContributeWordPress')
cd /Users/admin/builder/spi-builder-workspace/.swiftpm/xcode
SwiftCompile normal arm64_32 Compiling\ SectionContentURLGenerator.swift,\ Source.swift,\ SpecFrontMatterTranslator.swift,\ Specs.swift,\ BaseURLSite.swift /Users/admin/builder/spi-builder-workspace/Sources/ContributeWordPress/Contribute/SectionContentURLGenerator.swift /Users/admin/builder/spi-builder-workspace/Sources/ContributeWordPress/Contribute/Source.swift /Users/admin/builder/spi-builder-workspace/Sources/ContributeWordPress/Contribute/SpecFrontMatterTranslator.swift /Users/admin/builder/spi-builder-workspace/Sources/ContributeWordPress/Contribute/Specs.swift /Users/admin/builder/spi-builder-workspace/Sources/ContributeWordPress/Decoder/BaseURLSite.swift (in target 'ContributeWordPress' from project 'ContributeWordPress')
SwiftCompile normal arm64_32 /Users/admin/builder/spi-builder-workspace/Sources/ContributeWordPress/Contribute/SectionContentURLGenerator.swift (in target 'ContributeWordPress' from project 'ContributeWordPress')
cd /Users/admin/builder/spi-builder-workspace/.swiftpm/xcode
builtin-SwiftPerFileCompile SectionContentURLGenerator.swift
SwiftCompile normal arm64_32 /Users/admin/builder/spi-builder-workspace/Sources/ContributeWordPress/Contribute/Source.swift (in target 'ContributeWordPress' from project 'ContributeWordPress')
cd /Users/admin/builder/spi-builder-workspace/.swiftpm/xcode
builtin-SwiftPerFileCompile Source.swift
SwiftCompile normal arm64_32 /Users/admin/builder/spi-builder-workspace/Sources/ContributeWordPress/Contribute/SpecFrontMatterTranslator.swift (in target 'ContributeWordPress' from project 'ContributeWordPress')
cd /Users/admin/builder/spi-builder-workspace/.swiftpm/xcode
builtin-SwiftPerFileCompile SpecFrontMatterTranslator.swift
SwiftCompile normal arm64_32 /Users/admin/builder/spi-builder-workspace/Sources/ContributeWordPress/Contribute/Specs.swift (in target 'ContributeWordPress' from project 'ContributeWordPress')
cd /Users/admin/builder/spi-builder-workspace/.swiftpm/xcode
builtin-SwiftPerFileCompile Specs.swift
SwiftCompile normal arm64_32 /Users/admin/builder/spi-builder-workspace/Sources/ContributeWordPress/Decoder/BaseURLSite.swift (in target 'ContributeWordPress' from project 'ContributeWordPress')
cd /Users/admin/builder/spi-builder-workspace/.swiftpm/xcode
builtin-SwiftPerFileCompile BaseURLSite.swift
SwiftCompile normal arm64_32 Compiling\ WordPressDecoder.swift,\ WordPressSite+RSSChannel.swift,\ WordPressSite.swift,\ FileManager.swift /Users/admin/builder/spi-builder-workspace/Sources/ContributeWordPress/Decoder/WordPressDecoder.swift /Users/admin/builder/spi-builder-workspace/Sources/ContributeWordPress/Decoder/WordPressSite+RSSChannel.swift /Users/admin/builder/spi-builder-workspace/Sources/ContributeWordPress/Decoder/WordPressSite.swift /Users/admin/builder/spi-builder-workspace/Sources/ContributeWordPress/Extensions/FileManager.swift (in target 'ContributeWordPress' from project 'ContributeWordPress')
SwiftCompile normal arm64_32 /Users/admin/builder/spi-builder-workspace/Sources/ContributeWordPress/Decoder/WordPressDecoder.swift (in target 'ContributeWordPress' from project 'ContributeWordPress')
cd /Users/admin/builder/spi-builder-workspace/.swiftpm/xcode
builtin-SwiftPerFileCompile WordPressDecoder.swift
SwiftCompile normal arm64_32 /Users/admin/builder/spi-builder-workspace/Sources/ContributeWordPress/Decoder/WordPressSite+RSSChannel.swift (in target 'ContributeWordPress' from project 'ContributeWordPress')
cd /Users/admin/builder/spi-builder-workspace/.swiftpm/xcode
builtin-SwiftPerFileCompile WordPressSite+RSSChannel.swift
SwiftCompile normal arm64_32 /Users/admin/builder/spi-builder-workspace/Sources/ContributeWordPress/Decoder/WordPressSite.swift (in target 'ContributeWordPress' from project 'ContributeWordPress')
cd /Users/admin/builder/spi-builder-workspace/.swiftpm/xcode
builtin-SwiftPerFileCompile WordPressSite.swift
SwiftCompile normal arm64_32 /Users/admin/builder/spi-builder-workspace/Sources/ContributeWordPress/Extensions/FileManager.swift (in target 'ContributeWordPress' from project 'ContributeWordPress')
cd /Users/admin/builder/spi-builder-workspace/.swiftpm/xcode
builtin-SwiftPerFileCompile FileManager.swift
SwiftCompile normal arm64_32 Compiling\ Downloader.swift,\ WordPressError.swift,\ PostFilter.swift,\ RegexKeyPostFilter.swift /Users/admin/builder/spi-builder-workspace/Sources/ContributeWordPress/Images/Downloader.swift /Users/admin/builder/spi-builder-workspace/Sources/ContributeWordPress/Images/WordPressError.swift /Users/admin/builder/spi-builder-workspace/Sources/ContributeWordPress/PostFilters/PostFilter.swift /Users/admin/builder/spi-builder-workspace/Sources/ContributeWordPress/PostFilters/RegexKeyPostFilter.swift (in target 'ContributeWordPress' from project 'ContributeWordPress')
SwiftCompile normal arm64_32 /Users/admin/builder/spi-builder-workspace/Sources/ContributeWordPress/Images/Downloader.swift (in target 'ContributeWordPress' from project 'ContributeWordPress')
cd /Users/admin/builder/spi-builder-workspace/.swiftpm/xcode
builtin-SwiftPerFileCompile Downloader.swift
SwiftCompile normal arm64_32 /Users/admin/builder/spi-builder-workspace/Sources/ContributeWordPress/Images/WordPressError.swift (in target 'ContributeWordPress' from project 'ContributeWordPress')
cd /Users/admin/builder/spi-builder-workspace/.swiftpm/xcode
builtin-SwiftPerFileCompile WordPressError.swift
SwiftCompile normal arm64_32 /Users/admin/builder/spi-builder-workspace/Sources/ContributeWordPress/PostFilters/PostFilter.swift (in target 'ContributeWordPress' from project 'ContributeWordPress')
cd /Users/admin/builder/spi-builder-workspace/.swiftpm/xcode
builtin-SwiftPerFileCompile PostFilter.swift
SwiftCompile normal arm64_32 /Users/admin/builder/spi-builder-workspace/Sources/ContributeWordPress/PostFilters/RegexKeyPostFilter.swift (in target 'ContributeWordPress' from project 'ContributeWordPress')
cd /Users/admin/builder/spi-builder-workspace/.swiftpm/xcode
builtin-SwiftPerFileCompile RegexKeyPostFilter.swift
SwiftCompile normal arm64_32 Compiling\ ProcessorSettings.swift,\ PublishDefaults.swift,\ Settings+ContentResources.swift,\ Settings+Root.swift /Users/admin/builder/spi-builder-workspace/Sources/ContributeWordPress/Processing/ProcessorSettings.swift /Users/admin/builder/spi-builder-workspace/Sources/ContributeWordPress/Processing/PublishDefaults.swift /Users/admin/builder/spi-builder-workspace/Sources/ContributeWordPress/Processing/Settings+ContentResources.swift /Users/admin/builder/spi-builder-workspace/Sources/ContributeWordPress/Processing/Settings+Root.swift (in target 'ContributeWordPress' from project 'ContributeWordPress')
/Users/admin/builder/spi-builder-workspace/Sources/ContributeWordPress/Processing/Settings+ContentResources.swift:55:7: error: cannot find 'PandocMarkdownGenerator' in scope
53 | assetRelativePath: String = PublishDefaults.wpAssetsRelativePath,
54 | temporaryFile: @escaping (String) throws -> URL =
55 | PandocMarkdownGenerator.Temporary.file(fromContent:),
| `- error: cannot find 'PandocMarkdownGenerator' in scope
56 | shellOut: @escaping (String, [String]) throws -> String
57 | ) {
/Users/admin/builder/spi-builder-workspace/Sources/ContributeWordPress/Processing/Settings+ContentResources.swift:66:7: error: cannot find 'PandocMarkdownGenerator' in scope
64 | assetRelativePath: assetRelativePath,
65 | markdownGenerator:
66 | PandocMarkdownGenerator(shellOut: shellOut, temporaryFile: temporaryFile)
| `- error: cannot find 'PandocMarkdownGenerator' in scope
67 | )
68 | }
/Users/admin/builder/spi-builder-workspace/Sources/ContributeWordPress/Processing/Settings+Root.swift:83:7: error: cannot find 'PandocMarkdownGenerator' in scope
81 | assetRelativePath: String = PublishDefaults.wpAssetsRelativePath,
82 | temporaryFile: @escaping (String) throws -> URL =
83 | PandocMarkdownGenerator.Temporary.file(fromContent:),
| `- error: cannot find 'PandocMarkdownGenerator' in scope
84 | shellOut: @escaping (String, [String]) throws -> String
85 | ) {
Failed frontend command:
/Applications/Xcode-27.0.0-Release.Candidate.app/Contents/Developer/Toolchains/XcodeDefault.xctoolchain/usr/bin/swift-frontend -frontend -c /Users/admin/builder/spi-builder-workspace/Sources/ContributeWordPress/Contribute/SectionContentURLGenerator.swift /Users/admin/builder/spi-builder-workspace/Sources/ContributeWordPress/Contribute/Source.swift /Users/admin/builder/spi-builder-workspace/Sources/ContributeWordPress/Contribute/SpecFrontMatterTranslator.swift /Users/admin/builder/spi-builder-workspace/Sources/ContributeWordPress/Contribute/Specs.swift /Users/admin/builder/spi-builder-workspace/Sources/ContributeWordPress/Decoder/BaseURLSite.swift /Users/admin/builder/spi-builder-workspace/Sources/ContributeWordPress/Decoder/PostsExportDecoder.swift /Users/admin/builder/spi-builder-workspace/Sources/ContributeWordPress/Decoder/SitesExportDecoder.swift /Users/admin/builder/spi-builder-workspace/Sources/ContributeWordPress/Decoder/SitesExportSynDecoder.swift /Users/admin/builder/spi-builder-workspace/Sources/ContributeWordPress/Decoder/SynDecoder.swift /Users/admin/builder/spi-builder-workspace/Sources/ContributeWordPress/Decoder/WordPressDecoder.swift /Users/admin/builder/spi-builder-workspace/Sources/ContributeWordPress/Decoder/WordPressSite+RSSChannel.swift /Users/admin/builder/spi-builder-workspace/Sources/ContributeWordPress/Decoder/WordPressSite.swift /Users/admin/builder/spi-builder-workspace/Sources/ContributeWordPress/Extensions/FileManager.swift /Users/admin/builder/spi-builder-workspace/Sources/ContributeWordPress/Extensions/RSSChannel.swift /Users/admin/builder/spi-builder-workspace/Sources/ContributeWordPress/Extensions/Sequence.swift /Users/admin/builder/spi-builder-workspace/Sources/ContributeWordPress/Extensions/URL.swift /Users/admin/builder/spi-builder-workspace/Sources/ContributeWordPress/Images/AssetDownloader.swift /Users/admin/builder/spi-builder-workspace/Sources/ContributeWordPress/Images/AssetImport+WordPress.swift /Users/admin/builder/spi-builder-workspace/Sources/ContributeWordPress/Images/AssetImport.swift /Users/admin/builder/spi-builder-workspace/Sources/ContributeWordPress/Images/AssetImportFactory.swift /Users/admin/builder/spi-builder-workspace/Sources/ContributeWordPress/Images/AssetImportSetting.swift /Users/admin/builder/spi-builder-workspace/Sources/ContributeWordPress/Images/Downloader.swift /Users/admin/builder/spi-builder-workspace/Sources/ContributeWordPress/Images/WordPressError.swift /Users/admin/builder/spi-builder-workspace/Sources/ContributeWordPress/PostFilters/PostFilter.swift /Users/admin/builder/spi-builder-workspace/Sources/ContributeWordPress/PostFilters/RegexKeyPostFilter.swift /Users/admin/builder/spi-builder-workspace/Sources/ContributeWordPress/Processing/MarkdownProcessor+Begin.swift /Users/admin/builder/spi-builder-workspace/Sources/ContributeWordPress/Processing/MarkdownProcessor+SectionContentURLGenerator.swift /Users/admin/builder/spi-builder-workspace/Sources/ContributeWordPress/Processing/MarkdownProcessor+Starter.swift /Users/admin/builder/spi-builder-workspace/Sources/ContributeWordPress/Processing/MarkdownProcessor.swift -primary-file /Users/admin/builder/spi-builder-workspace/Sources/ContributeWordPress/Processing/ProcessorSettings.swift -primary-file /Users/admin/builder/spi-builder-workspace/Sources/ContributeWordPress/Processing/PublishDefaults.swift -primary-file /Users/admin/builder/spi-builder-workspace/Sources/ContributeWordPress/Processing/Settings+ContentResources.swift -primary-file /Users/admin/builder/spi-builder-workspace/Sources/ContributeWordPress/Processing/Settings+Root.swift /Users/admin/builder/spi-builder-workspace/Sources/ContributeWordPress/Processing/Settings.swift /Users/admin/builder/spi-builder-workspace/Sources/ContributeWordPress/Redirects/Formatters/NetlifyRedirectFormatter.swift /Users/admin/builder/spi-builder-workspace/Sources/ContributeWordPress/Redirects/Formatters/RedirectFormatter.swift /Users/admin/builder/spi-builder-workspace/Sources/ContributeWordPress/Redirects/Generators/DynamicRedirectGenerator.swift /Users/admin/builder/spi-builder-workspace/Sources/ContributeWordPress/Redirects/Generators/RedirectListGenerator.swift /Users/admin/builder/spi-builder-workspace/Sources/ContributeWordPress/Redirects/RedirectItem.swift /Users/admin/builder/spi-builder-workspace/Sources/ContributeWordPress/Redirects/Writers/DynamicRedirectFileWriter.swift /Users/admin/builder/spi-builder-workspace/Sources/ContributeWordPress/Redirects/Writers/RedirectFileWriter.swift -supplementary-output-file-map /Users/admin/builder/spi-builder-workspace/.derivedData/Build/Intermediates.noindex/ContributeWordPress.build/Debug-watchos/ContributeWordPress-t.build/Objects-normal/arm64_32/supplementaryOutputs-16 -target arm64_32-apple-watchos9.0 -disable-cross-import-overlay-search -load-resolved-plugin /Applications/Xcode-27.0.0-Release.Candidate.app/Contents/Developer/Platforms/WatchOS.platform/Developer/usr/lib/swift/host/plugins/libFoundationMacros.dylib\#/Applications/Xcode-27.0.0-Release.Candidate.app/Contents/Developer/Platforms/WatchOS.platform/Developer/usr/bin/swift-plugin-server\#FoundationMacros -load-resolved-plugin /Applications/Xcode-27.0.0-Release.Candidate.app/Contents/Developer/Platforms/WatchOS.platform/Developer/usr/lib/swift/host/plugins/libObservationMacros.dylib\#/Applications/Xcode-27.0.0-Release.Candidate.app/Contents/Developer/Platforms/WatchOS.platform/Developer/usr/bin/swift-plugin-server\#ObservationMacros -load-resolved-plugin /Applications/Xcode-27.0.0-Release.Candidate.app/Contents/Developer/Platforms/WatchOS.platform/Developer/usr/lib/swift/host/plugins/libSwiftMacros.dylib\#/Applications/Xcode-27.0.0-Release.Candidate.app/Contents/Developer/Platforms/WatchOS.platform/Developer/usr/bin/swift-plugin-server\#SwiftMacros -disable-implicit-swift-modules -Xcc -fno-implicit-modules -Xcc -fno-implicit-module-maps -explicit-swift-module-map-file /Users/admin/builder/spi-builder-workspace/.derivedData/Build/Intermediates.noindex/ContributeWordPress.build/Debug-watchos/ContributeWordPress-t.build/Objects-normal/arm64_32/ContributeWordPress-dependencies-2.json -enable-objc-interop -sdk /Applications/Xcode-27.0.0-Release.Candidate.app/Contents/Developer/Platforms/WatchOS.platform/Developer/SDKs/WatchOS27.0.sdk -I /Users/admin/builder/spi-builder-workspace/.derivedData/Build/Products/Debug-watchos -Isystem /Applications/Xcode-27.0.0-Release.Candidate.app/Contents/Developer/Platforms/WatchOS.platform/Developer/usr/lib -F /Users/admin/builder/spi-builder-workspace/.derivedData/Build/Products/Debug-watchos/PackageFrameworks -F /Users/admin/builder/spi-builder-workspace/.derivedData/Build/Products/Debug-watchos -F /Applications/Xcode-27.0.0-Release.Candidate.app/Contents/Developer/Platforms/WatchOS.platform/Developer/Library/Frameworks -F /Applications/Xcode-27.0.0-Release.Candidate.app/Contents/Developer/Platforms/WatchOS.platform/Developer/SDKs/WatchOS27.0.sdk/Developer/Library/Frameworks -module-cache-path /Users/admin/builder/spi-builder-workspace/.derivedData/Build/Intermediates.noindex/SwiftExplicitPrecompiledModules -no-color-diagnostics -Xcc -fno-color-diagnostics -enable-testing -g -debug-info-format\=dwarf -dwarf-version\=4 -profile-generate -profile-coverage-mapping -swift-version 5 -Onone -D SWIFT_PACKAGE -D DEBUG -D SWIFT_MODULE_RESOURCE_BUNDLE_UNAVAILABLE -D Xcode -serialize-debugging-options -enable-experimental-feature DebugDescriptionMacro -empty-abi-descriptor -validate-clang-modules-once -clang-build-session-file /Users/admin/builder/spi-builder-workspace/.derivedData/ModuleCache.noindex/Session.modulevalidation -Xcc -working-directory -Xcc /Users/admin/builder/spi-builder-workspace/.swiftpm/xcode -enable-anonymous-context-mangled-names -file-compilation-dir /Users/admin/builder/spi-builder-workspace/.swiftpm/xcode -Xcc -fmodule-map-file\=/Users/admin/builder/spi-builder-workspace/.dependencies/checkouts/Yams/Sources/CYaml/include/module.modulemap -Xcc -fmodule-map-file\=/Users/admin/builder/spi-builder-workspace/.dependencies/checkouts/swift-cmark/src/include/module.modulemap -Xcc -fmodule-map-file\=/Users/admin/builder/spi-builder-workspace/.dependencies/checkouts/swift-cmark/extensions/include/module.modulemap -Xcc -fmodule-map-file\=/Users/admin/builder/spi-builder-workspace/.dependencies/checkouts/swift-markdown/Sources/CAtomic/include/module.modulemap -Xcc -D_LIBCPP_HARDENING_MODE\=_LIBCPP_HARDENING_MODE_DEBUG -Xcc -ivfsstatcache -Xcc /Users/admin/builder/spi-builder-workspace/.derivedData/SDKStatCaches.noindex/watchos27.0-24R360-e829b21a6f8c9b70876ba0858053c04477534ef55a1706bf4c1112bbb242f0a2.sdkstatcache -Xcc -fmodules-prune-interval\=86400 -Xcc -fmodules-prune-after\=345600 -Xcc -I/Users/admin/builder/spi-builder-workspace/.dependencies/checkouts/Yams/Sources/CYaml/include -Xcc -I/Users/admin/builder/spi-builder-workspace/.dependencies/checkouts/swift-cmark/src/include -Xcc -I/Users/admin/builder/spi-builder-workspace/.dependencies/checkouts/swift-cmark/extensions/include -Xcc -I/Users/admin/builder/spi-builder-workspace/.dependencies/checkouts/swift-markdown/Sources/CAtomic/include -Xcc -I/Users/admin/builder/spi-builder-workspace/.derivedData/Build/Products/Debug-watchos/include -Xcc -I/Users/admin/builder/spi-builder-workspace/.derivedData/Build/Intermediates.noindex/ContributeWordPress.build/Debug-watchos/ContributeWordPress-t.build/DerivedSources-normal/arm64_32 -Xcc -I/Users/admin/builder/spi-builder-workspace/.derivedData/Build/Intermediates.noindex/ContributeWordPress.build/Debug-watchos/ContributeWordPress-t.build/DerivedSources/arm64_32 -Xcc -I/Users/admin/builder/spi-builder-workspace/.derivedData/Build/Intermediates.noindex/ContributeWordPress.build/Debug-watchos/ContributeWordPress-t.build/DerivedSources -Xcc -DSWIFT_PACKAGE -Xcc -DDEBUG\=1 -no-auto-bridging-header-chaining -module-name ContributeWordPress -const-gather-protocols-file /Users/admin/builder/spi-builder-workspace/.derivedData/Build/Intermediates.noindex/ContributeWordPress.build/Debug-watchos/ContributeWordPress-t.build/Objects-normal/arm64_32/ContributeWordPress_const_extract_protocols.json -disable-clang-spi -clang-target arm64_32-apple-watchos27.0 -target-sdk-version 27.0 -target-sdk-name watchos27.0 -in-process-plugin-server-path /Applications/Xcode-27.0.0-Release.Candidate.app/Contents/Developer/Toolchains/XcodeDefault.xctoolchain/usr/lib/swift/host/libSwiftInProcPluginServer.dylib -parse-as-library -o /Users/admin/builder/spi-builder-workspace/.derivedData/Build/Intermediates.noindex/ContributeWordPress.build/Debug-watchos/ContributeWordPress-t.build/Objects-normal/arm64_32/ProcessorSettings.o -o /Users/admin/builder/spi-builder-workspace/.derivedData/Build/Intermediates.noindex/ContributeWordPress.build/Debug-watchos/ContributeWordPress-t.build/Objects-normal/arm64_32/PublishDefaults.o -o /Users/admin/builder/spi-builder-workspace/.derivedData/Build/Intermediates.noindex/ContributeWordPress.build/Debug-watchos/ContributeWordPress-t.build/Objects-normal/arm64_32/Settings+ContentResources.o -o /Users/admin/builder/spi-builder-workspace/.derivedData/Build/Intermediates.noindex/ContributeWordPress.build/Debug-watchos/ContributeWordPress-t.build/Objects-normal/arm64_32/Settings+Root.o -debug-module-path /Users/admin/builder/spi-builder-workspace/.derivedData/Build/Intermediates.noindex/ContributeWordPress.build/Debug-watchos/ContributeWordPress-t.build/Objects-normal/arm64_32/ContributeWordPress.swiftmodule -index-unit-output-path /ContributeWordPress.build/Debug-watchos/ContributeWordPress-t.build/Objects-normal/arm64_32/ProcessorSettings.o -index-unit-output-path /ContributeWordPress.build/Debug-watchos/ContributeWordPress-t.build/Objects-normal/arm64_32/PublishDefaults.o -index-unit-output-path /ContributeWordPress.build/Debug-watchos/ContributeWordPress-t.build/Objects-normal/arm64_32/Settings+ContentResources.o -index-unit-output-path /ContributeWordPress.build/Debug-watchos/ContributeWordPress-t.build/Objects-normal/arm64_32/Settings+Root.o -index-store-path /Users/admin/builder/spi-builder-workspace/.derivedData/Index.noindex/DataStore -index-system-modules
SwiftCompile normal arm64_32 /Users/admin/builder/spi-builder-workspace/Sources/ContributeWordPress/Processing/ProcessorSettings.swift (in target 'ContributeWordPress' from project 'ContributeWordPress')
cd /Users/admin/builder/spi-builder-workspace/.swiftpm/xcode
builtin-SwiftPerFileCompile ProcessorSettings.swift
SwiftCompile normal arm64_32 /Users/admin/builder/spi-builder-workspace/Sources/ContributeWordPress/Processing/PublishDefaults.swift (in target 'ContributeWordPress' from project 'ContributeWordPress')
cd /Users/admin/builder/spi-builder-workspace/.swiftpm/xcode
builtin-SwiftPerFileCompile PublishDefaults.swift
SwiftCompile normal arm64_32 /Users/admin/builder/spi-builder-workspace/Sources/ContributeWordPress/Processing/Settings+ContentResources.swift (in target 'ContributeWordPress' from project 'ContributeWordPress')
cd /Users/admin/builder/spi-builder-workspace/.swiftpm/xcode
builtin-SwiftPerFileCompile Settings+ContentResources.swift
SwiftCompile normal arm64_32 /Users/admin/builder/spi-builder-workspace/Sources/ContributeWordPress/Processing/Settings+Root.swift (in target 'ContributeWordPress' from project 'ContributeWordPress')
cd /Users/admin/builder/spi-builder-workspace/.swiftpm/xcode
builtin-SwiftPerFileCompile Settings+Root.swift
SwiftCompile normal arm64_32 Compiling\ RSSChannel.swift,\ Sequence.swift,\ URL.swift,\ AssetDownloader.swift /Users/admin/builder/spi-builder-workspace/Sources/ContributeWordPress/Extensions/RSSChannel.swift /Users/admin/builder/spi-builder-workspace/Sources/ContributeWordPress/Extensions/Sequence.swift /Users/admin/builder/spi-builder-workspace/Sources/ContributeWordPress/Extensions/URL.swift /Users/admin/builder/spi-builder-workspace/Sources/ContributeWordPress/Images/AssetDownloader.swift (in target 'ContributeWordPress' from project 'ContributeWordPress')
/Users/admin/builder/spi-builder-workspace/Sources/ContributeWordPress/Images/AssetDownloader.swift:62:9: error: extra trailing closure passed in call
60 | to: asset.atURL,
61 | allowOverwrite: allowsOverwrites
62 | ) { error in
| `- error: extra trailing closure passed in call
63 | if let error = error {
64 | errors[asset.fromURL] = error
SwiftCompile normal arm64_32 /Users/admin/builder/spi-builder-workspace/Sources/ContributeWordPress/Extensions/RSSChannel.swift (in target 'ContributeWordPress' from project 'ContributeWordPress')
cd /Users/admin/builder/spi-builder-workspace/.swiftpm/xcode
builtin-SwiftPerFileCompile RSSChannel.swift
SwiftCompile normal arm64_32 /Users/admin/builder/spi-builder-workspace/Sources/ContributeWordPress/Extensions/Sequence.swift (in target 'ContributeWordPress' from project 'ContributeWordPress')
cd /Users/admin/builder/spi-builder-workspace/.swiftpm/xcode
builtin-SwiftPerFileCompile Sequence.swift
SwiftCompile normal arm64_32 /Users/admin/builder/spi-builder-workspace/Sources/ContributeWordPress/Extensions/URL.swift (in target 'ContributeWordPress' from project 'ContributeWordPress')
cd /Users/admin/builder/spi-builder-workspace/.swiftpm/xcode
builtin-SwiftPerFileCompile URL.swift
SwiftCompile normal arm64_32 /Users/admin/builder/spi-builder-workspace/Sources/ContributeWordPress/Images/AssetDownloader.swift (in target 'ContributeWordPress' from project 'ContributeWordPress')
cd /Users/admin/builder/spi-builder-workspace/.swiftpm/xcode
builtin-SwiftPerFileCompile AssetDownloader.swift
SwiftCompile normal arm64_32 Compiling\ Settings.swift,\ NetlifyRedirectFormatter.swift,\ RedirectFormatter.swift,\ DynamicRedirectGenerator.swift /Users/admin/builder/spi-builder-workspace/Sources/ContributeWordPress/Processing/Settings.swift /Users/admin/builder/spi-builder-workspace/Sources/ContributeWordPress/Redirects/Formatters/NetlifyRedirectFormatter.swift /Users/admin/builder/spi-builder-workspace/Sources/ContributeWordPress/Redirects/Formatters/RedirectFormatter.swift /Users/admin/builder/spi-builder-workspace/Sources/ContributeWordPress/Redirects/Generators/DynamicRedirectGenerator.swift (in target 'ContributeWordPress' from project 'ContributeWordPress')
SwiftCompile normal arm64_32 /Users/admin/builder/spi-builder-workspace/Sources/ContributeWordPress/Processing/Settings.swift (in target 'ContributeWordPress' from project 'ContributeWordPress')
cd /Users/admin/builder/spi-builder-workspace/.swiftpm/xcode
builtin-SwiftPerFileCompile Settings.swift
SwiftCompile normal arm64_32 /Users/admin/builder/spi-builder-workspace/Sources/ContributeWordPress/Redirects/Formatters/NetlifyRedirectFormatter.swift (in target 'ContributeWordPress' from project 'ContributeWordPress')
cd /Users/admin/builder/spi-builder-workspace/.swiftpm/xcode
builtin-SwiftPerFileCompile NetlifyRedirectFormatter.swift
SwiftCompile normal arm64_32 /Users/admin/builder/spi-builder-workspace/Sources/ContributeWordPress/Redirects/Formatters/RedirectFormatter.swift (in target 'ContributeWordPress' from project 'ContributeWordPress')
cd /Users/admin/builder/spi-builder-workspace/.swiftpm/xcode
builtin-SwiftPerFileCompile RedirectFormatter.swift
SwiftCompile normal arm64_32 /Users/admin/builder/spi-builder-workspace/Sources/ContributeWordPress/Redirects/Generators/DynamicRedirectGenerator.swift (in target 'ContributeWordPress' from project 'ContributeWordPress')
cd /Users/admin/builder/spi-builder-workspace/.swiftpm/xcode
builtin-SwiftPerFileCompile DynamicRedirectGenerator.swift
SwiftCompile normal arm64_32 Compiling\ MarkdownProcessor+Begin.swift,\ MarkdownProcessor+SectionContentURLGenerator.swift,\ MarkdownProcessor+Starter.swift,\ MarkdownProcessor.swift /Users/admin/builder/spi-builder-workspace/Sources/ContributeWordPress/Processing/MarkdownProcessor+Begin.swift /Users/admin/builder/spi-builder-workspace/Sources/ContributeWordPress/Processing/MarkdownProcessor+SectionContentURLGenerator.swift /Users/admin/builder/spi-builder-workspace/Sources/ContributeWordPress/Processing/MarkdownProcessor+Starter.swift /Users/admin/builder/spi-builder-workspace/Sources/ContributeWordPress/Processing/MarkdownProcessor.swift (in target 'ContributeWordPress' from project 'ContributeWordPress')
SwiftCompile normal arm64_32 /Users/admin/builder/spi-builder-workspace/Sources/ContributeWordPress/Processing/MarkdownProcessor+Begin.swift (in target 'ContributeWordPress' from project 'ContributeWordPress')
cd /Users/admin/builder/spi-builder-workspace/.swiftpm/xcode
builtin-SwiftPerFileCompile MarkdownProcessor+Begin.swift
SwiftCompile normal arm64_32 /Users/admin/builder/spi-builder-workspace/Sources/ContributeWordPress/Processing/MarkdownProcessor+SectionContentURLGenerator.swift (in target 'ContributeWordPress' from project 'ContributeWordPress')
cd /Users/admin/builder/spi-builder-workspace/.swiftpm/xcode
builtin-SwiftPerFileCompile MarkdownProcessor+SectionContentURLGenerator.swift
SwiftCompile normal arm64_32 /Users/admin/builder/spi-builder-workspace/Sources/ContributeWordPress/Processing/MarkdownProcessor+Starter.swift (in target 'ContributeWordPress' from project 'ContributeWordPress')
cd /Users/admin/builder/spi-builder-workspace/.swiftpm/xcode
builtin-SwiftPerFileCompile MarkdownProcessor+Starter.swift
SwiftCompile normal arm64_32 /Users/admin/builder/spi-builder-workspace/Sources/ContributeWordPress/Processing/MarkdownProcessor.swift (in target 'ContributeWordPress' from project 'ContributeWordPress')
cd /Users/admin/builder/spi-builder-workspace/.swiftpm/xcode
builtin-SwiftPerFileCompile MarkdownProcessor.swift
SwiftCompile normal arm64_32 Compiling\ RedirectListGenerator.swift,\ RedirectItem.swift,\ DynamicRedirectFileWriter.swift,\ RedirectFileWriter.swift /Users/admin/builder/spi-builder-workspace/Sources/ContributeWordPress/Redirects/Generators/RedirectListGenerator.swift /Users/admin/builder/spi-builder-workspace/Sources/ContributeWordPress/Redirects/RedirectItem.swift /Users/admin/builder/spi-builder-workspace/Sources/ContributeWordPress/Redirects/Writers/DynamicRedirectFileWriter.swift /Users/admin/builder/spi-builder-workspace/Sources/ContributeWordPress/Redirects/Writers/RedirectFileWriter.swift (in target 'ContributeWordPress' from project 'ContributeWordPress')
SwiftCompile normal arm64_32 /Users/admin/builder/spi-builder-workspace/Sources/ContributeWordPress/Redirects/Generators/RedirectListGenerator.swift (in target 'ContributeWordPress' from project 'ContributeWordPress')
cd /Users/admin/builder/spi-builder-workspace/.swiftpm/xcode
builtin-SwiftPerFileCompile RedirectListGenerator.swift
SwiftCompile normal arm64_32 /Users/admin/builder/spi-builder-workspace/Sources/ContributeWordPress/Redirects/RedirectItem.swift (in target 'ContributeWordPress' from project 'ContributeWordPress')
cd /Users/admin/builder/spi-builder-workspace/.swiftpm/xcode
builtin-SwiftPerFileCompile RedirectItem.swift
SwiftCompile normal arm64_32 /Users/admin/builder/spi-builder-workspace/Sources/ContributeWordPress/Redirects/Writers/DynamicRedirectFileWriter.swift (in target 'ContributeWordPress' from project 'ContributeWordPress')
cd /Users/admin/builder/spi-builder-workspace/.swiftpm/xcode
builtin-SwiftPerFileCompile DynamicRedirectFileWriter.swift
SwiftCompile normal arm64_32 /Users/admin/builder/spi-builder-workspace/Sources/ContributeWordPress/Redirects/Writers/RedirectFileWriter.swift (in target 'ContributeWordPress' from project 'ContributeWordPress')
cd /Users/admin/builder/spi-builder-workspace/.swiftpm/xcode
builtin-SwiftPerFileCompile RedirectFileWriter.swift
SwiftCompile normal arm64_32 Compiling\ PostsExportDecoder.swift,\ SitesExportDecoder.swift,\ SitesExportSynDecoder.swift,\ SynDecoder.swift /Users/admin/builder/spi-builder-workspace/Sources/ContributeWordPress/Decoder/PostsExportDecoder.swift /Users/admin/builder/spi-builder-workspace/Sources/ContributeWordPress/Decoder/SitesExportDecoder.swift /Users/admin/builder/spi-builder-workspace/Sources/ContributeWordPress/Decoder/SitesExportSynDecoder.swift /Users/admin/builder/spi-builder-workspace/Sources/ContributeWordPress/Decoder/SynDecoder.swift (in target 'ContributeWordPress' from project 'ContributeWordPress')
SwiftCompile normal arm64_32 /Users/admin/builder/spi-builder-workspace/Sources/ContributeWordPress/Decoder/PostsExportDecoder.swift (in target 'ContributeWordPress' from project 'ContributeWordPress')
cd /Users/admin/builder/spi-builder-workspace/.swiftpm/xcode
builtin-SwiftPerFileCompile PostsExportDecoder.swift
SwiftCompile normal arm64_32 /Users/admin/builder/spi-builder-workspace/Sources/ContributeWordPress/Decoder/SitesExportDecoder.swift (in target 'ContributeWordPress' from project 'ContributeWordPress')
cd /Users/admin/builder/spi-builder-workspace/.swiftpm/xcode
builtin-SwiftPerFileCompile SitesExportDecoder.swift
SwiftCompile normal arm64_32 /Users/admin/builder/spi-builder-workspace/Sources/ContributeWordPress/Decoder/SitesExportSynDecoder.swift (in target 'ContributeWordPress' from project 'ContributeWordPress')
cd /Users/admin/builder/spi-builder-workspace/.swiftpm/xcode
builtin-SwiftPerFileCompile SitesExportSynDecoder.swift
SwiftCompile normal arm64_32 /Users/admin/builder/spi-builder-workspace/Sources/ContributeWordPress/Decoder/SynDecoder.swift (in target 'ContributeWordPress' from project 'ContributeWordPress')
cd /Users/admin/builder/spi-builder-workspace/.swiftpm/xcode
builtin-SwiftPerFileCompile SynDecoder.swift
SwiftEmitModule normal arm64 Emitting\ module\ for\ ContributeWordPress (in target 'ContributeWordPress' from project 'ContributeWordPress')
SwiftCompile normal arm64 (in target 'ContributeWordPress' from project 'ContributeWordPress')
cd /Users/admin/builder/spi-builder-workspace/.swiftpm/xcode
PruneExplicitPrecompiledModules /Users/admin/builder/spi-builder-workspace/.derivedData/SDKExplicitPrecompiledModules
PruneExplicitPrecompiledModules /Users/admin/builder/spi-builder-workspace/.derivedData/Build/Intermediates.noindex/ExplicitPrecompiledModules
PruneExplicitPrecompiledModules /Users/admin/builder/spi-builder-workspace/.derivedData/Build/Intermediates.noindex/SwiftExplicitPrecompiledModules
2026-09-19 12:16:48.710 xcodebuild[1503:8359] [MT] IDERunDestination: Supported platforms for the buildables in the current scheme is empty.
** BUILD FAILED **
The following build commands failed:
SwiftCompile normal arm64_32 Compiling\ ProcessorSettings.swift,\ PublishDefaults.swift,\ Settings+ContentResources.swift,\ Settings+Root.swift /Users/admin/builder/spi-builder-workspace/Sources/ContributeWordPress/Processing/ProcessorSettings.swift /Users/admin/builder/spi-builder-workspace/Sources/ContributeWordPress/Processing/PublishDefaults.swift /Users/admin/builder/spi-builder-workspace/Sources/ContributeWordPress/Processing/Settings+ContentResources.swift /Users/admin/builder/spi-builder-workspace/Sources/ContributeWordPress/Processing/Settings+Root.swift (in target 'ContributeWordPress' from project 'ContributeWordPress')
SwiftCompile normal arm64_32 /Users/admin/builder/spi-builder-workspace/Sources/ContributeWordPress/Processing/Settings+ContentResources.swift (in target 'ContributeWordPress' from project 'ContributeWordPress')
SwiftCompile normal arm64_32 /Users/admin/builder/spi-builder-workspace/Sources/ContributeWordPress/Processing/Settings+Root.swift (in target 'ContributeWordPress' from project 'ContributeWordPress')
Building workspace ContributeWordPress with scheme ContributeWordPress-Package
(4 failures)
BUILD FAILURE 6.4 watchOS