Build Information
Failed to build iOSDropDown, reference master (01b96f), with Swift 6.4 for watchOS using Xcode 27.0 on 24 Sep 2026 20:04:16 UTC.
Build Command
env DEVELOPER_DIR=/Applications/Xcode-27.0.0-Release.Candidate.app xcrun xcodebuild -IDEClonedSourcePackagesDirPathOverride=$PWD/.dependencies -skipMacroValidation -skipPackagePluginValidation -derivedDataPath $PWD/.derivedData build -scheme iOSDropDown -destination generic/platform=watchOSBuild Log
392 | public func tableView(_ tableView: UITableView, numberOfRowsInSection section: Int) -> Int {
| `- error: 'UITableView' is unavailable in watchOS
393 | return dataArray.count
394 | }
/Applications/Xcode-27.0.0-Release.Candidate.app/Contents/Developer/Platforms/WatchOS.platform/Developer/SDKs/WatchOS27.0.sdk/System/Library/Frameworks/UIKit.framework/Headers/UITableView.h:347:12: note: 'UITableView' has been explicitly marked unavailable here
345 |
346 | UIKIT_EXTERN API_AVAILABLE(ios(2.0)) API_UNAVAILABLE(watchos) NS_SWIFT_UI_ACTOR
347 | @interface UITableView : UIScrollView <NSCoding, UIDataSourceTranslating>
| `- note: 'UITableView' has been explicitly marked unavailable here
348 |
349 | - (instancetype)initWithFrame:(CGRect)frame style:(UITableViewStyle)style NS_DESIGNATED_INITIALIZER; // must specify style at creation. -initWithFrame: calls this with UITableViewStylePlain
/Users/admin/builder/spi-builder-workspace/iOSDropDown/Classes/iOSDropDown.swift:396:40: error: 'UITableView' is unavailable in watchOS
394 | }
395 |
396 | public func tableView(_ tableView: UITableView, cellForRowAt indexPath: IndexPath) -> UITableViewCell {
| `- error: 'UITableView' is unavailable in watchOS
397 | let cellIdentifier = "DropDownCell"
398 |
/Applications/Xcode-27.0.0-Release.Candidate.app/Contents/Developer/Platforms/WatchOS.platform/Developer/SDKs/WatchOS27.0.sdk/System/Library/Frameworks/UIKit.framework/Headers/UITableView.h:347:12: note: 'UITableView' has been explicitly marked unavailable here
345 |
346 | UIKIT_EXTERN API_AVAILABLE(ios(2.0)) API_UNAVAILABLE(watchos) NS_SWIFT_UI_ACTOR
347 | @interface UITableView : UIScrollView <NSCoding, UIDataSourceTranslating>
| `- note: 'UITableView' has been explicitly marked unavailable here
348 |
349 | - (instancetype)initWithFrame:(CGRect)frame style:(UITableViewStyle)style NS_DESIGNATED_INITIALIZER; // must specify style at creation. -initWithFrame: calls this with UITableViewStylePlain
/Users/admin/builder/spi-builder-workspace/iOSDropDown/Classes/iOSDropDown.swift:396:91: error: 'UITableViewCell' is unavailable in watchOS
394 | }
395 |
396 | public func tableView(_ tableView: UITableView, cellForRowAt indexPath: IndexPath) -> UITableViewCell {
| `- error: 'UITableViewCell' is unavailable in watchOS
397 | let cellIdentifier = "DropDownCell"
398 |
/Applications/Xcode-27.0.0-Release.Candidate.app/Contents/Developer/Platforms/WatchOS.platform/Developer/SDKs/WatchOS27.0.sdk/System/Library/Frameworks/UIKit.framework/Headers/UITableViewCell.h:81:12: note: 'UITableViewCell' has been explicitly marked unavailable here
79 |
80 | UIKIT_EXTERN API_AVAILABLE(ios(2.0)) API_UNAVAILABLE(watchos) NS_SWIFT_UI_ACTOR
81 | @interface UITableViewCell : UIView <NSCoding, UIGestureRecognizerDelegate>
| `- note: 'UITableViewCell' has been explicitly marked unavailable here
82 |
83 | // Designated initializer. If the cell can be reused, you must pass in a reuse identifier. You should use the same reuse identifier for all cells of the same form.
/Users/admin/builder/spi-builder-workspace/iOSDropDown/Classes/iOSDropDown.swift:391:21: error: 'UITableViewDataSource' is unavailable in watchOS
389 | // MARK: UITableViewDataSource
390 |
391 | extension DropDown: UITableViewDataSource {
| `- error: 'UITableViewDataSource' is unavailable in watchOS
392 | public func tableView(_ tableView: UITableView, numberOfRowsInSection section: Int) -> Int {
393 | return dataArray.count
/Applications/Xcode-27.0.0-Release.Candidate.app/Contents/Developer/Platforms/WatchOS.platform/Developer/SDKs/WatchOS27.0.sdk/System/Library/Frameworks/UIKit.framework/Headers/UITableView.h:539:11: note: 'UITableViewDataSource' has been explicitly marked unavailable here
537 |
538 | API_UNAVAILABLE(watchos) NS_SWIFT_UI_ACTOR
539 | @protocol UITableViewDataSource<NSObject>
| `- note: 'UITableViewDataSource' has been explicitly marked unavailable here
540 |
541 | @required
/Users/admin/builder/spi-builder-workspace/iOSDropDown/Classes/iOSDropDown.swift:430:40: error: 'UITableView' is unavailable in watchOS
428 |
429 | extension DropDown: UITableViewDelegate {
430 | public func tableView(_ tableView: UITableView, didSelectRowAt indexPath: IndexPath) {
| `- error: 'UITableView' is unavailable in watchOS
431 |
432 | let currentIndex = (indexPath as NSIndexPath).row
/Applications/Xcode-27.0.0-Release.Candidate.app/Contents/Developer/Platforms/WatchOS.platform/Developer/SDKs/WatchOS27.0.sdk/System/Library/Frameworks/UIKit.framework/Headers/UITableView.h:347:12: note: 'UITableView' has been explicitly marked unavailable here
345 |
346 | UIKIT_EXTERN API_AVAILABLE(ios(2.0)) API_UNAVAILABLE(watchos) NS_SWIFT_UI_ACTOR
347 | @interface UITableView : UIScrollView <NSCoding, UIDataSourceTranslating>
| `- note: 'UITableView' has been explicitly marked unavailable here
348 |
349 | - (instancetype)initWithFrame:(CGRect)frame style:(UITableViewStyle)style NS_DESIGNATED_INITIALIZER; // must specify style at creation. -initWithFrame: calls this with UITableViewStylePlain
/Users/admin/builder/spi-builder-workspace/iOSDropDown/Classes/iOSDropDown.swift:429:21: error: 'UITableViewDelegate' is unavailable in watchOS
427 | // MARK: UITableViewDelegate
428 |
429 | extension DropDown: UITableViewDelegate {
| `- error: 'UITableViewDelegate' is unavailable in watchOS
430 | public func tableView(_ tableView: UITableView, didSelectRowAt indexPath: IndexPath) {
431 |
/Applications/Xcode-27.0.0-Release.Candidate.app/Contents/Developer/Platforms/WatchOS.platform/Developer/SDKs/WatchOS27.0.sdk/System/Library/Frameworks/UIKit.framework/Headers/UITableView.h:100:11: note: 'UITableViewDelegate' has been explicitly marked unavailable here
98 |
99 | API_UNAVAILABLE(watchos) NS_SWIFT_UI_ACTOR
100 | @protocol UITableViewDelegate<NSObject, UIScrollViewDelegate>
| `- note: 'UITableViewDelegate' has been explicitly marked unavailable here
101 |
102 | @optional
/Users/admin/builder/spi-builder-workspace/iOSDropDown/Classes/iOSDropDown.swift:471:22: error: 'CAShapeLayer' is unavailable in watchOS
469 |
470 | class Arrow: UIView {
471 | let shapeLayer = CAShapeLayer()
| `- error: 'CAShapeLayer' is unavailable in watchOS
472 | var arrowColor: UIColor = .black {
473 | didSet {
/Applications/Xcode-27.0.0-Release.Candidate.app/Contents/Developer/Platforms/WatchOS.platform/Developer/SDKs/WatchOS27.0.sdk/System/Library/Frameworks/QuartzCore.framework/Headers/CAShapeLayer.h:40:12: note: 'CAShapeLayer' has been explicitly marked unavailable here
38 |
39 | API_AVAILABLE(macos(10.6), ios(3.0), tvos(9.0)) API_UNAVAILABLE(watchos)
40 | @interface CAShapeLayer : CALayer
| `- note: 'CAShapeLayer' has been explicitly marked unavailable here
41 |
42 | /* The path defining the shape to be rendered. If the path extends
/Users/admin/builder/spi-builder-workspace/iOSDropDown/Classes/iOSDropDown.swift:470:14: error: 'UIView' is unavailable in watchOS
468 | }
469 |
470 | class Arrow: UIView {
| `- error: 'UIView' is unavailable in watchOS
471 | let shapeLayer = CAShapeLayer()
472 | var arrowColor: UIColor = .black {
/Applications/Xcode-27.0.0-Release.Candidate.app/Contents/Developer/Platforms/WatchOS.platform/Developer/SDKs/WatchOS27.0.sdk/System/Library/Frameworks/UIKit.framework/Headers/UIView.h:152:12: note: 'UIView' has been explicitly marked unavailable here
150 |
151 | UIKIT_EXTERN API_AVAILABLE(ios(2.0)) API_UNAVAILABLE(watchos) NS_SWIFT_UI_ACTOR
152 | @interface UIView : UIResponder <NSCoding, UIAppearance, UIAppearanceContainer, UIDynamicItem, UITraitEnvironment, UICoordinateSpace, UIFocusItem, UIFocusItemContainer, CALayerDelegate>
| `- note: 'UIView' has been explicitly marked unavailable here
153 |
154 | @property(class, nonatomic, readonly) Class layerClass; // default is [CALayer class]. Used when creating the underlying layer for the view.
/Users/admin/builder/spi-builder-workspace/iOSDropDown/Classes/iOSDropDown.swift:557:31: error: 'UIViewController' is unavailable in watchOS
555 | }
556 |
557 | var parentViewController: UIViewController? {
| `- error: 'UIViewController' is unavailable in watchOS
558 | var parentResponder: UIResponder? = self
559 | while parentResponder != nil {
/Applications/Xcode-27.0.0-Release.Candidate.app/Contents/Developer/Platforms/WatchOS.platform/Developer/SDKs/WatchOS27.0.sdk/System/Library/Frameworks/UIKit.framework/Headers/UIViewController.h:104:12: note: 'UIViewController' has been explicitly marked unavailable here
102 |
103 | UIKIT_EXTERN API_AVAILABLE(ios(2.0)) API_UNAVAILABLE(watchos) NS_SWIFT_UI_ACTOR
104 | @interface UIViewController : UIResponder <NSCoding, UIAppearanceContainer, UITraitEnvironment, UIContentContainer, UIFocusEnvironment>
| `- note: 'UIViewController' has been explicitly marked unavailable here
105 |
106 | /*
/Users/admin/builder/spi-builder-workspace/iOSDropDown/Classes/iOSDropDown.swift:536:11: error: 'UIView' is unavailable in watchOS
534 | }
535 |
536 | extension UIView {
| `- error: 'UIView' is unavailable in watchOS
537 | func dropShadow(scale: Bool = true) {
538 | layer.masksToBounds = false
/Applications/Xcode-27.0.0-Release.Candidate.app/Contents/Developer/Platforms/WatchOS.platform/Developer/SDKs/WatchOS27.0.sdk/System/Library/Frameworks/UIKit.framework/Headers/UIView.h:152:12: note: 'UIView' has been explicitly marked unavailable here
150 |
151 | UIKIT_EXTERN API_AVAILABLE(ios(2.0)) API_UNAVAILABLE(watchos) NS_SWIFT_UI_ACTOR
152 | @interface UIView : UIResponder <NSCoding, UIAppearance, UIAppearanceContainer, UIDynamicItem, UITraitEnvironment, UICoordinateSpace, UIFocusItem, UIFocusItemContainer, CALayerDelegate>
| `- note: 'UIView' has been explicitly marked unavailable here
153 |
154 | @property(class, nonatomic, readonly) Class layerClass; // default is [CALayer class]. Used when creating the underlying layer for the view.
Failed frontend command:
SwiftCompile normal arm64_32 (in target 'iOSDropDown' from project 'iOSDropDown')
cd /Users/admin/builder/spi-builder-workspace/.swiftpm/xcode
/Applications/Xcode-27.0.0-Release.Candidate.app/Contents/Developer/Toolchains/XcodeDefault.xctoolchain/usr/bin/swift-frontend -frontend -emit-module -experimental-skip-non-inlinable-function-bodies-without-types /Users/admin/builder/spi-builder-workspace/iOSDropDown/Classes/iOSDropDown.swift -target arm64_32-apple-watchos9.0 -disable-cross-import-overlay-search -load-resolved-plugin /Applications/Xcode-27.0.0-Release.Candidate.app/Contents/Developer/Platforms/WatchOS.platform/Developer/usr/lib/swift/host/plugins/libFoundationMacros.dylib\#/Applications/Xcode-27.0.0-Release.Candidate.app/Contents/Developer/Platforms/WatchOS.platform/Developer/usr/bin/swift-plugin-server\#FoundationMacros -load-resolved-plugin /Applications/Xcode-27.0.0-Release.Candidate.app/Contents/Developer/Platforms/WatchOS.platform/Developer/usr/lib/swift/host/plugins/libObservationMacros.dylib\#/Applications/Xcode-27.0.0-Release.Candidate.app/Contents/Developer/Platforms/WatchOS.platform/Developer/usr/bin/swift-plugin-server\#ObservationMacros -load-resolved-plugin /Applications/Xcode-27.0.0-Release.Candidate.app/Contents/Developer/Platforms/WatchOS.platform/Developer/usr/lib/swift/host/plugins/libSwiftMacros.dylib\#/Applications/Xcode-27.0.0-Release.Candidate.app/Contents/Developer/Platforms/WatchOS.platform/Developer/usr/bin/swift-plugin-server\#SwiftMacros -load-resolved-plugin /Applications/Xcode-27.0.0-Release.Candidate.app/Contents/Developer/Platforms/WatchOS.platform/Developer/usr/lib/swift/host/plugins/libSwiftUIMacros.dylib\#/Applications/Xcode-27.0.0-Release.Candidate.app/Contents/Developer/Platforms/WatchOS.platform/Developer/usr/bin/swift-plugin-server\#SwiftUIMacros -disable-implicit-swift-modules -Xcc -fno-implicit-modules -Xcc -fno-implicit-module-maps -explicit-swift-module-map-file /Users/admin/builder/spi-builder-workspace/.derivedData/Build/Intermediates.noindex/iOSDropDown.build/Debug-watchos/iOSDropDown-t.build/Objects-normal/arm64_32/iOSDropDown-dependencies-1.json -enable-objc-interop -sdk /Applications/Xcode-27.0.0-Release.Candidate.app/Contents/Developer/Platforms/WatchOS.platform/Developer/SDKs/WatchOS27.0.sdk -I /Users/admin/builder/spi-builder-workspace/.derivedData/Build/Products/Debug-watchos -Isystem /Applications/Xcode-27.0.0-Release.Candidate.app/Contents/Developer/Platforms/WatchOS.platform/Developer/usr/lib -F /Users/admin/builder/spi-builder-workspace/.derivedData/Build/Products/Debug-watchos -F /Applications/Xcode-27.0.0-Release.Candidate.app/Contents/Developer/Platforms/WatchOS.platform/Developer/Library/Frameworks -F /Applications/Xcode-27.0.0-Release.Candidate.app/Contents/Developer/Platforms/WatchOS.platform/Developer/SDKs/WatchOS27.0.sdk/Developer/Library/Frameworks -module-cache-path /Users/admin/builder/spi-builder-workspace/.derivedData/Build/Intermediates.noindex/SwiftExplicitPrecompiledModules -no-color-diagnostics -Xcc -fno-color-diagnostics -enable-testing -g -debug-info-format\=dwarf -dwarf-version\=4 -swift-version 5 -Onone -D SWIFT_PACKAGE -D DEBUG -D SWIFT_MODULE_RESOURCE_BUNDLE_UNAVAILABLE -D Xcode -serialize-debugging-options -enable-experimental-feature DebugDescriptionMacro -empty-abi-descriptor -validate-clang-modules-once -clang-build-session-file /Users/admin/builder/spi-builder-workspace/.derivedData/ModuleCache.noindex/Session.modulevalidation -Xcc -working-directory -Xcc /Users/admin/builder/spi-builder-workspace/.swiftpm/xcode -enable-anonymous-context-mangled-names -file-compilation-dir /Users/admin/builder/spi-builder-workspace/.swiftpm/xcode -Xcc -D_LIBCPP_HARDENING_MODE\=_LIBCPP_HARDENING_MODE_DEBUG -Xcc -ivfsstatcache -Xcc /Users/admin/builder/spi-builder-workspace/.derivedData/SDKStatCaches.noindex/watchos27.0-24R360-e829b21a6f8c9b70876ba0858053c04477534ef55a1706bf4c1112bbb242f0a2.sdkstatcache -Xcc -fmodules-prune-interval\=86400 -Xcc -fmodules-prune-after\=345600 -Xcc -I/Users/admin/builder/spi-builder-workspace/.derivedData/Build/Products/Debug-watchos/include -Xcc -I/Users/admin/builder/spi-builder-workspace/.derivedData/Build/Intermediates.noindex/iOSDropDown.build/Debug-watchos/iOSDropDown-t.build/DerivedSources-normal/arm64_32 -Xcc -I/Users/admin/builder/spi-builder-workspace/.derivedData/Build/Intermediates.noindex/iOSDropDown.build/Debug-watchos/iOSDropDown-t.build/DerivedSources/arm64_32 -Xcc -I/Users/admin/builder/spi-builder-workspace/.derivedData/Build/Intermediates.noindex/iOSDropDown.build/Debug-watchos/iOSDropDown-t.build/DerivedSources -Xcc -DSWIFT_PACKAGE -Xcc -DDEBUG\=1 -no-auto-bridging-header-chaining -module-name iOSDropDown -const-gather-protocols-file /Users/admin/builder/spi-builder-workspace/.derivedData/Build/Intermediates.noindex/iOSDropDown.build/Debug-watchos/iOSDropDown-t.build/Objects-normal/arm64_32/iOSDropDown_const_extract_protocols.json -disable-clang-spi -clang-target arm64_32-apple-watchos27.0 -target-sdk-version 27.0 -target-sdk-name watchos27.0 -in-process-plugin-server-path /Applications/Xcode-27.0.0-Release.Candidate.app/Contents/Developer/Toolchains/XcodeDefault.xctoolchain/usr/lib/swift/host/libSwiftInProcPluginServer.dylib -emit-module-doc-path /Users/admin/builder/spi-builder-workspace/.derivedData/Build/Intermediates.noindex/iOSDropDown.build/Debug-watchos/iOSDropDown-t.build/Objects-normal/arm64_32/iOSDropDown.swiftdoc -emit-module-source-info-path /Users/admin/builder/spi-builder-workspace/.derivedData/Build/Intermediates.noindex/iOSDropDown.build/Debug-watchos/iOSDropDown-t.build/Objects-normal/arm64_32/iOSDropDown.swiftsourceinfo -emit-objc-header-path /Users/admin/builder/spi-builder-workspace/.derivedData/Build/Intermediates.noindex/iOSDropDown.build/Debug-watchos/iOSDropDown-t.build/Objects-normal/arm64_32/iOSDropDown-Swift.h -serialize-diagnostics-path /Users/admin/builder/spi-builder-workspace/.derivedData/Build/Intermediates.noindex/iOSDropDown.build/Debug-watchos/iOSDropDown-t.build/Objects-normal/arm64_32/iOSDropDown-primary-emit-module.dia -emit-dependencies-path /Users/admin/builder/spi-builder-workspace/.derivedData/Build/Intermediates.noindex/iOSDropDown.build/Debug-watchos/iOSDropDown-t.build/Objects-normal/arm64_32/iOSDropDown-primary-emit-module.d -parse-as-library -o /Users/admin/builder/spi-builder-workspace/.derivedData/Build/Intermediates.noindex/iOSDropDown.build/Debug-watchos/iOSDropDown-t.build/Objects-normal/arm64_32/iOSDropDown.swiftmodule -emit-abi-descriptor-path /Users/admin/builder/spi-builder-workspace/.derivedData/Build/Intermediates.noindex/iOSDropDown.build/Debug-watchos/iOSDropDown-t.build/Objects-normal/arm64_32/iOSDropDown.abi.json
SwiftCompile normal arm64_32 Compiling\ iOSDropDown.swift /Users/admin/builder/spi-builder-workspace/iOSDropDown/Classes/iOSDropDown.swift (in target 'iOSDropDown' from project 'iOSDropDown')
/Users/admin/builder/spi-builder-workspace/iOSDropDown/Classes/iOSDropDown.swift:13:16: error: 'UITableView' is unavailable in watchOS
11 | open class DropDown: UITextField {
12 | var arrow: Arrow!
13 | var table: UITableView!
| `- error: 'UITableView' is unavailable in watchOS
14 | var shadow: UIView!
15 | public var selectedIndex: Int?
/Applications/Xcode-27.0.0-Release.Candidate.app/Contents/Developer/Platforms/WatchOS.platform/Developer/SDKs/WatchOS27.0.sdk/System/Library/Frameworks/UIKit.framework/Headers/UITableView.h:347:12: note: 'UITableView' has been explicitly marked unavailable here
345 |
346 | UIKIT_EXTERN API_AVAILABLE(ios(2.0)) API_UNAVAILABLE(watchos) NS_SWIFT_UI_ACTOR
347 | @interface UITableView : UIScrollView <NSCoding, UIDataSourceTranslating>
| `- note: 'UITableView' has been explicitly marked unavailable here
348 |
349 | - (instancetype)initWithFrame:(CGRect)frame style:(UITableViewStyle)style NS_DESIGNATED_INITIALIZER; // must specify style at creation. -initWithFrame: calls this with UITableViewStylePlain
/Users/admin/builder/spi-builder-workspace/iOSDropDown/Classes/iOSDropDown.swift:14:17: error: 'UIView' is unavailable in watchOS
12 | var arrow: Arrow!
13 | var table: UITableView!
14 | var shadow: UIView!
| `- error: 'UIView' is unavailable in watchOS
15 | public var selectedIndex: Int?
16 |
/Applications/Xcode-27.0.0-Release.Candidate.app/Contents/Developer/Platforms/WatchOS.platform/Developer/SDKs/WatchOS27.0.sdk/System/Library/Frameworks/UIKit.framework/Headers/UIView.h:152:12: note: 'UIView' has been explicitly marked unavailable here
150 |
151 | UIKIT_EXTERN API_AVAILABLE(ios(2.0)) API_UNAVAILABLE(watchos) NS_SWIFT_UI_ACTOR
152 | @interface UIView : UIResponder <NSCoding, UIAppearance, UIAppearanceContainer, UIDynamicItem, UITraitEnvironment, UICoordinateSpace, UIFocusItem, UIFocusItemContainer, CALayerDelegate>
| `- note: 'UIView' has been explicitly marked unavailable here
153 |
154 | @property(class, nonatomic, readonly) Class layerClass; // default is [CALayer class]. Used when creating the underlying layer for the view.
/Users/admin/builder/spi-builder-workspace/iOSDropDown/Classes/iOSDropDown.swift:23:60: error: 'systemPink' is unavailable in watchOS
21 | @IBInspectable public var itemsColor: UIColor = .darkGray
22 | @IBInspectable public var itemsTintColor: UIColor = .blue
23 | @IBInspectable public var selectedRowColor: UIColor = .systemPink
| `- error: 'systemPink' is unavailable in watchOS
24 | @IBInspectable public var hideOptionsWhenSelect = true
25 | @IBInspectable public var isSearchEnable: Bool = true {
/Applications/Xcode-27.0.0-Release.Candidate.app/Contents/Developer/Platforms/WatchOS.platform/Developer/SDKs/WatchOS27.0.sdk/System/Library/Frameworks/UIKit.framework/Headers/UIInterface.h:126:49: note: 'systemPink' has been explicitly marked unavailable here
124 | @property (class, nonatomic, readonly) UIColor *systemOrangeColor API_AVAILABLE(ios(7.0), tvos(9.0)) API_UNAVAILABLE(watchos);
125 | @property (class, nonatomic, readonly) UIColor *systemYellowColor API_AVAILABLE(ios(7.0), tvos(9.0)) API_UNAVAILABLE(watchos);
126 | @property (class, nonatomic, readonly) UIColor *systemPinkColor API_AVAILABLE(ios(7.0), tvos(9.0)) API_UNAVAILABLE(watchos);
| `- note: 'systemPink' has been explicitly marked unavailable here
127 | @property (class, nonatomic, readonly) UIColor *systemPurpleColor API_AVAILABLE(ios(9.0), tvos(9.0)) API_UNAVAILABLE(watchos);
128 | @property (class, nonatomic, readonly) UIColor *systemTealColor API_AVAILABLE(ios(7.0), tvos(9.0)) API_UNAVAILABLE(watchos);
/Users/admin/builder/spi-builder-workspace/iOSDropDown/Classes/iOSDropDown.swift:58:44: error: 'UIViewController' is unavailable in watchOS
56 | fileprivate var dataArray = [String]()
57 | fileprivate var imageArray = [String]()
58 | fileprivate weak var parentController: UIViewController?
| `- error: 'UIViewController' is unavailable in watchOS
59 | fileprivate var pointToParent = CGPoint(x: 0, y: 0)
60 | fileprivate var backgroundView = UIView()
/Applications/Xcode-27.0.0-Release.Candidate.app/Contents/Developer/Platforms/WatchOS.platform/Developer/SDKs/WatchOS27.0.sdk/System/Library/Frameworks/UIKit.framework/Headers/UIViewController.h:104:12: note: 'UIViewController' has been explicitly marked unavailable here
102 |
103 | UIKIT_EXTERN API_AVAILABLE(ios(2.0)) API_UNAVAILABLE(watchos) NS_SWIFT_UI_ACTOR
104 | @interface UIViewController : UIResponder <NSCoding, UIAppearanceContainer, UITraitEnvironment, UIContentContainer, UIFocusEnvironment>
| `- note: 'UIViewController' has been explicitly marked unavailable here
105 |
106 | /*
/Users/admin/builder/spi-builder-workspace/iOSDropDown/Classes/iOSDropDown.swift:60:38: error: 'UIView' is unavailable in watchOS
58 | fileprivate weak var parentController: UIViewController?
59 | fileprivate var pointToParent = CGPoint(x: 0, y: 0)
60 | fileprivate var backgroundView = UIView()
| `- error: 'UIView' is unavailable in watchOS
61 | fileprivate var keyboardHeight: CGFloat = 0
62 |
/Applications/Xcode-27.0.0-Release.Candidate.app/Contents/Developer/Platforms/WatchOS.platform/Developer/SDKs/WatchOS27.0.sdk/System/Library/Frameworks/UIKit.framework/Headers/UIView.h:152:12: note: 'UIView' has been explicitly marked unavailable here
150 |
151 | UIKIT_EXTERN API_AVAILABLE(ios(2.0)) API_UNAVAILABLE(watchos) NS_SWIFT_UI_ACTOR
152 | @interface UIView : UIResponder <NSCoding, UIAppearance, UIAppearanceContainer, UIDynamicItem, UITraitEnvironment, UICoordinateSpace, UIFocusItem, UIFocusItemContainer, CALayerDelegate>
| `- note: 'UIView' has been explicitly marked unavailable here
153 |
154 | @property(class, nonatomic, readonly) Class layerClass; // default is [CALayer class]. Used when creating the underlying layer for the view.
/Users/admin/builder/spi-builder-workspace/iOSDropDown/Classes/iOSDropDown.swift:60:38: error: 'init()' is unavailable in watchOS
58 | fileprivate weak var parentController: UIViewController?
59 | fileprivate var pointToParent = CGPoint(x: 0, y: 0)
60 | fileprivate var backgroundView = UIView()
| `- error: 'init()' is unavailable in watchOS
61 | fileprivate var keyboardHeight: CGFloat = 0
62 |
/Applications/Xcode-27.0.0-Release.Candidate.app/Contents/Developer/Platforms/WatchOS.platform/Developer/SDKs/WatchOS27.0.sdk/System/Library/Frameworks/UIKit.framework/Headers/UIView.h:158:1: note: 'init()' has been explicitly marked unavailable here
156 | - (instancetype)initWithFrame:(CGRect)frame NS_DESIGNATED_INITIALIZER;
157 | - (nullable instancetype)initWithCoder:(NSCoder *)coder NS_DESIGNATED_INITIALIZER;
158 | - (instancetype)init API_AVAILABLE(ios(2.0), tvos(9.0), visionos(1.0)) API_UNAVAILABLE(watchos);
| `- note: 'init()' has been explicitly marked unavailable here
159 |
160 | @property(nonatomic,getter=isUserInteractionEnabled) BOOL userInteractionEnabled; // default is YES. if set to NO, user events (touch, keys) are ignored and removed from the event queue.
/Users/admin/builder/spi-builder-workspace/iOSDropDown/Classes/iOSDropDown.swift:190:42: error: 'UIView' is unavailable in watchOS
188 | }
189 |
190 | func getConvertedPoint(_ targetView: UIView, baseView: UIView?) -> CGPoint {
| `- error: 'UIView' is unavailable in watchOS
191 | var pnt = targetView.frame.origin
192 | if nil == targetView.superview {
/Applications/Xcode-27.0.0-Release.Candidate.app/Contents/Developer/Platforms/WatchOS.platform/Developer/SDKs/WatchOS27.0.sdk/System/Library/Frameworks/UIKit.framework/Headers/UIView.h:152:12: note: 'UIView' has been explicitly marked unavailable here
150 |
151 | UIKIT_EXTERN API_AVAILABLE(ios(2.0)) API_UNAVAILABLE(watchos) NS_SWIFT_UI_ACTOR
152 | @interface UIView : UIResponder <NSCoding, UIAppearance, UIAppearanceContainer, UIDynamicItem, UITraitEnvironment, UICoordinateSpace, UIFocusItem, UIFocusItemContainer, CALayerDelegate>
| `- note: 'UIView' has been explicitly marked unavailable here
153 |
154 | @property(class, nonatomic, readonly) Class layerClass; // default is [CALayer class]. Used when creating the underlying layer for the view.
/Users/admin/builder/spi-builder-workspace/iOSDropDown/Classes/iOSDropDown.swift:190:60: error: 'UIView' is unavailable in watchOS
188 | }
189 |
190 | func getConvertedPoint(_ targetView: UIView, baseView: UIView?) -> CGPoint {
| `- error: 'UIView' is unavailable in watchOS
191 | var pnt = targetView.frame.origin
192 | if nil == targetView.superview {
/Applications/Xcode-27.0.0-Release.Candidate.app/Contents/Developer/Platforms/WatchOS.platform/Developer/SDKs/WatchOS27.0.sdk/System/Library/Frameworks/UIKit.framework/Headers/UIView.h:152:12: note: 'UIView' has been explicitly marked unavailable here
150 |
151 | UIKIT_EXTERN API_AVAILABLE(ios(2.0)) API_UNAVAILABLE(watchos) NS_SWIFT_UI_ACTOR
152 | @interface UIView : UIResponder <NSCoding, UIAppearance, UIAppearanceContainer, UIDynamicItem, UITraitEnvironment, UICoordinateSpace, UIFocusItem, UIFocusItemContainer, CALayerDelegate>
| `- note: 'UIView' has been explicitly marked unavailable here
153 |
154 | @property(class, nonatomic, readonly) Class layerClass; // default is [CALayer class]. Used when creating the underlying layer for the view.
/Users/admin/builder/spi-builder-workspace/iOSDropDown/Classes/iOSDropDown.swift:11:22: error: 'UITextField' is unavailable in watchOS
9 | import UIKit
10 | @objc(JRDropDown)
11 | open class DropDown: UITextField {
| `- error: 'UITextField' is unavailable in watchOS
12 | var arrow: Arrow!
13 | var table: UITableView!
/Applications/Xcode-27.0.0-Release.Candidate.app/Contents/Developer/Platforms/WatchOS.platform/Developer/SDKs/WatchOS27.0.sdk/System/Library/Frameworks/UIKit.framework/Headers/UITextField.h:53:12: note: 'UITextField' has been explicitly marked unavailable here
51 |
52 | UIKIT_EXTERN API_AVAILABLE(ios(2.0)) API_UNAVAILABLE(watchos) NS_SWIFT_UI_ACTOR
53 | @interface UITextField : UIControl <UITextInput, NSCoding, UIContentSizeCategoryAdjusting, UILetterformAwareAdjusting>
| `- note: 'UITextField' has been explicitly marked unavailable here
54 |
55 | @property(nullable, nonatomic,copy) NSString *text; // default is nil
/Users/admin/builder/spi-builder-workspace/iOSDropDown/Classes/iOSDropDown.swift:359:52: error: 'UITextField' is unavailable in watchOS
357 |
358 | extension DropDown: UITextFieldDelegate {
359 | public func textFieldShouldReturn(_ textField: UITextField) -> Bool {
| `- error: 'UITextField' is unavailable in watchOS
360 | superview?.endEditing(true)
361 | return false
/Applications/Xcode-27.0.0-Release.Candidate.app/Contents/Developer/Platforms/WatchOS.platform/Developer/SDKs/WatchOS27.0.sdk/System/Library/Frameworks/UIKit.framework/Headers/UITextField.h:53:12: note: 'UITextField' has been explicitly marked unavailable here
51 |
52 | UIKIT_EXTERN API_AVAILABLE(ios(2.0)) API_UNAVAILABLE(watchos) NS_SWIFT_UI_ACTOR
53 | @interface UITextField : UIControl <UITextInput, NSCoding, UIContentSizeCategoryAdjusting, UILetterformAwareAdjusting>
| `- note: 'UITextField' has been explicitly marked unavailable here
54 |
55 | @property(nullable, nonatomic,copy) NSString *text; // default is nil
/Users/admin/builder/spi-builder-workspace/iOSDropDown/Classes/iOSDropDown.swift:364:55: error: 'UITextField' is unavailable in watchOS
362 | }
363 |
364 | public func textFieldDidBeginEditing(_ textField: UITextField) {
| `- error: 'UITextField' is unavailable in watchOS
365 | textField.text = ""
366 | // self.selectedIndex = nil
/Applications/Xcode-27.0.0-Release.Candidate.app/Contents/Developer/Platforms/WatchOS.platform/Developer/SDKs/WatchOS27.0.sdk/System/Library/Frameworks/UIKit.framework/Headers/UITextField.h:53:12: note: 'UITextField' has been explicitly marked unavailable here
51 |
52 | UIKIT_EXTERN API_AVAILABLE(ios(2.0)) API_UNAVAILABLE(watchos) NS_SWIFT_UI_ACTOR
53 | @interface UITextField : UIControl <UITextInput, NSCoding, UIContentSizeCategoryAdjusting, UILetterformAwareAdjusting>
| `- note: 'UITextField' has been explicitly marked unavailable here
54 |
55 | @property(nullable, nonatomic,copy) NSString *text; // default is nil
/Users/admin/builder/spi-builder-workspace/iOSDropDown/Classes/iOSDropDown.swift:371:58: error: 'UITextField' is unavailable in watchOS
369 | }
370 |
371 | public func textFieldShouldBeginEditing(_ textField: UITextField) -> Bool {
| `- error: 'UITextField' is unavailable in watchOS
372 | return isSearchEnable
373 | }
/Applications/Xcode-27.0.0-Release.Candidate.app/Contents/Developer/Platforms/WatchOS.platform/Developer/SDKs/WatchOS27.0.sdk/System/Library/Frameworks/UIKit.framework/Headers/UITextField.h:53:12: note: 'UITextField' has been explicitly marked unavailable here
51 |
52 | UIKIT_EXTERN API_AVAILABLE(ios(2.0)) API_UNAVAILABLE(watchos) NS_SWIFT_UI_ACTOR
53 | @interface UITextField : UIControl <UITextInput, NSCoding, UIContentSizeCategoryAdjusting, UILetterformAwareAdjusting>
| `- note: 'UITextField' has been explicitly marked unavailable here
54 |
55 | @property(nullable, nonatomic,copy) NSString *text; // default is nil
/Users/admin/builder/spi-builder-workspace/iOSDropDown/Classes/iOSDropDown.swift:375:40: error: 'UITextField' is unavailable in watchOS
373 | }
374 |
375 | public func textField(_ textField: UITextField, shouldChangeCharactersIn range: NSRange, replacementString string: String) -> Bool {
| `- error: 'UITextField' is unavailable in watchOS
376 | if string != "" {
377 | searchText = text! + string
/Applications/Xcode-27.0.0-Release.Candidate.app/Contents/Developer/Platforms/WatchOS.platform/Developer/SDKs/WatchOS27.0.sdk/System/Library/Frameworks/UIKit.framework/Headers/UITextField.h:53:12: note: 'UITextField' has been explicitly marked unavailable here
51 |
52 | UIKIT_EXTERN API_AVAILABLE(ios(2.0)) API_UNAVAILABLE(watchos) NS_SWIFT_UI_ACTOR
53 | @interface UITextField : UIControl <UITextInput, NSCoding, UIContentSizeCategoryAdjusting, UILetterformAwareAdjusting>
| `- note: 'UITextField' has been explicitly marked unavailable here
54 |
55 | @property(nullable, nonatomic,copy) NSString *text; // default is nil
/Users/admin/builder/spi-builder-workspace/iOSDropDown/Classes/iOSDropDown.swift:358:21: error: 'UITextFieldDelegate' is unavailable in watchOS
356 | // MARK: UITextFieldDelegate
357 |
358 | extension DropDown: UITextFieldDelegate {
| `- error: 'UITextFieldDelegate' is unavailable in watchOS
359 | public func textFieldShouldReturn(_ textField: UITextField) -> Bool {
360 | superview?.endEditing(true)
/Applications/Xcode-27.0.0-Release.Candidate.app/Contents/Developer/Platforms/WatchOS.platform/Developer/SDKs/WatchOS27.0.sdk/System/Library/Frameworks/UIKit.framework/Headers/UITextField.h:140:11: note: 'UITextFieldDelegate' has been explicitly marked unavailable here
138 |
139 | API_UNAVAILABLE(watchos) NS_SWIFT_UI_ACTOR
140 | @protocol UITextFieldDelegate <NSObject>
| `- note: 'UITextFieldDelegate' has been explicitly marked unavailable here
141 |
142 | @optional
/Users/admin/builder/spi-builder-workspace/iOSDropDown/Classes/iOSDropDown.swift:392:40: error: 'UITableView' is unavailable in watchOS
390 |
391 | extension DropDown: UITableViewDataSource {
392 | public func tableView(_ tableView: UITableView, numberOfRowsInSection section: Int) -> Int {
| `- error: 'UITableView' is unavailable in watchOS
393 | return dataArray.count
394 | }
/Applications/Xcode-27.0.0-Release.Candidate.app/Contents/Developer/Platforms/WatchOS.platform/Developer/SDKs/WatchOS27.0.sdk/System/Library/Frameworks/UIKit.framework/Headers/UITableView.h:347:12: note: 'UITableView' has been explicitly marked unavailable here
345 |
346 | UIKIT_EXTERN API_AVAILABLE(ios(2.0)) API_UNAVAILABLE(watchos) NS_SWIFT_UI_ACTOR
347 | @interface UITableView : UIScrollView <NSCoding, UIDataSourceTranslating>
| `- note: 'UITableView' has been explicitly marked unavailable here
348 |
349 | - (instancetype)initWithFrame:(CGRect)frame style:(UITableViewStyle)style NS_DESIGNATED_INITIALIZER; // must specify style at creation. -initWithFrame: calls this with UITableViewStylePlain
/Users/admin/builder/spi-builder-workspace/iOSDropDown/Classes/iOSDropDown.swift:396:40: error: 'UITableView' is unavailable in watchOS
394 | }
395 |
396 | public func tableView(_ tableView: UITableView, cellForRowAt indexPath: IndexPath) -> UITableViewCell {
| `- error: 'UITableView' is unavailable in watchOS
397 | let cellIdentifier = "DropDownCell"
398 |
/Applications/Xcode-27.0.0-Release.Candidate.app/Contents/Developer/Platforms/WatchOS.platform/Developer/SDKs/WatchOS27.0.sdk/System/Library/Frameworks/UIKit.framework/Headers/UITableView.h:347:12: note: 'UITableView' has been explicitly marked unavailable here
345 |
346 | UIKIT_EXTERN API_AVAILABLE(ios(2.0)) API_UNAVAILABLE(watchos) NS_SWIFT_UI_ACTOR
347 | @interface UITableView : UIScrollView <NSCoding, UIDataSourceTranslating>
| `- note: 'UITableView' has been explicitly marked unavailable here
348 |
349 | - (instancetype)initWithFrame:(CGRect)frame style:(UITableViewStyle)style NS_DESIGNATED_INITIALIZER; // must specify style at creation. -initWithFrame: calls this with UITableViewStylePlain
/Users/admin/builder/spi-builder-workspace/iOSDropDown/Classes/iOSDropDown.swift:396:91: error: 'UITableViewCell' is unavailable in watchOS
394 | }
395 |
396 | public func tableView(_ tableView: UITableView, cellForRowAt indexPath: IndexPath) -> UITableViewCell {
| `- error: 'UITableViewCell' is unavailable in watchOS
397 | let cellIdentifier = "DropDownCell"
398 |
/Applications/Xcode-27.0.0-Release.Candidate.app/Contents/Developer/Platforms/WatchOS.platform/Developer/SDKs/WatchOS27.0.sdk/System/Library/Frameworks/UIKit.framework/Headers/UITableViewCell.h:81:12: note: 'UITableViewCell' has been explicitly marked unavailable here
79 |
80 | UIKIT_EXTERN API_AVAILABLE(ios(2.0)) API_UNAVAILABLE(watchos) NS_SWIFT_UI_ACTOR
81 | @interface UITableViewCell : UIView <NSCoding, UIGestureRecognizerDelegate>
| `- note: 'UITableViewCell' has been explicitly marked unavailable here
82 |
83 | // Designated initializer. If the cell can be reused, you must pass in a reuse identifier. You should use the same reuse identifier for all cells of the same form.
SwiftCompile normal arm64_32 /Users/admin/builder/spi-builder-workspace/iOSDropDown/Classes/iOSDropDown.swift (in target 'iOSDropDown' from project 'iOSDropDown')
cd /Users/admin/builder/spi-builder-workspace/.swiftpm/xcode
builtin-SwiftPerFileCompile iOSDropDown.swift
/Users/admin/builder/spi-builder-workspace/iOSDropDown/Classes/iOSDropDown.swift:391:21: error: 'UITableViewDataSource' is unavailable in watchOS
389 | // MARK: UITableViewDataSource
390 |
391 | extension DropDown: UITableViewDataSource {
| `- error: 'UITableViewDataSource' is unavailable in watchOS
392 | public func tableView(_ tableView: UITableView, numberOfRowsInSection section: Int) -> Int {
393 | return dataArray.count
/Applications/Xcode-27.0.0-Release.Candidate.app/Contents/Developer/Platforms/WatchOS.platform/Developer/SDKs/WatchOS27.0.sdk/System/Library/Frameworks/UIKit.framework/Headers/UITableView.h:539:11: note: 'UITableViewDataSource' has been explicitly marked unavailable here
537 |
538 | API_UNAVAILABLE(watchos) NS_SWIFT_UI_ACTOR
539 | @protocol UITableViewDataSource<NSObject>
| `- note: 'UITableViewDataSource' has been explicitly marked unavailable here
540 |
541 | @required
/Users/admin/builder/spi-builder-workspace/iOSDropDown/Classes/iOSDropDown.swift:430:40: error: 'UITableView' is unavailable in watchOS
428 |
429 | extension DropDown: UITableViewDelegate {
430 | public func tableView(_ tableView: UITableView, didSelectRowAt indexPath: IndexPath) {
| `- error: 'UITableView' is unavailable in watchOS
431 |
432 | let currentIndex = (indexPath as NSIndexPath).row
/Applications/Xcode-27.0.0-Release.Candidate.app/Contents/Developer/Platforms/WatchOS.platform/Developer/SDKs/WatchOS27.0.sdk/System/Library/Frameworks/UIKit.framework/Headers/UITableView.h:347:12: note: 'UITableView' has been explicitly marked unavailable here
345 |
346 | UIKIT_EXTERN API_AVAILABLE(ios(2.0)) API_UNAVAILABLE(watchos) NS_SWIFT_UI_ACTOR
347 | @interface UITableView : UIScrollView <NSCoding, UIDataSourceTranslating>
| `- note: 'UITableView' has been explicitly marked unavailable here
348 |
349 | - (instancetype)initWithFrame:(CGRect)frame style:(UITableViewStyle)style NS_DESIGNATED_INITIALIZER; // must specify style at creation. -initWithFrame: calls this with UITableViewStylePlain
/Users/admin/builder/spi-builder-workspace/iOSDropDown/Classes/iOSDropDown.swift:429:21: error: 'UITableViewDelegate' is unavailable in watchOS
427 | // MARK: UITableViewDelegate
428 |
429 | extension DropDown: UITableViewDelegate {
| `- error: 'UITableViewDelegate' is unavailable in watchOS
430 | public func tableView(_ tableView: UITableView, didSelectRowAt indexPath: IndexPath) {
431 |
/Applications/Xcode-27.0.0-Release.Candidate.app/Contents/Developer/Platforms/WatchOS.platform/Developer/SDKs/WatchOS27.0.sdk/System/Library/Frameworks/UIKit.framework/Headers/UITableView.h:100:11: note: 'UITableViewDelegate' has been explicitly marked unavailable here
98 |
99 | API_UNAVAILABLE(watchos) NS_SWIFT_UI_ACTOR
100 | @protocol UITableViewDelegate<NSObject, UIScrollViewDelegate>
| `- note: 'UITableViewDelegate' has been explicitly marked unavailable here
101 |
102 | @optional
/Users/admin/builder/spi-builder-workspace/iOSDropDown/Classes/iOSDropDown.swift:471:22: error: 'CAShapeLayer' is unavailable in watchOS
469 |
470 | class Arrow: UIView {
471 | let shapeLayer = CAShapeLayer()
| `- error: 'CAShapeLayer' is unavailable in watchOS
472 | var arrowColor: UIColor = .black {
473 | didSet {
/Applications/Xcode-27.0.0-Release.Candidate.app/Contents/Developer/Platforms/WatchOS.platform/Developer/SDKs/WatchOS27.0.sdk/System/Library/Frameworks/QuartzCore.framework/Headers/CAShapeLayer.h:40:12: note: 'CAShapeLayer' has been explicitly marked unavailable here
38 |
39 | API_AVAILABLE(macos(10.6), ios(3.0), tvos(9.0)) API_UNAVAILABLE(watchos)
40 | @interface CAShapeLayer : CALayer
| `- note: 'CAShapeLayer' has been explicitly marked unavailable here
41 |
42 | /* The path defining the shape to be rendered. If the path extends
/Users/admin/builder/spi-builder-workspace/iOSDropDown/Classes/iOSDropDown.swift:470:14: error: 'UIView' is unavailable in watchOS
468 | }
469 |
470 | class Arrow: UIView {
| `- error: 'UIView' is unavailable in watchOS
471 | let shapeLayer = CAShapeLayer()
472 | var arrowColor: UIColor = .black {
/Applications/Xcode-27.0.0-Release.Candidate.app/Contents/Developer/Platforms/WatchOS.platform/Developer/SDKs/WatchOS27.0.sdk/System/Library/Frameworks/UIKit.framework/Headers/UIView.h:152:12: note: 'UIView' has been explicitly marked unavailable here
150 |
151 | UIKIT_EXTERN API_AVAILABLE(ios(2.0)) API_UNAVAILABLE(watchos) NS_SWIFT_UI_ACTOR
152 | @interface UIView : UIResponder <NSCoding, UIAppearance, UIAppearanceContainer, UIDynamicItem, UITraitEnvironment, UICoordinateSpace, UIFocusItem, UIFocusItemContainer, CALayerDelegate>
| `- note: 'UIView' has been explicitly marked unavailable here
153 |
154 | @property(class, nonatomic, readonly) Class layerClass; // default is [CALayer class]. Used when creating the underlying layer for the view.
/Users/admin/builder/spi-builder-workspace/iOSDropDown/Classes/iOSDropDown.swift:557:31: error: 'UIViewController' is unavailable in watchOS
555 | }
556 |
557 | var parentViewController: UIViewController? {
| `- error: 'UIViewController' is unavailable in watchOS
558 | var parentResponder: UIResponder? = self
559 | while parentResponder != nil {
/Applications/Xcode-27.0.0-Release.Candidate.app/Contents/Developer/Platforms/WatchOS.platform/Developer/SDKs/WatchOS27.0.sdk/System/Library/Frameworks/UIKit.framework/Headers/UIViewController.h:104:12: note: 'UIViewController' has been explicitly marked unavailable here
102 |
103 | UIKIT_EXTERN API_AVAILABLE(ios(2.0)) API_UNAVAILABLE(watchos) NS_SWIFT_UI_ACTOR
104 | @interface UIViewController : UIResponder <NSCoding, UIAppearanceContainer, UITraitEnvironment, UIContentContainer, UIFocusEnvironment>
| `- note: 'UIViewController' has been explicitly marked unavailable here
105 |
106 | /*
SwiftEmitModule normal arm64 Emitting\ module\ for\ iOSDropDown (in target 'iOSDropDown' from project 'iOSDropDown')
/Users/admin/builder/spi-builder-workspace/iOSDropDown/Classes/iOSDropDown.swift:13:16: error: 'UITableView' is unavailable in watchOS
11 | open class DropDown: UITextField {
12 | var arrow: Arrow!
13 | var table: UITableView!
| `- error: 'UITableView' is unavailable in watchOS
14 | var shadow: UIView!
15 | public var selectedIndex: Int?
/Applications/Xcode-27.0.0-Release.Candidate.app/Contents/Developer/Platforms/WatchOS.platform/Developer/SDKs/WatchOS27.0.sdk/System/Library/Frameworks/UIKit.framework/Headers/UITableView.h:347:12: note: 'UITableView' has been explicitly marked unavailable here
345 |
346 | UIKIT_EXTERN API_AVAILABLE(ios(2.0)) API_UNAVAILABLE(watchos) NS_SWIFT_UI_ACTOR
347 | @interface UITableView : UIScrollView <NSCoding, UIDataSourceTranslating>
| `- note: 'UITableView' has been explicitly marked unavailable here
348 |
349 | - (instancetype)initWithFrame:(CGRect)frame style:(UITableViewStyle)style NS_DESIGNATED_INITIALIZER; // must specify style at creation. -initWithFrame: calls this with UITableViewStylePlain
/Users/admin/builder/spi-builder-workspace/iOSDropDown/Classes/iOSDropDown.swift:14:17: error: 'UIView' is unavailable in watchOS
12 | var arrow: Arrow!
13 | var table: UITableView!
14 | var shadow: UIView!
| `- error: 'UIView' is unavailable in watchOS
15 | public var selectedIndex: Int?
16 |
/Applications/Xcode-27.0.0-Release.Candidate.app/Contents/Developer/Platforms/WatchOS.platform/Developer/SDKs/WatchOS27.0.sdk/System/Library/Frameworks/UIKit.framework/Headers/UIView.h:152:12: note: 'UIView' has been explicitly marked unavailable here
150 |
151 | UIKIT_EXTERN API_AVAILABLE(ios(2.0)) API_UNAVAILABLE(watchos) NS_SWIFT_UI_ACTOR
152 | @interface UIView : UIResponder <NSCoding, UIAppearance, UIAppearanceContainer, UIDynamicItem, UITraitEnvironment, UICoordinateSpace, UIFocusItem, UIFocusItemContainer, CALayerDelegate>
| `- note: 'UIView' has been explicitly marked unavailable here
153 |
154 | @property(class, nonatomic, readonly) Class layerClass; // default is [CALayer class]. Used when creating the underlying layer for the view.
/Users/admin/builder/spi-builder-workspace/iOSDropDown/Classes/iOSDropDown.swift:23:60: error: 'systemPink' is unavailable in watchOS
21 | @IBInspectable public var itemsColor: UIColor = .darkGray
22 | @IBInspectable public var itemsTintColor: UIColor = .blue
23 | @IBInspectable public var selectedRowColor: UIColor = .systemPink
| `- error: 'systemPink' is unavailable in watchOS
24 | @IBInspectable public var hideOptionsWhenSelect = true
25 | @IBInspectable public var isSearchEnable: Bool = true {
/Applications/Xcode-27.0.0-Release.Candidate.app/Contents/Developer/Platforms/WatchOS.platform/Developer/SDKs/WatchOS27.0.sdk/System/Library/Frameworks/UIKit.framework/Headers/UIInterface.h:126:49: note: 'systemPink' has been explicitly marked unavailable here
124 | @property (class, nonatomic, readonly) UIColor *systemOrangeColor API_AVAILABLE(ios(7.0), tvos(9.0)) API_UNAVAILABLE(watchos);
125 | @property (class, nonatomic, readonly) UIColor *systemYellowColor API_AVAILABLE(ios(7.0), tvos(9.0)) API_UNAVAILABLE(watchos);
126 | @property (class, nonatomic, readonly) UIColor *systemPinkColor API_AVAILABLE(ios(7.0), tvos(9.0)) API_UNAVAILABLE(watchos);
| `- note: 'systemPink' has been explicitly marked unavailable here
127 | @property (class, nonatomic, readonly) UIColor *systemPurpleColor API_AVAILABLE(ios(9.0), tvos(9.0)) API_UNAVAILABLE(watchos);
128 | @property (class, nonatomic, readonly) UIColor *systemTealColor API_AVAILABLE(ios(7.0), tvos(9.0)) API_UNAVAILABLE(watchos);
/Users/admin/builder/spi-builder-workspace/iOSDropDown/Classes/iOSDropDown.swift:58:44: error: 'UIViewController' is unavailable in watchOS
56 | fileprivate var dataArray = [String]()
57 | fileprivate var imageArray = [String]()
58 | fileprivate weak var parentController: UIViewController?
| `- error: 'UIViewController' is unavailable in watchOS
59 | fileprivate var pointToParent = CGPoint(x: 0, y: 0)
60 | fileprivate var backgroundView = UIView()
/Applications/Xcode-27.0.0-Release.Candidate.app/Contents/Developer/Platforms/WatchOS.platform/Developer/SDKs/WatchOS27.0.sdk/System/Library/Frameworks/UIKit.framework/Headers/UIViewController.h:104:12: note: 'UIViewController' has been explicitly marked unavailable here
102 |
103 | UIKIT_EXTERN API_AVAILABLE(ios(2.0)) API_UNAVAILABLE(watchos) NS_SWIFT_UI_ACTOR
104 | @interface UIViewController : UIResponder <NSCoding, UIAppearanceContainer, UITraitEnvironment, UIContentContainer, UIFocusEnvironment>
| `- note: 'UIViewController' has been explicitly marked unavailable here
105 |
106 | /*
/Users/admin/builder/spi-builder-workspace/iOSDropDown/Classes/iOSDropDown.swift:60:38: error: 'UIView' is unavailable in watchOS
58 | fileprivate weak var parentController: UIViewController?
59 | fileprivate var pointToParent = CGPoint(x: 0, y: 0)
60 | fileprivate var backgroundView = UIView()
| `- error: 'UIView' is unavailable in watchOS
61 | fileprivate var keyboardHeight: CGFloat = 0
62 |
/Applications/Xcode-27.0.0-Release.Candidate.app/Contents/Developer/Platforms/WatchOS.platform/Developer/SDKs/WatchOS27.0.sdk/System/Library/Frameworks/UIKit.framework/Headers/UIView.h:152:12: note: 'UIView' has been explicitly marked unavailable here
150 |
151 | UIKIT_EXTERN API_AVAILABLE(ios(2.0)) API_UNAVAILABLE(watchos) NS_SWIFT_UI_ACTOR
152 | @interface UIView : UIResponder <NSCoding, UIAppearance, UIAppearanceContainer, UIDynamicItem, UITraitEnvironment, UICoordinateSpace, UIFocusItem, UIFocusItemContainer, CALayerDelegate>
| `- note: 'UIView' has been explicitly marked unavailable here
153 |
154 | @property(class, nonatomic, readonly) Class layerClass; // default is [CALayer class]. Used when creating the underlying layer for the view.
/Users/admin/builder/spi-builder-workspace/iOSDropDown/Classes/iOSDropDown.swift:60:38: error: 'init()' is unavailable in watchOS
58 | fileprivate weak var parentController: UIViewController?
59 | fileprivate var pointToParent = CGPoint(x: 0, y: 0)
60 | fileprivate var backgroundView = UIView()
| `- error: 'init()' is unavailable in watchOS
61 | fileprivate var keyboardHeight: CGFloat = 0
62 |
/Applications/Xcode-27.0.0-Release.Candidate.app/Contents/Developer/Platforms/WatchOS.platform/Developer/SDKs/WatchOS27.0.sdk/System/Library/Frameworks/UIKit.framework/Headers/UIView.h:158:1: note: 'init()' has been explicitly marked unavailable here
156 | - (instancetype)initWithFrame:(CGRect)frame NS_DESIGNATED_INITIALIZER;
157 | - (nullable instancetype)initWithCoder:(NSCoder *)coder NS_DESIGNATED_INITIALIZER;
158 | - (instancetype)init API_AVAILABLE(ios(2.0), tvos(9.0), visionos(1.0)) API_UNAVAILABLE(watchos);
| `- note: 'init()' has been explicitly marked unavailable here
159 |
160 | @property(nonatomic,getter=isUserInteractionEnabled) BOOL userInteractionEnabled; // default is YES. if set to NO, user events (touch, keys) are ignored and removed from the event queue.
/Users/admin/builder/spi-builder-workspace/iOSDropDown/Classes/iOSDropDown.swift:190:42: error: 'UIView' is unavailable in watchOS
188 | }
189 |
190 | func getConvertedPoint(_ targetView: UIView, baseView: UIView?) -> CGPoint {
| `- error: 'UIView' is unavailable in watchOS
191 | var pnt = targetView.frame.origin
192 | if nil == targetView.superview {
/Applications/Xcode-27.0.0-Release.Candidate.app/Contents/Developer/Platforms/WatchOS.platform/Developer/SDKs/WatchOS27.0.sdk/System/Library/Frameworks/UIKit.framework/Headers/UIView.h:152:12: note: 'UIView' has been explicitly marked unavailable here
150 |
151 | UIKIT_EXTERN API_AVAILABLE(ios(2.0)) API_UNAVAILABLE(watchos) NS_SWIFT_UI_ACTOR
152 | @interface UIView : UIResponder <NSCoding, UIAppearance, UIAppearanceContainer, UIDynamicItem, UITraitEnvironment, UICoordinateSpace, UIFocusItem, UIFocusItemContainer, CALayerDelegate>
| `- note: 'UIView' has been explicitly marked unavailable here
153 |
154 | @property(class, nonatomic, readonly) Class layerClass; // default is [CALayer class]. Used when creating the underlying layer for the view.
/Users/admin/builder/spi-builder-workspace/iOSDropDown/Classes/iOSDropDown.swift:190:60: error: 'UIView' is unavailable in watchOS
188 | }
189 |
190 | func getConvertedPoint(_ targetView: UIView, baseView: UIView?) -> CGPoint {
| `- error: 'UIView' is unavailable in watchOS
191 | var pnt = targetView.frame.origin
192 | if nil == targetView.superview {
/Applications/Xcode-27.0.0-Release.Candidate.app/Contents/Developer/Platforms/WatchOS.platform/Developer/SDKs/WatchOS27.0.sdk/System/Library/Frameworks/UIKit.framework/Headers/UIView.h:152:12: note: 'UIView' has been explicitly marked unavailable here
150 |
151 | UIKIT_EXTERN API_AVAILABLE(ios(2.0)) API_UNAVAILABLE(watchos) NS_SWIFT_UI_ACTOR
152 | @interface UIView : UIResponder <NSCoding, UIAppearance, UIAppearanceContainer, UIDynamicItem, UITraitEnvironment, UICoordinateSpace, UIFocusItem, UIFocusItemContainer, CALayerDelegate>
| `- note: 'UIView' has been explicitly marked unavailable here
153 |
154 | @property(class, nonatomic, readonly) Class layerClass; // default is [CALayer class]. Used when creating the underlying layer for the view.
SwiftCompile normal arm64 (in target 'iOSDropDown' from project 'iOSDropDown')
cd /Users/admin/builder/spi-builder-workspace/.swiftpm/xcode
/Users/admin/builder/spi-builder-workspace/iOSDropDown/Classes/iOSDropDown.swift:11:22: error: 'UITextField' is unavailable in watchOS
9 | import UIKit
10 | @objc(JRDropDown)
11 | open class DropDown: UITextField {
| `- error: 'UITextField' is unavailable in watchOS
12 | var arrow: Arrow!
13 | var table: UITableView!
/Applications/Xcode-27.0.0-Release.Candidate.app/Contents/Developer/Platforms/WatchOS.platform/Developer/SDKs/WatchOS27.0.sdk/System/Library/Frameworks/UIKit.framework/Headers/UITextField.h:53:12: note: 'UITextField' has been explicitly marked unavailable here
51 |
52 | UIKIT_EXTERN API_AVAILABLE(ios(2.0)) API_UNAVAILABLE(watchos) NS_SWIFT_UI_ACTOR
53 | @interface UITextField : UIControl <UITextInput, NSCoding, UIContentSizeCategoryAdjusting, UILetterformAwareAdjusting>
| `- note: 'UITextField' has been explicitly marked unavailable here
54 |
55 | @property(nullable, nonatomic,copy) NSString *text; // default is nil
/Users/admin/builder/spi-builder-workspace/iOSDropDown/Classes/iOSDropDown.swift:359:52: error: 'UITextField' is unavailable in watchOS
357 |
358 | extension DropDown: UITextFieldDelegate {
359 | public func textFieldShouldReturn(_ textField: UITextField) -> Bool {
| `- error: 'UITextField' is unavailable in watchOS
360 | superview?.endEditing(true)
361 | return false
/Applications/Xcode-27.0.0-Release.Candidate.app/Contents/Developer/Platforms/WatchOS.platform/Developer/SDKs/WatchOS27.0.sdk/System/Library/Frameworks/UIKit.framework/Headers/UITextField.h:53:12: note: 'UITextField' has been explicitly marked unavailable here
51 |
52 | UIKIT_EXTERN API_AVAILABLE(ios(2.0)) API_UNAVAILABLE(watchos) NS_SWIFT_UI_ACTOR
53 | @interface UITextField : UIControl <UITextInput, NSCoding, UIContentSizeCategoryAdjusting, UILetterformAwareAdjusting>
| `- note: 'UITextField' has been explicitly marked unavailable here
54 |
55 | @property(nullable, nonatomic,copy) NSString *text; // default is nil
/Users/admin/builder/spi-builder-workspace/iOSDropDown/Classes/iOSDropDown.swift:364:55: error: 'UITextField' is unavailable in watchOS
362 | }
363 |
364 | public func textFieldDidBeginEditing(_ textField: UITextField) {
| `- error: 'UITextField' is unavailable in watchOS
365 | textField.text = ""
366 | // self.selectedIndex = nil
/Applications/Xcode-27.0.0-Release.Candidate.app/Contents/Developer/Platforms/WatchOS.platform/Developer/SDKs/WatchOS27.0.sdk/System/Library/Frameworks/UIKit.framework/Headers/UITextField.h:53:12: note: 'UITextField' has been explicitly marked unavailable here
51 |
52 | UIKIT_EXTERN API_AVAILABLE(ios(2.0)) API_UNAVAILABLE(watchos) NS_SWIFT_UI_ACTOR
53 | @interface UITextField : UIControl <UITextInput, NSCoding, UIContentSizeCategoryAdjusting, UILetterformAwareAdjusting>
| `- note: 'UITextField' has been explicitly marked unavailable here
54 |
55 | @property(nullable, nonatomic,copy) NSString *text; // default is nil
/Users/admin/builder/spi-builder-workspace/iOSDropDown/Classes/iOSDropDown.swift:371:58: error: 'UITextField' is unavailable in watchOS
369 | }
370 |
371 | public func textFieldShouldBeginEditing(_ textField: UITextField) -> Bool {
| `- error: 'UITextField' is unavailable in watchOS
372 | return isSearchEnable
373 | }
/Applications/Xcode-27.0.0-Release.Candidate.app/Contents/Developer/Platforms/WatchOS.platform/Developer/SDKs/WatchOS27.0.sdk/System/Library/Frameworks/UIKit.framework/Headers/UITextField.h:53:12: note: 'UITextField' has been explicitly marked unavailable here
51 |
52 | UIKIT_EXTERN API_AVAILABLE(ios(2.0)) API_UNAVAILABLE(watchos) NS_SWIFT_UI_ACTOR
53 | @interface UITextField : UIControl <UITextInput, NSCoding, UIContentSizeCategoryAdjusting, UILetterformAwareAdjusting>
| `- note: 'UITextField' has been explicitly marked unavailable here
54 |
55 | @property(nullable, nonatomic,copy) NSString *text; // default is nil
/Users/admin/builder/spi-builder-workspace/iOSDropDown/Classes/iOSDropDown.swift:375:40: error: 'UITextField' is unavailable in watchOS
373 | }
374 |
375 | public func textField(_ textField: UITextField, shouldChangeCharactersIn range: NSRange, replacementString string: String) -> Bool {
| `- error: 'UITextField' is unavailable in watchOS
376 | if string != "" {
377 | searchText = text! + string
/Applications/Xcode-27.0.0-Release.Candidate.app/Contents/Developer/Platforms/WatchOS.platform/Developer/SDKs/WatchOS27.0.sdk/System/Library/Frameworks/UIKit.framework/Headers/UITextField.h:53:12: note: 'UITextField' has been explicitly marked unavailable here
51 |
52 | UIKIT_EXTERN API_AVAILABLE(ios(2.0)) API_UNAVAILABLE(watchos) NS_SWIFT_UI_ACTOR
53 | @interface UITextField : UIControl <UITextInput, NSCoding, UIContentSizeCategoryAdjusting, UILetterformAwareAdjusting>
| `- note: 'UITextField' has been explicitly marked unavailable here
54 |
55 | @property(nullable, nonatomic,copy) NSString *text; // default is nil
/Users/admin/builder/spi-builder-workspace/iOSDropDown/Classes/iOSDropDown.swift:358:21: error: 'UITextFieldDelegate' is unavailable in watchOS
356 | // MARK: UITextFieldDelegate
357 |
358 | extension DropDown: UITextFieldDelegate {
| `- error: 'UITextFieldDelegate' is unavailable in watchOS
359 | public func textFieldShouldReturn(_ textField: UITextField) -> Bool {
360 | superview?.endEditing(true)
/Applications/Xcode-27.0.0-Release.Candidate.app/Contents/Developer/Platforms/WatchOS.platform/Developer/SDKs/WatchOS27.0.sdk/System/Library/Frameworks/UIKit.framework/Headers/UITextField.h:140:11: note: 'UITextFieldDelegate' has been explicitly marked unavailable here
138 |
139 | API_UNAVAILABLE(watchos) NS_SWIFT_UI_ACTOR
140 | @protocol UITextFieldDelegate <NSObject>
| `- note: 'UITextFieldDelegate' has been explicitly marked unavailable here
141 |
142 | @optional
SwiftCompile normal arm64 Compiling\ iOSDropDown.swift /Users/admin/builder/spi-builder-workspace/iOSDropDown/Classes/iOSDropDown.swift (in target 'iOSDropDown' from project 'iOSDropDown')
/Users/admin/builder/spi-builder-workspace/iOSDropDown/Classes/iOSDropDown.swift:13:16: error: 'UITableView' is unavailable in watchOS
11 | open class DropDown: UITextField {
12 | var arrow: Arrow!
13 | var table: UITableView!
| `- error: 'UITableView' is unavailable in watchOS
14 | var shadow: UIView!
15 | public var selectedIndex: Int?
/Applications/Xcode-27.0.0-Release.Candidate.app/Contents/Developer/Platforms/WatchOS.platform/Developer/SDKs/WatchOS27.0.sdk/System/Library/Frameworks/UIKit.framework/Headers/UITableView.h:347:12: note: 'UITableView' has been explicitly marked unavailable here
345 |
346 | UIKIT_EXTERN API_AVAILABLE(ios(2.0)) API_UNAVAILABLE(watchos) NS_SWIFT_UI_ACTOR
347 | @interface UITableView : UIScrollView <NSCoding, UIDataSourceTranslating>
| `- note: 'UITableView' has been explicitly marked unavailable here
348 |
349 | - (instancetype)initWithFrame:(CGRect)frame style:(UITableViewStyle)style NS_DESIGNATED_INITIALIZER; // must specify style at creation. -initWithFrame: calls this with UITableViewStylePlain
/Users/admin/builder/spi-builder-workspace/iOSDropDown/Classes/iOSDropDown.swift:14:17: error: 'UIView' is unavailable in watchOS
12 | var arrow: Arrow!
13 | var table: UITableView!
14 | var shadow: UIView!
| `- error: 'UIView' is unavailable in watchOS
15 | public var selectedIndex: Int?
16 |
/Applications/Xcode-27.0.0-Release.Candidate.app/Contents/Developer/Platforms/WatchOS.platform/Developer/SDKs/WatchOS27.0.sdk/System/Library/Frameworks/UIKit.framework/Headers/UIView.h:152:12: note: 'UIView' has been explicitly marked unavailable here
150 |
151 | UIKIT_EXTERN API_AVAILABLE(ios(2.0)) API_UNAVAILABLE(watchos) NS_SWIFT_UI_ACTOR
152 | @interface UIView : UIResponder <NSCoding, UIAppearance, UIAppearanceContainer, UIDynamicItem, UITraitEnvironment, UICoordinateSpace, UIFocusItem, UIFocusItemContainer, CALayerDelegate>
| `- note: 'UIView' has been explicitly marked unavailable here
153 |
154 | @property(class, nonatomic, readonly) Class layerClass; // default is [CALayer class]. Used when creating the underlying layer for the view.
/Users/admin/builder/spi-builder-workspace/iOSDropDown/Classes/iOSDropDown.swift:23:60: error: 'systemPink' is unavailable in watchOS
21 | @IBInspectable public var itemsColor: UIColor = .darkGray
22 | @IBInspectable public var itemsTintColor: UIColor = .blue
23 | @IBInspectable public var selectedRowColor: UIColor = .systemPink
| `- error: 'systemPink' is unavailable in watchOS
24 | @IBInspectable public var hideOptionsWhenSelect = true
25 | @IBInspectable public var isSearchEnable: Bool = true {
/Applications/Xcode-27.0.0-Release.Candidate.app/Contents/Developer/Platforms/WatchOS.platform/Developer/SDKs/WatchOS27.0.sdk/System/Library/Frameworks/UIKit.framework/Headers/UIInterface.h:126:49: note: 'systemPink' has been explicitly marked unavailable here
124 | @property (class, nonatomic, readonly) UIColor *systemOrangeColor API_AVAILABLE(ios(7.0), tvos(9.0)) API_UNAVAILABLE(watchos);
125 | @property (class, nonatomic, readonly) UIColor *systemYellowColor API_AVAILABLE(ios(7.0), tvos(9.0)) API_UNAVAILABLE(watchos);
126 | @property (class, nonatomic, readonly) UIColor *systemPinkColor API_AVAILABLE(ios(7.0), tvos(9.0)) API_UNAVAILABLE(watchos);
| `- note: 'systemPink' has been explicitly marked unavailable here
127 | @property (class, nonatomic, readonly) UIColor *systemPurpleColor API_AVAILABLE(ios(9.0), tvos(9.0)) API_UNAVAILABLE(watchos);
128 | @property (class, nonatomic, readonly) UIColor *systemTealColor API_AVAILABLE(ios(7.0), tvos(9.0)) API_UNAVAILABLE(watchos);
/Users/admin/builder/spi-builder-workspace/iOSDropDown/Classes/iOSDropDown.swift:58:44: error: 'UIViewController' is unavailable in watchOS
56 | fileprivate var dataArray = [String]()
57 | fileprivate var imageArray = [String]()
58 | fileprivate weak var parentController: UIViewController?
| `- error: 'UIViewController' is unavailable in watchOS
59 | fileprivate var pointToParent = CGPoint(x: 0, y: 0)
60 | fileprivate var backgroundView = UIView()
/Applications/Xcode-27.0.0-Release.Candidate.app/Contents/Developer/Platforms/WatchOS.platform/Developer/SDKs/WatchOS27.0.sdk/System/Library/Frameworks/UIKit.framework/Headers/UIViewController.h:104:12: note: 'UIViewController' has been explicitly marked unavailable here
102 |
103 | UIKIT_EXTERN API_AVAILABLE(ios(2.0)) API_UNAVAILABLE(watchos) NS_SWIFT_UI_ACTOR
104 | @interface UIViewController : UIResponder <NSCoding, UIAppearanceContainer, UITraitEnvironment, UIContentContainer, UIFocusEnvironment>
| `- note: 'UIViewController' has been explicitly marked unavailable here
105 |
106 | /*
/Users/admin/builder/spi-builder-workspace/iOSDropDown/Classes/iOSDropDown.swift:60:38: error: 'UIView' is unavailable in watchOS
58 | fileprivate weak var parentController: UIViewController?
59 | fileprivate var pointToParent = CGPoint(x: 0, y: 0)
60 | fileprivate var backgroundView = UIView()
| `- error: 'UIView' is unavailable in watchOS
61 | fileprivate var keyboardHeight: CGFloat = 0
62 |
/Applications/Xcode-27.0.0-Release.Candidate.app/Contents/Developer/Platforms/WatchOS.platform/Developer/SDKs/WatchOS27.0.sdk/System/Library/Frameworks/UIKit.framework/Headers/UIView.h:152:12: note: 'UIView' has been explicitly marked unavailable here
150 |
151 | UIKIT_EXTERN API_AVAILABLE(ios(2.0)) API_UNAVAILABLE(watchos) NS_SWIFT_UI_ACTOR
152 | @interface UIView : UIResponder <NSCoding, UIAppearance, UIAppearanceContainer, UIDynamicItem, UITraitEnvironment, UICoordinateSpace, UIFocusItem, UIFocusItemContainer, CALayerDelegate>
| `- note: 'UIView' has been explicitly marked unavailable here
153 |
154 | @property(class, nonatomic, readonly) Class layerClass; // default is [CALayer class]. Used when creating the underlying layer for the view.
/Users/admin/builder/spi-builder-workspace/iOSDropDown/Classes/iOSDropDown.swift:60:38: error: 'init()' is unavailable in watchOS
58 | fileprivate weak var parentController: UIViewController?
59 | fileprivate var pointToParent = CGPoint(x: 0, y: 0)
60 | fileprivate var backgroundView = UIView()
| `- error: 'init()' is unavailable in watchOS
61 | fileprivate var keyboardHeight: CGFloat = 0
62 |
/Applications/Xcode-27.0.0-Release.Candidate.app/Contents/Developer/Platforms/WatchOS.platform/Developer/SDKs/WatchOS27.0.sdk/System/Library/Frameworks/UIKit.framework/Headers/UIView.h:158:1: note: 'init()' has been explicitly marked unavailable here
156 | - (instancetype)initWithFrame:(CGRect)frame NS_DESIGNATED_INITIALIZER;
157 | - (nullable instancetype)initWithCoder:(NSCoder *)coder NS_DESIGNATED_INITIALIZER;
158 | - (instancetype)init API_AVAILABLE(ios(2.0), tvos(9.0), visionos(1.0)) API_UNAVAILABLE(watchos);
| `- note: 'init()' has been explicitly marked unavailable here
159 |
160 | @property(nonatomic,getter=isUserInteractionEnabled) BOOL userInteractionEnabled; // default is YES. if set to NO, user events (touch, keys) are ignored and removed from the event queue.
/Users/admin/builder/spi-builder-workspace/iOSDropDown/Classes/iOSDropDown.swift:190:42: error: 'UIView' is unavailable in watchOS
188 | }
189 |
190 | func getConvertedPoint(_ targetView: UIView, baseView: UIView?) -> CGPoint {
| `- error: 'UIView' is unavailable in watchOS
191 | var pnt = targetView.frame.origin
192 | if nil == targetView.superview {
/Applications/Xcode-27.0.0-Release.Candidate.app/Contents/Developer/Platforms/WatchOS.platform/Developer/SDKs/WatchOS27.0.sdk/System/Library/Frameworks/UIKit.framework/Headers/UIView.h:152:12: note: 'UIView' has been explicitly marked unavailable here
150 |
151 | UIKIT_EXTERN API_AVAILABLE(ios(2.0)) API_UNAVAILABLE(watchos) NS_SWIFT_UI_ACTOR
152 | @interface UIView : UIResponder <NSCoding, UIAppearance, UIAppearanceContainer, UIDynamicItem, UITraitEnvironment, UICoordinateSpace, UIFocusItem, UIFocusItemContainer, CALayerDelegate>
| `- note: 'UIView' has been explicitly marked unavailable here
153 |
154 | @property(class, nonatomic, readonly) Class layerClass; // default is [CALayer class]. Used when creating the underlying layer for the view.
/Users/admin/builder/spi-builder-workspace/iOSDropDown/Classes/iOSDropDown.swift:190:60: error: 'UIView' is unavailable in watchOS
188 | }
189 |
190 | func getConvertedPoint(_ targetView: UIView, baseView: UIView?) -> CGPoint {
| `- error: 'UIView' is unavailable in watchOS
191 | var pnt = targetView.frame.origin
192 | if nil == targetView.superview {
/Applications/Xcode-27.0.0-Release.Candidate.app/Contents/Developer/Platforms/WatchOS.platform/Developer/SDKs/WatchOS27.0.sdk/System/Library/Frameworks/UIKit.framework/Headers/UIView.h:152:12: note: 'UIView' has been explicitly marked unavailable here
150 |
151 | UIKIT_EXTERN API_AVAILABLE(ios(2.0)) API_UNAVAILABLE(watchos) NS_SWIFT_UI_ACTOR
152 | @interface UIView : UIResponder <NSCoding, UIAppearance, UIAppearanceContainer, UIDynamicItem, UITraitEnvironment, UICoordinateSpace, UIFocusItem, UIFocusItemContainer, CALayerDelegate>
| `- note: 'UIView' has been explicitly marked unavailable here
153 |
154 | @property(class, nonatomic, readonly) Class layerClass; // default is [CALayer class]. Used when creating the underlying layer for the view.
SwiftCompile normal arm64 /Users/admin/builder/spi-builder-workspace/iOSDropDown/Classes/iOSDropDown.swift (in target 'iOSDropDown' from project 'iOSDropDown')
cd /Users/admin/builder/spi-builder-workspace/.swiftpm/xcode
builtin-SwiftPerFileCompile iOSDropDown.swift
/Users/admin/builder/spi-builder-workspace/iOSDropDown/Classes/iOSDropDown.swift:11:22: error: 'UITextField' is unavailable in watchOS
9 | import UIKit
10 | @objc(JRDropDown)
11 | open class DropDown: UITextField {
| `- error: 'UITextField' is unavailable in watchOS
12 | var arrow: Arrow!
13 | var table: UITableView!
/Applications/Xcode-27.0.0-Release.Candidate.app/Contents/Developer/Platforms/WatchOS.platform/Developer/SDKs/WatchOS27.0.sdk/System/Library/Frameworks/UIKit.framework/Headers/UITextField.h:53:12: note: 'UITextField' has been explicitly marked unavailable here
51 |
52 | UIKIT_EXTERN API_AVAILABLE(ios(2.0)) API_UNAVAILABLE(watchos) NS_SWIFT_UI_ACTOR
53 | @interface UITextField : UIControl <UITextInput, NSCoding, UIContentSizeCategoryAdjusting, UILetterformAwareAdjusting>
| `- note: 'UITextField' has been explicitly marked unavailable here
54 |
55 | @property(nullable, nonatomic,copy) NSString *text; // default is nil
/Users/admin/builder/spi-builder-workspace/iOSDropDown/Classes/iOSDropDown.swift:359:52: error: 'UITextField' is unavailable in watchOS
357 |
358 | extension DropDown: UITextFieldDelegate {
359 | public func textFieldShouldReturn(_ textField: UITextField) -> Bool {
| `- error: 'UITextField' is unavailable in watchOS
360 | superview?.endEditing(true)
361 | return false
/Applications/Xcode-27.0.0-Release.Candidate.app/Contents/Developer/Platforms/WatchOS.platform/Developer/SDKs/WatchOS27.0.sdk/System/Library/Frameworks/UIKit.framework/Headers/UITextField.h:53:12: note: 'UITextField' has been explicitly marked unavailable here
51 |
52 | UIKIT_EXTERN API_AVAILABLE(ios(2.0)) API_UNAVAILABLE(watchos) NS_SWIFT_UI_ACTOR
53 | @interface UITextField : UIControl <UITextInput, NSCoding, UIContentSizeCategoryAdjusting, UILetterformAwareAdjusting>
| `- note: 'UITextField' has been explicitly marked unavailable here
54 |
55 | @property(nullable, nonatomic,copy) NSString *text; // default is nil
/Users/admin/builder/spi-builder-workspace/iOSDropDown/Classes/iOSDropDown.swift:364:55: error: 'UITextField' is unavailable in watchOS
362 | }
363 |
364 | public func textFieldDidBeginEditing(_ textField: UITextField) {
| `- error: 'UITextField' is unavailable in watchOS
365 | textField.text = ""
366 | // self.selectedIndex = nil
/Applications/Xcode-27.0.0-Release.Candidate.app/Contents/Developer/Platforms/WatchOS.platform/Developer/SDKs/WatchOS27.0.sdk/System/Library/Frameworks/UIKit.framework/Headers/UITextField.h:53:12: note: 'UITextField' has been explicitly marked unavailable here
51 |
52 | UIKIT_EXTERN API_AVAILABLE(ios(2.0)) API_UNAVAILABLE(watchos) NS_SWIFT_UI_ACTOR
53 | @interface UITextField : UIControl <UITextInput, NSCoding, UIContentSizeCategoryAdjusting, UILetterformAwareAdjusting>
| `- note: 'UITextField' has been explicitly marked unavailable here
54 |
55 | @property(nullable, nonatomic,copy) NSString *text; // default is nil
/Users/admin/builder/spi-builder-workspace/iOSDropDown/Classes/iOSDropDown.swift:371:58: error: 'UITextField' is unavailable in watchOS
369 | }
370 |
371 | public func textFieldShouldBeginEditing(_ textField: UITextField) -> Bool {
| `- error: 'UITextField' is unavailable in watchOS
372 | return isSearchEnable
373 | }
/Applications/Xcode-27.0.0-Release.Candidate.app/Contents/Developer/Platforms/WatchOS.platform/Developer/SDKs/WatchOS27.0.sdk/System/Library/Frameworks/UIKit.framework/Headers/UITextField.h:53:12: note: 'UITextField' has been explicitly marked unavailable here
51 |
52 | UIKIT_EXTERN API_AVAILABLE(ios(2.0)) API_UNAVAILABLE(watchos) NS_SWIFT_UI_ACTOR
53 | @interface UITextField : UIControl <UITextInput, NSCoding, UIContentSizeCategoryAdjusting, UILetterformAwareAdjusting>
| `- note: 'UITextField' has been explicitly marked unavailable here
54 |
55 | @property(nullable, nonatomic,copy) NSString *text; // default is nil
PruneExplicitPrecompiledModules /Users/admin/builder/spi-builder-workspace/.derivedData/SDKExplicitPrecompiledModules
PruneExplicitPrecompiledModules /Users/admin/builder/spi-builder-workspace/.derivedData/Build/Intermediates.noindex/SwiftExplicitPrecompiledModules
PruneExplicitPrecompiledModules /Users/admin/builder/spi-builder-workspace/.derivedData/Build/Intermediates.noindex/ExplicitPrecompiledModules
2026-09-24 16:04:07.182 xcodebuild[666:4296] [MT] IDERunDestination: Supported platforms for the buildables in the current scheme is empty.
** BUILD FAILED **
The following build commands failed:
SwiftCompile normal arm64_32 (in target 'iOSDropDown' from project 'iOSDropDown')
SwiftEmitModule normal arm64_32 Emitting\ module\ for\ iOSDropDown (in target 'iOSDropDown' from project 'iOSDropDown')
Building workspace iOSDropDown with scheme iOSDropDown
(3 failures)
Command line invocation:
/Applications/Xcode-27.0.0-Release.Candidate.app/Contents/Developer/usr/bin/xcodebuild -IDEClonedSourcePackagesDirPathOverride=/Users/admin/builder/spi-builder-workspace/.dependencies -resolvePackageDependencies
Resolve Package Graph
Resolved source packages:
iOSDropDown: /Users/admin/builder/spi-builder-workspace
resolved source packages: iOSDropDown
2026-09-24 16:04:13.264 xcodebuild[787:4782] [MT] IDERunDestination: Supported platforms for the buildables in the current scheme is empty.
{
"dependencies" : [
],
"manifest_display_name" : "iOSDropDown",
"name" : "iOSDropDown",
"path" : "/Users/admin/builder/spi-builder-workspace",
"platforms" : [
],
"products" : [
{
"name" : "iOSDropDown",
"targets" : [
"iOSDropDown"
],
"type" : {
"library" : [
"automatic"
]
}
}
],
"targets" : [
{
"c99name" : "iOSDropDown",
"module_type" : "SwiftTarget",
"name" : "iOSDropDown",
"path" : "iOSDropDown/Classes",
"product_memberships" : [
"iOSDropDown"
],
"sources" : [
"iOSDropDown.swift"
],
"type" : "library"
}
],
"tools_version" : "5.1"
}
{
"workspace" : {
"name" : "iOSDropDown",
"schemes" : [
"iOSDropDown"
]
}
}
2026-09-24 16:04:14.424 xcodebuild[795:4856] [MT] IDERunDestination: Supported platforms for the buildables in the current scheme is empty.
Running build ...
env DEVELOPER_DIR=/Applications/Xcode-27.0.0-Release.Candidate.app xcrun xcodebuild -IDEClonedSourcePackagesDirPathOverride=$PWD/.dependencies -skipMacroValidation -skipPackagePluginValidation -derivedDataPath $PWD/.derivedData build -scheme iOSDropDown -destination generic/platform=watchOS
Command line invocation:
/Applications/Xcode-27.0.0-Release.Candidate.app/Contents/Developer/usr/bin/xcodebuild -IDEClonedSourcePackagesDirPathOverride=/Users/admin/builder/spi-builder-workspace/.dependencies -skipMacroValidation -skipPackagePluginValidation -derivedDataPath /Users/admin/builder/spi-builder-workspace/.derivedData build -scheme iOSDropDown -destination generic/platform=watchOS
Resolve Package Graph
Resolved source packages:
iOSDropDown: /Users/admin/builder/spi-builder-workspace
ComputePackagePrebuildTargetDependencyGraph
Prepare packages
CreateBuildRequest
SendProjectDescription
CreateBuildOperation
ComputeTargetDependencyGraph
note: Building targets in dependency order
note: Target dependency graph (2 targets)
Target 'iOSDropDown-product' in project 'iOSDropDown'
➜ Explicit dependency on target 'iOSDropDown' in project 'iOSDropDown'
Target 'iOSDropDown' in project 'iOSDropDown' (no dependencies)
GatherProvisioningInputs
CreateBuildDescription
ClangStatCache /Applications/Xcode-27.0.0-Release.Candidate.app/Contents/Developer/Toolchains/XcodeDefault.xctoolchain/usr/bin/clang-stat-cache /Applications/Xcode-27.0.0-Release.Candidate.app/Contents/Developer/Platforms/WatchOS.platform/Developer/SDKs/WatchOS27.0.sdk /Users/admin/builder/spi-builder-workspace/.derivedData/SDKStatCaches.noindex/watchos27.0-24R360-e829b21a6f8c9b70876ba0858053c04477534ef55a1706bf4c1112bbb242f0a2.sdkstatcache
cd /Users/admin/builder/spi-builder-workspace/.swiftpm/xcode
/Applications/Xcode-27.0.0-Release.Candidate.app/Contents/Developer/Toolchains/XcodeDefault.xctoolchain/usr/bin/clang-stat-cache /Applications/Xcode-27.0.0-Release.Candidate.app/Contents/Developer/Platforms/WatchOS.platform/Developer/SDKs/WatchOS27.0.sdk -o /Users/admin/builder/spi-builder-workspace/.derivedData/SDKStatCaches.noindex/watchos27.0-24R360-e829b21a6f8c9b70876ba0858053c04477534ef55a1706bf4c1112bbb242f0a2.sdkstatcache
SwiftDriver iOSDropDown normal arm64 com.apple.xcode.tools.swift.compiler (in target 'iOSDropDown' from project 'iOSDropDown')
cd /Users/admin/builder/spi-builder-workspace/.swiftpm/xcode
builtin-SwiftDriver -- /Applications/Xcode-27.0.0-Release.Candidate.app/Contents/Developer/Toolchains/XcodeDefault.xctoolchain/usr/bin/swiftc -parse-as-library -module-name iOSDropDown -Onone @/Users/admin/builder/spi-builder-workspace/.derivedData/Build/Intermediates.noindex/iOSDropDown.build/Debug-watchos/iOSDropDown-t.build/Objects-normal/arm64/iOSDropDown.SwiftFileList -DSWIFT_PACKAGE -DDEBUG -DSWIFT_MODULE_RESOURCE_BUNDLE_UNAVAILABLE -DXcode -plugin-path /Applications/Xcode-27.0.0-Release.Candidate.app/Contents/Developer/Toolchains/XcodeDefault.xctoolchain/usr/lib/swift/host/plugins/testing -enable-experimental-feature DebugDescriptionMacro -sdk /Applications/Xcode-27.0.0-Release.Candidate.app/Contents/Developer/Platforms/WatchOS.platform/Developer/SDKs/WatchOS27.0.sdk -target arm64-apple-watchos9.0 -g -module-cache-path /Users/admin/builder/spi-builder-workspace/.derivedData/ModuleCache.noindex -Xfrontend -serialize-debugging-options -enable-testing -index-store-path /Users/admin/builder/spi-builder-workspace/.derivedData/Index.noindex/DataStore -Xcc -D_LIBCPP_HARDENING_MODE\=_LIBCPP_HARDENING_MODE_DEBUG -swift-version 5 -I /Users/admin/builder/spi-builder-workspace/.derivedData/Build/Products/Debug-watchos -Isystem /Applications/Xcode-27.0.0-Release.Candidate.app/Contents/Developer/Platforms/WatchOS.platform/Developer/usr/lib -F /Users/admin/builder/spi-builder-workspace/.derivedData/Build/Products/Debug-watchos -F /Applications/Xcode-27.0.0-Release.Candidate.app/Contents/Developer/Platforms/WatchOS.platform/Developer/Library/Frameworks -F /Applications/Xcode-27.0.0-Release.Candidate.app/Contents/Developer/Platforms/WatchOS.platform/Developer/SDKs/WatchOS27.0.sdk/Developer/Library/Frameworks -c -j10 -enable-batch-mode -incremental -Xcc -ivfsstatcache -Xcc /Users/admin/builder/spi-builder-workspace/.derivedData/SDKStatCaches.noindex/watchos27.0-24R360-e829b21a6f8c9b70876ba0858053c04477534ef55a1706bf4c1112bbb242f0a2.sdkstatcache -output-file-map /Users/admin/builder/spi-builder-workspace/.derivedData/Build/Intermediates.noindex/iOSDropDown.build/Debug-watchos/iOSDropDown-t.build/Objects-normal/arm64/iOSDropDown-OutputFileMap.json -save-temps -no-color-diagnostics -explicit-module-build -module-cache-path /Users/admin/builder/spi-builder-workspace/.derivedData/Build/Intermediates.noindex/SwiftExplicitPrecompiledModules -clang-scanner-module-cache-path /Users/admin/builder/spi-builder-workspace/.derivedData/ModuleCache.noindex -sdk-module-cache-path /Users/admin/builder/spi-builder-workspace/.derivedData/SDKExplicitPrecompiledModules -emit-dependencies -emit-module -emit-module-path /Users/admin/builder/spi-builder-workspace/.derivedData/Build/Intermediates.noindex/iOSDropDown.build/Debug-watchos/iOSDropDown-t.build/Objects-normal/arm64/iOSDropDown.swiftmodule -serialize-diagnostics -dependency-scan-serialize-diagnostics-path /Users/admin/builder/spi-builder-workspace/.derivedData/Build/Intermediates.noindex/iOSDropDown.build/Debug-watchos/iOSDropDown-t.build/Objects-normal/arm64/iOSDropDown-dependency-scan.dia -validate-clang-modules-once -clang-build-session-file /Users/admin/builder/spi-builder-workspace/.derivedData/ModuleCache.noindex/Session.modulevalidation -Xcc -fmodules-prune-interval\=86400 -Xcc -fmodules-prune-after\=345600 -emit-const-values -const-gather-protocols-list /Users/admin/builder/spi-builder-workspace/.derivedData/Build/Intermediates.noindex/iOSDropDown.build/Debug-watchos/iOSDropDown-t.build/Objects-normal/arm64/iOSDropDown_const_extract_protocols.json -Xcc -I/Users/admin/builder/spi-builder-workspace/.derivedData/Build/Products/Debug-watchos/include -Xcc -I/Users/admin/builder/spi-builder-workspace/.derivedData/Build/Intermediates.noindex/iOSDropDown.build/Debug-watchos/iOSDropDown-t.build/DerivedSources-normal/arm64 -Xcc -I/Users/admin/builder/spi-builder-workspace/.derivedData/Build/Intermediates.noindex/iOSDropDown.build/Debug-watchos/iOSDropDown-t.build/DerivedSources/arm64 -Xcc -I/Users/admin/builder/spi-builder-workspace/.derivedData/Build/Intermediates.noindex/iOSDropDown.build/Debug-watchos/iOSDropDown-t.build/DerivedSources -Xcc -DSWIFT_PACKAGE -Xcc -DDEBUG\=1 -emit-objc-header -emit-objc-header-path /Users/admin/builder/spi-builder-workspace/.derivedData/Build/Intermediates.noindex/iOSDropDown.build/Debug-watchos/iOSDropDown-t.build/Objects-normal/arm64/iOSDropDown-Swift.h -working-directory /Users/admin/builder/spi-builder-workspace/.swiftpm/xcode -experimental-emit-module-separately -disable-cmo
SwiftDriver iOSDropDown normal arm64_32 com.apple.xcode.tools.swift.compiler (in target 'iOSDropDown' from project 'iOSDropDown')
cd /Users/admin/builder/spi-builder-workspace/.swiftpm/xcode
builtin-SwiftDriver -- /Applications/Xcode-27.0.0-Release.Candidate.app/Contents/Developer/Toolchains/XcodeDefault.xctoolchain/usr/bin/swiftc -parse-as-library -module-name iOSDropDown -Onone @/Users/admin/builder/spi-builder-workspace/.derivedData/Build/Intermediates.noindex/iOSDropDown.build/Debug-watchos/iOSDropDown-t.build/Objects-normal/arm64_32/iOSDropDown.SwiftFileList -DSWIFT_PACKAGE -DDEBUG -DSWIFT_MODULE_RESOURCE_BUNDLE_UNAVAILABLE -DXcode -plugin-path /Applications/Xcode-27.0.0-Release.Candidate.app/Contents/Developer/Toolchains/XcodeDefault.xctoolchain/usr/lib/swift/host/plugins/testing -enable-experimental-feature DebugDescriptionMacro -sdk /Applications/Xcode-27.0.0-Release.Candidate.app/Contents/Developer/Platforms/WatchOS.platform/Developer/SDKs/WatchOS27.0.sdk -target arm64_32-apple-watchos9.0 -g -module-cache-path /Users/admin/builder/spi-builder-workspace/.derivedData/ModuleCache.noindex -Xfrontend -serialize-debugging-options -enable-testing -index-store-path /Users/admin/builder/spi-builder-workspace/.derivedData/Index.noindex/DataStore -Xcc -D_LIBCPP_HARDENING_MODE\=_LIBCPP_HARDENING_MODE_DEBUG -swift-version 5 -I /Users/admin/builder/spi-builder-workspace/.derivedData/Build/Products/Debug-watchos -Isystem /Applications/Xcode-27.0.0-Release.Candidate.app/Contents/Developer/Platforms/WatchOS.platform/Developer/usr/lib -F /Users/admin/builder/spi-builder-workspace/.derivedData/Build/Products/Debug-watchos -F /Applications/Xcode-27.0.0-Release.Candidate.app/Contents/Developer/Platforms/WatchOS.platform/Developer/Library/Frameworks -F /Applications/Xcode-27.0.0-Release.Candidate.app/Contents/Developer/Platforms/WatchOS.platform/Developer/SDKs/WatchOS27.0.sdk/Developer/Library/Frameworks -c -j10 -enable-batch-mode -incremental -Xcc -ivfsstatcache -Xcc /Users/admin/builder/spi-builder-workspace/.derivedData/SDKStatCaches.noindex/watchos27.0-24R360-e829b21a6f8c9b70876ba0858053c04477534ef55a1706bf4c1112bbb242f0a2.sdkstatcache -output-file-map /Users/admin/builder/spi-builder-workspace/.derivedData/Build/Intermediates.noindex/iOSDropDown.build/Debug-watchos/iOSDropDown-t.build/Objects-normal/arm64_32/iOSDropDown-OutputFileMap.json -save-temps -no-color-diagnostics -explicit-module-build -module-cache-path /Users/admin/builder/spi-builder-workspace/.derivedData/Build/Intermediates.noindex/SwiftExplicitPrecompiledModules -clang-scanner-module-cache-path /Users/admin/builder/spi-builder-workspace/.derivedData/ModuleCache.noindex -sdk-module-cache-path /Users/admin/builder/spi-builder-workspace/.derivedData/SDKExplicitPrecompiledModules -emit-dependencies -emit-module -emit-module-path /Users/admin/builder/spi-builder-workspace/.derivedData/Build/Intermediates.noindex/iOSDropDown.build/Debug-watchos/iOSDropDown-t.build/Objects-normal/arm64_32/iOSDropDown.swiftmodule -serialize-diagnostics -dependency-scan-serialize-diagnostics-path /Users/admin/builder/spi-builder-workspace/.derivedData/Build/Intermediates.noindex/iOSDropDown.build/Debug-watchos/iOSDropDown-t.build/Objects-normal/arm64_32/iOSDropDown-dependency-scan.dia -validate-clang-modules-once -clang-build-session-file /Users/admin/builder/spi-builder-workspace/.derivedData/ModuleCache.noindex/Session.modulevalidation -Xcc -fmodules-prune-interval\=86400 -Xcc -fmodules-prune-after\=345600 -emit-const-values -const-gather-protocols-list /Users/admin/builder/spi-builder-workspace/.derivedData/Build/Intermediates.noindex/iOSDropDown.build/Debug-watchos/iOSDropDown-t.build/Objects-normal/arm64_32/iOSDropDown_const_extract_protocols.json -Xcc -I/Users/admin/builder/spi-builder-workspace/.derivedData/Build/Products/Debug-watchos/include -Xcc -I/Users/admin/builder/spi-builder-workspace/.derivedData/Build/Intermediates.noindex/iOSDropDown.build/Debug-watchos/iOSDropDown-t.build/DerivedSources-normal/arm64_32 -Xcc -I/Users/admin/builder/spi-builder-workspace/.derivedData/Build/Intermediates.noindex/iOSDropDown.build/Debug-watchos/iOSDropDown-t.build/DerivedSources/arm64_32 -Xcc -I/Users/admin/builder/spi-builder-workspace/.derivedData/Build/Intermediates.noindex/iOSDropDown.build/Debug-watchos/iOSDropDown-t.build/DerivedSources -Xcc -DSWIFT_PACKAGE -Xcc -DDEBUG\=1 -emit-objc-header -emit-objc-header-path /Users/admin/builder/spi-builder-workspace/.derivedData/Build/Intermediates.noindex/iOSDropDown.build/Debug-watchos/iOSDropDown-t.build/Objects-normal/arm64_32/iOSDropDown-Swift.h -working-directory /Users/admin/builder/spi-builder-workspace/.swiftpm/xcode -experimental-emit-module-separately -disable-cmo
SwiftEmitModule normal arm64_32 Emitting\ module\ for\ iOSDropDown (in target 'iOSDropDown' from project 'iOSDropDown')
/Users/admin/builder/spi-builder-workspace/iOSDropDown/Classes/iOSDropDown.swift:13:16: error: 'UITableView' is unavailable in watchOS
11 | open class DropDown: UITextField {
12 | var arrow: Arrow!
13 | var table: UITableView!
| `- error: 'UITableView' is unavailable in watchOS
14 | var shadow: UIView!
15 | public var selectedIndex: Int?
/Applications/Xcode-27.0.0-Release.Candidate.app/Contents/Developer/Platforms/WatchOS.platform/Developer/SDKs/WatchOS27.0.sdk/System/Library/Frameworks/UIKit.framework/Headers/UITableView.h:347:12: note: 'UITableView' has been explicitly marked unavailable here
345 |
346 | UIKIT_EXTERN API_AVAILABLE(ios(2.0)) API_UNAVAILABLE(watchos) NS_SWIFT_UI_ACTOR
347 | @interface UITableView : UIScrollView <NSCoding, UIDataSourceTranslating>
| `- note: 'UITableView' has been explicitly marked unavailable here
348 |
349 | - (instancetype)initWithFrame:(CGRect)frame style:(UITableViewStyle)style NS_DESIGNATED_INITIALIZER; // must specify style at creation. -initWithFrame: calls this with UITableViewStylePlain
/Users/admin/builder/spi-builder-workspace/iOSDropDown/Classes/iOSDropDown.swift:14:17: error: 'UIView' is unavailable in watchOS
12 | var arrow: Arrow!
13 | var table: UITableView!
14 | var shadow: UIView!
| `- error: 'UIView' is unavailable in watchOS
15 | public var selectedIndex: Int?
16 |
/Applications/Xcode-27.0.0-Release.Candidate.app/Contents/Developer/Platforms/WatchOS.platform/Developer/SDKs/WatchOS27.0.sdk/System/Library/Frameworks/UIKit.framework/Headers/UIView.h:152:12: note: 'UIView' has been explicitly marked unavailable here
150 |
151 | UIKIT_EXTERN API_AVAILABLE(ios(2.0)) API_UNAVAILABLE(watchos) NS_SWIFT_UI_ACTOR
152 | @interface UIView : UIResponder <NSCoding, UIAppearance, UIAppearanceContainer, UIDynamicItem, UITraitEnvironment, UICoordinateSpace, UIFocusItem, UIFocusItemContainer, CALayerDelegate>
| `- note: 'UIView' has been explicitly marked unavailable here
153 |
154 | @property(class, nonatomic, readonly) Class layerClass; // default is [CALayer class]. Used when creating the underlying layer for the view.
/Users/admin/builder/spi-builder-workspace/iOSDropDown/Classes/iOSDropDown.swift:23:60: error: 'systemPink' is unavailable in watchOS
21 | @IBInspectable public var itemsColor: UIColor = .darkGray
22 | @IBInspectable public var itemsTintColor: UIColor = .blue
23 | @IBInspectable public var selectedRowColor: UIColor = .systemPink
| `- error: 'systemPink' is unavailable in watchOS
24 | @IBInspectable public var hideOptionsWhenSelect = true
25 | @IBInspectable public var isSearchEnable: Bool = true {
/Applications/Xcode-27.0.0-Release.Candidate.app/Contents/Developer/Platforms/WatchOS.platform/Developer/SDKs/WatchOS27.0.sdk/System/Library/Frameworks/UIKit.framework/Headers/UIInterface.h:126:49: note: 'systemPink' has been explicitly marked unavailable here
124 | @property (class, nonatomic, readonly) UIColor *systemOrangeColor API_AVAILABLE(ios(7.0), tvos(9.0)) API_UNAVAILABLE(watchos);
125 | @property (class, nonatomic, readonly) UIColor *systemYellowColor API_AVAILABLE(ios(7.0), tvos(9.0)) API_UNAVAILABLE(watchos);
126 | @property (class, nonatomic, readonly) UIColor *systemPinkColor API_AVAILABLE(ios(7.0), tvos(9.0)) API_UNAVAILABLE(watchos);
| `- note: 'systemPink' has been explicitly marked unavailable here
127 | @property (class, nonatomic, readonly) UIColor *systemPurpleColor API_AVAILABLE(ios(9.0), tvos(9.0)) API_UNAVAILABLE(watchos);
128 | @property (class, nonatomic, readonly) UIColor *systemTealColor API_AVAILABLE(ios(7.0), tvos(9.0)) API_UNAVAILABLE(watchos);
/Users/admin/builder/spi-builder-workspace/iOSDropDown/Classes/iOSDropDown.swift:58:44: error: 'UIViewController' is unavailable in watchOS
56 | fileprivate var dataArray = [String]()
57 | fileprivate var imageArray = [String]()
58 | fileprivate weak var parentController: UIViewController?
| `- error: 'UIViewController' is unavailable in watchOS
59 | fileprivate var pointToParent = CGPoint(x: 0, y: 0)
60 | fileprivate var backgroundView = UIView()
/Applications/Xcode-27.0.0-Release.Candidate.app/Contents/Developer/Platforms/WatchOS.platform/Developer/SDKs/WatchOS27.0.sdk/System/Library/Frameworks/UIKit.framework/Headers/UIViewController.h:104:12: note: 'UIViewController' has been explicitly marked unavailable here
102 |
103 | UIKIT_EXTERN API_AVAILABLE(ios(2.0)) API_UNAVAILABLE(watchos) NS_SWIFT_UI_ACTOR
104 | @interface UIViewController : UIResponder <NSCoding, UIAppearanceContainer, UITraitEnvironment, UIContentContainer, UIFocusEnvironment>
| `- note: 'UIViewController' has been explicitly marked unavailable here
105 |
106 | /*
/Users/admin/builder/spi-builder-workspace/iOSDropDown/Classes/iOSDropDown.swift:60:38: error: 'UIView' is unavailable in watchOS
58 | fileprivate weak var parentController: UIViewController?
59 | fileprivate var pointToParent = CGPoint(x: 0, y: 0)
60 | fileprivate var backgroundView = UIView()
| `- error: 'UIView' is unavailable in watchOS
61 | fileprivate var keyboardHeight: CGFloat = 0
62 |
/Applications/Xcode-27.0.0-Release.Candidate.app/Contents/Developer/Platforms/WatchOS.platform/Developer/SDKs/WatchOS27.0.sdk/System/Library/Frameworks/UIKit.framework/Headers/UIView.h:152:12: note: 'UIView' has been explicitly marked unavailable here
150 |
151 | UIKIT_EXTERN API_AVAILABLE(ios(2.0)) API_UNAVAILABLE(watchos) NS_SWIFT_UI_ACTOR
152 | @interface UIView : UIResponder <NSCoding, UIAppearance, UIAppearanceContainer, UIDynamicItem, UITraitEnvironment, UICoordinateSpace, UIFocusItem, UIFocusItemContainer, CALayerDelegate>
| `- note: 'UIView' has been explicitly marked unavailable here
153 |
154 | @property(class, nonatomic, readonly) Class layerClass; // default is [CALayer class]. Used when creating the underlying layer for the view.
/Users/admin/builder/spi-builder-workspace/iOSDropDown/Classes/iOSDropDown.swift:60:38: error: 'init()' is unavailable in watchOS
58 | fileprivate weak var parentController: UIViewController?
59 | fileprivate var pointToParent = CGPoint(x: 0, y: 0)
60 | fileprivate var backgroundView = UIView()
| `- error: 'init()' is unavailable in watchOS
61 | fileprivate var keyboardHeight: CGFloat = 0
62 |
/Applications/Xcode-27.0.0-Release.Candidate.app/Contents/Developer/Platforms/WatchOS.platform/Developer/SDKs/WatchOS27.0.sdk/System/Library/Frameworks/UIKit.framework/Headers/UIView.h:158:1: note: 'init()' has been explicitly marked unavailable here
156 | - (instancetype)initWithFrame:(CGRect)frame NS_DESIGNATED_INITIALIZER;
157 | - (nullable instancetype)initWithCoder:(NSCoder *)coder NS_DESIGNATED_INITIALIZER;
158 | - (instancetype)init API_AVAILABLE(ios(2.0), tvos(9.0), visionos(1.0)) API_UNAVAILABLE(watchos);
| `- note: 'init()' has been explicitly marked unavailable here
159 |
160 | @property(nonatomic,getter=isUserInteractionEnabled) BOOL userInteractionEnabled; // default is YES. if set to NO, user events (touch, keys) are ignored and removed from the event queue.
/Users/admin/builder/spi-builder-workspace/iOSDropDown/Classes/iOSDropDown.swift:190:42: error: 'UIView' is unavailable in watchOS
188 | }
189 |
190 | func getConvertedPoint(_ targetView: UIView, baseView: UIView?) -> CGPoint {
| `- error: 'UIView' is unavailable in watchOS
191 | var pnt = targetView.frame.origin
192 | if nil == targetView.superview {
/Applications/Xcode-27.0.0-Release.Candidate.app/Contents/Developer/Platforms/WatchOS.platform/Developer/SDKs/WatchOS27.0.sdk/System/Library/Frameworks/UIKit.framework/Headers/UIView.h:152:12: note: 'UIView' has been explicitly marked unavailable here
150 |
151 | UIKIT_EXTERN API_AVAILABLE(ios(2.0)) API_UNAVAILABLE(watchos) NS_SWIFT_UI_ACTOR
152 | @interface UIView : UIResponder <NSCoding, UIAppearance, UIAppearanceContainer, UIDynamicItem, UITraitEnvironment, UICoordinateSpace, UIFocusItem, UIFocusItemContainer, CALayerDelegate>
| `- note: 'UIView' has been explicitly marked unavailable here
153 |
154 | @property(class, nonatomic, readonly) Class layerClass; // default is [CALayer class]. Used when creating the underlying layer for the view.
/Users/admin/builder/spi-builder-workspace/iOSDropDown/Classes/iOSDropDown.swift:190:60: error: 'UIView' is unavailable in watchOS
188 | }
189 |
190 | func getConvertedPoint(_ targetView: UIView, baseView: UIView?) -> CGPoint {
| `- error: 'UIView' is unavailable in watchOS
191 | var pnt = targetView.frame.origin
192 | if nil == targetView.superview {
/Applications/Xcode-27.0.0-Release.Candidate.app/Contents/Developer/Platforms/WatchOS.platform/Developer/SDKs/WatchOS27.0.sdk/System/Library/Frameworks/UIKit.framework/Headers/UIView.h:152:12: note: 'UIView' has been explicitly marked unavailable here
150 |
151 | UIKIT_EXTERN API_AVAILABLE(ios(2.0)) API_UNAVAILABLE(watchos) NS_SWIFT_UI_ACTOR
152 | @interface UIView : UIResponder <NSCoding, UIAppearance, UIAppearanceContainer, UIDynamicItem, UITraitEnvironment, UICoordinateSpace, UIFocusItem, UIFocusItemContainer, CALayerDelegate>
| `- note: 'UIView' has been explicitly marked unavailable here
153 |
154 | @property(class, nonatomic, readonly) Class layerClass; // default is [CALayer class]. Used when creating the underlying layer for the view.
/Users/admin/builder/spi-builder-workspace/iOSDropDown/Classes/iOSDropDown.swift:11:22: error: 'UITextField' is unavailable in watchOS
9 | import UIKit
10 | @objc(JRDropDown)
11 | open class DropDown: UITextField {
| `- error: 'UITextField' is unavailable in watchOS
12 | var arrow: Arrow!
13 | var table: UITableView!
/Applications/Xcode-27.0.0-Release.Candidate.app/Contents/Developer/Platforms/WatchOS.platform/Developer/SDKs/WatchOS27.0.sdk/System/Library/Frameworks/UIKit.framework/Headers/UITextField.h:53:12: note: 'UITextField' has been explicitly marked unavailable here
51 |
52 | UIKIT_EXTERN API_AVAILABLE(ios(2.0)) API_UNAVAILABLE(watchos) NS_SWIFT_UI_ACTOR
53 | @interface UITextField : UIControl <UITextInput, NSCoding, UIContentSizeCategoryAdjusting, UILetterformAwareAdjusting>
| `- note: 'UITextField' has been explicitly marked unavailable here
54 |
55 | @property(nullable, nonatomic,copy) NSString *text; // default is nil
/Users/admin/builder/spi-builder-workspace/iOSDropDown/Classes/iOSDropDown.swift:359:52: error: 'UITextField' is unavailable in watchOS
357 |
358 | extension DropDown: UITextFieldDelegate {
359 | public func textFieldShouldReturn(_ textField: UITextField) -> Bool {
| `- error: 'UITextField' is unavailable in watchOS
360 | superview?.endEditing(true)
361 | return false
/Applications/Xcode-27.0.0-Release.Candidate.app/Contents/Developer/Platforms/WatchOS.platform/Developer/SDKs/WatchOS27.0.sdk/System/Library/Frameworks/UIKit.framework/Headers/UITextField.h:53:12: note: 'UITextField' has been explicitly marked unavailable here
51 |
52 | UIKIT_EXTERN API_AVAILABLE(ios(2.0)) API_UNAVAILABLE(watchos) NS_SWIFT_UI_ACTOR
53 | @interface UITextField : UIControl <UITextInput, NSCoding, UIContentSizeCategoryAdjusting, UILetterformAwareAdjusting>
| `- note: 'UITextField' has been explicitly marked unavailable here
54 |
55 | @property(nullable, nonatomic,copy) NSString *text; // default is nil
/Users/admin/builder/spi-builder-workspace/iOSDropDown/Classes/iOSDropDown.swift:364:55: error: 'UITextField' is unavailable in watchOS
362 | }
363 |
364 | public func textFieldDidBeginEditing(_ textField: UITextField) {
| `- error: 'UITextField' is unavailable in watchOS
365 | textField.text = ""
366 | // self.selectedIndex = nil
/Applications/Xcode-27.0.0-Release.Candidate.app/Contents/Developer/Platforms/WatchOS.platform/Developer/SDKs/WatchOS27.0.sdk/System/Library/Frameworks/UIKit.framework/Headers/UITextField.h:53:12: note: 'UITextField' has been explicitly marked unavailable here
51 |
52 | UIKIT_EXTERN API_AVAILABLE(ios(2.0)) API_UNAVAILABLE(watchos) NS_SWIFT_UI_ACTOR
53 | @interface UITextField : UIControl <UITextInput, NSCoding, UIContentSizeCategoryAdjusting, UILetterformAwareAdjusting>
| `- note: 'UITextField' has been explicitly marked unavailable here
54 |
55 | @property(nullable, nonatomic,copy) NSString *text; // default is nil
/Users/admin/builder/spi-builder-workspace/iOSDropDown/Classes/iOSDropDown.swift:371:58: error: 'UITextField' is unavailable in watchOS
369 | }
370 |
371 | public func textFieldShouldBeginEditing(_ textField: UITextField) -> Bool {
| `- error: 'UITextField' is unavailable in watchOS
372 | return isSearchEnable
373 | }
/Applications/Xcode-27.0.0-Release.Candidate.app/Contents/Developer/Platforms/WatchOS.platform/Developer/SDKs/WatchOS27.0.sdk/System/Library/Frameworks/UIKit.framework/Headers/UITextField.h:53:12: note: 'UITextField' has been explicitly marked unavailable here
51 |
52 | UIKIT_EXTERN API_AVAILABLE(ios(2.0)) API_UNAVAILABLE(watchos) NS_SWIFT_UI_ACTOR
53 | @interface UITextField : UIControl <UITextInput, NSCoding, UIContentSizeCategoryAdjusting, UILetterformAwareAdjusting>
| `- note: 'UITextField' has been explicitly marked unavailable here
54 |
55 | @property(nullable, nonatomic,copy) NSString *text; // default is nil
/Users/admin/builder/spi-builder-workspace/iOSDropDown/Classes/iOSDropDown.swift:375:40: error: 'UITextField' is unavailable in watchOS
373 | }
374 |
375 | public func textField(_ textField: UITextField, shouldChangeCharactersIn range: NSRange, replacementString string: String) -> Bool {
| `- error: 'UITextField' is unavailable in watchOS
376 | if string != "" {
377 | searchText = text! + string
/Applications/Xcode-27.0.0-Release.Candidate.app/Contents/Developer/Platforms/WatchOS.platform/Developer/SDKs/WatchOS27.0.sdk/System/Library/Frameworks/UIKit.framework/Headers/UITextField.h:53:12: note: 'UITextField' has been explicitly marked unavailable here
51 |
52 | UIKIT_EXTERN API_AVAILABLE(ios(2.0)) API_UNAVAILABLE(watchos) NS_SWIFT_UI_ACTOR
53 | @interface UITextField : UIControl <UITextInput, NSCoding, UIContentSizeCategoryAdjusting, UILetterformAwareAdjusting>
| `- note: 'UITextField' has been explicitly marked unavailable here
54 |
55 | @property(nullable, nonatomic,copy) NSString *text; // default is nil
/Users/admin/builder/spi-builder-workspace/iOSDropDown/Classes/iOSDropDown.swift:358:21: error: 'UITextFieldDelegate' is unavailable in watchOS
356 | // MARK: UITextFieldDelegate
357 |
358 | extension DropDown: UITextFieldDelegate {
| `- error: 'UITextFieldDelegate' is unavailable in watchOS
359 | public func textFieldShouldReturn(_ textField: UITextField) -> Bool {
360 | superview?.endEditing(true)
/Applications/Xcode-27.0.0-Release.Candidate.app/Contents/Developer/Platforms/WatchOS.platform/Developer/SDKs/WatchOS27.0.sdk/System/Library/Frameworks/UIKit.framework/Headers/UITextField.h:140:11: note: 'UITextFieldDelegate' has been explicitly marked unavailable here
138 |
139 | API_UNAVAILABLE(watchos) NS_SWIFT_UI_ACTOR
140 | @protocol UITextFieldDelegate <NSObject>
| `- note: 'UITextFieldDelegate' has been explicitly marked unavailable here
141 |
142 | @optional
/Users/admin/builder/spi-builder-workspace/iOSDropDown/Classes/iOSDropDown.swift:392:40: error: 'UITableView' is unavailable in watchOS
390 |
391 | extension DropDown: UITableViewDataSource {
392 | public func tableView(_ tableView: UITableView, numberOfRowsInSection section: Int) -> Int {
| `- error: 'UITableView' is unavailable in watchOS
393 | return dataArray.count
394 | }
/Applications/Xcode-27.0.0-Release.Candidate.app/Contents/Developer/Platforms/WatchOS.platform/Developer/SDKs/WatchOS27.0.sdk/System/Library/Frameworks/UIKit.framework/Headers/UITableView.h:347:12: note: 'UITableView' has been explicitly marked unavailable here
345 |
346 | UIKIT_EXTERN API_AVAILABLE(ios(2.0)) API_UNAVAILABLE(watchos) NS_SWIFT_UI_ACTOR
347 | @interface UITableView : UIScrollView <NSCoding, UIDataSourceTranslating>
| `- note: 'UITableView' has been explicitly marked unavailable here
348 |
349 | - (instancetype)initWithFrame:(CGRect)frame style:(UITableViewStyle)style NS_DESIGNATED_INITIALIZER; // must specify style at creation. -initWithFrame: calls this with UITableViewStylePlain
/Users/admin/builder/spi-builder-workspace/iOSDropDown/Classes/iOSDropDown.swift:396:40: error: 'UITableView' is unavailable in watchOS
394 | }
395 |
396 | public func tableView(_ tableView: UITableView, cellForRowAt indexPath: IndexPath) -> UITableViewCell {
| `- error: 'UITableView' is unavailable in watchOS
397 | let cellIdentifier = "DropDownCell"
398 |
/Applications/Xcode-27.0.0-Release.Candidate.app/Contents/Developer/Platforms/WatchOS.platform/Developer/SDKs/WatchOS27.0.sdk/System/Library/Frameworks/UIKit.framework/Headers/UITableView.h:347:12: note: 'UITableView' has been explicitly marked unavailable here
345 |
346 | UIKIT_EXTERN API_AVAILABLE(ios(2.0)) API_UNAVAILABLE(watchos) NS_SWIFT_UI_ACTOR
347 | @interface UITableView : UIScrollView <NSCoding, UIDataSourceTranslating>
| `- note: 'UITableView' has been explicitly marked unavailable here
348 |
349 | - (instancetype)initWithFrame:(CGRect)frame style:(UITableViewStyle)style NS_DESIGNATED_INITIALIZER; // must specify style at creation. -initWithFrame: calls this with UITableViewStylePlain
/Users/admin/builder/spi-builder-workspace/iOSDropDown/Classes/iOSDropDown.swift:396:91: error: 'UITableViewCell' is unavailable in watchOS
394 | }
395 |
396 | public func tableView(_ tableView: UITableView, cellForRowAt indexPath: IndexPath) -> UITableViewCell {
| `- error: 'UITableViewCell' is unavailable in watchOS
397 | let cellIdentifier = "DropDownCell"
398 |
/Applications/Xcode-27.0.0-Release.Candidate.app/Contents/Developer/Platforms/WatchOS.platform/Developer/SDKs/WatchOS27.0.sdk/System/Library/Frameworks/UIKit.framework/Headers/UITableViewCell.h:81:12: note: 'UITableViewCell' has been explicitly marked unavailable here
79 |
80 | UIKIT_EXTERN API_AVAILABLE(ios(2.0)) API_UNAVAILABLE(watchos) NS_SWIFT_UI_ACTOR
81 | @interface UITableViewCell : UIView <NSCoding, UIGestureRecognizerDelegate>
| `- note: 'UITableViewCell' has been explicitly marked unavailable here
82 |
83 | // Designated initializer. If the cell can be reused, you must pass in a reuse identifier. You should use the same reuse identifier for all cells of the same form.
SwiftCompile normal arm64_32 (in target 'iOSDropDown' from project 'iOSDropDown')
cd /Users/admin/builder/spi-builder-workspace/.swiftpm/xcode
/Users/admin/builder/spi-builder-workspace/iOSDropDown/Classes/iOSDropDown.swift:391:21: error: 'UITableViewDataSource' is unavailable in watchOS
389 | // MARK: UITableViewDataSource
390 |
391 | extension DropDown: UITableViewDataSource {
| `- error: 'UITableViewDataSource' is unavailable in watchOS
392 | public func tableView(_ tableView: UITableView, numberOfRowsInSection section: Int) -> Int {
393 | return dataArray.count
/Applications/Xcode-27.0.0-Release.Candidate.app/Contents/Developer/Platforms/WatchOS.platform/Developer/SDKs/WatchOS27.0.sdk/System/Library/Frameworks/UIKit.framework/Headers/UITableView.h:539:11: note: 'UITableViewDataSource' has been explicitly marked unavailable here
537 |
538 | API_UNAVAILABLE(watchos) NS_SWIFT_UI_ACTOR
539 | @protocol UITableViewDataSource<NSObject>
| `- note: 'UITableViewDataSource' has been explicitly marked unavailable here
540 |
541 | @required
/Users/admin/builder/spi-builder-workspace/iOSDropDown/Classes/iOSDropDown.swift:430:40: error: 'UITableView' is unavailable in watchOS
428 |
429 | extension DropDown: UITableViewDelegate {
430 | public func tableView(_ tableView: UITableView, didSelectRowAt indexPath: IndexPath) {
| `- error: 'UITableView' is unavailable in watchOS
431 |
432 | let currentIndex = (indexPath as NSIndexPath).row
/Applications/Xcode-27.0.0-Release.Candidate.app/Contents/Developer/Platforms/WatchOS.platform/Developer/SDKs/WatchOS27.0.sdk/System/Library/Frameworks/UIKit.framework/Headers/UITableView.h:347:12: note: 'UITableView' has been explicitly marked unavailable here
345 |
346 | UIKIT_EXTERN API_AVAILABLE(ios(2.0)) API_UNAVAILABLE(watchos) NS_SWIFT_UI_ACTOR
347 | @interface UITableView : UIScrollView <NSCoding, UIDataSourceTranslating>
| `- note: 'UITableView' has been explicitly marked unavailable here
348 |
349 | - (instancetype)initWithFrame:(CGRect)frame style:(UITableViewStyle)style NS_DESIGNATED_INITIALIZER; // must specify style at creation. -initWithFrame: calls this with UITableViewStylePlain
/Users/admin/builder/spi-builder-workspace/iOSDropDown/Classes/iOSDropDown.swift:429:21: error: 'UITableViewDelegate' is unavailable in watchOS
427 | // MARK: UITableViewDelegate
428 |
429 | extension DropDown: UITableViewDelegate {
| `- error: 'UITableViewDelegate' is unavailable in watchOS
430 | public func tableView(_ tableView: UITableView, didSelectRowAt indexPath: IndexPath) {
431 |
/Applications/Xcode-27.0.0-Release.Candidate.app/Contents/Developer/Platforms/WatchOS.platform/Developer/SDKs/WatchOS27.0.sdk/System/Library/Frameworks/UIKit.framework/Headers/UITableView.h:100:11: note: 'UITableViewDelegate' has been explicitly marked unavailable here
98 |
99 | API_UNAVAILABLE(watchos) NS_SWIFT_UI_ACTOR
100 | @protocol UITableViewDelegate<NSObject, UIScrollViewDelegate>
| `- note: 'UITableViewDelegate' has been explicitly marked unavailable here
101 |
102 | @optional
SwiftCompile normal arm64_32 Compiling\ iOSDropDown.swift /Users/admin/builder/spi-builder-workspace/iOSDropDown/Classes/iOSDropDown.swift (in target 'iOSDropDown' from project 'iOSDropDown')
/Users/admin/builder/spi-builder-workspace/iOSDropDown/Classes/iOSDropDown.swift:13:16: error: 'UITableView' is unavailable in watchOS
11 | open class DropDown: UITextField {
12 | var arrow: Arrow!
13 | var table: UITableView!
| `- error: 'UITableView' is unavailable in watchOS
14 | var shadow: UIView!
15 | public var selectedIndex: Int?
/Applications/Xcode-27.0.0-Release.Candidate.app/Contents/Developer/Platforms/WatchOS.platform/Developer/SDKs/WatchOS27.0.sdk/System/Library/Frameworks/UIKit.framework/Headers/UITableView.h:347:12: note: 'UITableView' has been explicitly marked unavailable here
345 |
346 | UIKIT_EXTERN API_AVAILABLE(ios(2.0)) API_UNAVAILABLE(watchos) NS_SWIFT_UI_ACTOR
347 | @interface UITableView : UIScrollView <NSCoding, UIDataSourceTranslating>
| `- note: 'UITableView' has been explicitly marked unavailable here
348 |
349 | - (instancetype)initWithFrame:(CGRect)frame style:(UITableViewStyle)style NS_DESIGNATED_INITIALIZER; // must specify style at creation. -initWithFrame: calls this with UITableViewStylePlain
/Users/admin/builder/spi-builder-workspace/iOSDropDown/Classes/iOSDropDown.swift:14:17: error: 'UIView' is unavailable in watchOS
12 | var arrow: Arrow!
13 | var table: UITableView!
14 | var shadow: UIView!
| `- error: 'UIView' is unavailable in watchOS
15 | public var selectedIndex: Int?
16 |
/Applications/Xcode-27.0.0-Release.Candidate.app/Contents/Developer/Platforms/WatchOS.platform/Developer/SDKs/WatchOS27.0.sdk/System/Library/Frameworks/UIKit.framework/Headers/UIView.h:152:12: note: 'UIView' has been explicitly marked unavailable here
150 |
151 | UIKIT_EXTERN API_AVAILABLE(ios(2.0)) API_UNAVAILABLE(watchos) NS_SWIFT_UI_ACTOR
152 | @interface UIView : UIResponder <NSCoding, UIAppearance, UIAppearanceContainer, UIDynamicItem, UITraitEnvironment, UICoordinateSpace, UIFocusItem, UIFocusItemContainer, CALayerDelegate>
| `- note: 'UIView' has been explicitly marked unavailable here
153 |
154 | @property(class, nonatomic, readonly) Class layerClass; // default is [CALayer class]. Used when creating the underlying layer for the view.
/Users/admin/builder/spi-builder-workspace/iOSDropDown/Classes/iOSDropDown.swift:23:60: error: 'systemPink' is unavailable in watchOS
21 | @IBInspectable public var itemsColor: UIColor = .darkGray
22 | @IBInspectable public var itemsTintColor: UIColor = .blue
23 | @IBInspectable public var selectedRowColor: UIColor = .systemPink
| `- error: 'systemPink' is unavailable in watchOS
24 | @IBInspectable public var hideOptionsWhenSelect = true
25 | @IBInspectable public var isSearchEnable: Bool = true {
/Applications/Xcode-27.0.0-Release.Candidate.app/Contents/Developer/Platforms/WatchOS.platform/Developer/SDKs/WatchOS27.0.sdk/System/Library/Frameworks/UIKit.framework/Headers/UIInterface.h:126:49: note: 'systemPink' has been explicitly marked unavailable here
124 | @property (class, nonatomic, readonly) UIColor *systemOrangeColor API_AVAILABLE(ios(7.0), tvos(9.0)) API_UNAVAILABLE(watchos);
125 | @property (class, nonatomic, readonly) UIColor *systemYellowColor API_AVAILABLE(ios(7.0), tvos(9.0)) API_UNAVAILABLE(watchos);
126 | @property (class, nonatomic, readonly) UIColor *systemPinkColor API_AVAILABLE(ios(7.0), tvos(9.0)) API_UNAVAILABLE(watchos);
| `- note: 'systemPink' has been explicitly marked unavailable here
127 | @property (class, nonatomic, readonly) UIColor *systemPurpleColor API_AVAILABLE(ios(9.0), tvos(9.0)) API_UNAVAILABLE(watchos);
128 | @property (class, nonatomic, readonly) UIColor *systemTealColor API_AVAILABLE(ios(7.0), tvos(9.0)) API_UNAVAILABLE(watchos);
/Users/admin/builder/spi-builder-workspace/iOSDropDown/Classes/iOSDropDown.swift:58:44: error: 'UIViewController' is unavailable in watchOS
56 | fileprivate var dataArray = [String]()
57 | fileprivate var imageArray = [String]()
58 | fileprivate weak var parentController: UIViewController?
| `- error: 'UIViewController' is unavailable in watchOS
59 | fileprivate var pointToParent = CGPoint(x: 0, y: 0)
60 | fileprivate var backgroundView = UIView()
/Applications/Xcode-27.0.0-Release.Candidate.app/Contents/Developer/Platforms/WatchOS.platform/Developer/SDKs/WatchOS27.0.sdk/System/Library/Frameworks/UIKit.framework/Headers/UIViewController.h:104:12: note: 'UIViewController' has been explicitly marked unavailable here
102 |
103 | UIKIT_EXTERN API_AVAILABLE(ios(2.0)) API_UNAVAILABLE(watchos) NS_SWIFT_UI_ACTOR
104 | @interface UIViewController : UIResponder <NSCoding, UIAppearanceContainer, UITraitEnvironment, UIContentContainer, UIFocusEnvironment>
| `- note: 'UIViewController' has been explicitly marked unavailable here
105 |
106 | /*
/Users/admin/builder/spi-builder-workspace/iOSDropDown/Classes/iOSDropDown.swift:60:38: error: 'UIView' is unavailable in watchOS
58 | fileprivate weak var parentController: UIViewController?
59 | fileprivate var pointToParent = CGPoint(x: 0, y: 0)
60 | fileprivate var backgroundView = UIView()
| `- error: 'UIView' is unavailable in watchOS
61 | fileprivate var keyboardHeight: CGFloat = 0
62 |
/Applications/Xcode-27.0.0-Release.Candidate.app/Contents/Developer/Platforms/WatchOS.platform/Developer/SDKs/WatchOS27.0.sdk/System/Library/Frameworks/UIKit.framework/Headers/UIView.h:152:12: note: 'UIView' has been explicitly marked unavailable here
150 |
151 | UIKIT_EXTERN API_AVAILABLE(ios(2.0)) API_UNAVAILABLE(watchos) NS_SWIFT_UI_ACTOR
152 | @interface UIView : UIResponder <NSCoding, UIAppearance, UIAppearanceContainer, UIDynamicItem, UITraitEnvironment, UICoordinateSpace, UIFocusItem, UIFocusItemContainer, CALayerDelegate>
| `- note: 'UIView' has been explicitly marked unavailable here
153 |
154 | @property(class, nonatomic, readonly) Class layerClass; // default is [CALayer class]. Used when creating the underlying layer for the view.
/Users/admin/builder/spi-builder-workspace/iOSDropDown/Classes/iOSDropDown.swift:60:38: error: 'init()' is unavailable in watchOS
58 | fileprivate weak var parentController: UIViewController?
59 | fileprivate var pointToParent = CGPoint(x: 0, y: 0)
60 | fileprivate var backgroundView = UIView()
| `- error: 'init()' is unavailable in watchOS
61 | fileprivate var keyboardHeight: CGFloat = 0
62 |
/Applications/Xcode-27.0.0-Release.Candidate.app/Contents/Developer/Platforms/WatchOS.platform/Developer/SDKs/WatchOS27.0.sdk/System/Library/Frameworks/UIKit.framework/Headers/UIView.h:158:1: note: 'init()' has been explicitly marked unavailable here
156 | - (instancetype)initWithFrame:(CGRect)frame NS_DESIGNATED_INITIALIZER;
157 | - (nullable instancetype)initWithCoder:(NSCoder *)coder NS_DESIGNATED_INITIALIZER;
158 | - (instancetype)init API_AVAILABLE(ios(2.0), tvos(9.0), visionos(1.0)) API_UNAVAILABLE(watchos);
| `- note: 'init()' has been explicitly marked unavailable here
159 |
160 | @property(nonatomic,getter=isUserInteractionEnabled) BOOL userInteractionEnabled; // default is YES. if set to NO, user events (touch, keys) are ignored and removed from the event queue.
/Users/admin/builder/spi-builder-workspace/iOSDropDown/Classes/iOSDropDown.swift:190:42: error: 'UIView' is unavailable in watchOS
188 | }
189 |
190 | func getConvertedPoint(_ targetView: UIView, baseView: UIView?) -> CGPoint {
| `- error: 'UIView' is unavailable in watchOS
191 | var pnt = targetView.frame.origin
192 | if nil == targetView.superview {
/Applications/Xcode-27.0.0-Release.Candidate.app/Contents/Developer/Platforms/WatchOS.platform/Developer/SDKs/WatchOS27.0.sdk/System/Library/Frameworks/UIKit.framework/Headers/UIView.h:152:12: note: 'UIView' has been explicitly marked unavailable here
150 |
151 | UIKIT_EXTERN API_AVAILABLE(ios(2.0)) API_UNAVAILABLE(watchos) NS_SWIFT_UI_ACTOR
152 | @interface UIView : UIResponder <NSCoding, UIAppearance, UIAppearanceContainer, UIDynamicItem, UITraitEnvironment, UICoordinateSpace, UIFocusItem, UIFocusItemContainer, CALayerDelegate>
| `- note: 'UIView' has been explicitly marked unavailable here
153 |
154 | @property(class, nonatomic, readonly) Class layerClass; // default is [CALayer class]. Used when creating the underlying layer for the view.
/Users/admin/builder/spi-builder-workspace/iOSDropDown/Classes/iOSDropDown.swift:190:60: error: 'UIView' is unavailable in watchOS
188 | }
189 |
190 | func getConvertedPoint(_ targetView: UIView, baseView: UIView?) -> CGPoint {
| `- error: 'UIView' is unavailable in watchOS
191 | var pnt = targetView.frame.origin
192 | if nil == targetView.superview {
/Applications/Xcode-27.0.0-Release.Candidate.app/Contents/Developer/Platforms/WatchOS.platform/Developer/SDKs/WatchOS27.0.sdk/System/Library/Frameworks/UIKit.framework/Headers/UIView.h:152:12: note: 'UIView' has been explicitly marked unavailable here
150 |
151 | UIKIT_EXTERN API_AVAILABLE(ios(2.0)) API_UNAVAILABLE(watchos) NS_SWIFT_UI_ACTOR
152 | @interface UIView : UIResponder <NSCoding, UIAppearance, UIAppearanceContainer, UIDynamicItem, UITraitEnvironment, UICoordinateSpace, UIFocusItem, UIFocusItemContainer, CALayerDelegate>
| `- note: 'UIView' has been explicitly marked unavailable here
153 |
154 | @property(class, nonatomic, readonly) Class layerClass; // default is [CALayer class]. Used when creating the underlying layer for the view.
/Users/admin/builder/spi-builder-workspace/iOSDropDown/Classes/iOSDropDown.swift:11:22: error: 'UITextField' is unavailable in watchOS
9 | import UIKit
10 | @objc(JRDropDown)
11 | open class DropDown: UITextField {
| `- error: 'UITextField' is unavailable in watchOS
12 | var arrow: Arrow!
13 | var table: UITableView!
/Applications/Xcode-27.0.0-Release.Candidate.app/Contents/Developer/Platforms/WatchOS.platform/Developer/SDKs/WatchOS27.0.sdk/System/Library/Frameworks/UIKit.framework/Headers/UITextField.h:53:12: note: 'UITextField' has been explicitly marked unavailable here
51 |
52 | UIKIT_EXTERN API_AVAILABLE(ios(2.0)) API_UNAVAILABLE(watchos) NS_SWIFT_UI_ACTOR
53 | @interface UITextField : UIControl <UITextInput, NSCoding, UIContentSizeCategoryAdjusting, UILetterformAwareAdjusting>
| `- note: 'UITextField' has been explicitly marked unavailable here
54 |
55 | @property(nullable, nonatomic,copy) NSString *text; // default is nil
/Users/admin/builder/spi-builder-workspace/iOSDropDown/Classes/iOSDropDown.swift:359:52: error: 'UITextField' is unavailable in watchOS
357 |
358 | extension DropDown: UITextFieldDelegate {
359 | public func textFieldShouldReturn(_ textField: UITextField) -> Bool {
| `- error: 'UITextField' is unavailable in watchOS
360 | superview?.endEditing(true)
361 | return false
/Applications/Xcode-27.0.0-Release.Candidate.app/Contents/Developer/Platforms/WatchOS.platform/Developer/SDKs/WatchOS27.0.sdk/System/Library/Frameworks/UIKit.framework/Headers/UITextField.h:53:12: note: 'UITextField' has been explicitly marked unavailable here
51 |
52 | UIKIT_EXTERN API_AVAILABLE(ios(2.0)) API_UNAVAILABLE(watchos) NS_SWIFT_UI_ACTOR
53 | @interface UITextField : UIControl <UITextInput, NSCoding, UIContentSizeCategoryAdjusting, UILetterformAwareAdjusting>
| `- note: 'UITextField' has been explicitly marked unavailable here
54 |
55 | @property(nullable, nonatomic,copy) NSString *text; // default is nil
/Users/admin/builder/spi-builder-workspace/iOSDropDown/Classes/iOSDropDown.swift:364:55: error: 'UITextField' is unavailable in watchOS
362 | }
363 |
364 | public func textFieldDidBeginEditing(_ textField: UITextField) {
| `- error: 'UITextField' is unavailable in watchOS
365 | textField.text = ""
366 | // self.selectedIndex = nil
/Applications/Xcode-27.0.0-Release.Candidate.app/Contents/Developer/Platforms/WatchOS.platform/Developer/SDKs/WatchOS27.0.sdk/System/Library/Frameworks/UIKit.framework/Headers/UITextField.h:53:12: note: 'UITextField' has been explicitly marked unavailable here
51 |
52 | UIKIT_EXTERN API_AVAILABLE(ios(2.0)) API_UNAVAILABLE(watchos) NS_SWIFT_UI_ACTOR
53 | @interface UITextField : UIControl <UITextInput, NSCoding, UIContentSizeCategoryAdjusting, UILetterformAwareAdjusting>
| `- note: 'UITextField' has been explicitly marked unavailable here
54 |
55 | @property(nullable, nonatomic,copy) NSString *text; // default is nil
/Users/admin/builder/spi-builder-workspace/iOSDropDown/Classes/iOSDropDown.swift:371:58: error: 'UITextField' is unavailable in watchOS
369 | }
370 |
371 | public func textFieldShouldBeginEditing(_ textField: UITextField) -> Bool {
| `- error: 'UITextField' is unavailable in watchOS
372 | return isSearchEnable
373 | }
/Applications/Xcode-27.0.0-Release.Candidate.app/Contents/Developer/Platforms/WatchOS.platform/Developer/SDKs/WatchOS27.0.sdk/System/Library/Frameworks/UIKit.framework/Headers/UITextField.h:53:12: note: 'UITextField' has been explicitly marked unavailable here
51 |
52 | UIKIT_EXTERN API_AVAILABLE(ios(2.0)) API_UNAVAILABLE(watchos) NS_SWIFT_UI_ACTOR
53 | @interface UITextField : UIControl <UITextInput, NSCoding, UIContentSizeCategoryAdjusting, UILetterformAwareAdjusting>
| `- note: 'UITextField' has been explicitly marked unavailable here
54 |
55 | @property(nullable, nonatomic,copy) NSString *text; // default is nil
/Users/admin/builder/spi-builder-workspace/iOSDropDown/Classes/iOSDropDown.swift:375:40: error: 'UITextField' is unavailable in watchOS
373 | }
374 |
375 | public func textField(_ textField: UITextField, shouldChangeCharactersIn range: NSRange, replacementString string: String) -> Bool {
| `- error: 'UITextField' is unavailable in watchOS
376 | if string != "" {
377 | searchText = text! + string
/Applications/Xcode-27.0.0-Release.Candidate.app/Contents/Developer/Platforms/WatchOS.platform/Developer/SDKs/WatchOS27.0.sdk/System/Library/Frameworks/UIKit.framework/Headers/UITextField.h:53:12: note: 'UITextField' has been explicitly marked unavailable here
51 |
52 | UIKIT_EXTERN API_AVAILABLE(ios(2.0)) API_UNAVAILABLE(watchos) NS_SWIFT_UI_ACTOR
53 | @interface UITextField : UIControl <UITextInput, NSCoding, UIContentSizeCategoryAdjusting, UILetterformAwareAdjusting>
| `- note: 'UITextField' has been explicitly marked unavailable here
54 |
55 | @property(nullable, nonatomic,copy) NSString *text; // default is nil
/Users/admin/builder/spi-builder-workspace/iOSDropDown/Classes/iOSDropDown.swift:358:21: error: 'UITextFieldDelegate' is unavailable in watchOS
356 | // MARK: UITextFieldDelegate
357 |
358 | extension DropDown: UITextFieldDelegate {
| `- error: 'UITextFieldDelegate' is unavailable in watchOS
359 | public func textFieldShouldReturn(_ textField: UITextField) -> Bool {
360 | superview?.endEditing(true)
/Applications/Xcode-27.0.0-Release.Candidate.app/Contents/Developer/Platforms/WatchOS.platform/Developer/SDKs/WatchOS27.0.sdk/System/Library/Frameworks/UIKit.framework/Headers/UITextField.h:140:11: note: 'UITextFieldDelegate' has been explicitly marked unavailable here
138 |
139 | API_UNAVAILABLE(watchos) NS_SWIFT_UI_ACTOR
140 | @protocol UITextFieldDelegate <NSObject>
| `- note: 'UITextFieldDelegate' has been explicitly marked unavailable here
141 |
142 | @optional
/Users/admin/builder/spi-builder-workspace/iOSDropDown/Classes/iOSDropDown.swift:392:40: error: 'UITableView' is unavailable in watchOS
390 |
391 | extension DropDown: UITableViewDataSource {
392 | public func tableView(_ tableView: UITableView, numberOfRowsInSection section: Int) -> Int {
| `- error: 'UITableView' is unavailable in watchOS
393 | return dataArray.count
394 | }
/Applications/Xcode-27.0.0-Release.Candidate.app/Contents/Developer/Platforms/WatchOS.platform/Developer/SDKs/WatchOS27.0.sdk/System/Library/Frameworks/UIKit.framework/Headers/UITableView.h:347:12: note: 'UITableView' has been explicitly marked unavailable here
345 |
346 | UIKIT_EXTERN API_AVAILABLE(ios(2.0)) API_UNAVAILABLE(watchos) NS_SWIFT_UI_ACTOR
347 | @interface UITableView : UIScrollView <NSCoding, UIDataSourceTranslating>
| `- note: 'UITableView' has been explicitly marked unavailable here
348 |
349 | - (instancetype)initWithFrame:(CGRect)frame style:(UITableViewStyle)style NS_DESIGNATED_INITIALIZER; // must specify style at creation. -initWithFrame: calls this with UITableViewStylePlain
/Users/admin/builder/spi-builder-workspace/iOSDropDown/Classes/iOSDropDown.swift:396:40: error: 'UITableView' is unavailable in watchOS
394 | }
395 |
396 | public func tableView(_ tableView: UITableView, cellForRowAt indexPath: IndexPath) -> UITableViewCell {
| `- error: 'UITableView' is unavailable in watchOS
397 | let cellIdentifier = "DropDownCell"
398 |
/Applications/Xcode-27.0.0-Release.Candidate.app/Contents/Developer/Platforms/WatchOS.platform/Developer/SDKs/WatchOS27.0.sdk/System/Library/Frameworks/UIKit.framework/Headers/UITableView.h:347:12: note: 'UITableView' has been explicitly marked unavailable here
345 |
346 | UIKIT_EXTERN API_AVAILABLE(ios(2.0)) API_UNAVAILABLE(watchos) NS_SWIFT_UI_ACTOR
347 | @interface UITableView : UIScrollView <NSCoding, UIDataSourceTranslating>
| `- note: 'UITableView' has been explicitly marked unavailable here
348 |
349 | - (instancetype)initWithFrame:(CGRect)frame style:(UITableViewStyle)style NS_DESIGNATED_INITIALIZER; // must specify style at creation. -initWithFrame: calls this with UITableViewStylePlain
/Users/admin/builder/spi-builder-workspace/iOSDropDown/Classes/iOSDropDown.swift:396:91: error: 'UITableViewCell' is unavailable in watchOS
394 | }
395 |
396 | public func tableView(_ tableView: UITableView, cellForRowAt indexPath: IndexPath) -> UITableViewCell {
| `- error: 'UITableViewCell' is unavailable in watchOS
397 | let cellIdentifier = "DropDownCell"
398 |
/Applications/Xcode-27.0.0-Release.Candidate.app/Contents/Developer/Platforms/WatchOS.platform/Developer/SDKs/WatchOS27.0.sdk/System/Library/Frameworks/UIKit.framework/Headers/UITableViewCell.h:81:12: note: 'UITableViewCell' has been explicitly marked unavailable here
79 |
80 | UIKIT_EXTERN API_AVAILABLE(ios(2.0)) API_UNAVAILABLE(watchos) NS_SWIFT_UI_ACTOR
81 | @interface UITableViewCell : UIView <NSCoding, UIGestureRecognizerDelegate>
| `- note: 'UITableViewCell' has been explicitly marked unavailable here
82 |
83 | // Designated initializer. If the cell can be reused, you must pass in a reuse identifier. You should use the same reuse identifier for all cells of the same form.
/Users/admin/builder/spi-builder-workspace/iOSDropDown/Classes/iOSDropDown.swift:391:21: error: 'UITableViewDataSource' is unavailable in watchOS
389 | // MARK: UITableViewDataSource
390 |
391 | extension DropDown: UITableViewDataSource {
| `- error: 'UITableViewDataSource' is unavailable in watchOS
392 | public func tableView(_ tableView: UITableView, numberOfRowsInSection section: Int) -> Int {
393 | return dataArray.count
/Applications/Xcode-27.0.0-Release.Candidate.app/Contents/Developer/Platforms/WatchOS.platform/Developer/SDKs/WatchOS27.0.sdk/System/Library/Frameworks/UIKit.framework/Headers/UITableView.h:539:11: note: 'UITableViewDataSource' has been explicitly marked unavailable here
537 |
538 | API_UNAVAILABLE(watchos) NS_SWIFT_UI_ACTOR
539 | @protocol UITableViewDataSource<NSObject>
| `- note: 'UITableViewDataSource' has been explicitly marked unavailable here
540 |
541 | @required
/Users/admin/builder/spi-builder-workspace/iOSDropDown/Classes/iOSDropDown.swift:430:40: error: 'UITableView' is unavailable in watchOS
428 |
429 | extension DropDown: UITableViewDelegate {
430 | public func tableView(_ tableView: UITableView, didSelectRowAt indexPath: IndexPath) {
| `- error: 'UITableView' is unavailable in watchOS
431 |
432 | let currentIndex = (indexPath as NSIndexPath).row
/Applications/Xcode-27.0.0-Release.Candidate.app/Contents/Developer/Platforms/WatchOS.platform/Developer/SDKs/WatchOS27.0.sdk/System/Library/Frameworks/UIKit.framework/Headers/UITableView.h:347:12: note: 'UITableView' has been explicitly marked unavailable here
345 |
346 | UIKIT_EXTERN API_AVAILABLE(ios(2.0)) API_UNAVAILABLE(watchos) NS_SWIFT_UI_ACTOR
347 | @interface UITableView : UIScrollView <NSCoding, UIDataSourceTranslating>
| `- note: 'UITableView' has been explicitly marked unavailable here
348 |
349 | - (instancetype)initWithFrame:(CGRect)frame style:(UITableViewStyle)style NS_DESIGNATED_INITIALIZER; // must specify style at creation. -initWithFrame: calls this with UITableViewStylePlain
/Users/admin/builder/spi-builder-workspace/iOSDropDown/Classes/iOSDropDown.swift:429:21: error: 'UITableViewDelegate' is unavailable in watchOS
427 | // MARK: UITableViewDelegate
428 |
429 | extension DropDown: UITableViewDelegate {
| `- error: 'UITableViewDelegate' is unavailable in watchOS
430 | public func tableView(_ tableView: UITableView, didSelectRowAt indexPath: IndexPath) {
431 |
/Applications/Xcode-27.0.0-Release.Candidate.app/Contents/Developer/Platforms/WatchOS.platform/Developer/SDKs/WatchOS27.0.sdk/System/Library/Frameworks/UIKit.framework/Headers/UITableView.h:100:11: note: 'UITableViewDelegate' has been explicitly marked unavailable here
98 |
99 | API_UNAVAILABLE(watchos) NS_SWIFT_UI_ACTOR
100 | @protocol UITableViewDelegate<NSObject, UIScrollViewDelegate>
| `- note: 'UITableViewDelegate' has been explicitly marked unavailable here
101 |
102 | @optional
/Users/admin/builder/spi-builder-workspace/iOSDropDown/Classes/iOSDropDown.swift:471:22: error: 'CAShapeLayer' is unavailable in watchOS
469 |
470 | class Arrow: UIView {
471 | let shapeLayer = CAShapeLayer()
| `- error: 'CAShapeLayer' is unavailable in watchOS
472 | var arrowColor: UIColor = .black {
473 | didSet {
/Applications/Xcode-27.0.0-Release.Candidate.app/Contents/Developer/Platforms/WatchOS.platform/Developer/SDKs/WatchOS27.0.sdk/System/Library/Frameworks/QuartzCore.framework/Headers/CAShapeLayer.h:40:12: note: 'CAShapeLayer' has been explicitly marked unavailable here
38 |
39 | API_AVAILABLE(macos(10.6), ios(3.0), tvos(9.0)) API_UNAVAILABLE(watchos)
40 | @interface CAShapeLayer : CALayer
| `- note: 'CAShapeLayer' has been explicitly marked unavailable here
41 |
42 | /* The path defining the shape to be rendered. If the path extends
/Users/admin/builder/spi-builder-workspace/iOSDropDown/Classes/iOSDropDown.swift:470:14: error: 'UIView' is unavailable in watchOS
468 | }
469 |
470 | class Arrow: UIView {
| `- error: 'UIView' is unavailable in watchOS
471 | let shapeLayer = CAShapeLayer()
472 | var arrowColor: UIColor = .black {
/Applications/Xcode-27.0.0-Release.Candidate.app/Contents/Developer/Platforms/WatchOS.platform/Developer/SDKs/WatchOS27.0.sdk/System/Library/Frameworks/UIKit.framework/Headers/UIView.h:152:12: note: 'UIView' has been explicitly marked unavailable here
150 |
151 | UIKIT_EXTERN API_AVAILABLE(ios(2.0)) API_UNAVAILABLE(watchos) NS_SWIFT_UI_ACTOR
152 | @interface UIView : UIResponder <NSCoding, UIAppearance, UIAppearanceContainer, UIDynamicItem, UITraitEnvironment, UICoordinateSpace, UIFocusItem, UIFocusItemContainer, CALayerDelegate>
| `- note: 'UIView' has been explicitly marked unavailable here
153 |
154 | @property(class, nonatomic, readonly) Class layerClass; // default is [CALayer class]. Used when creating the underlying layer for the view.
/Users/admin/builder/spi-builder-workspace/iOSDropDown/Classes/iOSDropDown.swift:557:31: error: 'UIViewController' is unavailable in watchOS
555 | }
556 |
557 | var parentViewController: UIViewController? {
| `- error: 'UIViewController' is unavailable in watchOS
558 | var parentResponder: UIResponder? = self
559 | while parentResponder != nil {
/Applications/Xcode-27.0.0-Release.Candidate.app/Contents/Developer/Platforms/WatchOS.platform/Developer/SDKs/WatchOS27.0.sdk/System/Library/Frameworks/UIKit.framework/Headers/UIViewController.h:104:12: note: 'UIViewController' has been explicitly marked unavailable here
102 |
103 | UIKIT_EXTERN API_AVAILABLE(ios(2.0)) API_UNAVAILABLE(watchos) NS_SWIFT_UI_ACTOR
104 | @interface UIViewController : UIResponder <NSCoding, UIAppearanceContainer, UITraitEnvironment, UIContentContainer, UIFocusEnvironment>
| `- note: 'UIViewController' has been explicitly marked unavailable here
105 |
106 | /*
SwiftCompile normal arm64_32 /Users/admin/builder/spi-builder-workspace/iOSDropDown/Classes/iOSDropDown.swift (in target 'iOSDropDown' from project 'iOSDropDown')
cd /Users/admin/builder/spi-builder-workspace/.swiftpm/xcode
builtin-SwiftPerFileCompile iOSDropDown.swift
SwiftEmitModule normal arm64 Emitting\ module\ for\ iOSDropDown (in target 'iOSDropDown' from project 'iOSDropDown')
/Users/admin/builder/spi-builder-workspace/iOSDropDown/Classes/iOSDropDown.swift:13:16: error: 'UITableView' is unavailable in watchOS
11 | open class DropDown: UITextField {
12 | var arrow: Arrow!
13 | var table: UITableView!
| `- error: 'UITableView' is unavailable in watchOS
14 | var shadow: UIView!
15 | public var selectedIndex: Int?
/Applications/Xcode-27.0.0-Release.Candidate.app/Contents/Developer/Platforms/WatchOS.platform/Developer/SDKs/WatchOS27.0.sdk/System/Library/Frameworks/UIKit.framework/Headers/UITableView.h:347:12: note: 'UITableView' has been explicitly marked unavailable here
345 |
346 | UIKIT_EXTERN API_AVAILABLE(ios(2.0)) API_UNAVAILABLE(watchos) NS_SWIFT_UI_ACTOR
347 | @interface UITableView : UIScrollView <NSCoding, UIDataSourceTranslating>
| `- note: 'UITableView' has been explicitly marked unavailable here
348 |
349 | - (instancetype)initWithFrame:(CGRect)frame style:(UITableViewStyle)style NS_DESIGNATED_INITIALIZER; // must specify style at creation. -initWithFrame: calls this with UITableViewStylePlain
/Users/admin/builder/spi-builder-workspace/iOSDropDown/Classes/iOSDropDown.swift:14:17: error: 'UIView' is unavailable in watchOS
12 | var arrow: Arrow!
13 | var table: UITableView!
14 | var shadow: UIView!
| `- error: 'UIView' is unavailable in watchOS
15 | public var selectedIndex: Int?
16 |
/Applications/Xcode-27.0.0-Release.Candidate.app/Contents/Developer/Platforms/WatchOS.platform/Developer/SDKs/WatchOS27.0.sdk/System/Library/Frameworks/UIKit.framework/Headers/UIView.h:152:12: note: 'UIView' has been explicitly marked unavailable here
150 |
151 | UIKIT_EXTERN API_AVAILABLE(ios(2.0)) API_UNAVAILABLE(watchos) NS_SWIFT_UI_ACTOR
152 | @interface UIView : UIResponder <NSCoding, UIAppearance, UIAppearanceContainer, UIDynamicItem, UITraitEnvironment, UICoordinateSpace, UIFocusItem, UIFocusItemContainer, CALayerDelegate>
| `- note: 'UIView' has been explicitly marked unavailable here
153 |
154 | @property(class, nonatomic, readonly) Class layerClass; // default is [CALayer class]. Used when creating the underlying layer for the view.
/Users/admin/builder/spi-builder-workspace/iOSDropDown/Classes/iOSDropDown.swift:23:60: error: 'systemPink' is unavailable in watchOS
21 | @IBInspectable public var itemsColor: UIColor = .darkGray
22 | @IBInspectable public var itemsTintColor: UIColor = .blue
23 | @IBInspectable public var selectedRowColor: UIColor = .systemPink
| `- error: 'systemPink' is unavailable in watchOS
24 | @IBInspectable public var hideOptionsWhenSelect = true
25 | @IBInspectable public var isSearchEnable: Bool = true {
/Applications/Xcode-27.0.0-Release.Candidate.app/Contents/Developer/Platforms/WatchOS.platform/Developer/SDKs/WatchOS27.0.sdk/System/Library/Frameworks/UIKit.framework/Headers/UIInterface.h:126:49: note: 'systemPink' has been explicitly marked unavailable here
124 | @property (class, nonatomic, readonly) UIColor *systemOrangeColor API_AVAILABLE(ios(7.0), tvos(9.0)) API_UNAVAILABLE(watchos);
125 | @property (class, nonatomic, readonly) UIColor *systemYellowColor API_AVAILABLE(ios(7.0), tvos(9.0)) API_UNAVAILABLE(watchos);
126 | @property (class, nonatomic, readonly) UIColor *systemPinkColor API_AVAILABLE(ios(7.0), tvos(9.0)) API_UNAVAILABLE(watchos);
| `- note: 'systemPink' has been explicitly marked unavailable here
127 | @property (class, nonatomic, readonly) UIColor *systemPurpleColor API_AVAILABLE(ios(9.0), tvos(9.0)) API_UNAVAILABLE(watchos);
128 | @property (class, nonatomic, readonly) UIColor *systemTealColor API_AVAILABLE(ios(7.0), tvos(9.0)) API_UNAVAILABLE(watchos);
/Users/admin/builder/spi-builder-workspace/iOSDropDown/Classes/iOSDropDown.swift:58:44: error: 'UIViewController' is unavailable in watchOS
56 | fileprivate var dataArray = [String]()
57 | fileprivate var imageArray = [String]()
58 | fileprivate weak var parentController: UIViewController?
| `- error: 'UIViewController' is unavailable in watchOS
59 | fileprivate var pointToParent = CGPoint(x: 0, y: 0)
60 | fileprivate var backgroundView = UIView()
/Applications/Xcode-27.0.0-Release.Candidate.app/Contents/Developer/Platforms/WatchOS.platform/Developer/SDKs/WatchOS27.0.sdk/System/Library/Frameworks/UIKit.framework/Headers/UIViewController.h:104:12: note: 'UIViewController' has been explicitly marked unavailable here
102 |
103 | UIKIT_EXTERN API_AVAILABLE(ios(2.0)) API_UNAVAILABLE(watchos) NS_SWIFT_UI_ACTOR
104 | @interface UIViewController : UIResponder <NSCoding, UIAppearanceContainer, UITraitEnvironment, UIContentContainer, UIFocusEnvironment>
| `- note: 'UIViewController' has been explicitly marked unavailable here
105 |
106 | /*
/Users/admin/builder/spi-builder-workspace/iOSDropDown/Classes/iOSDropDown.swift:60:38: error: 'UIView' is unavailable in watchOS
58 | fileprivate weak var parentController: UIViewController?
59 | fileprivate var pointToParent = CGPoint(x: 0, y: 0)
60 | fileprivate var backgroundView = UIView()
| `- error: 'UIView' is unavailable in watchOS
61 | fileprivate var keyboardHeight: CGFloat = 0
62 |
/Applications/Xcode-27.0.0-Release.Candidate.app/Contents/Developer/Platforms/WatchOS.platform/Developer/SDKs/WatchOS27.0.sdk/System/Library/Frameworks/UIKit.framework/Headers/UIView.h:152:12: note: 'UIView' has been explicitly marked unavailable here
150 |
151 | UIKIT_EXTERN API_AVAILABLE(ios(2.0)) API_UNAVAILABLE(watchos) NS_SWIFT_UI_ACTOR
152 | @interface UIView : UIResponder <NSCoding, UIAppearance, UIAppearanceContainer, UIDynamicItem, UITraitEnvironment, UICoordinateSpace, UIFocusItem, UIFocusItemContainer, CALayerDelegate>
| `- note: 'UIView' has been explicitly marked unavailable here
153 |
154 | @property(class, nonatomic, readonly) Class layerClass; // default is [CALayer class]. Used when creating the underlying layer for the view.
/Users/admin/builder/spi-builder-workspace/iOSDropDown/Classes/iOSDropDown.swift:60:38: error: 'init()' is unavailable in watchOS
58 | fileprivate weak var parentController: UIViewController?
59 | fileprivate var pointToParent = CGPoint(x: 0, y: 0)
60 | fileprivate var backgroundView = UIView()
| `- error: 'init()' is unavailable in watchOS
61 | fileprivate var keyboardHeight: CGFloat = 0
62 |
/Applications/Xcode-27.0.0-Release.Candidate.app/Contents/Developer/Platforms/WatchOS.platform/Developer/SDKs/WatchOS27.0.sdk/System/Library/Frameworks/UIKit.framework/Headers/UIView.h:158:1: note: 'init()' has been explicitly marked unavailable here
156 | - (instancetype)initWithFrame:(CGRect)frame NS_DESIGNATED_INITIALIZER;
157 | - (nullable instancetype)initWithCoder:(NSCoder *)coder NS_DESIGNATED_INITIALIZER;
158 | - (instancetype)init API_AVAILABLE(ios(2.0), tvos(9.0), visionos(1.0)) API_UNAVAILABLE(watchos);
| `- note: 'init()' has been explicitly marked unavailable here
159 |
160 | @property(nonatomic,getter=isUserInteractionEnabled) BOOL userInteractionEnabled; // default is YES. if set to NO, user events (touch, keys) are ignored and removed from the event queue.
/Users/admin/builder/spi-builder-workspace/iOSDropDown/Classes/iOSDropDown.swift:190:42: error: 'UIView' is unavailable in watchOS
188 | }
189 |
190 | func getConvertedPoint(_ targetView: UIView, baseView: UIView?) -> CGPoint {
| `- error: 'UIView' is unavailable in watchOS
191 | var pnt = targetView.frame.origin
192 | if nil == targetView.superview {
/Applications/Xcode-27.0.0-Release.Candidate.app/Contents/Developer/Platforms/WatchOS.platform/Developer/SDKs/WatchOS27.0.sdk/System/Library/Frameworks/UIKit.framework/Headers/UIView.h:152:12: note: 'UIView' has been explicitly marked unavailable here
150 |
151 | UIKIT_EXTERN API_AVAILABLE(ios(2.0)) API_UNAVAILABLE(watchos) NS_SWIFT_UI_ACTOR
152 | @interface UIView : UIResponder <NSCoding, UIAppearance, UIAppearanceContainer, UIDynamicItem, UITraitEnvironment, UICoordinateSpace, UIFocusItem, UIFocusItemContainer, CALayerDelegate>
| `- note: 'UIView' has been explicitly marked unavailable here
153 |
154 | @property(class, nonatomic, readonly) Class layerClass; // default is [CALayer class]. Used when creating the underlying layer for the view.
/Users/admin/builder/spi-builder-workspace/iOSDropDown/Classes/iOSDropDown.swift:190:60: error: 'UIView' is unavailable in watchOS
188 | }
189 |
190 | func getConvertedPoint(_ targetView: UIView, baseView: UIView?) -> CGPoint {
| `- error: 'UIView' is unavailable in watchOS
191 | var pnt = targetView.frame.origin
192 | if nil == targetView.superview {
/Applications/Xcode-27.0.0-Release.Candidate.app/Contents/Developer/Platforms/WatchOS.platform/Developer/SDKs/WatchOS27.0.sdk/System/Library/Frameworks/UIKit.framework/Headers/UIView.h:152:12: note: 'UIView' has been explicitly marked unavailable here
150 |
151 | UIKIT_EXTERN API_AVAILABLE(ios(2.0)) API_UNAVAILABLE(watchos) NS_SWIFT_UI_ACTOR
152 | @interface UIView : UIResponder <NSCoding, UIAppearance, UIAppearanceContainer, UIDynamicItem, UITraitEnvironment, UICoordinateSpace, UIFocusItem, UIFocusItemContainer, CALayerDelegate>
| `- note: 'UIView' has been explicitly marked unavailable here
153 |
154 | @property(class, nonatomic, readonly) Class layerClass; // default is [CALayer class]. Used when creating the underlying layer for the view.
/Users/admin/builder/spi-builder-workspace/iOSDropDown/Classes/iOSDropDown.swift:11:22: error: 'UITextField' is unavailable in watchOS
9 | import UIKit
10 | @objc(JRDropDown)
11 | open class DropDown: UITextField {
| `- error: 'UITextField' is unavailable in watchOS
12 | var arrow: Arrow!
13 | var table: UITableView!
/Applications/Xcode-27.0.0-Release.Candidate.app/Contents/Developer/Platforms/WatchOS.platform/Developer/SDKs/WatchOS27.0.sdk/System/Library/Frameworks/UIKit.framework/Headers/UITextField.h:53:12: note: 'UITextField' has been explicitly marked unavailable here
51 |
52 | UIKIT_EXTERN API_AVAILABLE(ios(2.0)) API_UNAVAILABLE(watchos) NS_SWIFT_UI_ACTOR
53 | @interface UITextField : UIControl <UITextInput, NSCoding, UIContentSizeCategoryAdjusting, UILetterformAwareAdjusting>
| `- note: 'UITextField' has been explicitly marked unavailable here
54 |
55 | @property(nullable, nonatomic,copy) NSString *text; // default is nil
/Users/admin/builder/spi-builder-workspace/iOSDropDown/Classes/iOSDropDown.swift:359:52: error: 'UITextField' is unavailable in watchOS
357 |
358 | extension DropDown: UITextFieldDelegate {
359 | public func textFieldShouldReturn(_ textField: UITextField) -> Bool {
| `- error: 'UITextField' is unavailable in watchOS
360 | superview?.endEditing(true)
361 | return false
/Applications/Xcode-27.0.0-Release.Candidate.app/Contents/Developer/Platforms/WatchOS.platform/Developer/SDKs/WatchOS27.0.sdk/System/Library/Frameworks/UIKit.framework/Headers/UITextField.h:53:12: note: 'UITextField' has been explicitly marked unavailable here
51 |
52 | UIKIT_EXTERN API_AVAILABLE(ios(2.0)) API_UNAVAILABLE(watchos) NS_SWIFT_UI_ACTOR
53 | @interface UITextField : UIControl <UITextInput, NSCoding, UIContentSizeCategoryAdjusting, UILetterformAwareAdjusting>
| `- note: 'UITextField' has been explicitly marked unavailable here
54 |
55 | @property(nullable, nonatomic,copy) NSString *text; // default is nil
/Users/admin/builder/spi-builder-workspace/iOSDropDown/Classes/iOSDropDown.swift:364:55: error: 'UITextField' is unavailable in watchOS
362 | }
363 |
364 | public func textFieldDidBeginEditing(_ textField: UITextField) {
| `- error: 'UITextField' is unavailable in watchOS
365 | textField.text = ""
366 | // self.selectedIndex = nil
/Applications/Xcode-27.0.0-Release.Candidate.app/Contents/Developer/Platforms/WatchOS.platform/Developer/SDKs/WatchOS27.0.sdk/System/Library/Frameworks/UIKit.framework/Headers/UITextField.h:53:12: note: 'UITextField' has been explicitly marked unavailable here
51 |
52 | UIKIT_EXTERN API_AVAILABLE(ios(2.0)) API_UNAVAILABLE(watchos) NS_SWIFT_UI_ACTOR
53 | @interface UITextField : UIControl <UITextInput, NSCoding, UIContentSizeCategoryAdjusting, UILetterformAwareAdjusting>
| `- note: 'UITextField' has been explicitly marked unavailable here
54 |
55 | @property(nullable, nonatomic,copy) NSString *text; // default is nil
/Users/admin/builder/spi-builder-workspace/iOSDropDown/Classes/iOSDropDown.swift:371:58: error: 'UITextField' is unavailable in watchOS
369 | }
370 |
371 | public func textFieldShouldBeginEditing(_ textField: UITextField) -> Bool {
| `- error: 'UITextField' is unavailable in watchOS
372 | return isSearchEnable
373 | }
/Applications/Xcode-27.0.0-Release.Candidate.app/Contents/Developer/Platforms/WatchOS.platform/Developer/SDKs/WatchOS27.0.sdk/System/Library/Frameworks/UIKit.framework/Headers/UITextField.h:53:12: note: 'UITextField' has been explicitly marked unavailable here
51 |
52 | UIKIT_EXTERN API_AVAILABLE(ios(2.0)) API_UNAVAILABLE(watchos) NS_SWIFT_UI_ACTOR
53 | @interface UITextField : UIControl <UITextInput, NSCoding, UIContentSizeCategoryAdjusting, UILetterformAwareAdjusting>
| `- note: 'UITextField' has been explicitly marked unavailable here
54 |
55 | @property(nullable, nonatomic,copy) NSString *text; // default is nil
/Users/admin/builder/spi-builder-workspace/iOSDropDown/Classes/iOSDropDown.swift:375:40: error: 'UITextField' is unavailable in watchOS
373 | }
374 |
375 | public func textField(_ textField: UITextField, shouldChangeCharactersIn range: NSRange, replacementString string: String) -> Bool {
| `- error: 'UITextField' is unavailable in watchOS
376 | if string != "" {
377 | searchText = text! + string
/Applications/Xcode-27.0.0-Release.Candidate.app/Contents/Developer/Platforms/WatchOS.platform/Developer/SDKs/WatchOS27.0.sdk/System/Library/Frameworks/UIKit.framework/Headers/UITextField.h:53:12: note: 'UITextField' has been explicitly marked unavailable here
51 |
52 | UIKIT_EXTERN API_AVAILABLE(ios(2.0)) API_UNAVAILABLE(watchos) NS_SWIFT_UI_ACTOR
53 | @interface UITextField : UIControl <UITextInput, NSCoding, UIContentSizeCategoryAdjusting, UILetterformAwareAdjusting>
| `- note: 'UITextField' has been explicitly marked unavailable here
54 |
55 | @property(nullable, nonatomic,copy) NSString *text; // default is nil
/Users/admin/builder/spi-builder-workspace/iOSDropDown/Classes/iOSDropDown.swift:358:21: error: 'UITextFieldDelegate' is unavailable in watchOS
356 | // MARK: UITextFieldDelegate
357 |
358 | extension DropDown: UITextFieldDelegate {
| `- error: 'UITextFieldDelegate' is unavailable in watchOS
359 | public func textFieldShouldReturn(_ textField: UITextField) -> Bool {
360 | superview?.endEditing(true)
/Applications/Xcode-27.0.0-Release.Candidate.app/Contents/Developer/Platforms/WatchOS.platform/Developer/SDKs/WatchOS27.0.sdk/System/Library/Frameworks/UIKit.framework/Headers/UITextField.h:140:11: note: 'UITextFieldDelegate' has been explicitly marked unavailable here
138 |
139 | API_UNAVAILABLE(watchos) NS_SWIFT_UI_ACTOR
140 | @protocol UITextFieldDelegate <NSObject>
| `- note: 'UITextFieldDelegate' has been explicitly marked unavailable here
141 |
142 | @optional
/Users/admin/builder/spi-builder-workspace/iOSDropDown/Classes/iOSDropDown.swift:392:40: error: 'UITableView' is unavailable in watchOS
390 |
391 | extension DropDown: UITableViewDataSource {
392 | public func tableView(_ tableView: UITableView, numberOfRowsInSection section: Int) -> Int {
| `- error: 'UITableView' is unavailable in watchOS
393 | return dataArray.count
394 | }
/Applications/Xcode-27.0.0-Release.Candidate.app/Contents/Developer/Platforms/WatchOS.platform/Developer/SDKs/WatchOS27.0.sdk/System/Library/Frameworks/UIKit.framework/Headers/UITableView.h:347:12: note: 'UITableView' has been explicitly marked unavailable here
345 |
346 | UIKIT_EXTERN API_AVAILABLE(ios(2.0)) API_UNAVAILABLE(watchos) NS_SWIFT_UI_ACTOR
347 | @interface UITableView : UIScrollView <NSCoding, UIDataSourceTranslating>
| `- note: 'UITableView' has been explicitly marked unavailable here
348 |
349 | - (instancetype)initWithFrame:(CGRect)frame style:(UITableViewStyle)style NS_DESIGNATED_INITIALIZER; // must specify style at creation. -initWithFrame: calls this with UITableViewStylePlain
/Users/admin/builder/spi-builder-workspace/iOSDropDown/Classes/iOSDropDown.swift:396:40: error: 'UITableView' is unavailable in watchOS
394 | }
395 |
396 | public func tableView(_ tableView: UITableView, cellForRowAt indexPath: IndexPath) -> UITableViewCell {
| `- error: 'UITableView' is unavailable in watchOS
397 | let cellIdentifier = "DropDownCell"
398 |
/Applications/Xcode-27.0.0-Release.Candidate.app/Contents/Developer/Platforms/WatchOS.platform/Developer/SDKs/WatchOS27.0.sdk/System/Library/Frameworks/UIKit.framework/Headers/UITableView.h:347:12: note: 'UITableView' has been explicitly marked unavailable here
345 |
346 | UIKIT_EXTERN API_AVAILABLE(ios(2.0)) API_UNAVAILABLE(watchos) NS_SWIFT_UI_ACTOR
347 | @interface UITableView : UIScrollView <NSCoding, UIDataSourceTranslating>
| `- note: 'UITableView' has been explicitly marked unavailable here
348 |
349 | - (instancetype)initWithFrame:(CGRect)frame style:(UITableViewStyle)style NS_DESIGNATED_INITIALIZER; // must specify style at creation. -initWithFrame: calls this with UITableViewStylePlain
/Users/admin/builder/spi-builder-workspace/iOSDropDown/Classes/iOSDropDown.swift:396:91: error: 'UITableViewCell' is unavailable in watchOS
394 | }
395 |
396 | public func tableView(_ tableView: UITableView, cellForRowAt indexPath: IndexPath) -> UITableViewCell {
| `- error: 'UITableViewCell' is unavailable in watchOS
397 | let cellIdentifier = "DropDownCell"
398 |
/Applications/Xcode-27.0.0-Release.Candidate.app/Contents/Developer/Platforms/WatchOS.platform/Developer/SDKs/WatchOS27.0.sdk/System/Library/Frameworks/UIKit.framework/Headers/UITableViewCell.h:81:12: note: 'UITableViewCell' has been explicitly marked unavailable here
79 |
80 | UIKIT_EXTERN API_AVAILABLE(ios(2.0)) API_UNAVAILABLE(watchos) NS_SWIFT_UI_ACTOR
81 | @interface UITableViewCell : UIView <NSCoding, UIGestureRecognizerDelegate>
| `- note: 'UITableViewCell' has been explicitly marked unavailable here
82 |
83 | // Designated initializer. If the cell can be reused, you must pass in a reuse identifier. You should use the same reuse identifier for all cells of the same form.
/Users/admin/builder/spi-builder-workspace/iOSDropDown/Classes/iOSDropDown.swift:391:21: error: 'UITableViewDataSource' is unavailable in watchOS
389 | // MARK: UITableViewDataSource
390 |
391 | extension DropDown: UITableViewDataSource {
| `- error: 'UITableViewDataSource' is unavailable in watchOS
392 | public func tableView(_ tableView: UITableView, numberOfRowsInSection section: Int) -> Int {
393 | return dataArray.count
/Applications/Xcode-27.0.0-Release.Candidate.app/Contents/Developer/Platforms/WatchOS.platform/Developer/SDKs/WatchOS27.0.sdk/System/Library/Frameworks/UIKit.framework/Headers/UITableView.h:539:11: note: 'UITableViewDataSource' has been explicitly marked unavailable here
537 |
538 | API_UNAVAILABLE(watchos) NS_SWIFT_UI_ACTOR
539 | @protocol UITableViewDataSource<NSObject>
| `- note: 'UITableViewDataSource' has been explicitly marked unavailable here
540 |
541 | @required
/Users/admin/builder/spi-builder-workspace/iOSDropDown/Classes/iOSDropDown.swift:430:40: error: 'UITableView' is unavailable in watchOS
428 |
429 | extension DropDown: UITableViewDelegate {
430 | public func tableView(_ tableView: UITableView, didSelectRowAt indexPath: IndexPath) {
| `- error: 'UITableView' is unavailable in watchOS
431 |
432 | let currentIndex = (indexPath as NSIndexPath).row
/Applications/Xcode-27.0.0-Release.Candidate.app/Contents/Developer/Platforms/WatchOS.platform/Developer/SDKs/WatchOS27.0.sdk/System/Library/Frameworks/UIKit.framework/Headers/UITableView.h:347:12: note: 'UITableView' has been explicitly marked unavailable here
345 |
346 | UIKIT_EXTERN API_AVAILABLE(ios(2.0)) API_UNAVAILABLE(watchos) NS_SWIFT_UI_ACTOR
347 | @interface UITableView : UIScrollView <NSCoding, UIDataSourceTranslating>
| `- note: 'UITableView' has been explicitly marked unavailable here
348 |
349 | - (instancetype)initWithFrame:(CGRect)frame style:(UITableViewStyle)style NS_DESIGNATED_INITIALIZER; // must specify style at creation. -initWithFrame: calls this with UITableViewStylePlain
/Users/admin/builder/spi-builder-workspace/iOSDropDown/Classes/iOSDropDown.swift:429:21: error: 'UITableViewDelegate' is unavailable in watchOS
427 | // MARK: UITableViewDelegate
428 |
429 | extension DropDown: UITableViewDelegate {
| `- error: 'UITableViewDelegate' is unavailable in watchOS
430 | public func tableView(_ tableView: UITableView, didSelectRowAt indexPath: IndexPath) {
431 |
/Applications/Xcode-27.0.0-Release.Candidate.app/Contents/Developer/Platforms/WatchOS.platform/Developer/SDKs/WatchOS27.0.sdk/System/Library/Frameworks/UIKit.framework/Headers/UITableView.h:100:11: note: 'UITableViewDelegate' has been explicitly marked unavailable here
98 |
99 | API_UNAVAILABLE(watchos) NS_SWIFT_UI_ACTOR
100 | @protocol UITableViewDelegate<NSObject, UIScrollViewDelegate>
| `- note: 'UITableViewDelegate' has been explicitly marked unavailable here
101 |
102 | @optional
/Users/admin/builder/spi-builder-workspace/iOSDropDown/Classes/iOSDropDown.swift:471:22: error: 'CAShapeLayer' is unavailable in watchOS
469 |
470 | class Arrow: UIView {
471 | let shapeLayer = CAShapeLayer()
| `- error: 'CAShapeLayer' is unavailable in watchOS
472 | var arrowColor: UIColor = .black {
473 | didSet {
/Applications/Xcode-27.0.0-Release.Candidate.app/Contents/Developer/Platforms/WatchOS.platform/Developer/SDKs/WatchOS27.0.sdk/System/Library/Frameworks/QuartzCore.framework/Headers/CAShapeLayer.h:40:12: note: 'CAShapeLayer' has been explicitly marked unavailable here
38 |
39 | API_AVAILABLE(macos(10.6), ios(3.0), tvos(9.0)) API_UNAVAILABLE(watchos)
40 | @interface CAShapeLayer : CALayer
| `- note: 'CAShapeLayer' has been explicitly marked unavailable here
41 |
42 | /* The path defining the shape to be rendered. If the path extends
/Users/admin/builder/spi-builder-workspace/iOSDropDown/Classes/iOSDropDown.swift:470:14: error: 'UIView' is unavailable in watchOS
468 | }
469 |
470 | class Arrow: UIView {
| `- error: 'UIView' is unavailable in watchOS
471 | let shapeLayer = CAShapeLayer()
472 | var arrowColor: UIColor = .black {
/Applications/Xcode-27.0.0-Release.Candidate.app/Contents/Developer/Platforms/WatchOS.platform/Developer/SDKs/WatchOS27.0.sdk/System/Library/Frameworks/UIKit.framework/Headers/UIView.h:152:12: note: 'UIView' has been explicitly marked unavailable here
150 |
151 | UIKIT_EXTERN API_AVAILABLE(ios(2.0)) API_UNAVAILABLE(watchos) NS_SWIFT_UI_ACTOR
152 | @interface UIView : UIResponder <NSCoding, UIAppearance, UIAppearanceContainer, UIDynamicItem, UITraitEnvironment, UICoordinateSpace, UIFocusItem, UIFocusItemContainer, CALayerDelegate>
| `- note: 'UIView' has been explicitly marked unavailable here
153 |
154 | @property(class, nonatomic, readonly) Class layerClass; // default is [CALayer class]. Used when creating the underlying layer for the view.
/Users/admin/builder/spi-builder-workspace/iOSDropDown/Classes/iOSDropDown.swift:557:31: error: 'UIViewController' is unavailable in watchOS
555 | }
556 |
557 | var parentViewController: UIViewController? {
| `- error: 'UIViewController' is unavailable in watchOS
558 | var parentResponder: UIResponder? = self
559 | while parentResponder != nil {
/Applications/Xcode-27.0.0-Release.Candidate.app/Contents/Developer/Platforms/WatchOS.platform/Developer/SDKs/WatchOS27.0.sdk/System/Library/Frameworks/UIKit.framework/Headers/UIViewController.h:104:12: note: 'UIViewController' has been explicitly marked unavailable here
102 |
103 | UIKIT_EXTERN API_AVAILABLE(ios(2.0)) API_UNAVAILABLE(watchos) NS_SWIFT_UI_ACTOR
104 | @interface UIViewController : UIResponder <NSCoding, UIAppearanceContainer, UITraitEnvironment, UIContentContainer, UIFocusEnvironment>
| `- note: 'UIViewController' has been explicitly marked unavailable here
105 |
106 | /*
/Users/admin/builder/spi-builder-workspace/iOSDropDown/Classes/iOSDropDown.swift:536:11: error: 'UIView' is unavailable in watchOS
534 | }
535 |
536 | extension UIView {
| `- error: 'UIView' is unavailable in watchOS
537 | func dropShadow(scale: Bool = true) {
538 | layer.masksToBounds = false
/Applications/Xcode-27.0.0-Release.Candidate.app/Contents/Developer/Platforms/WatchOS.platform/Developer/SDKs/WatchOS27.0.sdk/System/Library/Frameworks/UIKit.framework/Headers/UIView.h:152:12: note: 'UIView' has been explicitly marked unavailable here
150 |
151 | UIKIT_EXTERN API_AVAILABLE(ios(2.0)) API_UNAVAILABLE(watchos) NS_SWIFT_UI_ACTOR
152 | @interface UIView : UIResponder <NSCoding, UIAppearance, UIAppearanceContainer, UIDynamicItem, UITraitEnvironment, UICoordinateSpace, UIFocusItem, UIFocusItemContainer, CALayerDelegate>
| `- note: 'UIView' has been explicitly marked unavailable here
153 |
154 | @property(class, nonatomic, readonly) Class layerClass; // default is [CALayer class]. Used when creating the underlying layer for the view.
Failed frontend command:
/Applications/Xcode-27.0.0-Release.Candidate.app/Contents/Developer/Toolchains/XcodeDefault.xctoolchain/usr/bin/swift-frontend -frontend -emit-module -experimental-skip-non-inlinable-function-bodies-without-types /Users/admin/builder/spi-builder-workspace/iOSDropDown/Classes/iOSDropDown.swift -target arm64-apple-watchos9.0 -disable-cross-import-overlay-search -load-resolved-plugin /Applications/Xcode-27.0.0-Release.Candidate.app/Contents/Developer/Platforms/WatchOS.platform/Developer/usr/lib/swift/host/plugins/libFoundationMacros.dylib\#/Applications/Xcode-27.0.0-Release.Candidate.app/Contents/Developer/Platforms/WatchOS.platform/Developer/usr/bin/swift-plugin-server\#FoundationMacros -load-resolved-plugin /Applications/Xcode-27.0.0-Release.Candidate.app/Contents/Developer/Platforms/WatchOS.platform/Developer/usr/lib/swift/host/plugins/libObservationMacros.dylib\#/Applications/Xcode-27.0.0-Release.Candidate.app/Contents/Developer/Platforms/WatchOS.platform/Developer/usr/bin/swift-plugin-server\#ObservationMacros -load-resolved-plugin /Applications/Xcode-27.0.0-Release.Candidate.app/Contents/Developer/Platforms/WatchOS.platform/Developer/usr/lib/swift/host/plugins/libSwiftMacros.dylib\#/Applications/Xcode-27.0.0-Release.Candidate.app/Contents/Developer/Platforms/WatchOS.platform/Developer/usr/bin/swift-plugin-server\#SwiftMacros -load-resolved-plugin /Applications/Xcode-27.0.0-Release.Candidate.app/Contents/Developer/Platforms/WatchOS.platform/Developer/usr/lib/swift/host/plugins/libSwiftUIMacros.dylib\#/Applications/Xcode-27.0.0-Release.Candidate.app/Contents/Developer/Platforms/WatchOS.platform/Developer/usr/bin/swift-plugin-server\#SwiftUIMacros -disable-implicit-swift-modules -Xcc -fno-implicit-modules -Xcc -fno-implicit-module-maps -explicit-swift-module-map-file /Users/admin/builder/spi-builder-workspace/.derivedData/Build/Intermediates.noindex/iOSDropDown.build/Debug-watchos/iOSDropDown-t.build/Objects-normal/arm64/iOSDropDown-dependencies-1.json -Xllvm -aarch64-use-tbi -enable-objc-interop -stack-check -sdk /Applications/Xcode-27.0.0-Release.Candidate.app/Contents/Developer/Platforms/WatchOS.platform/Developer/SDKs/WatchOS27.0.sdk -I /Users/admin/builder/spi-builder-workspace/.derivedData/Build/Products/Debug-watchos -Isystem /Applications/Xcode-27.0.0-Release.Candidate.app/Contents/Developer/Platforms/WatchOS.platform/Developer/usr/lib -F /Users/admin/builder/spi-builder-workspace/.derivedData/Build/Products/Debug-watchos -F /Applications/Xcode-27.0.0-Release.Candidate.app/Contents/Developer/Platforms/WatchOS.platform/Developer/Library/Frameworks -F /Applications/Xcode-27.0.0-Release.Candidate.app/Contents/Developer/Platforms/WatchOS.platform/Developer/SDKs/WatchOS27.0.sdk/Developer/Library/Frameworks -module-cache-path /Users/admin/builder/spi-builder-workspace/.derivedData/Build/Intermediates.noindex/SwiftExplicitPrecompiledModules -no-color-diagnostics -Xcc -fno-color-diagnostics -enable-testing -g -debug-info-format\=dwarf -dwarf-version\=4 -swift-version 5 -Onone -D SWIFT_PACKAGE -D DEBUG -D SWIFT_MODULE_RESOURCE_BUNDLE_UNAVAILABLE -D Xcode -serialize-debugging-options -enable-experimental-feature DebugDescriptionMacro -empty-abi-descriptor -validate-clang-modules-once -clang-build-session-file /Users/admin/builder/spi-builder-workspace/.derivedData/ModuleCache.noindex/Session.modulevalidation -Xcc -working-directory -Xcc /Users/admin/builder/spi-builder-workspace/.swiftpm/xcode -enable-anonymous-context-mangled-names -file-compilation-dir /Users/admin/builder/spi-builder-workspace/.swiftpm/xcode -Xcc -D_LIBCPP_HARDENING_MODE\=_LIBCPP_HARDENING_MODE_DEBUG -Xcc -ivfsstatcache -Xcc /Users/admin/builder/spi-builder-workspace/.derivedData/SDKStatCaches.noindex/watchos27.0-24R360-e829b21a6f8c9b70876ba0858053c04477534ef55a1706bf4c1112bbb242f0a2.sdkstatcache -Xcc -fmodules-prune-interval\=86400 -Xcc -fmodules-prune-after\=345600 -Xcc -I/Users/admin/builder/spi-builder-workspace/.derivedData/Build/Products/Debug-watchos/include -Xcc -I/Users/admin/builder/spi-builder-workspace/.derivedData/Build/Intermediates.noindex/iOSDropDown.build/Debug-watchos/iOSDropDown-t.build/DerivedSources-normal/arm64 -Xcc -I/Users/admin/builder/spi-builder-workspace/.derivedData/Build/Intermediates.noindex/iOSDropDown.build/Debug-watchos/iOSDropDown-t.build/DerivedSources/arm64 -Xcc -I/Users/admin/builder/spi-builder-workspace/.derivedData/Build/Intermediates.noindex/iOSDropDown.build/Debug-watchos/iOSDropDown-t.build/DerivedSources -Xcc -DSWIFT_PACKAGE -Xcc -DDEBUG\=1 -no-auto-bridging-header-chaining -module-name iOSDropDown -const-gather-protocols-file /Users/admin/builder/spi-builder-workspace/.derivedData/Build/Intermediates.noindex/iOSDropDown.build/Debug-watchos/iOSDropDown-t.build/Objects-normal/arm64/iOSDropDown_const_extract_protocols.json -disable-clang-spi -clang-target arm64-apple-watchos27.0 -target-sdk-version 27.0 -target-sdk-name watchos27.0 -in-process-plugin-server-path /Applications/Xcode-27.0.0-Release.Candidate.app/Contents/Developer/Toolchains/XcodeDefault.xctoolchain/usr/lib/swift/host/libSwiftInProcPluginServer.dylib -emit-module-doc-path /Users/admin/builder/spi-builder-workspace/.derivedData/Build/Intermediates.noindex/iOSDropDown.build/Debug-watchos/iOSDropDown-t.build/Objects-normal/arm64/iOSDropDown.swiftdoc -emit-module-source-info-path /Users/admin/builder/spi-builder-workspace/.derivedData/Build/Intermediates.noindex/iOSDropDown.build/Debug-watchos/iOSDropDown-t.build/Objects-normal/arm64/iOSDropDown.swiftsourceinfo -emit-objc-header-path /Users/admin/builder/spi-builder-workspace/.derivedData/Build/Intermediates.noindex/iOSDropDown.build/Debug-watchos/iOSDropDown-t.build/Objects-normal/arm64/iOSDropDown-Swift.h -serialize-diagnostics-path /Users/admin/builder/spi-builder-workspace/.derivedData/Build/Intermediates.noindex/iOSDropDown.build/Debug-watchos/iOSDropDown-t.build/Objects-normal/arm64/iOSDropDown-primary-emit-module.dia -emit-dependencies-path /Users/admin/builder/spi-builder-workspace/.derivedData/Build/Intermediates.noindex/iOSDropDown.build/Debug-watchos/iOSDropDown-t.build/Objects-normal/arm64/iOSDropDown-primary-emit-module.d -parse-as-library -o /Users/admin/builder/spi-builder-workspace/.derivedData/Build/Intermediates.noindex/iOSDropDown.build/Debug-watchos/iOSDropDown-t.build/Objects-normal/arm64/iOSDropDown.swiftmodule -emit-abi-descriptor-path /Users/admin/builder/spi-builder-workspace/.derivedData/Build/Intermediates.noindex/iOSDropDown.build/Debug-watchos/iOSDropDown-t.build/Objects-normal/arm64/iOSDropDown.abi.json
SwiftCompile normal arm64 (in target 'iOSDropDown' from project 'iOSDropDown')
cd /Users/admin/builder/spi-builder-workspace/.swiftpm/xcode
SwiftCompile normal arm64 Compiling\ iOSDropDown.swift /Users/admin/builder/spi-builder-workspace/iOSDropDown/Classes/iOSDropDown.swift (in target 'iOSDropDown' from project 'iOSDropDown')
/Users/admin/builder/spi-builder-workspace/iOSDropDown/Classes/iOSDropDown.swift:13:16: error: 'UITableView' is unavailable in watchOS
11 | open class DropDown: UITextField {
12 | var arrow: Arrow!
13 | var table: UITableView!
| `- error: 'UITableView' is unavailable in watchOS
14 | var shadow: UIView!
15 | public var selectedIndex: Int?
/Applications/Xcode-27.0.0-Release.Candidate.app/Contents/Developer/Platforms/WatchOS.platform/Developer/SDKs/WatchOS27.0.sdk/System/Library/Frameworks/UIKit.framework/Headers/UITableView.h:347:12: note: 'UITableView' has been explicitly marked unavailable here
345 |
346 | UIKIT_EXTERN API_AVAILABLE(ios(2.0)) API_UNAVAILABLE(watchos) NS_SWIFT_UI_ACTOR
347 | @interface UITableView : UIScrollView <NSCoding, UIDataSourceTranslating>
| `- note: 'UITableView' has been explicitly marked unavailable here
348 |
349 | - (instancetype)initWithFrame:(CGRect)frame style:(UITableViewStyle)style NS_DESIGNATED_INITIALIZER; // must specify style at creation. -initWithFrame: calls this with UITableViewStylePlain
/Users/admin/builder/spi-builder-workspace/iOSDropDown/Classes/iOSDropDown.swift:14:17: error: 'UIView' is unavailable in watchOS
12 | var arrow: Arrow!
13 | var table: UITableView!
14 | var shadow: UIView!
| `- error: 'UIView' is unavailable in watchOS
15 | public var selectedIndex: Int?
16 |
/Applications/Xcode-27.0.0-Release.Candidate.app/Contents/Developer/Platforms/WatchOS.platform/Developer/SDKs/WatchOS27.0.sdk/System/Library/Frameworks/UIKit.framework/Headers/UIView.h:152:12: note: 'UIView' has been explicitly marked unavailable here
150 |
151 | UIKIT_EXTERN API_AVAILABLE(ios(2.0)) API_UNAVAILABLE(watchos) NS_SWIFT_UI_ACTOR
152 | @interface UIView : UIResponder <NSCoding, UIAppearance, UIAppearanceContainer, UIDynamicItem, UITraitEnvironment, UICoordinateSpace, UIFocusItem, UIFocusItemContainer, CALayerDelegate>
| `- note: 'UIView' has been explicitly marked unavailable here
153 |
154 | @property(class, nonatomic, readonly) Class layerClass; // default is [CALayer class]. Used when creating the underlying layer for the view.
/Users/admin/builder/spi-builder-workspace/iOSDropDown/Classes/iOSDropDown.swift:23:60: error: 'systemPink' is unavailable in watchOS
21 | @IBInspectable public var itemsColor: UIColor = .darkGray
22 | @IBInspectable public var itemsTintColor: UIColor = .blue
23 | @IBInspectable public var selectedRowColor: UIColor = .systemPink
| `- error: 'systemPink' is unavailable in watchOS
24 | @IBInspectable public var hideOptionsWhenSelect = true
25 | @IBInspectable public var isSearchEnable: Bool = true {
/Applications/Xcode-27.0.0-Release.Candidate.app/Contents/Developer/Platforms/WatchOS.platform/Developer/SDKs/WatchOS27.0.sdk/System/Library/Frameworks/UIKit.framework/Headers/UIInterface.h:126:49: note: 'systemPink' has been explicitly marked unavailable here
124 | @property (class, nonatomic, readonly) UIColor *systemOrangeColor API_AVAILABLE(ios(7.0), tvos(9.0)) API_UNAVAILABLE(watchos);
125 | @property (class, nonatomic, readonly) UIColor *systemYellowColor API_AVAILABLE(ios(7.0), tvos(9.0)) API_UNAVAILABLE(watchos);
126 | @property (class, nonatomic, readonly) UIColor *systemPinkColor API_AVAILABLE(ios(7.0), tvos(9.0)) API_UNAVAILABLE(watchos);
| `- note: 'systemPink' has been explicitly marked unavailable here
127 | @property (class, nonatomic, readonly) UIColor *systemPurpleColor API_AVAILABLE(ios(9.0), tvos(9.0)) API_UNAVAILABLE(watchos);
128 | @property (class, nonatomic, readonly) UIColor *systemTealColor API_AVAILABLE(ios(7.0), tvos(9.0)) API_UNAVAILABLE(watchos);
/Users/admin/builder/spi-builder-workspace/iOSDropDown/Classes/iOSDropDown.swift:58:44: error: 'UIViewController' is unavailable in watchOS
56 | fileprivate var dataArray = [String]()
57 | fileprivate var imageArray = [String]()
58 | fileprivate weak var parentController: UIViewController?
| `- error: 'UIViewController' is unavailable in watchOS
59 | fileprivate var pointToParent = CGPoint(x: 0, y: 0)
60 | fileprivate var backgroundView = UIView()
/Applications/Xcode-27.0.0-Release.Candidate.app/Contents/Developer/Platforms/WatchOS.platform/Developer/SDKs/WatchOS27.0.sdk/System/Library/Frameworks/UIKit.framework/Headers/UIViewController.h:104:12: note: 'UIViewController' has been explicitly marked unavailable here
102 |
103 | UIKIT_EXTERN API_AVAILABLE(ios(2.0)) API_UNAVAILABLE(watchos) NS_SWIFT_UI_ACTOR
104 | @interface UIViewController : UIResponder <NSCoding, UIAppearanceContainer, UITraitEnvironment, UIContentContainer, UIFocusEnvironment>
| `- note: 'UIViewController' has been explicitly marked unavailable here
105 |
106 | /*
/Users/admin/builder/spi-builder-workspace/iOSDropDown/Classes/iOSDropDown.swift:60:38: error: 'UIView' is unavailable in watchOS
58 | fileprivate weak var parentController: UIViewController?
59 | fileprivate var pointToParent = CGPoint(x: 0, y: 0)
60 | fileprivate var backgroundView = UIView()
| `- error: 'UIView' is unavailable in watchOS
61 | fileprivate var keyboardHeight: CGFloat = 0
62 |
/Applications/Xcode-27.0.0-Release.Candidate.app/Contents/Developer/Platforms/WatchOS.platform/Developer/SDKs/WatchOS27.0.sdk/System/Library/Frameworks/UIKit.framework/Headers/UIView.h:152:12: note: 'UIView' has been explicitly marked unavailable here
150 |
151 | UIKIT_EXTERN API_AVAILABLE(ios(2.0)) API_UNAVAILABLE(watchos) NS_SWIFT_UI_ACTOR
152 | @interface UIView : UIResponder <NSCoding, UIAppearance, UIAppearanceContainer, UIDynamicItem, UITraitEnvironment, UICoordinateSpace, UIFocusItem, UIFocusItemContainer, CALayerDelegate>
| `- note: 'UIView' has been explicitly marked unavailable here
153 |
154 | @property(class, nonatomic, readonly) Class layerClass; // default is [CALayer class]. Used when creating the underlying layer for the view.
/Users/admin/builder/spi-builder-workspace/iOSDropDown/Classes/iOSDropDown.swift:60:38: error: 'init()' is unavailable in watchOS
58 | fileprivate weak var parentController: UIViewController?
59 | fileprivate var pointToParent = CGPoint(x: 0, y: 0)
60 | fileprivate var backgroundView = UIView()
| `- error: 'init()' is unavailable in watchOS
61 | fileprivate var keyboardHeight: CGFloat = 0
62 |
/Applications/Xcode-27.0.0-Release.Candidate.app/Contents/Developer/Platforms/WatchOS.platform/Developer/SDKs/WatchOS27.0.sdk/System/Library/Frameworks/UIKit.framework/Headers/UIView.h:158:1: note: 'init()' has been explicitly marked unavailable here
156 | - (instancetype)initWithFrame:(CGRect)frame NS_DESIGNATED_INITIALIZER;
157 | - (nullable instancetype)initWithCoder:(NSCoder *)coder NS_DESIGNATED_INITIALIZER;
158 | - (instancetype)init API_AVAILABLE(ios(2.0), tvos(9.0), visionos(1.0)) API_UNAVAILABLE(watchos);
| `- note: 'init()' has been explicitly marked unavailable here
159 |
160 | @property(nonatomic,getter=isUserInteractionEnabled) BOOL userInteractionEnabled; // default is YES. if set to NO, user events (touch, keys) are ignored and removed from the event queue.
/Users/admin/builder/spi-builder-workspace/iOSDropDown/Classes/iOSDropDown.swift:190:42: error: 'UIView' is unavailable in watchOS
188 | }
189 |
190 | func getConvertedPoint(_ targetView: UIView, baseView: UIView?) -> CGPoint {
| `- error: 'UIView' is unavailable in watchOS
191 | var pnt = targetView.frame.origin
192 | if nil == targetView.superview {
/Applications/Xcode-27.0.0-Release.Candidate.app/Contents/Developer/Platforms/WatchOS.platform/Developer/SDKs/WatchOS27.0.sdk/System/Library/Frameworks/UIKit.framework/Headers/UIView.h:152:12: note: 'UIView' has been explicitly marked unavailable here
150 |
151 | UIKIT_EXTERN API_AVAILABLE(ios(2.0)) API_UNAVAILABLE(watchos) NS_SWIFT_UI_ACTOR
152 | @interface UIView : UIResponder <NSCoding, UIAppearance, UIAppearanceContainer, UIDynamicItem, UITraitEnvironment, UICoordinateSpace, UIFocusItem, UIFocusItemContainer, CALayerDelegate>
| `- note: 'UIView' has been explicitly marked unavailable here
153 |
154 | @property(class, nonatomic, readonly) Class layerClass; // default is [CALayer class]. Used when creating the underlying layer for the view.
/Users/admin/builder/spi-builder-workspace/iOSDropDown/Classes/iOSDropDown.swift:190:60: error: 'UIView' is unavailable in watchOS
188 | }
189 |
190 | func getConvertedPoint(_ targetView: UIView, baseView: UIView?) -> CGPoint {
| `- error: 'UIView' is unavailable in watchOS
191 | var pnt = targetView.frame.origin
192 | if nil == targetView.superview {
/Applications/Xcode-27.0.0-Release.Candidate.app/Contents/Developer/Platforms/WatchOS.platform/Developer/SDKs/WatchOS27.0.sdk/System/Library/Frameworks/UIKit.framework/Headers/UIView.h:152:12: note: 'UIView' has been explicitly marked unavailable here
150 |
151 | UIKIT_EXTERN API_AVAILABLE(ios(2.0)) API_UNAVAILABLE(watchos) NS_SWIFT_UI_ACTOR
152 | @interface UIView : UIResponder <NSCoding, UIAppearance, UIAppearanceContainer, UIDynamicItem, UITraitEnvironment, UICoordinateSpace, UIFocusItem, UIFocusItemContainer, CALayerDelegate>
| `- note: 'UIView' has been explicitly marked unavailable here
153 |
154 | @property(class, nonatomic, readonly) Class layerClass; // default is [CALayer class]. Used when creating the underlying layer for the view.
/Users/admin/builder/spi-builder-workspace/iOSDropDown/Classes/iOSDropDown.swift:11:22: error: 'UITextField' is unavailable in watchOS
9 | import UIKit
10 | @objc(JRDropDown)
11 | open class DropDown: UITextField {
| `- error: 'UITextField' is unavailable in watchOS
12 | var arrow: Arrow!
13 | var table: UITableView!
/Applications/Xcode-27.0.0-Release.Candidate.app/Contents/Developer/Platforms/WatchOS.platform/Developer/SDKs/WatchOS27.0.sdk/System/Library/Frameworks/UIKit.framework/Headers/UITextField.h:53:12: note: 'UITextField' has been explicitly marked unavailable here
51 |
52 | UIKIT_EXTERN API_AVAILABLE(ios(2.0)) API_UNAVAILABLE(watchos) NS_SWIFT_UI_ACTOR
53 | @interface UITextField : UIControl <UITextInput, NSCoding, UIContentSizeCategoryAdjusting, UILetterformAwareAdjusting>
| `- note: 'UITextField' has been explicitly marked unavailable here
54 |
55 | @property(nullable, nonatomic,copy) NSString *text; // default is nil
/Users/admin/builder/spi-builder-workspace/iOSDropDown/Classes/iOSDropDown.swift:359:52: error: 'UITextField' is unavailable in watchOS
357 |
358 | extension DropDown: UITextFieldDelegate {
359 | public func textFieldShouldReturn(_ textField: UITextField) -> Bool {
| `- error: 'UITextField' is unavailable in watchOS
360 | superview?.endEditing(true)
361 | return false
/Applications/Xcode-27.0.0-Release.Candidate.app/Contents/Developer/Platforms/WatchOS.platform/Developer/SDKs/WatchOS27.0.sdk/System/Library/Frameworks/UIKit.framework/Headers/UITextField.h:53:12: note: 'UITextField' has been explicitly marked unavailable here
51 |
52 | UIKIT_EXTERN API_AVAILABLE(ios(2.0)) API_UNAVAILABLE(watchos) NS_SWIFT_UI_ACTOR
53 | @interface UITextField : UIControl <UITextInput, NSCoding, UIContentSizeCategoryAdjusting, UILetterformAwareAdjusting>
| `- note: 'UITextField' has been explicitly marked unavailable here
54 |
55 | @property(nullable, nonatomic,copy) NSString *text; // default is nil
/Users/admin/builder/spi-builder-workspace/iOSDropDown/Classes/iOSDropDown.swift:364:55: error: 'UITextField' is unavailable in watchOS
362 | }
363 |
364 | public func textFieldDidBeginEditing(_ textField: UITextField) {
| `- error: 'UITextField' is unavailable in watchOS
365 | textField.text = ""
366 | // self.selectedIndex = nil
/Applications/Xcode-27.0.0-Release.Candidate.app/Contents/Developer/Platforms/WatchOS.platform/Developer/SDKs/WatchOS27.0.sdk/System/Library/Frameworks/UIKit.framework/Headers/UITextField.h:53:12: note: 'UITextField' has been explicitly marked unavailable here
51 |
52 | UIKIT_EXTERN API_AVAILABLE(ios(2.0)) API_UNAVAILABLE(watchos) NS_SWIFT_UI_ACTOR
53 | @interface UITextField : UIControl <UITextInput, NSCoding, UIContentSizeCategoryAdjusting, UILetterformAwareAdjusting>
| `- note: 'UITextField' has been explicitly marked unavailable here
54 |
55 | @property(nullable, nonatomic,copy) NSString *text; // default is nil
/Users/admin/builder/spi-builder-workspace/iOSDropDown/Classes/iOSDropDown.swift:371:58: error: 'UITextField' is unavailable in watchOS
369 | }
370 |
371 | public func textFieldShouldBeginEditing(_ textField: UITextField) -> Bool {
| `- error: 'UITextField' is unavailable in watchOS
372 | return isSearchEnable
373 | }
/Applications/Xcode-27.0.0-Release.Candidate.app/Contents/Developer/Platforms/WatchOS.platform/Developer/SDKs/WatchOS27.0.sdk/System/Library/Frameworks/UIKit.framework/Headers/UITextField.h:53:12: note: 'UITextField' has been explicitly marked unavailable here
51 |
52 | UIKIT_EXTERN API_AVAILABLE(ios(2.0)) API_UNAVAILABLE(watchos) NS_SWIFT_UI_ACTOR
53 | @interface UITextField : UIControl <UITextInput, NSCoding, UIContentSizeCategoryAdjusting, UILetterformAwareAdjusting>
| `- note: 'UITextField' has been explicitly marked unavailable here
54 |
55 | @property(nullable, nonatomic,copy) NSString *text; // default is nil
/Users/admin/builder/spi-builder-workspace/iOSDropDown/Classes/iOSDropDown.swift:375:40: error: 'UITextField' is unavailable in watchOS
373 | }
374 |
375 | public func textField(_ textField: UITextField, shouldChangeCharactersIn range: NSRange, replacementString string: String) -> Bool {
| `- error: 'UITextField' is unavailable in watchOS
376 | if string != "" {
377 | searchText = text! + string
/Applications/Xcode-27.0.0-Release.Candidate.app/Contents/Developer/Platforms/WatchOS.platform/Developer/SDKs/WatchOS27.0.sdk/System/Library/Frameworks/UIKit.framework/Headers/UITextField.h:53:12: note: 'UITextField' has been explicitly marked unavailable here
51 |
52 | UIKIT_EXTERN API_AVAILABLE(ios(2.0)) API_UNAVAILABLE(watchos) NS_SWIFT_UI_ACTOR
53 | @interface UITextField : UIControl <UITextInput, NSCoding, UIContentSizeCategoryAdjusting, UILetterformAwareAdjusting>
| `- note: 'UITextField' has been explicitly marked unavailable here
54 |
55 | @property(nullable, nonatomic,copy) NSString *text; // default is nil
/Users/admin/builder/spi-builder-workspace/iOSDropDown/Classes/iOSDropDown.swift:358:21: error: 'UITextFieldDelegate' is unavailable in watchOS
356 | // MARK: UITextFieldDelegate
357 |
358 | extension DropDown: UITextFieldDelegate {
| `- error: 'UITextFieldDelegate' is unavailable in watchOS
359 | public func textFieldShouldReturn(_ textField: UITextField) -> Bool {
360 | superview?.endEditing(true)
/Applications/Xcode-27.0.0-Release.Candidate.app/Contents/Developer/Platforms/WatchOS.platform/Developer/SDKs/WatchOS27.0.sdk/System/Library/Frameworks/UIKit.framework/Headers/UITextField.h:140:11: note: 'UITextFieldDelegate' has been explicitly marked unavailable here
138 |
139 | API_UNAVAILABLE(watchos) NS_SWIFT_UI_ACTOR
140 | @protocol UITextFieldDelegate <NSObject>
| `- note: 'UITextFieldDelegate' has been explicitly marked unavailable here
141 |
142 | @optional
/Users/admin/builder/spi-builder-workspace/iOSDropDown/Classes/iOSDropDown.swift:392:40: error: 'UITableView' is unavailable in watchOS
390 |
391 | extension DropDown: UITableViewDataSource {
392 | public func tableView(_ tableView: UITableView, numberOfRowsInSection section: Int) -> Int {
| `- error: 'UITableView' is unavailable in watchOS
393 | return dataArray.count
394 | }
/Applications/Xcode-27.0.0-Release.Candidate.app/Contents/Developer/Platforms/WatchOS.platform/Developer/SDKs/WatchOS27.0.sdk/System/Library/Frameworks/UIKit.framework/Headers/UITableView.h:347:12: note: 'UITableView' has been explicitly marked unavailable here
345 |
346 | UIKIT_EXTERN API_AVAILABLE(ios(2.0)) API_UNAVAILABLE(watchos) NS_SWIFT_UI_ACTOR
347 | @interface UITableView : UIScrollView <NSCoding, UIDataSourceTranslating>
| `- note: 'UITableView' has been explicitly marked unavailable here
348 |
349 | - (instancetype)initWithFrame:(CGRect)frame style:(UITableViewStyle)style NS_DESIGNATED_INITIALIZER; // must specify style at creation. -initWithFrame: calls this with UITableViewStylePlain
/Users/admin/builder/spi-builder-workspace/iOSDropDown/Classes/iOSDropDown.swift:396:40: error: 'UITableView' is unavailable in watchOS
394 | }
395 |
396 | public func tableView(_ tableView: UITableView, cellForRowAt indexPath: IndexPath) -> UITableViewCell {
| `- error: 'UITableView' is unavailable in watchOS
397 | let cellIdentifier = "DropDownCell"
398 |
/Applications/Xcode-27.0.0-Release.Candidate.app/Contents/Developer/Platforms/WatchOS.platform/Developer/SDKs/WatchOS27.0.sdk/System/Library/Frameworks/UIKit.framework/Headers/UITableView.h:347:12: note: 'UITableView' has been explicitly marked unavailable here
345 |
346 | UIKIT_EXTERN API_AVAILABLE(ios(2.0)) API_UNAVAILABLE(watchos) NS_SWIFT_UI_ACTOR
347 | @interface UITableView : UIScrollView <NSCoding, UIDataSourceTranslating>
| `- note: 'UITableView' has been explicitly marked unavailable here
348 |
349 | - (instancetype)initWithFrame:(CGRect)frame style:(UITableViewStyle)style NS_DESIGNATED_INITIALIZER; // must specify style at creation. -initWithFrame: calls this with UITableViewStylePlain
/Users/admin/builder/spi-builder-workspace/iOSDropDown/Classes/iOSDropDown.swift:396:91: error: 'UITableViewCell' is unavailable in watchOS
394 | }
395 |
396 | public func tableView(_ tableView: UITableView, cellForRowAt indexPath: IndexPath) -> UITableViewCell {
| `- error: 'UITableViewCell' is unavailable in watchOS
397 | let cellIdentifier = "DropDownCell"
398 |
/Applications/Xcode-27.0.0-Release.Candidate.app/Contents/Developer/Platforms/WatchOS.platform/Developer/SDKs/WatchOS27.0.sdk/System/Library/Frameworks/UIKit.framework/Headers/UITableViewCell.h:81:12: note: 'UITableViewCell' has been explicitly marked unavailable here
79 |
80 | UIKIT_EXTERN API_AVAILABLE(ios(2.0)) API_UNAVAILABLE(watchos) NS_SWIFT_UI_ACTOR
81 | @interface UITableViewCell : UIView <NSCoding, UIGestureRecognizerDelegate>
| `- note: 'UITableViewCell' has been explicitly marked unavailable here
82 |
83 | // Designated initializer. If the cell can be reused, you must pass in a reuse identifier. You should use the same reuse identifier for all cells of the same form.
/Users/admin/builder/spi-builder-workspace/iOSDropDown/Classes/iOSDropDown.swift:391:21: error: 'UITableViewDataSource' is unavailable in watchOS
389 | // MARK: UITableViewDataSource
390 |
391 | extension DropDown: UITableViewDataSource {
| `- error: 'UITableViewDataSource' is unavailable in watchOS
392 | public func tableView(_ tableView: UITableView, numberOfRowsInSection section: Int) -> Int {
393 | return dataArray.count
/Applications/Xcode-27.0.0-Release.Candidate.app/Contents/Developer/Platforms/WatchOS.platform/Developer/SDKs/WatchOS27.0.sdk/System/Library/Frameworks/UIKit.framework/Headers/UITableView.h:539:11: note: 'UITableViewDataSource' has been explicitly marked unavailable here
537 |
538 | API_UNAVAILABLE(watchos) NS_SWIFT_UI_ACTOR
539 | @protocol UITableViewDataSource<NSObject>
| `- note: 'UITableViewDataSource' has been explicitly marked unavailable here
540 |
541 | @required
/Users/admin/builder/spi-builder-workspace/iOSDropDown/Classes/iOSDropDown.swift:430:40: error: 'UITableView' is unavailable in watchOS
428 |
429 | extension DropDown: UITableViewDelegate {
430 | public func tableView(_ tableView: UITableView, didSelectRowAt indexPath: IndexPath) {
| `- error: 'UITableView' is unavailable in watchOS
431 |
432 | let currentIndex = (indexPath as NSIndexPath).row
/Applications/Xcode-27.0.0-Release.Candidate.app/Contents/Developer/Platforms/WatchOS.platform/Developer/SDKs/WatchOS27.0.sdk/System/Library/Frameworks/UIKit.framework/Headers/UITableView.h:347:12: note: 'UITableView' has been explicitly marked unavailable here
345 |
346 | UIKIT_EXTERN API_AVAILABLE(ios(2.0)) API_UNAVAILABLE(watchos) NS_SWIFT_UI_ACTOR
347 | @interface UITableView : UIScrollView <NSCoding, UIDataSourceTranslating>
| `- note: 'UITableView' has been explicitly marked unavailable here
348 |
349 | - (instancetype)initWithFrame:(CGRect)frame style:(UITableViewStyle)style NS_DESIGNATED_INITIALIZER; // must specify style at creation. -initWithFrame: calls this with UITableViewStylePlain
/Users/admin/builder/spi-builder-workspace/iOSDropDown/Classes/iOSDropDown.swift:429:21: error: 'UITableViewDelegate' is unavailable in watchOS
427 | // MARK: UITableViewDelegate
428 |
429 | extension DropDown: UITableViewDelegate {
| `- error: 'UITableViewDelegate' is unavailable in watchOS
430 | public func tableView(_ tableView: UITableView, didSelectRowAt indexPath: IndexPath) {
431 |
/Applications/Xcode-27.0.0-Release.Candidate.app/Contents/Developer/Platforms/WatchOS.platform/Developer/SDKs/WatchOS27.0.sdk/System/Library/Frameworks/UIKit.framework/Headers/UITableView.h:100:11: note: 'UITableViewDelegate' has been explicitly marked unavailable here
98 |
99 | API_UNAVAILABLE(watchos) NS_SWIFT_UI_ACTOR
100 | @protocol UITableViewDelegate<NSObject, UIScrollViewDelegate>
| `- note: 'UITableViewDelegate' has been explicitly marked unavailable here
101 |
102 | @optional
/Users/admin/builder/spi-builder-workspace/iOSDropDown/Classes/iOSDropDown.swift:471:22: error: 'CAShapeLayer' is unavailable in watchOS
469 |
470 | class Arrow: UIView {
471 | let shapeLayer = CAShapeLayer()
| `- error: 'CAShapeLayer' is unavailable in watchOS
472 | var arrowColor: UIColor = .black {
473 | didSet {
/Applications/Xcode-27.0.0-Release.Candidate.app/Contents/Developer/Platforms/WatchOS.platform/Developer/SDKs/WatchOS27.0.sdk/System/Library/Frameworks/QuartzCore.framework/Headers/CAShapeLayer.h:40:12: note: 'CAShapeLayer' has been explicitly marked unavailable here
38 |
39 | API_AVAILABLE(macos(10.6), ios(3.0), tvos(9.0)) API_UNAVAILABLE(watchos)
40 | @interface CAShapeLayer : CALayer
| `- note: 'CAShapeLayer' has been explicitly marked unavailable here
41 |
42 | /* The path defining the shape to be rendered. If the path extends
/Users/admin/builder/spi-builder-workspace/iOSDropDown/Classes/iOSDropDown.swift:470:14: error: 'UIView' is unavailable in watchOS
468 | }
469 |
470 | class Arrow: UIView {
| `- error: 'UIView' is unavailable in watchOS
471 | let shapeLayer = CAShapeLayer()
472 | var arrowColor: UIColor = .black {
/Applications/Xcode-27.0.0-Release.Candidate.app/Contents/Developer/Platforms/WatchOS.platform/Developer/SDKs/WatchOS27.0.sdk/System/Library/Frameworks/UIKit.framework/Headers/UIView.h:152:12: note: 'UIView' has been explicitly marked unavailable here
150 |
151 | UIKIT_EXTERN API_AVAILABLE(ios(2.0)) API_UNAVAILABLE(watchos) NS_SWIFT_UI_ACTOR
152 | @interface UIView : UIResponder <NSCoding, UIAppearance, UIAppearanceContainer, UIDynamicItem, UITraitEnvironment, UICoordinateSpace, UIFocusItem, UIFocusItemContainer, CALayerDelegate>
| `- note: 'UIView' has been explicitly marked unavailable here
153 |
154 | @property(class, nonatomic, readonly) Class layerClass; // default is [CALayer class]. Used when creating the underlying layer for the view.
/Users/admin/builder/spi-builder-workspace/iOSDropDown/Classes/iOSDropDown.swift:557:31: error: 'UIViewController' is unavailable in watchOS
555 | }
556 |
557 | var parentViewController: UIViewController? {
| `- error: 'UIViewController' is unavailable in watchOS
558 | var parentResponder: UIResponder? = self
559 | while parentResponder != nil {
/Applications/Xcode-27.0.0-Release.Candidate.app/Contents/Developer/Platforms/WatchOS.platform/Developer/SDKs/WatchOS27.0.sdk/System/Library/Frameworks/UIKit.framework/Headers/UIViewController.h:104:12: note: 'UIViewController' has been explicitly marked unavailable here
102 |
103 | UIKIT_EXTERN API_AVAILABLE(ios(2.0)) API_UNAVAILABLE(watchos) NS_SWIFT_UI_ACTOR
104 | @interface UIViewController : UIResponder <NSCoding, UIAppearanceContainer, UITraitEnvironment, UIContentContainer, UIFocusEnvironment>
| `- note: 'UIViewController' has been explicitly marked unavailable here
105 |
106 | /*
SwiftCompile normal arm64 /Users/admin/builder/spi-builder-workspace/iOSDropDown/Classes/iOSDropDown.swift (in target 'iOSDropDown' from project 'iOSDropDown')
cd /Users/admin/builder/spi-builder-workspace/.swiftpm/xcode
builtin-SwiftPerFileCompile iOSDropDown.swift
PruneExplicitPrecompiledModules /Users/admin/builder/spi-builder-workspace/.derivedData/Build/Intermediates.noindex/SwiftExplicitPrecompiledModules
PruneExplicitPrecompiledModules /Users/admin/builder/spi-builder-workspace/.derivedData/SDKExplicitPrecompiledModules
PruneExplicitPrecompiledModules /Users/admin/builder/spi-builder-workspace/.derivedData/Build/Intermediates.noindex/ExplicitPrecompiledModules
2026-09-24 16:04:15.345 xcodebuild[796:4880] [MT] IDERunDestination: Supported platforms for the buildables in the current scheme is empty.
** BUILD FAILED **
The following build commands failed:
SwiftEmitModule normal arm64 Emitting\ module\ for\ iOSDropDown (in target 'iOSDropDown' from project 'iOSDropDown')
SwiftCompile normal arm64 (in target 'iOSDropDown' from project 'iOSDropDown')
Building workspace iOSDropDown with scheme iOSDropDown
(3 failures)
BUILD FAILURE 6.4 watchOS