Build Information
Failed to build Freedom, reference master (b14ae8), with Swift 6.4 for visionOS using Xcode 27.0 on 16 Sep 2026 02:09:56 UTC.
Build Command
env DEVELOPER_DIR=/Applications/Xcode-27.0.0-Release.Candidate.app xcrun xcodebuild -IDEClonedSourcePackagesDirPathOverride=$PWD/.dependencies -skipMacroValidation -skipPackagePluginValidation -derivedDataPath $PWD/.derivedData build -scheme Freedom -destination generic/platform=xrOSBuild Log
========================================
RunAll
========================================
Builder version: 5.1.0
Interrupt handler set up.
========================================
Checkout
========================================
Clone URL: https://github.com/ArtSabintsev/Freedom.git
Reference: master
Initialized empty Git repository in /Users/admin/builder/spi-builder-workspace/.git/
From https://github.com/ArtSabintsev/Freedom
* branch master -> FETCH_HEAD
* [new branch] master -> origin/master
HEAD is now at b14ae89 Update README.md
Cloned https://github.com/ArtSabintsev/Freedom.git
Revision (git rev-parse @):
b14ae89ecf932affdf5c689de45bfb626e8b4b25
SUCCESS checkout https://github.com/ArtSabintsev/Freedom.git at master
========================================
Build
========================================
Selected platform: visionOS
Swift version: 6.4
Building package at path: $PWD
https://github.com/ArtSabintsev/Freedom.git
Command line invocation:
/Applications/Xcode-27.0.0-Release.Candidate.app/Contents/Developer/usr/bin/xcodebuild -IDEClonedSourcePackagesDirPathOverride=/Users/admin/builder/spi-builder-workspace/.dependencies -resolvePackageDependencies
Resolve Package Graph
Resolve Package Graph
Resolved source packages:
Freedom: /Users/admin/builder/spi-builder-workspace
resolved source packages: Freedom
2026-09-15 22:08:59.866 xcodebuild[529:3032] [MT] IDERunDestination: Supported platforms for the buildables in the current scheme is empty.
{
"dependencies" : [
],
"manifest_display_name" : "Freedom",
"name" : "Freedom",
"path" : "/Users/admin/builder/spi-builder-workspace",
"platforms" : [
{
"name" : "ios",
"version" : "9.0"
}
],
"products" : [
{
"name" : "Freedom",
"targets" : [
"Freedom"
],
"type" : {
"library" : [
"automatic"
]
}
}
],
"swift_languages_versions" : [
"5"
],
"targets" : [
{
"c99name" : "Freedom",
"module_type" : "SwiftTarget",
"name" : "Freedom",
"path" : "Sources",
"product_memberships" : [
"Freedom"
],
"sources" : [
"BraveFreedomActivity.swift",
"ChromeFreedomActivity.swift",
"DolphinFreedomActivity.swift",
"FirefoxFocusFreedomActivity.swift",
"FirefoxFreedomActivity.swift",
"Freedom.swift",
"FreedomActivating.swift",
"FreedomURLComponentsExtension.swift",
"FreedomURLExtension.swift",
"SafariFreedomActivity.swift"
],
"type" : "library"
}
],
"tools_version" : "5.1"
}
{
"workspace" : {
"name" : "Freedom",
"schemes" : [
"Freedom"
]
}
}
2026-09-15 22:09:41.354 xcodebuild[662:4225] [MT] IDERunDestination: Supported platforms for the buildables in the current scheme is empty.
Running build ...
env DEVELOPER_DIR=/Applications/Xcode-27.0.0-Release.Candidate.app xcrun xcodebuild -IDEClonedSourcePackagesDirPathOverride=$PWD/.dependencies -skipMacroValidation -skipPackagePluginValidation -derivedDataPath $PWD/.derivedData build -scheme Freedom -destination generic/platform=xrOS
Command line invocation:
/Applications/Xcode-27.0.0-Release.Candidate.app/Contents/Developer/usr/bin/xcodebuild -IDEClonedSourcePackagesDirPathOverride=/Users/admin/builder/spi-builder-workspace/.dependencies -skipMacroValidation -skipPackagePluginValidation -derivedDataPath /Users/admin/builder/spi-builder-workspace/.derivedData build -scheme Freedom -destination generic/platform=xrOS
Resolve Package Graph
Resolved source packages:
Freedom: /Users/admin/builder/spi-builder-workspace
ComputePackagePrebuildTargetDependencyGraph
Prepare packages
CreateBuildRequest
SendProjectDescription
CreateBuildOperation
ComputeTargetDependencyGraph
note: Building targets in dependency order
note: Target dependency graph (2 targets)
Target 'Freedom-product' in project 'Freedom'
➜ Explicit dependency on target 'Freedom' in project 'Freedom'
Target 'Freedom' in project 'Freedom' (no dependencies)
GatherProvisioningInputs
CreateBuildDescription
ExecuteExternalTool /Applications/Xcode-27.0.0-Release.Candidate.app/Contents/Developer/Toolchains/XcodeDefault.xctoolchain/usr/bin/clang -v -E -dM -isysroot /Applications/Xcode-27.0.0-Release.Candidate.app/Contents/Developer/Platforms/XROS.platform/Developer/SDKs/XROS27.0.sdk -x c -c /dev/null
ExecuteExternalTool /Applications/Xcode-27.0.0-Release.Candidate.app/Contents/Developer/Toolchains/XcodeDefault.xctoolchain/usr/bin/swiftc --version
ExecuteExternalTool /Applications/Xcode-27.0.0-Release.Candidate.app/Contents/Developer/Toolchains/XcodeDefault.xctoolchain/usr/bin/ld -version_details
Build description signature: 14358e8392625892d83853700298f308
Build description path: /Users/admin/builder/spi-builder-workspace/.derivedData/Build/Intermediates.noindex/XCBuildData/14358e8392625892d83853700298f308.xcbuilddata
CreateBuildDirectory /Users/admin/builder/spi-builder-workspace/.derivedData/SDKExplicitPrecompiledModules
cd /Users/admin/builder/spi-builder-workspace/.swiftpm/xcode
builtin-create-build-directory /Users/admin/builder/spi-builder-workspace/.derivedData/SDKExplicitPrecompiledModules
CreateBuildDirectory /Users/admin/builder/spi-builder-workspace/.derivedData/ModuleCache.noindex
cd /Users/admin/builder/spi-builder-workspace/.swiftpm/xcode
builtin-create-build-directory /Users/admin/builder/spi-builder-workspace/.derivedData/ModuleCache.noindex
CreateBuildDirectory /Users/admin/builder/spi-builder-workspace/.derivedData/CompilationCache.noindex
cd /Users/admin/builder/spi-builder-workspace/.swiftpm/xcode
builtin-create-build-directory /Users/admin/builder/spi-builder-workspace/.derivedData/CompilationCache.noindex
CreateBuildDirectory /Users/admin/builder/spi-builder-workspace/.derivedData/Build/Products
cd /Users/admin/builder/spi-builder-workspace/.swiftpm/xcode
builtin-create-build-directory /Users/admin/builder/spi-builder-workspace/.derivedData/Build/Products
CreateBuildDirectory /Users/admin/builder/spi-builder-workspace/.derivedData/Build/Intermediates.noindex
cd /Users/admin/builder/spi-builder-workspace/.swiftpm/xcode
builtin-create-build-directory /Users/admin/builder/spi-builder-workspace/.derivedData/Build/Intermediates.noindex
ClangStatCache /Applications/Xcode-27.0.0-Release.Candidate.app/Contents/Developer/Toolchains/XcodeDefault.xctoolchain/usr/bin/clang-stat-cache /Applications/Xcode-27.0.0-Release.Candidate.app/Contents/Developer/Platforms/XROS.platform/Developer/SDKs/XROS27.0.sdk /Users/admin/builder/spi-builder-workspace/.derivedData/SDKStatCaches.noindex/xros27.0-24M361-e829b21a6f8c9b70876ba0858053c044735bd543db762f57723cac368afd1ce4.sdkstatcache
cd /Users/admin/builder/spi-builder-workspace/.swiftpm/xcode
/Applications/Xcode-27.0.0-Release.Candidate.app/Contents/Developer/Toolchains/XcodeDefault.xctoolchain/usr/bin/clang-stat-cache /Applications/Xcode-27.0.0-Release.Candidate.app/Contents/Developer/Platforms/XROS.platform/Developer/SDKs/XROS27.0.sdk -o /Users/admin/builder/spi-builder-workspace/.derivedData/SDKStatCaches.noindex/xros27.0-24M361-e829b21a6f8c9b70876ba0858053c044735bd543db762f57723cac368afd1ce4.sdkstatcache
CreateBuildDirectory /Users/admin/builder/spi-builder-workspace/.derivedData/Build/Intermediates.noindex/SwiftExplicitPrecompiledModules
cd /Users/admin/builder/spi-builder-workspace/.swiftpm/xcode
builtin-create-build-directory /Users/admin/builder/spi-builder-workspace/.derivedData/Build/Intermediates.noindex/SwiftExplicitPrecompiledModules
CreateBuildDirectory /Users/admin/builder/spi-builder-workspace/.derivedData/Build/Intermediates.noindex/PrecompiledHeaders
cd /Users/admin/builder/spi-builder-workspace/.swiftpm/xcode
builtin-create-build-directory /Users/admin/builder/spi-builder-workspace/.derivedData/Build/Intermediates.noindex/PrecompiledHeaders
CreateBuildDirectory /Users/admin/builder/spi-builder-workspace/.derivedData/Build/Intermediates.noindex/ExplicitPrecompiledModules
cd /Users/admin/builder/spi-builder-workspace/.swiftpm/xcode
builtin-create-build-directory /Users/admin/builder/spi-builder-workspace/.derivedData/Build/Intermediates.noindex/ExplicitPrecompiledModules
CreateBuildDirectory /Users/admin/builder/spi-builder-workspace/.derivedData/Build/Products/Debug-xros
cd /Users/admin/builder/spi-builder-workspace/.swiftpm/xcode
builtin-create-build-directory /Users/admin/builder/spi-builder-workspace/.derivedData/Build/Products/Debug-xros
CreateBuildDirectory /Users/admin/builder/spi-builder-workspace/.derivedData/Build/Intermediates.noindex/EagerLinkingTBDs/Debug-xros
cd /Users/admin/builder/spi-builder-workspace/.swiftpm/xcode
builtin-create-build-directory /Users/admin/builder/spi-builder-workspace/.derivedData/Build/Intermediates.noindex/EagerLinkingTBDs/Debug-xros
CreateBuildDirectory /Users/admin/builder/spi-builder-workspace/.derivedData/Build/Products/Debug-xros/PackageFrameworks
cd /Users/admin/builder/spi-builder-workspace/.swiftpm/xcode
builtin-create-build-directory /Users/admin/builder/spi-builder-workspace/.derivedData/Build/Products/Debug-xros/PackageFrameworks
WriteAuxiliaryFile /Users/admin/builder/spi-builder-workspace/.derivedData/Build/Intermediates.noindex/Freedom.build/Debug-xros/Freedom-t.build/Freedom.DependencyMetadataFileList (in target 'Freedom' from project 'Freedom')
cd /Users/admin/builder/spi-builder-workspace
write-file /Users/admin/builder/spi-builder-workspace/.derivedData/Build/Intermediates.noindex/Freedom.build/Debug-xros/Freedom-t.build/Freedom.DependencyMetadataFileList
WriteAuxiliaryFile /Users/admin/builder/spi-builder-workspace/.derivedData/Build/Intermediates.noindex/Freedom.build/Debug-xros/Freedom-t.build/Freedom.DependencyStaticMetadataFileList (in target 'Freedom' from project 'Freedom')
cd /Users/admin/builder/spi-builder-workspace
write-file /Users/admin/builder/spi-builder-workspace/.derivedData/Build/Intermediates.noindex/Freedom.build/Debug-xros/Freedom-t.build/Freedom.DependencyStaticMetadataFileList
WriteAuxiliaryFile /Users/admin/builder/spi-builder-workspace/.derivedData/Build/Intermediates.noindex/Freedom.build/Debug-xros/Freedom-t.build/Freedom.modulemap (in target 'Freedom' from project 'Freedom')
cd /Users/admin/builder/spi-builder-workspace
write-file /Users/admin/builder/spi-builder-workspace/.derivedData/Build/Intermediates.noindex/Freedom.build/Debug-xros/Freedom-t.build/Freedom.modulemap
WriteAuxiliaryFile /Users/admin/builder/spi-builder-workspace/.derivedData/Build/Intermediates.noindex/Freedom.build/Debug-xros/Freedom-t.build/Objects-normal/arm64/Freedom-OutputFileMap.json (in target 'Freedom' from project 'Freedom')
cd /Users/admin/builder/spi-builder-workspace
write-file /Users/admin/builder/spi-builder-workspace/.derivedData/Build/Intermediates.noindex/Freedom.build/Debug-xros/Freedom-t.build/Objects-normal/arm64/Freedom-OutputFileMap.json
WriteAuxiliaryFile /Users/admin/builder/spi-builder-workspace/.derivedData/Build/Intermediates.noindex/Freedom.build/Debug-xros/Freedom-t.build/Objects-normal/arm64/Freedom.SwiftFileList (in target 'Freedom' from project 'Freedom')
cd /Users/admin/builder/spi-builder-workspace
write-file /Users/admin/builder/spi-builder-workspace/.derivedData/Build/Intermediates.noindex/Freedom.build/Debug-xros/Freedom-t.build/Objects-normal/arm64/Freedom.SwiftFileList
WriteAuxiliaryFile /Users/admin/builder/spi-builder-workspace/.derivedData/Build/Intermediates.noindex/Freedom.build/Debug-xros/Freedom-t.build/Objects-normal/arm64/Freedom.SwiftConstValuesFileList (in target 'Freedom' from project 'Freedom')
cd /Users/admin/builder/spi-builder-workspace
write-file /Users/admin/builder/spi-builder-workspace/.derivedData/Build/Intermediates.noindex/Freedom.build/Debug-xros/Freedom-t.build/Objects-normal/arm64/Freedom.SwiftConstValuesFileList
WriteAuxiliaryFile /Users/admin/builder/spi-builder-workspace/.derivedData/Build/Intermediates.noindex/Freedom.build/Debug-xros/Freedom-t.build/Objects-normal/arm64/Freedom.LinkFileList (in target 'Freedom' from project 'Freedom')
cd /Users/admin/builder/spi-builder-workspace
write-file /Users/admin/builder/spi-builder-workspace/.derivedData/Build/Intermediates.noindex/Freedom.build/Debug-xros/Freedom-t.build/Objects-normal/arm64/Freedom.LinkFileList
WriteAuxiliaryFile /Users/admin/builder/spi-builder-workspace/.derivedData/Build/Intermediates.noindex/Freedom.build/Debug-xros/Freedom-t.build/Objects-normal/arm64/Freedom_const_extract_protocols.json (in target 'Freedom' from project 'Freedom')
cd /Users/admin/builder/spi-builder-workspace
write-file /Users/admin/builder/spi-builder-workspace/.derivedData/Build/Intermediates.noindex/Freedom.build/Debug-xros/Freedom-t.build/Objects-normal/arm64/Freedom_const_extract_protocols.json
Copy /Users/admin/builder/spi-builder-workspace/.derivedData/Build/Intermediates.noindex/GeneratedModuleMaps-xros/Freedom.modulemap /Users/admin/builder/spi-builder-workspace/.derivedData/Build/Intermediates.noindex/Freedom.build/Debug-xros/Freedom-t.build/Freedom.modulemap (in target 'Freedom' from project 'Freedom')
cd /Users/admin/builder/spi-builder-workspace
builtin-copy -exclude .DS_Store -exclude CVS -exclude .svn -exclude .git -exclude .hg -resolve-src-symlinks /Users/admin/builder/spi-builder-workspace/.derivedData/Build/Intermediates.noindex/Freedom.build/Debug-xros/Freedom-t.build/Freedom.modulemap /Users/admin/builder/spi-builder-workspace/.derivedData/Build/Intermediates.noindex/GeneratedModuleMaps-xros
SwiftDriver Freedom normal arm64 com.apple.xcode.tools.swift.compiler (in target 'Freedom' from project 'Freedom')
cd /Users/admin/builder/spi-builder-workspace/.swiftpm/xcode
builtin-SwiftDriver -- /Applications/Xcode-27.0.0-Release.Candidate.app/Contents/Developer/Toolchains/XcodeDefault.xctoolchain/usr/bin/swiftc -parse-as-library -module-name Freedom -Onone @/Users/admin/builder/spi-builder-workspace/.derivedData/Build/Intermediates.noindex/Freedom.build/Debug-xros/Freedom-t.build/Objects-normal/arm64/Freedom.SwiftFileList -DSWIFT_PACKAGE -DDEBUG -DSWIFT_MODULE_RESOURCE_BUNDLE_UNAVAILABLE -DXcode -plugin-path /Applications/Xcode-27.0.0-Release.Candidate.app/Contents/Developer/Toolchains/XcodeDefault.xctoolchain/usr/lib/swift/host/plugins/testing -enable-experimental-feature DebugDescriptionMacro -sdk /Applications/Xcode-27.0.0-Release.Candidate.app/Contents/Developer/Platforms/XROS.platform/Developer/SDKs/XROS27.0.sdk -target arm64-apple-xros1.0 -g -module-cache-path /Users/admin/builder/spi-builder-workspace/.derivedData/ModuleCache.noindex -Xfrontend -serialize-debugging-options -enable-testing -index-store-path /Users/admin/builder/spi-builder-workspace/.derivedData/Index.noindex/DataStore -Xcc -D_LIBCPP_HARDENING_MODE\=_LIBCPP_HARDENING_MODE_DEBUG -swift-version 5 -I /Users/admin/builder/spi-builder-workspace/.derivedData/Build/Products/Debug-xros -Isystem /Applications/Xcode-27.0.0-Release.Candidate.app/Contents/Developer/Platforms/XROS.platform/Developer/usr/lib -F /Users/admin/builder/spi-builder-workspace/.derivedData/Build/Products/Debug-xros -F /Applications/Xcode-27.0.0-Release.Candidate.app/Contents/Developer/Platforms/XROS.platform/Developer/Library/Frameworks -F /Applications/Xcode-27.0.0-Release.Candidate.app/Contents/Developer/Platforms/XROS.platform/Developer/SDKs/XROS27.0.sdk/Developer/Library/Frameworks -c -j10 -enable-batch-mode -incremental -Xcc -ivfsstatcache -Xcc /Users/admin/builder/spi-builder-workspace/.derivedData/SDKStatCaches.noindex/xros27.0-24M361-e829b21a6f8c9b70876ba0858053c044735bd543db762f57723cac368afd1ce4.sdkstatcache -output-file-map /Users/admin/builder/spi-builder-workspace/.derivedData/Build/Intermediates.noindex/Freedom.build/Debug-xros/Freedom-t.build/Objects-normal/arm64/Freedom-OutputFileMap.json -save-temps -no-color-diagnostics -explicit-module-build -module-cache-path /Users/admin/builder/spi-builder-workspace/.derivedData/Build/Intermediates.noindex/SwiftExplicitPrecompiledModules -clang-scanner-module-cache-path /Users/admin/builder/spi-builder-workspace/.derivedData/ModuleCache.noindex -sdk-module-cache-path /Users/admin/builder/spi-builder-workspace/.derivedData/SDKExplicitPrecompiledModules -emit-dependencies -emit-module -emit-module-path /Users/admin/builder/spi-builder-workspace/.derivedData/Build/Intermediates.noindex/Freedom.build/Debug-xros/Freedom-t.build/Objects-normal/arm64/Freedom.swiftmodule -serialize-diagnostics -dependency-scan-serialize-diagnostics-path /Users/admin/builder/spi-builder-workspace/.derivedData/Build/Intermediates.noindex/Freedom.build/Debug-xros/Freedom-t.build/Objects-normal/arm64/Freedom-dependency-scan.dia -validate-clang-modules-once -clang-build-session-file /Users/admin/builder/spi-builder-workspace/.derivedData/ModuleCache.noindex/Session.modulevalidation -Xcc -fmodules-prune-interval\=86400 -Xcc -fmodules-prune-after\=345600 -emit-const-values -const-gather-protocols-list /Users/admin/builder/spi-builder-workspace/.derivedData/Build/Intermediates.noindex/Freedom.build/Debug-xros/Freedom-t.build/Objects-normal/arm64/Freedom_const_extract_protocols.json -Xcc -I/Users/admin/builder/spi-builder-workspace/.derivedData/Build/Products/Debug-xros/include -Xcc -I/Users/admin/builder/spi-builder-workspace/.derivedData/Build/Intermediates.noindex/Freedom.build/Debug-xros/Freedom-t.build/DerivedSources-normal/arm64 -Xcc -I/Users/admin/builder/spi-builder-workspace/.derivedData/Build/Intermediates.noindex/Freedom.build/Debug-xros/Freedom-t.build/DerivedSources/arm64 -Xcc -I/Users/admin/builder/spi-builder-workspace/.derivedData/Build/Intermediates.noindex/Freedom.build/Debug-xros/Freedom-t.build/DerivedSources -Xcc -DSWIFT_PACKAGE -Xcc -DDEBUG\=1 -emit-objc-header -emit-objc-header-path /Users/admin/builder/spi-builder-workspace/.derivedData/Build/Intermediates.noindex/Freedom.build/Debug-xros/Freedom-t.build/Objects-normal/arm64/Freedom-Swift.h -working-directory /Users/admin/builder/spi-builder-workspace/.swiftpm/xcode -experimental-emit-module-separately -disable-cmo
SwiftExplicitDependencyGeneratePcm arm64 /Users/admin/builder/spi-builder-workspace/.derivedData/SDKExplicitPrecompiledModules/_Builtin_stdarg-CDA349K2K4US766844K8E0PVA.pcm
SwiftExplicitDependencyGeneratePcm arm64 /Users/admin/builder/spi-builder-workspace/.derivedData/SDKExplicitPrecompiledModules/_AvailabilityInternal-1Q8IQP6M38UWSGZ95UCEY2M44.pcm
SwiftExplicitDependencyGeneratePcm arm64 /Users/admin/builder/spi-builder-workspace/.derivedData/SDKExplicitPrecompiledModules/SwiftShims-CI4H5RO9IYFFWQ2COB512Q2S9.pcm
SwiftExplicitDependencyGeneratePcm arm64 /Users/admin/builder/spi-builder-workspace/.derivedData/SDKExplicitPrecompiledModules/_Builtin_float-6WKHNW5S40U2QGHXXGETUDIRA.pcm
SwiftExplicitDependencyGeneratePcm arm64 /Users/admin/builder/spi-builder-workspace/.derivedData/SDKExplicitPrecompiledModules/ptrcheck-BXA97MNLI4BB0HF5I8MJE403D.pcm
SwiftExplicitDependencyGeneratePcm arm64 /Users/admin/builder/spi-builder-workspace/.derivedData/SDKExplicitPrecompiledModules/_Builtin_stdbool-5BU2ADS7JXQMYENKQHW9X8XOU.pcm
SwiftExplicitDependencyGeneratePcm arm64 /Users/admin/builder/spi-builder-workspace/.derivedData/SDKExplicitPrecompiledModules/DeveloperToolsSupport-46GOQP8J1QTHLYQSJW81T8UZ3.pcm
SwiftExplicitDependencyGeneratePcm arm64 /Users/admin/builder/spi-builder-workspace/.derivedData/SDKExplicitPrecompiledModules/ptrauth-1WBA714DZSVUL5JQDJ08CLKZ.pcm
SwiftExplicitDependencyGeneratePcm arm64 /Users/admin/builder/spi-builder-workspace/.derivedData/SDKExplicitPrecompiledModules/_SwiftConcurrencyShims-C8XHKSHX96D5YYALNM4W70Z0O.pcm
SwiftExplicitDependencyGeneratePcm arm64 /Users/admin/builder/spi-builder-workspace/.derivedData/SDKExplicitPrecompiledModules/_Builtin_stddef-5NQ9Z1GV07GBSRQGAQCGXGVRI.pcm
SwiftExplicitDependencyGeneratePcm arm64 /Users/admin/builder/spi-builder-workspace/.derivedData/SDKExplicitPrecompiledModules/_DarwinFoundation1-5RGRVV2TZ6WC4WZW5IXF8NQ04.pcm
SwiftExplicitDependencyGeneratePcm arm64 /Users/admin/builder/spi-builder-workspace/.derivedData/SDKExplicitPrecompiledModules/_DarwinFoundation2-ENTECK156YEWITZRRBTOCE4KR.pcm
SwiftExplicitDependencyGeneratePcm arm64 /Users/admin/builder/spi-builder-workspace/.derivedData/SDKExplicitPrecompiledModules/_Builtin_limits-425JDMN5HPM3D0UEI8LEHP6NM.pcm
SwiftExplicitDependencyGeneratePcm arm64 /Users/admin/builder/spi-builder-workspace/.derivedData/SDKExplicitPrecompiledModules/sys_types-AYM0BHR77VKMWZCO2T0XGV2HF.pcm
SwiftExplicitDependencyGeneratePcm arm64 /Users/admin/builder/spi-builder-workspace/.derivedData/SDKExplicitPrecompiledModules/_Builtin_tgmath-BPYSMHWI520EQRL2HW519ZY7Z.pcm
SwiftExplicitDependencyGeneratePcm arm64 /Users/admin/builder/spi-builder-workspace/.derivedData/SDKExplicitPrecompiledModules/string_h-2GT67HHHHK5CF1V1S31LH0PU2.pcm
SwiftExplicitDependencyGeneratePcm arm64 /Users/admin/builder/spi-builder-workspace/.derivedData/SDKExplicitPrecompiledModules/_Builtin_stdint-8OR6T47OOYJA90ZBO3N1USDE.pcm
SwiftExplicitDependencyGeneratePcm arm64 /Users/admin/builder/spi-builder-workspace/.derivedData/SDKExplicitPrecompiledModules/_DarwinFoundation3-9ZHN6JKBS40BBA81RQMV8H0IC.pcm
SwiftExplicitDependencyGeneratePcm arm64 /Users/admin/builder/spi-builder-workspace/.derivedData/SDKExplicitPrecompiledModules/_Builtin_intrinsics-BC5IJI3YI34RQ61ZNVDRDZ6RN.pcm
SwiftExplicitDependencyGeneratePcm arm64 /Users/admin/builder/spi-builder-workspace/.derivedData/SDKExplicitPrecompiledModules/_Builtin_stdatomic-1VUZPM79PNCAHXVBERD53WRSF.pcm
SwiftExplicitDependencyGeneratePcm arm64 /Users/admin/builder/spi-builder-workspace/.derivedData/SDKExplicitPrecompiledModules/_Builtin_inttypes-11B64KJD36B3YOHBR1BBXBJY8.pcm
SwiftExplicitDependencyGeneratePcm arm64 /Users/admin/builder/spi-builder-workspace/.derivedData/SDKExplicitPrecompiledModules/Darwin-60P5LVNQO3ESRRM5DCJ05PFNK.pcm
SwiftExplicitDependencyGeneratePcm arm64 /Users/admin/builder/spi-builder-workspace/.derivedData/SDKExplicitPrecompiledModules/simd-9XXAB17Y6E4BBPQADD61NZ23.pcm
SwiftExplicitDependencyGeneratePcm arm64 /Users/admin/builder/spi-builder-workspace/.derivedData/SDKExplicitPrecompiledModules/MachO-3XTHY7HWV6RF3KXKYQVHUBUXK.pcm
SwiftExplicitDependencyGeneratePcm arm64 /Users/admin/builder/spi-builder-workspace/.derivedData/SDKExplicitPrecompiledModules/ObjectiveC-26TIBFYCEJZVP216ZZAU1X8KN.pcm
SwiftExplicitDependencyGeneratePcm arm64 /Users/admin/builder/spi-builder-workspace/.derivedData/SDKExplicitPrecompiledModules/os_object-692CJ8BG6RE5H04487EJJOVXW.pcm
SwiftExplicitDependencyGeneratePcm arm64 /Users/admin/builder/spi-builder-workspace/.derivedData/SDKExplicitPrecompiledModules/os_workgroup-4U1VXMWIZD80E7PRUQF2G7P9X.pcm
SwiftExplicitDependencyGeneratePcm arm64 /Users/admin/builder/spi-builder-workspace/.derivedData/SDKExplicitPrecompiledModules/Dispatch-CLT3466HKC22GCKAWSCNG0H7T.pcm
SwiftExplicitDependencyGeneratePcm arm64 /Users/admin/builder/spi-builder-workspace/.derivedData/SDKExplicitPrecompiledModules/Spatial-5E0I2846LO3ZE24CSVR2O57TI.pcm
SwiftExplicitDependencyGeneratePcm arm64 /Users/admin/builder/spi-builder-workspace/.derivedData/SDKExplicitPrecompiledModules/CoreFoundation-AVLTZVCXBU2TO75JCN4AGU8XJ.pcm
SwiftExplicitDependencyGeneratePcm arm64 /Users/admin/builder/spi-builder-workspace/.derivedData/SDKExplicitPrecompiledModules/XPC-EP5EU7FNGP4VOA3EDM18P1KHO.pcm
SwiftExplicitDependencyGeneratePcm arm64 /Users/admin/builder/spi-builder-workspace/.derivedData/SDKExplicitPrecompiledModules/os-1004XEJ3IXOOAU0KL58SM3D0K.pcm
SwiftExplicitDependencyGeneratePcm arm64 /Users/admin/builder/spi-builder-workspace/.derivedData/SDKExplicitPrecompiledModules/CFNetwork-5MI70N1VLDQSWTX4COWLMSIRO.pcm
SwiftExplicitDependencyGeneratePcm arm64 /Users/admin/builder/spi-builder-workspace/.derivedData/SDKExplicitPrecompiledModules/Security-8TH2M8WJIQMET4SADWX0N8372.pcm
SwiftExplicitDependencyGeneratePcm arm64 /Users/admin/builder/spi-builder-workspace/.derivedData/SDKExplicitPrecompiledModules/CoreGraphics-BFUJ177R223UT2ZI327ZTZY91.pcm
SwiftExplicitDependencyGeneratePcm arm64 /Users/admin/builder/spi-builder-workspace/.derivedData/SDKExplicitPrecompiledModules/Foundation-8GON1KVEKRN3NOQI8RETBRWJP.pcm
SwiftExplicitDependencyGeneratePcm arm64 /Users/admin/builder/spi-builder-workspace/.derivedData/SDKExplicitPrecompiledModules/ImageIO-5CC6COR9KJYI1UBL7CSHLU2OG.pcm
SwiftExplicitDependencyGeneratePcm arm64 /Users/admin/builder/spi-builder-workspace/.derivedData/SDKExplicitPrecompiledModules/CoreText-6F9TY5TEPCCZ1K2KYM4GMEGHD.pcm
SwiftExplicitDependencyGeneratePcm arm64 /Users/admin/builder/spi-builder-workspace/.derivedData/SDKExplicitPrecompiledModules/Symbols-8G2XC01RPQ5HYIZE6JNUT864I.pcm
SwiftExplicitDependencyGeneratePcm arm64 /Users/admin/builder/spi-builder-workspace/.derivedData/SDKExplicitPrecompiledModules/IOSurface-5FE9U89GVFF9A7X7AGO2R8ENI.pcm
SwiftExplicitDependencyGeneratePcm arm64 /Users/admin/builder/spi-builder-workspace/.derivedData/SDKExplicitPrecompiledModules/DataDetection-BANTQ3WXXGKZJYC0LLB3MD9K0.pcm
SwiftExplicitDependencyGeneratePcm arm64 /Users/admin/builder/spi-builder-workspace/.derivedData/SDKExplicitPrecompiledModules/CoreTransferable-8TBYAKHCX6UC8QQSS7BD8GQK5.pcm
SwiftExplicitDependencyGeneratePcm arm64 /Users/admin/builder/spi-builder-workspace/.derivedData/SDKExplicitPrecompiledModules/UniformTypeIdentifiers-E5KMWDZEKS4QW9RO1KBRDEXV6.pcm
SwiftExplicitDependencyGeneratePcm arm64 /Users/admin/builder/spi-builder-workspace/.derivedData/SDKExplicitPrecompiledModules/FileProvider-C9I28SI56F2SEVH1BCWTKGODO.pcm
SwiftExplicitDependencyGeneratePcm arm64 /Users/admin/builder/spi-builder-workspace/.derivedData/SDKExplicitPrecompiledModules/OSLog-BNGT87TS0GMBFF7TY70HHB69.pcm
SwiftExplicitDependencyGeneratePcm arm64 /Users/admin/builder/spi-builder-workspace/.derivedData/SDKExplicitPrecompiledModules/UserNotifications-8IIV1V1FPNAPA4LY1Y23LOM2N.pcm
SwiftExplicitDependencyGeneratePcm arm64 /Users/admin/builder/spi-builder-workspace/.derivedData/SDKExplicitPrecompiledModules/_LocationEssentials-8GQGFVARUE99D8VJX3TINY0VP.pcm
SwiftExplicitDependencyGeneratePcm arm64 /Users/admin/builder/spi-builder-workspace/.derivedData/SDKExplicitPrecompiledModules/UIUtilities-AOVGLUWEAN6CG2UZFNESGSP6C.pcm
SwiftExplicitDependencyGeneratePcm arm64 /Users/admin/builder/spi-builder-workspace/.derivedData/SDKExplicitPrecompiledModules/Accessibility-1DR4J4YDVDGAYQTZ0FKZ1PU09.pcm
SwiftExplicitDependencyGeneratePcm arm64 /Users/admin/builder/spi-builder-workspace/.derivedData/SDKExplicitPrecompiledModules/CoreLocation-1SN37095DAPVJ068LLP9TBDQX.pcm
SwiftExplicitDependencyGeneratePcm arm64 /Users/admin/builder/spi-builder-workspace/.derivedData/SDKExplicitPrecompiledModules/Metal-EKNUM9P3PRIBHZK1ZBD6BA2T7.pcm
SwiftExplicitDependencyGeneratePcm arm64 /Users/admin/builder/spi-builder-workspace/.derivedData/SDKExplicitPrecompiledModules/OpenGLES-56BKSYXNVAP91BYZRWAKQZKGI.pcm
SwiftExplicitDependencyGeneratePcm arm64 /Users/admin/builder/spi-builder-workspace/.derivedData/SDKExplicitPrecompiledModules/CoreMotion-10LV922UPGE28QX2SOIO7ALIZ.pcm
SwiftExplicitDependencyGeneratePcm arm64 /Users/admin/builder/spi-builder-workspace/.derivedData/SDKExplicitPrecompiledModules/CoreVideo-E12HJSJSLO0YKWYBES11UKJ02.pcm
SwiftExplicitDependencyGeneratePcm arm64 /Users/admin/builder/spi-builder-workspace/.derivedData/SDKExplicitPrecompiledModules/CoreImage-8WF1P230U10QM666EQMNV7OF1.pcm
SwiftExplicitDependencyGeneratePcm arm64 /Users/admin/builder/spi-builder-workspace/.derivedData/SDKExplicitPrecompiledModules/QuartzCore-12T8WVKUNCL1N7VXH87MM4YOB.pcm
SwiftExplicitDependencyGeneratePcm arm64 /Users/admin/builder/spi-builder-workspace/.derivedData/SDKExplicitPrecompiledModules/SwiftUICore-6OBBMA39VFD4CB6SG2PE41FAP.pcm
SwiftExplicitDependencyGeneratePcm arm64 /Users/admin/builder/spi-builder-workspace/.derivedData/SDKExplicitPrecompiledModules/UIKit-2D2PMAAE45TMO6S28UCGCO5BR.pcm
SwiftCompile normal arm64 Compiling\ FreedomURLComponentsExtension.swift /Users/admin/builder/spi-builder-workspace/Sources/FreedomURLComponentsExtension.swift (in target 'Freedom' from project 'Freedom')
SwiftCompile normal arm64 /Users/admin/builder/spi-builder-workspace/Sources/FreedomURLComponentsExtension.swift (in target 'Freedom' from project 'Freedom')
cd /Users/admin/builder/spi-builder-workspace/.swiftpm/xcode
builtin-SwiftPerFileCompile FreedomURLComponentsExtension.swift
SwiftCompile normal arm64 Compiling\ FreedomURLExtension.swift /Users/admin/builder/spi-builder-workspace/Sources/FreedomURLExtension.swift (in target 'Freedom' from project 'Freedom')
SwiftCompile normal arm64 /Users/admin/builder/spi-builder-workspace/Sources/FreedomURLExtension.swift (in target 'Freedom' from project 'Freedom')
cd /Users/admin/builder/spi-builder-workspace/.swiftpm/xcode
builtin-SwiftPerFileCompile FreedomURLExtension.swift
SwiftEmitModule normal arm64 Emitting\ module\ for\ Freedom (in target 'Freedom' from project 'Freedom')
SwiftCompile normal arm64 (in target 'Freedom' from project 'Freedom')
cd /Users/admin/builder/spi-builder-workspace/.swiftpm/xcode
SwiftCompile normal arm64 Compiling\ Freedom.swift /Users/admin/builder/spi-builder-workspace/Sources/Freedom.swift (in target 'Freedom' from project 'Freedom')
SwiftCompile normal arm64 /Users/admin/builder/spi-builder-workspace/Sources/Freedom.swift (in target 'Freedom' from project 'Freedom')
cd /Users/admin/builder/spi-builder-workspace/.swiftpm/xcode
builtin-SwiftPerFileCompile Freedom.swift
SwiftCompile normal arm64 Compiling\ FirefoxFreedomActivity.swift /Users/admin/builder/spi-builder-workspace/Sources/FirefoxFreedomActivity.swift (in target 'Freedom' from project 'Freedom')
SwiftCompile normal arm64 /Users/admin/builder/spi-builder-workspace/Sources/FirefoxFreedomActivity.swift (in target 'Freedom' from project 'Freedom')
cd /Users/admin/builder/spi-builder-workspace/.swiftpm/xcode
builtin-SwiftPerFileCompile FirefoxFreedomActivity.swift
/Users/admin/builder/spi-builder-workspace/Sources/FirefoxFreedomActivity.swift:98:34: error: 'openURL' is unavailable in visionOS
96 | }
97 | } else {
98 | UIApplication.shared.openURL(url)
| `- error: 'openURL' is unavailable in visionOS
99 | Freedom.printDebugMessage("The user successfully opened the url, \(activityURL.absoluteString), in the Firefox Web Browser.")
100 | activityDidFinish(true)
/Applications/Xcode-27.0.0-Release.Candidate.app/Contents/Developer/Platforms/XROS.platform/Developer/SDKs/XROS27.0.sdk/System/Library/Frameworks/UIKit.framework/Headers/UIApplication.h:97:1: note: 'openURL' has been explicitly marked unavailable here
95 | @property(nonatomic,getter=isIdleTimerDisabled) BOOL idleTimerDisabled; // default is NO
96 |
97 | - (BOOL)openURL:(NSURL*)url API_DEPRECATED_WITH_REPLACEMENT("openURL:options:completionHandler:", ios(2.0, 10.0)) API_UNAVAILABLE(visionos, watchos);
| `- note: 'openURL' has been explicitly marked unavailable here
98 | - (BOOL)canOpenURL:(NSURL *)url API_DEPRECATED("Prefer attempting to open URLs and handling any failures", ios(3.0, 27.0), visionos(1.0, 27.0), tvos(9.0, 27.0)) API_UNAVAILABLE(watchos) NS_SWIFT_NONISOLATED;
99 |
/Users/admin/builder/spi-builder-workspace/Sources/FirefoxFreedomActivity.swift:98:34: warning: result of call to 'openURL' is unused [#NoUsage]
96 | }
97 | } else {
98 | UIApplication.shared.openURL(url)
| `- warning: result of call to 'openURL' is unused [#NoUsage]
99 | Freedom.printDebugMessage("The user successfully opened the url, \(activityURL.absoluteString), in the Firefox Web Browser.")
100 | activityDidFinish(true)
[#NoUsage]: <https://docs.swift.org/compiler/documentation/diagnostics/no-usage>
SwiftCompile normal arm64 Compiling\ FreedomActivating.swift /Users/admin/builder/spi-builder-workspace/Sources/FreedomActivating.swift (in target 'Freedom' from project 'Freedom')
SwiftCompile normal arm64 /Users/admin/builder/spi-builder-workspace/Sources/FreedomActivating.swift (in target 'Freedom' from project 'Freedom')
cd /Users/admin/builder/spi-builder-workspace/.swiftpm/xcode
builtin-SwiftPerFileCompile FreedomActivating.swift
SwiftCompile normal arm64 Compiling\ ChromeFreedomActivity.swift /Users/admin/builder/spi-builder-workspace/Sources/ChromeFreedomActivity.swift (in target 'Freedom' from project 'Freedom')
/Users/admin/builder/spi-builder-workspace/Sources/ChromeFreedomActivity.swift:112:34: error: 'openURL' is unavailable in visionOS
110 | }
111 | } else {
112 | UIApplication.shared.openURL(url)
| `- error: 'openURL' is unavailable in visionOS
113 | Freedom.printDebugMessage("The user successfully opened the url, \(formattedURL.absoluteString), in Google Chrome.")
114 | activityDidFinish(true)
/Applications/Xcode-27.0.0-Release.Candidate.app/Contents/Developer/Platforms/XROS.platform/Developer/SDKs/XROS27.0.sdk/System/Library/Frameworks/UIKit.framework/Headers/UIApplication.h:97:1: note: 'openURL' has been explicitly marked unavailable here
95 | @property(nonatomic,getter=isIdleTimerDisabled) BOOL idleTimerDisabled; // default is NO
96 |
97 | - (BOOL)openURL:(NSURL*)url API_DEPRECATED_WITH_REPLACEMENT("openURL:options:completionHandler:", ios(2.0, 10.0)) API_UNAVAILABLE(visionos, watchos);
| `- note: 'openURL' has been explicitly marked unavailable here
98 | - (BOOL)canOpenURL:(NSURL *)url API_DEPRECATED("Prefer attempting to open URLs and handling any failures", ios(3.0, 27.0), visionos(1.0, 27.0), tvos(9.0, 27.0)) API_UNAVAILABLE(watchos) NS_SWIFT_NONISOLATED;
99 |
/Users/admin/builder/spi-builder-workspace/Sources/ChromeFreedomActivity.swift:112:34: warning: result of call to 'openURL' is unused [#NoUsage]
110 | }
111 | } else {
112 | UIApplication.shared.openURL(url)
| `- warning: result of call to 'openURL' is unused [#NoUsage]
113 | Freedom.printDebugMessage("The user successfully opened the url, \(formattedURL.absoluteString), in Google Chrome.")
114 | activityDidFinish(true)
[#NoUsage]: <https://docs.swift.org/compiler/documentation/diagnostics/no-usage>
SwiftCompile normal arm64 /Users/admin/builder/spi-builder-workspace/Sources/ChromeFreedomActivity.swift (in target 'Freedom' from project 'Freedom')
cd /Users/admin/builder/spi-builder-workspace/.swiftpm/xcode
builtin-SwiftPerFileCompile ChromeFreedomActivity.swift
SwiftCompile normal arm64 Compiling\ SafariFreedomActivity.swift /Users/admin/builder/spi-builder-workspace/Sources/SafariFreedomActivity.swift (in target 'Freedom' from project 'Freedom')
/Users/admin/builder/spi-builder-workspace/Sources/SafariFreedomActivity.swift:86:34: error: 'openURL' is unavailable in visionOS
84 | }
85 | } else {
86 | UIApplication.shared.openURL(activityURL)
| `- error: 'openURL' is unavailable in visionOS
87 | Freedom.printDebugMessage("The user successfully opened the url, \(activityURL.absoluteString), in the Safari Web Browser.")
88 | }
/Applications/Xcode-27.0.0-Release.Candidate.app/Contents/Developer/Platforms/XROS.platform/Developer/SDKs/XROS27.0.sdk/System/Library/Frameworks/UIKit.framework/Headers/UIApplication.h:97:1: note: 'openURL' has been explicitly marked unavailable here
95 | @property(nonatomic,getter=isIdleTimerDisabled) BOOL idleTimerDisabled; // default is NO
96 |
97 | - (BOOL)openURL:(NSURL*)url API_DEPRECATED_WITH_REPLACEMENT("openURL:options:completionHandler:", ios(2.0, 10.0)) API_UNAVAILABLE(visionos, watchos);
| `- note: 'openURL' has been explicitly marked unavailable here
98 | - (BOOL)canOpenURL:(NSURL *)url API_DEPRECATED("Prefer attempting to open URLs and handling any failures", ios(3.0, 27.0), visionos(1.0, 27.0), tvos(9.0, 27.0)) API_UNAVAILABLE(watchos) NS_SWIFT_NONISOLATED;
99 |
/Users/admin/builder/spi-builder-workspace/Sources/SafariFreedomActivity.swift:86:34: warning: result of call to 'openURL' is unused [#NoUsage]
84 | }
85 | } else {
86 | UIApplication.shared.openURL(activityURL)
| `- warning: result of call to 'openURL' is unused [#NoUsage]
87 | Freedom.printDebugMessage("The user successfully opened the url, \(activityURL.absoluteString), in the Safari Web Browser.")
88 | }
[#NoUsage]: <https://docs.swift.org/compiler/documentation/diagnostics/no-usage>
SwiftCompile normal arm64 /Users/admin/builder/spi-builder-workspace/Sources/SafariFreedomActivity.swift (in target 'Freedom' from project 'Freedom')
cd /Users/admin/builder/spi-builder-workspace/.swiftpm/xcode
builtin-SwiftPerFileCompile SafariFreedomActivity.swift
SwiftCompile normal arm64 Compiling\ BraveFreedomActivity.swift /Users/admin/builder/spi-builder-workspace/Sources/BraveFreedomActivity.swift (in target 'Freedom' from project 'Freedom')
/Users/admin/builder/spi-builder-workspace/Sources/BraveFreedomActivity.swift:98:34: error: 'openURL' is unavailable in visionOS
96 | }
97 | } else {
98 | UIApplication.shared.openURL(url)
| `- error: 'openURL' is unavailable in visionOS
99 | Freedom.printDebugMessage("The user successfully opened the url, \(activityURL.absoluteString), in the Brave Browser.")
100 | activityDidFinish(true)
/Applications/Xcode-27.0.0-Release.Candidate.app/Contents/Developer/Platforms/XROS.platform/Developer/SDKs/XROS27.0.sdk/System/Library/Frameworks/UIKit.framework/Headers/UIApplication.h:97:1: note: 'openURL' has been explicitly marked unavailable here
95 | @property(nonatomic,getter=isIdleTimerDisabled) BOOL idleTimerDisabled; // default is NO
96 |
97 | - (BOOL)openURL:(NSURL*)url API_DEPRECATED_WITH_REPLACEMENT("openURL:options:completionHandler:", ios(2.0, 10.0)) API_UNAVAILABLE(visionos, watchos);
| `- note: 'openURL' has been explicitly marked unavailable here
98 | - (BOOL)canOpenURL:(NSURL *)url API_DEPRECATED("Prefer attempting to open URLs and handling any failures", ios(3.0, 27.0), visionos(1.0, 27.0), tvos(9.0, 27.0)) API_UNAVAILABLE(watchos) NS_SWIFT_NONISOLATED;
99 |
/Users/admin/builder/spi-builder-workspace/Sources/BraveFreedomActivity.swift:98:34: warning: result of call to 'openURL' is unused [#NoUsage]
96 | }
97 | } else {
98 | UIApplication.shared.openURL(url)
| `- warning: result of call to 'openURL' is unused [#NoUsage]
99 | Freedom.printDebugMessage("The user successfully opened the url, \(activityURL.absoluteString), in the Brave Browser.")
100 | activityDidFinish(true)
[#NoUsage]: <https://docs.swift.org/compiler/documentation/diagnostics/no-usage>
SwiftCompile normal arm64 /Users/admin/builder/spi-builder-workspace/Sources/BraveFreedomActivity.swift (in target 'Freedom' from project 'Freedom')
cd /Users/admin/builder/spi-builder-workspace/.swiftpm/xcode
builtin-SwiftPerFileCompile BraveFreedomActivity.swift
SwiftCompile normal arm64 Compiling\ DolphinFreedomActivity.swift /Users/admin/builder/spi-builder-workspace/Sources/DolphinFreedomActivity.swift (in target 'Freedom' from project 'Freedom')
/Users/admin/builder/spi-builder-workspace/Sources/DolphinFreedomActivity.swift:99:34: error: 'openURL' is unavailable in visionOS
97 | }
98 | } else {
99 | UIApplication.shared.openURL(url)
| `- error: 'openURL' is unavailable in visionOS
100 | Freedom.printDebugMessage("The user successfully opened the url, \(activityURL.absoluteString), in the Dolphin Browser.")
101 | activityDidFinish(true)
/Applications/Xcode-27.0.0-Release.Candidate.app/Contents/Developer/Platforms/XROS.platform/Developer/SDKs/XROS27.0.sdk/System/Library/Frameworks/UIKit.framework/Headers/UIApplication.h:97:1: note: 'openURL' has been explicitly marked unavailable here
95 | @property(nonatomic,getter=isIdleTimerDisabled) BOOL idleTimerDisabled; // default is NO
96 |
97 | - (BOOL)openURL:(NSURL*)url API_DEPRECATED_WITH_REPLACEMENT("openURL:options:completionHandler:", ios(2.0, 10.0)) API_UNAVAILABLE(visionos, watchos);
| `- note: 'openURL' has been explicitly marked unavailable here
98 | - (BOOL)canOpenURL:(NSURL *)url API_DEPRECATED("Prefer attempting to open URLs and handling any failures", ios(3.0, 27.0), visionos(1.0, 27.0), tvos(9.0, 27.0)) API_UNAVAILABLE(watchos) NS_SWIFT_NONISOLATED;
99 |
/Users/admin/builder/spi-builder-workspace/Sources/DolphinFreedomActivity.swift:99:34: warning: result of call to 'openURL' is unused [#NoUsage]
97 | }
98 | } else {
99 | UIApplication.shared.openURL(url)
| `- warning: result of call to 'openURL' is unused [#NoUsage]
100 | Freedom.printDebugMessage("The user successfully opened the url, \(activityURL.absoluteString), in the Dolphin Browser.")
101 | activityDidFinish(true)
[#NoUsage]: <https://docs.swift.org/compiler/documentation/diagnostics/no-usage>
SwiftCompile normal arm64 /Users/admin/builder/spi-builder-workspace/Sources/DolphinFreedomActivity.swift (in target 'Freedom' from project 'Freedom')
cd /Users/admin/builder/spi-builder-workspace/.swiftpm/xcode
builtin-SwiftPerFileCompile DolphinFreedomActivity.swift
SwiftCompile normal arm64 Compiling\ FirefoxFocusFreedomActivity.swift /Users/admin/builder/spi-builder-workspace/Sources/FirefoxFocusFreedomActivity.swift (in target 'Freedom' from project 'Freedom')
/Users/admin/builder/spi-builder-workspace/Sources/FirefoxFocusFreedomActivity.swift:98:34: error: 'openURL' is unavailable in visionOS
96 | }
97 | } else {
98 | UIApplication.shared.openURL(url)
| `- error: 'openURL' is unavailable in visionOS
99 | Freedom.printDebugMessage("The user successfully opened the url, \(activityURL.absoluteString), in the Firefox Focus Web Browser.")
100 | activityDidFinish(true)
/Applications/Xcode-27.0.0-Release.Candidate.app/Contents/Developer/Platforms/XROS.platform/Developer/SDKs/XROS27.0.sdk/System/Library/Frameworks/UIKit.framework/Headers/UIApplication.h:97:1: note: 'openURL' has been explicitly marked unavailable here
95 | @property(nonatomic,getter=isIdleTimerDisabled) BOOL idleTimerDisabled; // default is NO
96 |
97 | - (BOOL)openURL:(NSURL*)url API_DEPRECATED_WITH_REPLACEMENT("openURL:options:completionHandler:", ios(2.0, 10.0)) API_UNAVAILABLE(visionos, watchos);
| `- note: 'openURL' has been explicitly marked unavailable here
98 | - (BOOL)canOpenURL:(NSURL *)url API_DEPRECATED("Prefer attempting to open URLs and handling any failures", ios(3.0, 27.0), visionos(1.0, 27.0), tvos(9.0, 27.0)) API_UNAVAILABLE(watchos) NS_SWIFT_NONISOLATED;
99 |
/Users/admin/builder/spi-builder-workspace/Sources/FirefoxFocusFreedomActivity.swift:98:34: warning: result of call to 'openURL' is unused [#NoUsage]
96 | }
97 | } else {
98 | UIApplication.shared.openURL(url)
| `- warning: result of call to 'openURL' is unused [#NoUsage]
99 | Freedom.printDebugMessage("The user successfully opened the url, \(activityURL.absoluteString), in the Firefox Focus Web Browser.")
100 | activityDidFinish(true)
[#NoUsage]: <https://docs.swift.org/compiler/documentation/diagnostics/no-usage>
Failed frontend command:
/Applications/Xcode-27.0.0-Release.Candidate.app/Contents/Developer/Toolchains/XcodeDefault.xctoolchain/usr/bin/swift-frontend -frontend -c /Users/admin/builder/spi-builder-workspace/Sources/BraveFreedomActivity.swift /Users/admin/builder/spi-builder-workspace/Sources/ChromeFreedomActivity.swift /Users/admin/builder/spi-builder-workspace/Sources/DolphinFreedomActivity.swift -primary-file /Users/admin/builder/spi-builder-workspace/Sources/FirefoxFocusFreedomActivity.swift /Users/admin/builder/spi-builder-workspace/Sources/FirefoxFreedomActivity.swift /Users/admin/builder/spi-builder-workspace/Sources/Freedom.swift /Users/admin/builder/spi-builder-workspace/Sources/FreedomActivating.swift /Users/admin/builder/spi-builder-workspace/Sources/FreedomURLComponentsExtension.swift /Users/admin/builder/spi-builder-workspace/Sources/FreedomURLExtension.swift /Users/admin/builder/spi-builder-workspace/Sources/SafariFreedomActivity.swift -emit-dependencies-path /Users/admin/builder/spi-builder-workspace/.derivedData/Build/Intermediates.noindex/Freedom.build/Debug-xros/Freedom-t.build/Objects-normal/arm64/FirefoxFocusFreedomActivity.d -emit-const-values-path /Users/admin/builder/spi-builder-workspace/.derivedData/Build/Intermediates.noindex/Freedom.build/Debug-xros/Freedom-t.build/Objects-normal/arm64/FirefoxFocusFreedomActivity.swiftconstvalues -emit-reference-dependencies-path /Users/admin/builder/spi-builder-workspace/.derivedData/Build/Intermediates.noindex/Freedom.build/Debug-xros/Freedom-t.build/Objects-normal/arm64/FirefoxFocusFreedomActivity.swiftdeps -serialize-diagnostics-path /Users/admin/builder/spi-builder-workspace/.derivedData/Build/Intermediates.noindex/Freedom.build/Debug-xros/Freedom-t.build/Objects-normal/arm64/FirefoxFocusFreedomActivity.dia -target arm64-apple-xros1.0 -disable-cross-import-overlay-search -load-resolved-plugin /Applications/Xcode-27.0.0-Release.Candidate.app/Contents/Developer/Platforms/XROS.platform/Developer/usr/lib/swift/host/plugins/libFoundationMacros.dylib\#/Applications/Xcode-27.0.0-Release.Candidate.app/Contents/Developer/Platforms/XROS.platform/Developer/usr/bin/swift-plugin-server\#FoundationMacros -load-resolved-plugin /Applications/Xcode-27.0.0-Release.Candidate.app/Contents/Developer/Platforms/XROS.platform/Developer/usr/lib/swift/host/plugins/libObservationMacros.dylib\#/Applications/Xcode-27.0.0-Release.Candidate.app/Contents/Developer/Platforms/XROS.platform/Developer/usr/bin/swift-plugin-server\#ObservationMacros -load-resolved-plugin /Applications/Xcode-27.0.0-Release.Candidate.app/Contents/Developer/Platforms/XROS.platform/Developer/usr/lib/swift/host/plugins/libPreviewsMacros.dylib\#/Applications/Xcode-27.0.0-Release.Candidate.app/Contents/Developer/Platforms/XROS.platform/Developer/usr/bin/swift-plugin-server\#PreviewsMacros -load-resolved-plugin /Applications/Xcode-27.0.0-Release.Candidate.app/Contents/Developer/Platforms/XROS.platform/Developer/usr/lib/swift/host/plugins/libSwiftMacros.dylib\#/Applications/Xcode-27.0.0-Release.Candidate.app/Contents/Developer/Platforms/XROS.platform/Developer/usr/bin/swift-plugin-server\#SwiftMacros -load-resolved-plugin /Applications/Xcode-27.0.0-Release.Candidate.app/Contents/Developer/Platforms/XROS.platform/Developer/usr/lib/swift/host/plugins/libSwiftUIMacros.dylib\#/Applications/Xcode-27.0.0-Release.Candidate.app/Contents/Developer/Platforms/XROS.platform/Developer/usr/bin/swift-plugin-server\#SwiftUIMacros -disable-implicit-swift-modules -Xcc -fno-implicit-modules -Xcc -fno-implicit-module-maps -explicit-swift-module-map-file /Users/admin/builder/spi-builder-workspace/.derivedData/Build/Intermediates.noindex/Freedom.build/Debug-xros/Freedom-t.build/Objects-normal/arm64/Freedom-dependencies-1.json -Xllvm -aarch64-use-tbi -enable-objc-interop -stack-check -sdk /Applications/Xcode-27.0.0-Release.Candidate.app/Contents/Developer/Platforms/XROS.platform/Developer/SDKs/XROS27.0.sdk -I /Users/admin/builder/spi-builder-workspace/.derivedData/Build/Products/Debug-xros -Isystem /Applications/Xcode-27.0.0-Release.Candidate.app/Contents/Developer/Platforms/XROS.platform/Developer/usr/lib -F /Users/admin/builder/spi-builder-workspace/.derivedData/Build/Products/Debug-xros -F /Applications/Xcode-27.0.0-Release.Candidate.app/Contents/Developer/Platforms/XROS.platform/Developer/Library/Frameworks -F /Applications/Xcode-27.0.0-Release.Candidate.app/Contents/Developer/Platforms/XROS.platform/Developer/SDKs/XROS27.0.sdk/Developer/Library/Frameworks -module-cache-path /Users/admin/builder/spi-builder-workspace/.derivedData/Build/Intermediates.noindex/SwiftExplicitPrecompiledModules -no-color-diagnostics -Xcc -fno-color-diagnostics -enable-testing -g -debug-info-format\=dwarf -dwarf-version\=4 -swift-version 5 -Onone -D SWIFT_PACKAGE -D DEBUG -D SWIFT_MODULE_RESOURCE_BUNDLE_UNAVAILABLE -D Xcode -serialize-debugging-options -enable-experimental-feature DebugDescriptionMacro -empty-abi-descriptor -validate-clang-modules-once -clang-build-session-file /Users/admin/builder/spi-builder-workspace/.derivedData/ModuleCache.noindex/Session.modulevalidation -Xcc -working-directory -Xcc /Users/admin/builder/spi-builder-workspace/.swiftpm/xcode -enable-anonymous-context-mangled-names -file-compilation-dir /Users/admin/builder/spi-builder-workspace/.swiftpm/xcode -Xcc -D_LIBCPP_HARDENING_MODE\=_LIBCPP_HARDENING_MODE_DEBUG -Xcc -ivfsstatcache -Xcc /Users/admin/builder/spi-builder-workspace/.derivedData/SDKStatCaches.noindex/xros27.0-24M361-e829b21a6f8c9b70876ba0858053c044735bd543db762f57723cac368afd1ce4.sdkstatcache -Xcc -fmodules-prune-interval\=86400 -Xcc -fmodules-prune-after\=345600 -Xcc -I/Users/admin/builder/spi-builder-workspace/.derivedData/Build/Products/Debug-xros/include -Xcc -I/Users/admin/builder/spi-builder-workspace/.derivedData/Build/Intermediates.noindex/Freedom.build/Debug-xros/Freedom-t.build/DerivedSources-normal/arm64 -Xcc -I/Users/admin/builder/spi-builder-workspace/.derivedData/Build/Intermediates.noindex/Freedom.build/Debug-xros/Freedom-t.build/DerivedSources/arm64 -Xcc -I/Users/admin/builder/spi-builder-workspace/.derivedData/Build/Intermediates.noindex/Freedom.build/Debug-xros/Freedom-t.build/DerivedSources -Xcc -DSWIFT_PACKAGE -Xcc -DDEBUG\=1 -no-auto-bridging-header-chaining -module-name Freedom -const-gather-protocols-file /Users/admin/builder/spi-builder-workspace/.derivedData/Build/Intermediates.noindex/Freedom.build/Debug-xros/Freedom-t.build/Objects-normal/arm64/Freedom_const_extract_protocols.json -disable-clang-spi -clang-target arm64-apple-xros27.0 -target-sdk-version 27.0 -target-sdk-name xros27.0 -in-process-plugin-server-path /Applications/Xcode-27.0.0-Release.Candidate.app/Contents/Developer/Toolchains/XcodeDefault.xctoolchain/usr/lib/swift/host/libSwiftInProcPluginServer.dylib -parse-as-library -o /Users/admin/builder/spi-builder-workspace/.derivedData/Build/Intermediates.noindex/Freedom.build/Debug-xros/Freedom-t.build/Objects-normal/arm64/FirefoxFocusFreedomActivity.o -debug-module-path /Users/admin/builder/spi-builder-workspace/.derivedData/Build/Intermediates.noindex/Freedom.build/Debug-xros/Freedom-t.build/Objects-normal/arm64/Freedom.swiftmodule -index-unit-output-path /Freedom.build/Debug-xros/Freedom-t.build/Objects-normal/arm64/FirefoxFocusFreedomActivity.o -index-store-path /Users/admin/builder/spi-builder-workspace/.derivedData/Index.noindex/DataStore -index-system-modules
SwiftCompile normal arm64 /Users/admin/builder/spi-builder-workspace/Sources/FirefoxFocusFreedomActivity.swift (in target 'Freedom' from project 'Freedom')
cd /Users/admin/builder/spi-builder-workspace/.swiftpm/xcode
builtin-SwiftPerFileCompile FirefoxFocusFreedomActivity.swift
SwiftDriverJobDiscovery normal arm64 Emitting module for Freedom (in target 'Freedom' from project 'Freedom')
SwiftDriver\ Compilation\ Requirements Freedom normal arm64 com.apple.xcode.tools.swift.compiler (in target 'Freedom' from project 'Freedom')
cd /Users/admin/builder/spi-builder-workspace/.swiftpm/xcode
builtin-Swift-Compilation-Requirements -- /Applications/Xcode-27.0.0-Release.Candidate.app/Contents/Developer/Toolchains/XcodeDefault.xctoolchain/usr/bin/swiftc -parse-as-library -module-name Freedom -Onone @/Users/admin/builder/spi-builder-workspace/.derivedData/Build/Intermediates.noindex/Freedom.build/Debug-xros/Freedom-t.build/Objects-normal/arm64/Freedom.SwiftFileList -DSWIFT_PACKAGE -DDEBUG -DSWIFT_MODULE_RESOURCE_BUNDLE_UNAVAILABLE -DXcode -plugin-path /Applications/Xcode-27.0.0-Release.Candidate.app/Contents/Developer/Toolchains/XcodeDefault.xctoolchain/usr/lib/swift/host/plugins/testing -enable-experimental-feature DebugDescriptionMacro -sdk /Applications/Xcode-27.0.0-Release.Candidate.app/Contents/Developer/Platforms/XROS.platform/Developer/SDKs/XROS27.0.sdk -target arm64-apple-xros1.0 -g -module-cache-path /Users/admin/builder/spi-builder-workspace/.derivedData/ModuleCache.noindex -Xfrontend -serialize-debugging-options -enable-testing -index-store-path /Users/admin/builder/spi-builder-workspace/.derivedData/Index.noindex/DataStore -Xcc -D_LIBCPP_HARDENING_MODE\=_LIBCPP_HARDENING_MODE_DEBUG -swift-version 5 -I /Users/admin/builder/spi-builder-workspace/.derivedData/Build/Products/Debug-xros -Isystem /Applications/Xcode-27.0.0-Release.Candidate.app/Contents/Developer/Platforms/XROS.platform/Developer/usr/lib -F /Users/admin/builder/spi-builder-workspace/.derivedData/Build/Products/Debug-xros -F /Applications/Xcode-27.0.0-Release.Candidate.app/Contents/Developer/Platforms/XROS.platform/Developer/Library/Frameworks -F /Applications/Xcode-27.0.0-Release.Candidate.app/Contents/Developer/Platforms/XROS.platform/Developer/SDKs/XROS27.0.sdk/Developer/Library/Frameworks -c -j10 -enable-batch-mode -incremental -Xcc -ivfsstatcache -Xcc /Users/admin/builder/spi-builder-workspace/.derivedData/SDKStatCaches.noindex/xros27.0-24M361-e829b21a6f8c9b70876ba0858053c044735bd543db762f57723cac368afd1ce4.sdkstatcache -output-file-map /Users/admin/builder/spi-builder-workspace/.derivedData/Build/Intermediates.noindex/Freedom.build/Debug-xros/Freedom-t.build/Objects-normal/arm64/Freedom-OutputFileMap.json -save-temps -no-color-diagnostics -explicit-module-build -module-cache-path /Users/admin/builder/spi-builder-workspace/.derivedData/Build/Intermediates.noindex/SwiftExplicitPrecompiledModules -clang-scanner-module-cache-path /Users/admin/builder/spi-builder-workspace/.derivedData/ModuleCache.noindex -sdk-module-cache-path /Users/admin/builder/spi-builder-workspace/.derivedData/SDKExplicitPrecompiledModules -emit-dependencies -emit-module -emit-module-path /Users/admin/builder/spi-builder-workspace/.derivedData/Build/Intermediates.noindex/Freedom.build/Debug-xros/Freedom-t.build/Objects-normal/arm64/Freedom.swiftmodule -serialize-diagnostics -dependency-scan-serialize-diagnostics-path /Users/admin/builder/spi-builder-workspace/.derivedData/Build/Intermediates.noindex/Freedom.build/Debug-xros/Freedom-t.build/Objects-normal/arm64/Freedom-dependency-scan.dia -validate-clang-modules-once -clang-build-session-file /Users/admin/builder/spi-builder-workspace/.derivedData/ModuleCache.noindex/Session.modulevalidation -Xcc -fmodules-prune-interval\=86400 -Xcc -fmodules-prune-after\=345600 -emit-const-values -const-gather-protocols-list /Users/admin/builder/spi-builder-workspace/.derivedData/Build/Intermediates.noindex/Freedom.build/Debug-xros/Freedom-t.build/Objects-normal/arm64/Freedom_const_extract_protocols.json -Xcc -I/Users/admin/builder/spi-builder-workspace/.derivedData/Build/Products/Debug-xros/include -Xcc -I/Users/admin/builder/spi-builder-workspace/.derivedData/Build/Intermediates.noindex/Freedom.build/Debug-xros/Freedom-t.build/DerivedSources-normal/arm64 -Xcc -I/Users/admin/builder/spi-builder-workspace/.derivedData/Build/Intermediates.noindex/Freedom.build/Debug-xros/Freedom-t.build/DerivedSources/arm64 -Xcc -I/Users/admin/builder/spi-builder-workspace/.derivedData/Build/Intermediates.noindex/Freedom.build/Debug-xros/Freedom-t.build/DerivedSources -Xcc -DSWIFT_PACKAGE -Xcc -DDEBUG\=1 -emit-objc-header -emit-objc-header-path /Users/admin/builder/spi-builder-workspace/.derivedData/Build/Intermediates.noindex/Freedom.build/Debug-xros/Freedom-t.build/Objects-normal/arm64/Freedom-Swift.h -working-directory /Users/admin/builder/spi-builder-workspace/.swiftpm/xcode -experimental-emit-module-separately -disable-cmo
SwiftDriverJobDiscovery normal arm64 Compiling FreedomURLComponentsExtension.swift (in target 'Freedom' from project 'Freedom')
SwiftDriverJobDiscovery normal arm64 Compiling FreedomURLExtension.swift (in target 'Freedom' from project 'Freedom')
SwiftMergeGeneratedHeaders /Users/admin/builder/spi-builder-workspace/.derivedData/Build/Intermediates.noindex/GeneratedModuleMaps-xros/Freedom-Swift.h /Users/admin/builder/spi-builder-workspace/.derivedData/Build/Intermediates.noindex/Freedom.build/Debug-xros/Freedom-t.build/Objects-normal/arm64/Freedom-Swift.h (in target 'Freedom' from project 'Freedom')
cd /Users/admin/builder/spi-builder-workspace
builtin-swiftHeaderTool -arch arm64 /Users/admin/builder/spi-builder-workspace/.derivedData/Build/Intermediates.noindex/Freedom.build/Debug-xros/Freedom-t.build/Objects-normal/arm64/Freedom-Swift.h -o /Users/admin/builder/spi-builder-workspace/.derivedData/Build/Intermediates.noindex/GeneratedModuleMaps-xros/Freedom-Swift.h
Copy /Users/admin/builder/spi-builder-workspace/.derivedData/Build/Products/Debug-xros/Freedom.swiftmodule/arm64-apple-xros.swiftmodule /Users/admin/builder/spi-builder-workspace/.derivedData/Build/Intermediates.noindex/Freedom.build/Debug-xros/Freedom-t.build/Objects-normal/arm64/Freedom.swiftmodule (in target 'Freedom' from project 'Freedom')
cd /Users/admin/builder/spi-builder-workspace
builtin-copy -exclude .DS_Store -exclude CVS -exclude .svn -exclude .git -exclude .hg -resolve-src-symlinks -rename /Users/admin/builder/spi-builder-workspace/.derivedData/Build/Intermediates.noindex/Freedom.build/Debug-xros/Freedom-t.build/Objects-normal/arm64/Freedom.swiftmodule /Users/admin/builder/spi-builder-workspace/.derivedData/Build/Products/Debug-xros/Freedom.swiftmodule/arm64-apple-xros.swiftmodule
Copy /Users/admin/builder/spi-builder-workspace/.derivedData/Build/Products/Debug-xros/Freedom.swiftmodule/arm64-apple-xros.swiftdoc /Users/admin/builder/spi-builder-workspace/.derivedData/Build/Intermediates.noindex/Freedom.build/Debug-xros/Freedom-t.build/Objects-normal/arm64/Freedom.swiftdoc (in target 'Freedom' from project 'Freedom')
cd /Users/admin/builder/spi-builder-workspace
builtin-copy -exclude .DS_Store -exclude CVS -exclude .svn -exclude .git -exclude .hg -resolve-src-symlinks -rename /Users/admin/builder/spi-builder-workspace/.derivedData/Build/Intermediates.noindex/Freedom.build/Debug-xros/Freedom-t.build/Objects-normal/arm64/Freedom.swiftdoc /Users/admin/builder/spi-builder-workspace/.derivedData/Build/Products/Debug-xros/Freedom.swiftmodule/arm64-apple-xros.swiftdoc
Copy /Users/admin/builder/spi-builder-workspace/.derivedData/Build/Products/Debug-xros/Freedom.swiftmodule/arm64-apple-xros.abi.json /Users/admin/builder/spi-builder-workspace/.derivedData/Build/Intermediates.noindex/Freedom.build/Debug-xros/Freedom-t.build/Objects-normal/arm64/Freedom.abi.json (in target 'Freedom' from project 'Freedom')
cd /Users/admin/builder/spi-builder-workspace
builtin-copy -exclude .DS_Store -exclude CVS -exclude .svn -exclude .git -exclude .hg -resolve-src-symlinks -rename /Users/admin/builder/spi-builder-workspace/.derivedData/Build/Intermediates.noindex/Freedom.build/Debug-xros/Freedom-t.build/Objects-normal/arm64/Freedom.abi.json /Users/admin/builder/spi-builder-workspace/.derivedData/Build/Products/Debug-xros/Freedom.swiftmodule/arm64-apple-xros.abi.json
Copy /Users/admin/builder/spi-builder-workspace/.derivedData/Build/Products/Debug-xros/Freedom.swiftmodule/Project/arm64-apple-xros.swiftsourceinfo /Users/admin/builder/spi-builder-workspace/.derivedData/Build/Intermediates.noindex/Freedom.build/Debug-xros/Freedom-t.build/Objects-normal/arm64/Freedom.swiftsourceinfo (in target 'Freedom' from project 'Freedom')
cd /Users/admin/builder/spi-builder-workspace
builtin-copy -exclude .DS_Store -exclude CVS -exclude .svn -exclude .git -exclude .hg -resolve-src-symlinks -rename /Users/admin/builder/spi-builder-workspace/.derivedData/Build/Intermediates.noindex/Freedom.build/Debug-xros/Freedom-t.build/Objects-normal/arm64/Freedom.swiftsourceinfo /Users/admin/builder/spi-builder-workspace/.derivedData/Build/Products/Debug-xros/Freedom.swiftmodule/Project/arm64-apple-xros.swiftsourceinfo
PruneExplicitPrecompiledModules /Users/admin/builder/spi-builder-workspace/.derivedData/SDKExplicitPrecompiledModules
PruneExplicitPrecompiledModules /Users/admin/builder/spi-builder-workspace/.derivedData/Build/Intermediates.noindex/ExplicitPrecompiledModules
PruneExplicitPrecompiledModules /Users/admin/builder/spi-builder-workspace/.derivedData/Build/Intermediates.noindex/SwiftExplicitPrecompiledModules
2026-09-15 22:09:42.896 xcodebuild[663:4267] [MT] IDERunDestination: Supported platforms for the buildables in the current scheme is empty.
** BUILD FAILED **
The following build commands failed:
SwiftCompile normal arm64 Compiling\ FirefoxFocusFreedomActivity.swift /Users/admin/builder/spi-builder-workspace/Sources/FirefoxFocusFreedomActivity.swift (in target 'Freedom' from project 'Freedom')
SwiftCompile normal arm64 /Users/admin/builder/spi-builder-workspace/Sources/FirefoxFocusFreedomActivity.swift (in target 'Freedom' from project 'Freedom')
Building workspace Freedom with scheme Freedom
(3 failures)
Command line invocation:
/Applications/Xcode-27.0.0-Release.Candidate.app/Contents/Developer/usr/bin/xcodebuild -IDEClonedSourcePackagesDirPathOverride=/Users/admin/builder/spi-builder-workspace/.dependencies -resolvePackageDependencies
Resolve Package Graph
Resolved source packages:
Freedom: /Users/admin/builder/spi-builder-workspace
resolved source packages: Freedom
2026-09-15 22:09:53.808 xcodebuild[756:4659] [MT] IDERunDestination: Supported platforms for the buildables in the current scheme is empty.
{
"dependencies" : [
],
"manifest_display_name" : "Freedom",
"name" : "Freedom",
"path" : "/Users/admin/builder/spi-builder-workspace",
"platforms" : [
{
"name" : "ios",
"version" : "9.0"
}
],
"products" : [
{
"name" : "Freedom",
"targets" : [
"Freedom"
],
"type" : {
"library" : [
"automatic"
]
}
}
],
"swift_languages_versions" : [
"5"
],
"targets" : [
{
"c99name" : "Freedom",
"module_type" : "SwiftTarget",
"name" : "Freedom",
"path" : "Sources",
"product_memberships" : [
"Freedom"
],
"sources" : [
"BraveFreedomActivity.swift",
"ChromeFreedomActivity.swift",
"DolphinFreedomActivity.swift",
"FirefoxFocusFreedomActivity.swift",
"FirefoxFreedomActivity.swift",
"Freedom.swift",
"FreedomActivating.swift",
"FreedomURLComponentsExtension.swift",
"FreedomURLExtension.swift",
"SafariFreedomActivity.swift"
],
"type" : "library"
}
],
"tools_version" : "5.1"
}
{
"workspace" : {
"name" : "Freedom",
"schemes" : [
"Freedom"
]
}
}
2026-09-15 22:09:55.029 xcodebuild[764:4728] [MT] IDERunDestination: Supported platforms for the buildables in the current scheme is empty.
Running build ...
env DEVELOPER_DIR=/Applications/Xcode-27.0.0-Release.Candidate.app xcrun xcodebuild -IDEClonedSourcePackagesDirPathOverride=$PWD/.dependencies -skipMacroValidation -skipPackagePluginValidation -derivedDataPath $PWD/.derivedData build -scheme Freedom -destination generic/platform=xrOS
Command line invocation:
/Applications/Xcode-27.0.0-Release.Candidate.app/Contents/Developer/usr/bin/xcodebuild -IDEClonedSourcePackagesDirPathOverride=/Users/admin/builder/spi-builder-workspace/.dependencies -skipMacroValidation -skipPackagePluginValidation -derivedDataPath /Users/admin/builder/spi-builder-workspace/.derivedData build -scheme Freedom -destination generic/platform=xrOS
Resolve Package Graph
Resolved source packages:
Freedom: /Users/admin/builder/spi-builder-workspace
ComputePackagePrebuildTargetDependencyGraph
Prepare packages
CreateBuildRequest
SendProjectDescription
CreateBuildOperation
ComputeTargetDependencyGraph
note: Building targets in dependency order
note: Target dependency graph (2 targets)
Target 'Freedom-product' in project 'Freedom'
➜ Explicit dependency on target 'Freedom' in project 'Freedom'
Target 'Freedom' in project 'Freedom' (no dependencies)
GatherProvisioningInputs
CreateBuildDescription
ClangStatCache /Applications/Xcode-27.0.0-Release.Candidate.app/Contents/Developer/Toolchains/XcodeDefault.xctoolchain/usr/bin/clang-stat-cache /Applications/Xcode-27.0.0-Release.Candidate.app/Contents/Developer/Platforms/XROS.platform/Developer/SDKs/XROS27.0.sdk /Users/admin/builder/spi-builder-workspace/.derivedData/SDKStatCaches.noindex/xros27.0-24M361-e829b21a6f8c9b70876ba0858053c044735bd543db762f57723cac368afd1ce4.sdkstatcache
cd /Users/admin/builder/spi-builder-workspace/.swiftpm/xcode
/Applications/Xcode-27.0.0-Release.Candidate.app/Contents/Developer/Toolchains/XcodeDefault.xctoolchain/usr/bin/clang-stat-cache /Applications/Xcode-27.0.0-Release.Candidate.app/Contents/Developer/Platforms/XROS.platform/Developer/SDKs/XROS27.0.sdk -o /Users/admin/builder/spi-builder-workspace/.derivedData/SDKStatCaches.noindex/xros27.0-24M361-e829b21a6f8c9b70876ba0858053c044735bd543db762f57723cac368afd1ce4.sdkstatcache
SwiftDriver Freedom normal arm64 com.apple.xcode.tools.swift.compiler (in target 'Freedom' from project 'Freedom')
cd /Users/admin/builder/spi-builder-workspace/.swiftpm/xcode
builtin-SwiftDriver -- /Applications/Xcode-27.0.0-Release.Candidate.app/Contents/Developer/Toolchains/XcodeDefault.xctoolchain/usr/bin/swiftc -parse-as-library -module-name Freedom -Onone @/Users/admin/builder/spi-builder-workspace/.derivedData/Build/Intermediates.noindex/Freedom.build/Debug-xros/Freedom-t.build/Objects-normal/arm64/Freedom.SwiftFileList -DSWIFT_PACKAGE -DDEBUG -DSWIFT_MODULE_RESOURCE_BUNDLE_UNAVAILABLE -DXcode -plugin-path /Applications/Xcode-27.0.0-Release.Candidate.app/Contents/Developer/Toolchains/XcodeDefault.xctoolchain/usr/lib/swift/host/plugins/testing -enable-experimental-feature DebugDescriptionMacro -sdk /Applications/Xcode-27.0.0-Release.Candidate.app/Contents/Developer/Platforms/XROS.platform/Developer/SDKs/XROS27.0.sdk -target arm64-apple-xros1.0 -g -module-cache-path /Users/admin/builder/spi-builder-workspace/.derivedData/ModuleCache.noindex -Xfrontend -serialize-debugging-options -enable-testing -index-store-path /Users/admin/builder/spi-builder-workspace/.derivedData/Index.noindex/DataStore -Xcc -D_LIBCPP_HARDENING_MODE\=_LIBCPP_HARDENING_MODE_DEBUG -swift-version 5 -I /Users/admin/builder/spi-builder-workspace/.derivedData/Build/Products/Debug-xros -Isystem /Applications/Xcode-27.0.0-Release.Candidate.app/Contents/Developer/Platforms/XROS.platform/Developer/usr/lib -F /Users/admin/builder/spi-builder-workspace/.derivedData/Build/Products/Debug-xros -F /Applications/Xcode-27.0.0-Release.Candidate.app/Contents/Developer/Platforms/XROS.platform/Developer/Library/Frameworks -F /Applications/Xcode-27.0.0-Release.Candidate.app/Contents/Developer/Platforms/XROS.platform/Developer/SDKs/XROS27.0.sdk/Developer/Library/Frameworks -c -j10 -enable-batch-mode -incremental -Xcc -ivfsstatcache -Xcc /Users/admin/builder/spi-builder-workspace/.derivedData/SDKStatCaches.noindex/xros27.0-24M361-e829b21a6f8c9b70876ba0858053c044735bd543db762f57723cac368afd1ce4.sdkstatcache -output-file-map /Users/admin/builder/spi-builder-workspace/.derivedData/Build/Intermediates.noindex/Freedom.build/Debug-xros/Freedom-t.build/Objects-normal/arm64/Freedom-OutputFileMap.json -save-temps -no-color-diagnostics -explicit-module-build -module-cache-path /Users/admin/builder/spi-builder-workspace/.derivedData/Build/Intermediates.noindex/SwiftExplicitPrecompiledModules -clang-scanner-module-cache-path /Users/admin/builder/spi-builder-workspace/.derivedData/ModuleCache.noindex -sdk-module-cache-path /Users/admin/builder/spi-builder-workspace/.derivedData/SDKExplicitPrecompiledModules -emit-dependencies -emit-module -emit-module-path /Users/admin/builder/spi-builder-workspace/.derivedData/Build/Intermediates.noindex/Freedom.build/Debug-xros/Freedom-t.build/Objects-normal/arm64/Freedom.swiftmodule -serialize-diagnostics -dependency-scan-serialize-diagnostics-path /Users/admin/builder/spi-builder-workspace/.derivedData/Build/Intermediates.noindex/Freedom.build/Debug-xros/Freedom-t.build/Objects-normal/arm64/Freedom-dependency-scan.dia -validate-clang-modules-once -clang-build-session-file /Users/admin/builder/spi-builder-workspace/.derivedData/ModuleCache.noindex/Session.modulevalidation -Xcc -fmodules-prune-interval\=86400 -Xcc -fmodules-prune-after\=345600 -emit-const-values -const-gather-protocols-list /Users/admin/builder/spi-builder-workspace/.derivedData/Build/Intermediates.noindex/Freedom.build/Debug-xros/Freedom-t.build/Objects-normal/arm64/Freedom_const_extract_protocols.json -Xcc -I/Users/admin/builder/spi-builder-workspace/.derivedData/Build/Products/Debug-xros/include -Xcc -I/Users/admin/builder/spi-builder-workspace/.derivedData/Build/Intermediates.noindex/Freedom.build/Debug-xros/Freedom-t.build/DerivedSources-normal/arm64 -Xcc -I/Users/admin/builder/spi-builder-workspace/.derivedData/Build/Intermediates.noindex/Freedom.build/Debug-xros/Freedom-t.build/DerivedSources/arm64 -Xcc -I/Users/admin/builder/spi-builder-workspace/.derivedData/Build/Intermediates.noindex/Freedom.build/Debug-xros/Freedom-t.build/DerivedSources -Xcc -DSWIFT_PACKAGE -Xcc -DDEBUG\=1 -emit-objc-header -emit-objc-header-path /Users/admin/builder/spi-builder-workspace/.derivedData/Build/Intermediates.noindex/Freedom.build/Debug-xros/Freedom-t.build/Objects-normal/arm64/Freedom-Swift.h -working-directory /Users/admin/builder/spi-builder-workspace/.swiftpm/xcode -experimental-emit-module-separately -disable-cmo
SwiftCompile normal arm64 Compiling\ ChromeFreedomActivity.swift /Users/admin/builder/spi-builder-workspace/Sources/ChromeFreedomActivity.swift (in target 'Freedom' from project 'Freedom')
SwiftCompile normal arm64 /Users/admin/builder/spi-builder-workspace/Sources/ChromeFreedomActivity.swift (in target 'Freedom' from project 'Freedom')
cd /Users/admin/builder/spi-builder-workspace/.swiftpm/xcode
builtin-SwiftPerFileCompile ChromeFreedomActivity.swift
/Users/admin/builder/spi-builder-workspace/Sources/ChromeFreedomActivity.swift:112:34: error: 'openURL' is unavailable in visionOS
110 | }
111 | } else {
112 | UIApplication.shared.openURL(url)
| `- error: 'openURL' is unavailable in visionOS
113 | Freedom.printDebugMessage("The user successfully opened the url, \(formattedURL.absoluteString), in Google Chrome.")
114 | activityDidFinish(true)
/Applications/Xcode-27.0.0-Release.Candidate.app/Contents/Developer/Platforms/XROS.platform/Developer/SDKs/XROS27.0.sdk/System/Library/Frameworks/UIKit.framework/Headers/UIApplication.h:97:1: note: 'openURL' has been explicitly marked unavailable here
95 | @property(nonatomic,getter=isIdleTimerDisabled) BOOL idleTimerDisabled; // default is NO
96 |
97 | - (BOOL)openURL:(NSURL*)url API_DEPRECATED_WITH_REPLACEMENT("openURL:options:completionHandler:", ios(2.0, 10.0)) API_UNAVAILABLE(visionos, watchos);
| `- note: 'openURL' has been explicitly marked unavailable here
98 | - (BOOL)canOpenURL:(NSURL *)url API_DEPRECATED("Prefer attempting to open URLs and handling any failures", ios(3.0, 27.0), visionos(1.0, 27.0), tvos(9.0, 27.0)) API_UNAVAILABLE(watchos) NS_SWIFT_NONISOLATED;
99 |
/Users/admin/builder/spi-builder-workspace/Sources/ChromeFreedomActivity.swift:112:34: warning: result of call to 'openURL' is unused [#NoUsage]
110 | }
111 | } else {
112 | UIApplication.shared.openURL(url)
| `- warning: result of call to 'openURL' is unused [#NoUsage]
113 | Freedom.printDebugMessage("The user successfully opened the url, \(formattedURL.absoluteString), in Google Chrome.")
114 | activityDidFinish(true)
[#NoUsage]: <https://docs.swift.org/compiler/documentation/diagnostics/no-usage>
Failed frontend command:
/Applications/Xcode-27.0.0-Release.Candidate.app/Contents/Developer/Toolchains/XcodeDefault.xctoolchain/usr/bin/swift-frontend -frontend -c /Users/admin/builder/spi-builder-workspace/Sources/BraveFreedomActivity.swift -primary-file /Users/admin/builder/spi-builder-workspace/Sources/ChromeFreedomActivity.swift /Users/admin/builder/spi-builder-workspace/Sources/DolphinFreedomActivity.swift /Users/admin/builder/spi-builder-workspace/Sources/FirefoxFocusFreedomActivity.swift /Users/admin/builder/spi-builder-workspace/Sources/FirefoxFreedomActivity.swift /Users/admin/builder/spi-builder-workspace/Sources/Freedom.swift /Users/admin/builder/spi-builder-workspace/Sources/FreedomActivating.swift /Users/admin/builder/spi-builder-workspace/Sources/FreedomURLComponentsExtension.swift /Users/admin/builder/spi-builder-workspace/Sources/FreedomURLExtension.swift /Users/admin/builder/spi-builder-workspace/Sources/SafariFreedomActivity.swift -emit-dependencies-path /Users/admin/builder/spi-builder-workspace/.derivedData/Build/Intermediates.noindex/Freedom.build/Debug-xros/Freedom-t.build/Objects-normal/arm64/ChromeFreedomActivity.d -emit-const-values-path /Users/admin/builder/spi-builder-workspace/.derivedData/Build/Intermediates.noindex/Freedom.build/Debug-xros/Freedom-t.build/Objects-normal/arm64/ChromeFreedomActivity.swiftconstvalues -emit-reference-dependencies-path /Users/admin/builder/spi-builder-workspace/.derivedData/Build/Intermediates.noindex/Freedom.build/Debug-xros/Freedom-t.build/Objects-normal/arm64/ChromeFreedomActivity.swiftdeps -serialize-diagnostics-path /Users/admin/builder/spi-builder-workspace/.derivedData/Build/Intermediates.noindex/Freedom.build/Debug-xros/Freedom-t.build/Objects-normal/arm64/ChromeFreedomActivity.dia -target arm64-apple-xros1.0 -disable-cross-import-overlay-search -load-resolved-plugin /Applications/Xcode-27.0.0-Release.Candidate.app/Contents/Developer/Platforms/XROS.platform/Developer/usr/lib/swift/host/plugins/libFoundationMacros.dylib\#/Applications/Xcode-27.0.0-Release.Candidate.app/Contents/Developer/Platforms/XROS.platform/Developer/usr/bin/swift-plugin-server\#FoundationMacros -load-resolved-plugin /Applications/Xcode-27.0.0-Release.Candidate.app/Contents/Developer/Platforms/XROS.platform/Developer/usr/lib/swift/host/plugins/libObservationMacros.dylib\#/Applications/Xcode-27.0.0-Release.Candidate.app/Contents/Developer/Platforms/XROS.platform/Developer/usr/bin/swift-plugin-server\#ObservationMacros -load-resolved-plugin /Applications/Xcode-27.0.0-Release.Candidate.app/Contents/Developer/Platforms/XROS.platform/Developer/usr/lib/swift/host/plugins/libPreviewsMacros.dylib\#/Applications/Xcode-27.0.0-Release.Candidate.app/Contents/Developer/Platforms/XROS.platform/Developer/usr/bin/swift-plugin-server\#PreviewsMacros -load-resolved-plugin /Applications/Xcode-27.0.0-Release.Candidate.app/Contents/Developer/Platforms/XROS.platform/Developer/usr/lib/swift/host/plugins/libSwiftMacros.dylib\#/Applications/Xcode-27.0.0-Release.Candidate.app/Contents/Developer/Platforms/XROS.platform/Developer/usr/bin/swift-plugin-server\#SwiftMacros -load-resolved-plugin /Applications/Xcode-27.0.0-Release.Candidate.app/Contents/Developer/Platforms/XROS.platform/Developer/usr/lib/swift/host/plugins/libSwiftUIMacros.dylib\#/Applications/Xcode-27.0.0-Release.Candidate.app/Contents/Developer/Platforms/XROS.platform/Developer/usr/bin/swift-plugin-server\#SwiftUIMacros -disable-implicit-swift-modules -Xcc -fno-implicit-modules -Xcc -fno-implicit-module-maps -explicit-swift-module-map-file /Users/admin/builder/spi-builder-workspace/.derivedData/Build/Intermediates.noindex/Freedom.build/Debug-xros/Freedom-t.build/Objects-normal/arm64/Freedom-dependencies-1.json -Xllvm -aarch64-use-tbi -enable-objc-interop -stack-check -sdk /Applications/Xcode-27.0.0-Release.Candidate.app/Contents/Developer/Platforms/XROS.platform/Developer/SDKs/XROS27.0.sdk -I /Users/admin/builder/spi-builder-workspace/.derivedData/Build/Products/Debug-xros -Isystem /Applications/Xcode-27.0.0-Release.Candidate.app/Contents/Developer/Platforms/XROS.platform/Developer/usr/lib -F /Users/admin/builder/spi-builder-workspace/.derivedData/Build/Products/Debug-xros -F /Applications/Xcode-27.0.0-Release.Candidate.app/Contents/Developer/Platforms/XROS.platform/Developer/Library/Frameworks -F /Applications/Xcode-27.0.0-Release.Candidate.app/Contents/Developer/Platforms/XROS.platform/Developer/SDKs/XROS27.0.sdk/Developer/Library/Frameworks -module-cache-path /Users/admin/builder/spi-builder-workspace/.derivedData/Build/Intermediates.noindex/SwiftExplicitPrecompiledModules -no-color-diagnostics -Xcc -fno-color-diagnostics -enable-testing -g -debug-info-format\=dwarf -dwarf-version\=4 -swift-version 5 -Onone -D SWIFT_PACKAGE -D DEBUG -D SWIFT_MODULE_RESOURCE_BUNDLE_UNAVAILABLE -D Xcode -serialize-debugging-options -enable-experimental-feature DebugDescriptionMacro -empty-abi-descriptor -validate-clang-modules-once -clang-build-session-file /Users/admin/builder/spi-builder-workspace/.derivedData/ModuleCache.noindex/Session.modulevalidation -Xcc -working-directory -Xcc /Users/admin/builder/spi-builder-workspace/.swiftpm/xcode -enable-anonymous-context-mangled-names -file-compilation-dir /Users/admin/builder/spi-builder-workspace/.swiftpm/xcode -Xcc -D_LIBCPP_HARDENING_MODE\=_LIBCPP_HARDENING_MODE_DEBUG -Xcc -ivfsstatcache -Xcc /Users/admin/builder/spi-builder-workspace/.derivedData/SDKStatCaches.noindex/xros27.0-24M361-e829b21a6f8c9b70876ba0858053c044735bd543db762f57723cac368afd1ce4.sdkstatcache -Xcc -fmodules-prune-interval\=86400 -Xcc -fmodules-prune-after\=345600 -Xcc -I/Users/admin/builder/spi-builder-workspace/.derivedData/Build/Products/Debug-xros/include -Xcc -I/Users/admin/builder/spi-builder-workspace/.derivedData/Build/Intermediates.noindex/Freedom.build/Debug-xros/Freedom-t.build/DerivedSources-normal/arm64 -Xcc -I/Users/admin/builder/spi-builder-workspace/.derivedData/Build/Intermediates.noindex/Freedom.build/Debug-xros/Freedom-t.build/DerivedSources/arm64 -Xcc -I/Users/admin/builder/spi-builder-workspace/.derivedData/Build/Intermediates.noindex/Freedom.build/Debug-xros/Freedom-t.build/DerivedSources -Xcc -DSWIFT_PACKAGE -Xcc -DDEBUG\=1 -no-auto-bridging-header-chaining -module-name Freedom -const-gather-protocols-file /Users/admin/builder/spi-builder-workspace/.derivedData/Build/Intermediates.noindex/Freedom.build/Debug-xros/Freedom-t.build/Objects-normal/arm64/Freedom_const_extract_protocols.json -disable-clang-spi -clang-target arm64-apple-xros27.0 -target-sdk-version 27.0 -target-sdk-name xros27.0 -in-process-plugin-server-path /Applications/Xcode-27.0.0-Release.Candidate.app/Contents/Developer/Toolchains/XcodeDefault.xctoolchain/usr/lib/swift/host/libSwiftInProcPluginServer.dylib -parse-as-library -o /Users/admin/builder/spi-builder-workspace/.derivedData/Build/Intermediates.noindex/Freedom.build/Debug-xros/Freedom-t.build/Objects-normal/arm64/ChromeFreedomActivity.o -debug-module-path /Users/admin/builder/spi-builder-workspace/.derivedData/Build/Intermediates.noindex/Freedom.build/Debug-xros/Freedom-t.build/Objects-normal/arm64/Freedom.swiftmodule -index-unit-output-path /Freedom.build/Debug-xros/Freedom-t.build/Objects-normal/arm64/ChromeFreedomActivity.o -index-store-path /Users/admin/builder/spi-builder-workspace/.derivedData/Index.noindex/DataStore -index-system-modules
SwiftCompile normal arm64 Compiling\ DolphinFreedomActivity.swift /Users/admin/builder/spi-builder-workspace/Sources/DolphinFreedomActivity.swift (in target 'Freedom' from project 'Freedom')
SwiftCompile normal arm64 /Users/admin/builder/spi-builder-workspace/Sources/DolphinFreedomActivity.swift (in target 'Freedom' from project 'Freedom')
cd /Users/admin/builder/spi-builder-workspace/.swiftpm/xcode
builtin-SwiftPerFileCompile DolphinFreedomActivity.swift
/Users/admin/builder/spi-builder-workspace/Sources/DolphinFreedomActivity.swift:99:34: error: 'openURL' is unavailable in visionOS
97 | }
98 | } else {
99 | UIApplication.shared.openURL(url)
| `- error: 'openURL' is unavailable in visionOS
100 | Freedom.printDebugMessage("The user successfully opened the url, \(activityURL.absoluteString), in the Dolphin Browser.")
101 | activityDidFinish(true)
/Applications/Xcode-27.0.0-Release.Candidate.app/Contents/Developer/Platforms/XROS.platform/Developer/SDKs/XROS27.0.sdk/System/Library/Frameworks/UIKit.framework/Headers/UIApplication.h:97:1: note: 'openURL' has been explicitly marked unavailable here
95 | @property(nonatomic,getter=isIdleTimerDisabled) BOOL idleTimerDisabled; // default is NO
96 |
97 | - (BOOL)openURL:(NSURL*)url API_DEPRECATED_WITH_REPLACEMENT("openURL:options:completionHandler:", ios(2.0, 10.0)) API_UNAVAILABLE(visionos, watchos);
| `- note: 'openURL' has been explicitly marked unavailable here
98 | - (BOOL)canOpenURL:(NSURL *)url API_DEPRECATED("Prefer attempting to open URLs and handling any failures", ios(3.0, 27.0), visionos(1.0, 27.0), tvos(9.0, 27.0)) API_UNAVAILABLE(watchos) NS_SWIFT_NONISOLATED;
99 |
/Users/admin/builder/spi-builder-workspace/Sources/DolphinFreedomActivity.swift:99:34: warning: result of call to 'openURL' is unused [#NoUsage]
97 | }
98 | } else {
99 | UIApplication.shared.openURL(url)
| `- warning: result of call to 'openURL' is unused [#NoUsage]
100 | Freedom.printDebugMessage("The user successfully opened the url, \(activityURL.absoluteString), in the Dolphin Browser.")
101 | activityDidFinish(true)
[#NoUsage]: <https://docs.swift.org/compiler/documentation/diagnostics/no-usage>
Failed frontend command:
/Applications/Xcode-27.0.0-Release.Candidate.app/Contents/Developer/Toolchains/XcodeDefault.xctoolchain/usr/bin/swift-frontend -frontend -c /Users/admin/builder/spi-builder-workspace/Sources/BraveFreedomActivity.swift /Users/admin/builder/spi-builder-workspace/Sources/ChromeFreedomActivity.swift -primary-file /Users/admin/builder/spi-builder-workspace/Sources/DolphinFreedomActivity.swift /Users/admin/builder/spi-builder-workspace/Sources/FirefoxFocusFreedomActivity.swift /Users/admin/builder/spi-builder-workspace/Sources/FirefoxFreedomActivity.swift /Users/admin/builder/spi-builder-workspace/Sources/Freedom.swift /Users/admin/builder/spi-builder-workspace/Sources/FreedomActivating.swift /Users/admin/builder/spi-builder-workspace/Sources/FreedomURLComponentsExtension.swift /Users/admin/builder/spi-builder-workspace/Sources/FreedomURLExtension.swift /Users/admin/builder/spi-builder-workspace/Sources/SafariFreedomActivity.swift -emit-dependencies-path /Users/admin/builder/spi-builder-workspace/.derivedData/Build/Intermediates.noindex/Freedom.build/Debug-xros/Freedom-t.build/Objects-normal/arm64/DolphinFreedomActivity.d -emit-const-values-path /Users/admin/builder/spi-builder-workspace/.derivedData/Build/Intermediates.noindex/Freedom.build/Debug-xros/Freedom-t.build/Objects-normal/arm64/DolphinFreedomActivity.swiftconstvalues -emit-reference-dependencies-path /Users/admin/builder/spi-builder-workspace/.derivedData/Build/Intermediates.noindex/Freedom.build/Debug-xros/Freedom-t.build/Objects-normal/arm64/DolphinFreedomActivity.swiftdeps -serialize-diagnostics-path /Users/admin/builder/spi-builder-workspace/.derivedData/Build/Intermediates.noindex/Freedom.build/Debug-xros/Freedom-t.build/Objects-normal/arm64/DolphinFreedomActivity.dia -target arm64-apple-xros1.0 -disable-cross-import-overlay-search -load-resolved-plugin /Applications/Xcode-27.0.0-Release.Candidate.app/Contents/Developer/Platforms/XROS.platform/Developer/usr/lib/swift/host/plugins/libFoundationMacros.dylib\#/Applications/Xcode-27.0.0-Release.Candidate.app/Contents/Developer/Platforms/XROS.platform/Developer/usr/bin/swift-plugin-server\#FoundationMacros -load-resolved-plugin /Applications/Xcode-27.0.0-Release.Candidate.app/Contents/Developer/Platforms/XROS.platform/Developer/usr/lib/swift/host/plugins/libObservationMacros.dylib\#/Applications/Xcode-27.0.0-Release.Candidate.app/Contents/Developer/Platforms/XROS.platform/Developer/usr/bin/swift-plugin-server\#ObservationMacros -load-resolved-plugin /Applications/Xcode-27.0.0-Release.Candidate.app/Contents/Developer/Platforms/XROS.platform/Developer/usr/lib/swift/host/plugins/libPreviewsMacros.dylib\#/Applications/Xcode-27.0.0-Release.Candidate.app/Contents/Developer/Platforms/XROS.platform/Developer/usr/bin/swift-plugin-server\#PreviewsMacros -load-resolved-plugin /Applications/Xcode-27.0.0-Release.Candidate.app/Contents/Developer/Platforms/XROS.platform/Developer/usr/lib/swift/host/plugins/libSwiftMacros.dylib\#/Applications/Xcode-27.0.0-Release.Candidate.app/Contents/Developer/Platforms/XROS.platform/Developer/usr/bin/swift-plugin-server\#SwiftMacros -load-resolved-plugin /Applications/Xcode-27.0.0-Release.Candidate.app/Contents/Developer/Platforms/XROS.platform/Developer/usr/lib/swift/host/plugins/libSwiftUIMacros.dylib\#/Applications/Xcode-27.0.0-Release.Candidate.app/Contents/Developer/Platforms/XROS.platform/Developer/usr/bin/swift-plugin-server\#SwiftUIMacros -disable-implicit-swift-modules -Xcc -fno-implicit-modules -Xcc -fno-implicit-module-maps -explicit-swift-module-map-file /Users/admin/builder/spi-builder-workspace/.derivedData/Build/Intermediates.noindex/Freedom.build/Debug-xros/Freedom-t.build/Objects-normal/arm64/Freedom-dependencies-1.json -Xllvm -aarch64-use-tbi -enable-objc-interop -stack-check -sdk /Applications/Xcode-27.0.0-Release.Candidate.app/Contents/Developer/Platforms/XROS.platform/Developer/SDKs/XROS27.0.sdk -I /Users/admin/builder/spi-builder-workspace/.derivedData/Build/Products/Debug-xros -Isystem /Applications/Xcode-27.0.0-Release.Candidate.app/Contents/Developer/Platforms/XROS.platform/Developer/usr/lib -F /Users/admin/builder/spi-builder-workspace/.derivedData/Build/Products/Debug-xros -F /Applications/Xcode-27.0.0-Release.Candidate.app/Contents/Developer/Platforms/XROS.platform/Developer/Library/Frameworks -F /Applications/Xcode-27.0.0-Release.Candidate.app/Contents/Developer/Platforms/XROS.platform/Developer/SDKs/XROS27.0.sdk/Developer/Library/Frameworks -module-cache-path /Users/admin/builder/spi-builder-workspace/.derivedData/Build/Intermediates.noindex/SwiftExplicitPrecompiledModules -no-color-diagnostics -Xcc -fno-color-diagnostics -enable-testing -g -debug-info-format\=dwarf -dwarf-version\=4 -swift-version 5 -Onone -D SWIFT_PACKAGE -D DEBUG -D SWIFT_MODULE_RESOURCE_BUNDLE_UNAVAILABLE -D Xcode -serialize-debugging-options -enable-experimental-feature DebugDescriptionMacro -empty-abi-descriptor -validate-clang-modules-once -clang-build-session-file /Users/admin/builder/spi-builder-workspace/.derivedData/ModuleCache.noindex/Session.modulevalidation -Xcc -working-directory -Xcc /Users/admin/builder/spi-builder-workspace/.swiftpm/xcode -enable-anonymous-context-mangled-names -file-compilation-dir /Users/admin/builder/spi-builder-workspace/.swiftpm/xcode -Xcc -D_LIBCPP_HARDENING_MODE\=_LIBCPP_HARDENING_MODE_DEBUG -Xcc -ivfsstatcache -Xcc /Users/admin/builder/spi-builder-workspace/.derivedData/SDKStatCaches.noindex/xros27.0-24M361-e829b21a6f8c9b70876ba0858053c044735bd543db762f57723cac368afd1ce4.sdkstatcache -Xcc -fmodules-prune-interval\=86400 -Xcc -fmodules-prune-after\=345600 -Xcc -I/Users/admin/builder/spi-builder-workspace/.derivedData/Build/Products/Debug-xros/include -Xcc -I/Users/admin/builder/spi-builder-workspace/.derivedData/Build/Intermediates.noindex/Freedom.build/Debug-xros/Freedom-t.build/DerivedSources-normal/arm64 -Xcc -I/Users/admin/builder/spi-builder-workspace/.derivedData/Build/Intermediates.noindex/Freedom.build/Debug-xros/Freedom-t.build/DerivedSources/arm64 -Xcc -I/Users/admin/builder/spi-builder-workspace/.derivedData/Build/Intermediates.noindex/Freedom.build/Debug-xros/Freedom-t.build/DerivedSources -Xcc -DSWIFT_PACKAGE -Xcc -DDEBUG\=1 -no-auto-bridging-header-chaining -module-name Freedom -const-gather-protocols-file /Users/admin/builder/spi-builder-workspace/.derivedData/Build/Intermediates.noindex/Freedom.build/Debug-xros/Freedom-t.build/Objects-normal/arm64/Freedom_const_extract_protocols.json -disable-clang-spi -clang-target arm64-apple-xros27.0 -target-sdk-version 27.0 -target-sdk-name xros27.0 -in-process-plugin-server-path /Applications/Xcode-27.0.0-Release.Candidate.app/Contents/Developer/Toolchains/XcodeDefault.xctoolchain/usr/lib/swift/host/libSwiftInProcPluginServer.dylib -parse-as-library -o /Users/admin/builder/spi-builder-workspace/.derivedData/Build/Intermediates.noindex/Freedom.build/Debug-xros/Freedom-t.build/Objects-normal/arm64/DolphinFreedomActivity.o -debug-module-path /Users/admin/builder/spi-builder-workspace/.derivedData/Build/Intermediates.noindex/Freedom.build/Debug-xros/Freedom-t.build/Objects-normal/arm64/Freedom.swiftmodule -index-unit-output-path /Freedom.build/Debug-xros/Freedom-t.build/Objects-normal/arm64/DolphinFreedomActivity.o -index-store-path /Users/admin/builder/spi-builder-workspace/.derivedData/Index.noindex/DataStore -index-system-modules
SwiftCompile normal arm64 Compiling\ BraveFreedomActivity.swift /Users/admin/builder/spi-builder-workspace/Sources/BraveFreedomActivity.swift (in target 'Freedom' from project 'Freedom')
SwiftCompile normal arm64 /Users/admin/builder/spi-builder-workspace/Sources/BraveFreedomActivity.swift (in target 'Freedom' from project 'Freedom')
cd /Users/admin/builder/spi-builder-workspace/.swiftpm/xcode
builtin-SwiftPerFileCompile BraveFreedomActivity.swift
/Users/admin/builder/spi-builder-workspace/Sources/BraveFreedomActivity.swift:98:34: error: 'openURL' is unavailable in visionOS
96 | }
97 | } else {
98 | UIApplication.shared.openURL(url)
| `- error: 'openURL' is unavailable in visionOS
99 | Freedom.printDebugMessage("The user successfully opened the url, \(activityURL.absoluteString), in the Brave Browser.")
100 | activityDidFinish(true)
/Applications/Xcode-27.0.0-Release.Candidate.app/Contents/Developer/Platforms/XROS.platform/Developer/SDKs/XROS27.0.sdk/System/Library/Frameworks/UIKit.framework/Headers/UIApplication.h:97:1: note: 'openURL' has been explicitly marked unavailable here
95 | @property(nonatomic,getter=isIdleTimerDisabled) BOOL idleTimerDisabled; // default is NO
96 |
97 | - (BOOL)openURL:(NSURL*)url API_DEPRECATED_WITH_REPLACEMENT("openURL:options:completionHandler:", ios(2.0, 10.0)) API_UNAVAILABLE(visionos, watchos);
| `- note: 'openURL' has been explicitly marked unavailable here
98 | - (BOOL)canOpenURL:(NSURL *)url API_DEPRECATED("Prefer attempting to open URLs and handling any failures", ios(3.0, 27.0), visionos(1.0, 27.0), tvos(9.0, 27.0)) API_UNAVAILABLE(watchos) NS_SWIFT_NONISOLATED;
99 |
/Users/admin/builder/spi-builder-workspace/Sources/BraveFreedomActivity.swift:98:34: warning: result of call to 'openURL' is unused [#NoUsage]
96 | }
97 | } else {
98 | UIApplication.shared.openURL(url)
| `- warning: result of call to 'openURL' is unused [#NoUsage]
99 | Freedom.printDebugMessage("The user successfully opened the url, \(activityURL.absoluteString), in the Brave Browser.")
100 | activityDidFinish(true)
[#NoUsage]: <https://docs.swift.org/compiler/documentation/diagnostics/no-usage>
Failed frontend command:
/Applications/Xcode-27.0.0-Release.Candidate.app/Contents/Developer/Toolchains/XcodeDefault.xctoolchain/usr/bin/swift-frontend -frontend -c -primary-file /Users/admin/builder/spi-builder-workspace/Sources/BraveFreedomActivity.swift /Users/admin/builder/spi-builder-workspace/Sources/ChromeFreedomActivity.swift /Users/admin/builder/spi-builder-workspace/Sources/DolphinFreedomActivity.swift /Users/admin/builder/spi-builder-workspace/Sources/FirefoxFocusFreedomActivity.swift /Users/admin/builder/spi-builder-workspace/Sources/FirefoxFreedomActivity.swift /Users/admin/builder/spi-builder-workspace/Sources/Freedom.swift /Users/admin/builder/spi-builder-workspace/Sources/FreedomActivating.swift /Users/admin/builder/spi-builder-workspace/Sources/FreedomURLComponentsExtension.swift /Users/admin/builder/spi-builder-workspace/Sources/FreedomURLExtension.swift /Users/admin/builder/spi-builder-workspace/Sources/SafariFreedomActivity.swift -emit-dependencies-path /Users/admin/builder/spi-builder-workspace/.derivedData/Build/Intermediates.noindex/Freedom.build/Debug-xros/Freedom-t.build/Objects-normal/arm64/BraveFreedomActivity.d -emit-const-values-path /Users/admin/builder/spi-builder-workspace/.derivedData/Build/Intermediates.noindex/Freedom.build/Debug-xros/Freedom-t.build/Objects-normal/arm64/BraveFreedomActivity.swiftconstvalues -emit-reference-dependencies-path /Users/admin/builder/spi-builder-workspace/.derivedData/Build/Intermediates.noindex/Freedom.build/Debug-xros/Freedom-t.build/Objects-normal/arm64/BraveFreedomActivity.swiftdeps -serialize-diagnostics-path /Users/admin/builder/spi-builder-workspace/.derivedData/Build/Intermediates.noindex/Freedom.build/Debug-xros/Freedom-t.build/Objects-normal/arm64/BraveFreedomActivity.dia -target arm64-apple-xros1.0 -disable-cross-import-overlay-search -load-resolved-plugin /Applications/Xcode-27.0.0-Release.Candidate.app/Contents/Developer/Platforms/XROS.platform/Developer/usr/lib/swift/host/plugins/libFoundationMacros.dylib\#/Applications/Xcode-27.0.0-Release.Candidate.app/Contents/Developer/Platforms/XROS.platform/Developer/usr/bin/swift-plugin-server\#FoundationMacros -load-resolved-plugin /Applications/Xcode-27.0.0-Release.Candidate.app/Contents/Developer/Platforms/XROS.platform/Developer/usr/lib/swift/host/plugins/libObservationMacros.dylib\#/Applications/Xcode-27.0.0-Release.Candidate.app/Contents/Developer/Platforms/XROS.platform/Developer/usr/bin/swift-plugin-server\#ObservationMacros -load-resolved-plugin /Applications/Xcode-27.0.0-Release.Candidate.app/Contents/Developer/Platforms/XROS.platform/Developer/usr/lib/swift/host/plugins/libPreviewsMacros.dylib\#/Applications/Xcode-27.0.0-Release.Candidate.app/Contents/Developer/Platforms/XROS.platform/Developer/usr/bin/swift-plugin-server\#PreviewsMacros -load-resolved-plugin /Applications/Xcode-27.0.0-Release.Candidate.app/Contents/Developer/Platforms/XROS.platform/Developer/usr/lib/swift/host/plugins/libSwiftMacros.dylib\#/Applications/Xcode-27.0.0-Release.Candidate.app/Contents/Developer/Platforms/XROS.platform/Developer/usr/bin/swift-plugin-server\#SwiftMacros -load-resolved-plugin /Applications/Xcode-27.0.0-Release.Candidate.app/Contents/Developer/Platforms/XROS.platform/Developer/usr/lib/swift/host/plugins/libSwiftUIMacros.dylib\#/Applications/Xcode-27.0.0-Release.Candidate.app/Contents/Developer/Platforms/XROS.platform/Developer/usr/bin/swift-plugin-server\#SwiftUIMacros -disable-implicit-swift-modules -Xcc -fno-implicit-modules -Xcc -fno-implicit-module-maps -explicit-swift-module-map-file /Users/admin/builder/spi-builder-workspace/.derivedData/Build/Intermediates.noindex/Freedom.build/Debug-xros/Freedom-t.build/Objects-normal/arm64/Freedom-dependencies-1.json -Xllvm -aarch64-use-tbi -enable-objc-interop -stack-check -sdk /Applications/Xcode-27.0.0-Release.Candidate.app/Contents/Developer/Platforms/XROS.platform/Developer/SDKs/XROS27.0.sdk -I /Users/admin/builder/spi-builder-workspace/.derivedData/Build/Products/Debug-xros -Isystem /Applications/Xcode-27.0.0-Release.Candidate.app/Contents/Developer/Platforms/XROS.platform/Developer/usr/lib -F /Users/admin/builder/spi-builder-workspace/.derivedData/Build/Products/Debug-xros -F /Applications/Xcode-27.0.0-Release.Candidate.app/Contents/Developer/Platforms/XROS.platform/Developer/Library/Frameworks -F /Applications/Xcode-27.0.0-Release.Candidate.app/Contents/Developer/Platforms/XROS.platform/Developer/SDKs/XROS27.0.sdk/Developer/Library/Frameworks -module-cache-path /Users/admin/builder/spi-builder-workspace/.derivedData/Build/Intermediates.noindex/SwiftExplicitPrecompiledModules -no-color-diagnostics -Xcc -fno-color-diagnostics -enable-testing -g -debug-info-format\=dwarf -dwarf-version\=4 -swift-version 5 -Onone -D SWIFT_PACKAGE -D DEBUG -D SWIFT_MODULE_RESOURCE_BUNDLE_UNAVAILABLE -D Xcode -serialize-debugging-options -enable-experimental-feature DebugDescriptionMacro -empty-abi-descriptor -validate-clang-modules-once -clang-build-session-file /Users/admin/builder/spi-builder-workspace/.derivedData/ModuleCache.noindex/Session.modulevalidation -Xcc -working-directory -Xcc /Users/admin/builder/spi-builder-workspace/.swiftpm/xcode -enable-anonymous-context-mangled-names -file-compilation-dir /Users/admin/builder/spi-builder-workspace/.swiftpm/xcode -Xcc -D_LIBCPP_HARDENING_MODE\=_LIBCPP_HARDENING_MODE_DEBUG -Xcc -ivfsstatcache -Xcc /Users/admin/builder/spi-builder-workspace/.derivedData/SDKStatCaches.noindex/xros27.0-24M361-e829b21a6f8c9b70876ba0858053c044735bd543db762f57723cac368afd1ce4.sdkstatcache -Xcc -fmodules-prune-interval\=86400 -Xcc -fmodules-prune-after\=345600 -Xcc -I/Users/admin/builder/spi-builder-workspace/.derivedData/Build/Products/Debug-xros/include -Xcc -I/Users/admin/builder/spi-builder-workspace/.derivedData/Build/Intermediates.noindex/Freedom.build/Debug-xros/Freedom-t.build/DerivedSources-normal/arm64 -Xcc -I/Users/admin/builder/spi-builder-workspace/.derivedData/Build/Intermediates.noindex/Freedom.build/Debug-xros/Freedom-t.build/DerivedSources/arm64 -Xcc -I/Users/admin/builder/spi-builder-workspace/.derivedData/Build/Intermediates.noindex/Freedom.build/Debug-xros/Freedom-t.build/DerivedSources -Xcc -DSWIFT_PACKAGE -Xcc -DDEBUG\=1 -no-auto-bridging-header-chaining -module-name Freedom -const-gather-protocols-file /Users/admin/builder/spi-builder-workspace/.derivedData/Build/Intermediates.noindex/Freedom.build/Debug-xros/Freedom-t.build/Objects-normal/arm64/Freedom_const_extract_protocols.json -disable-clang-spi -clang-target arm64-apple-xros27.0 -target-sdk-version 27.0 -target-sdk-name xros27.0 -in-process-plugin-server-path /Applications/Xcode-27.0.0-Release.Candidate.app/Contents/Developer/Toolchains/XcodeDefault.xctoolchain/usr/lib/swift/host/libSwiftInProcPluginServer.dylib -parse-as-library -o /Users/admin/builder/spi-builder-workspace/.derivedData/Build/Intermediates.noindex/Freedom.build/Debug-xros/Freedom-t.build/Objects-normal/arm64/BraveFreedomActivity.o -debug-module-path /Users/admin/builder/spi-builder-workspace/.derivedData/Build/Intermediates.noindex/Freedom.build/Debug-xros/Freedom-t.build/Objects-normal/arm64/Freedom.swiftmodule -index-unit-output-path /Freedom.build/Debug-xros/Freedom-t.build/Objects-normal/arm64/BraveFreedomActivity.o -index-store-path /Users/admin/builder/spi-builder-workspace/.derivedData/Index.noindex/DataStore -index-system-modules
SwiftEmitModule normal arm64 Emitting\ module\ for\ Freedom (in target 'Freedom' from project 'Freedom')
SwiftCompile normal arm64 (in target 'Freedom' from project 'Freedom')
cd /Users/admin/builder/spi-builder-workspace/.swiftpm/xcode
SwiftCompile normal arm64 Compiling\ SafariFreedomActivity.swift /Users/admin/builder/spi-builder-workspace/Sources/SafariFreedomActivity.swift (in target 'Freedom' from project 'Freedom')
SwiftCompile normal arm64 /Users/admin/builder/spi-builder-workspace/Sources/SafariFreedomActivity.swift (in target 'Freedom' from project 'Freedom')
cd /Users/admin/builder/spi-builder-workspace/.swiftpm/xcode
builtin-SwiftPerFileCompile SafariFreedomActivity.swift
/Users/admin/builder/spi-builder-workspace/Sources/SafariFreedomActivity.swift:86:34: error: 'openURL' is unavailable in visionOS
84 | }
85 | } else {
86 | UIApplication.shared.openURL(activityURL)
| `- error: 'openURL' is unavailable in visionOS
87 | Freedom.printDebugMessage("The user successfully opened the url, \(activityURL.absoluteString), in the Safari Web Browser.")
88 | }
/Applications/Xcode-27.0.0-Release.Candidate.app/Contents/Developer/Platforms/XROS.platform/Developer/SDKs/XROS27.0.sdk/System/Library/Frameworks/UIKit.framework/Headers/UIApplication.h:97:1: note: 'openURL' has been explicitly marked unavailable here
95 | @property(nonatomic,getter=isIdleTimerDisabled) BOOL idleTimerDisabled; // default is NO
96 |
97 | - (BOOL)openURL:(NSURL*)url API_DEPRECATED_WITH_REPLACEMENT("openURL:options:completionHandler:", ios(2.0, 10.0)) API_UNAVAILABLE(visionos, watchos);
| `- note: 'openURL' has been explicitly marked unavailable here
98 | - (BOOL)canOpenURL:(NSURL *)url API_DEPRECATED("Prefer attempting to open URLs and handling any failures", ios(3.0, 27.0), visionos(1.0, 27.0), tvos(9.0, 27.0)) API_UNAVAILABLE(watchos) NS_SWIFT_NONISOLATED;
99 |
/Users/admin/builder/spi-builder-workspace/Sources/SafariFreedomActivity.swift:86:34: warning: result of call to 'openURL' is unused [#NoUsage]
84 | }
85 | } else {
86 | UIApplication.shared.openURL(activityURL)
| `- warning: result of call to 'openURL' is unused [#NoUsage]
87 | Freedom.printDebugMessage("The user successfully opened the url, \(activityURL.absoluteString), in the Safari Web Browser.")
88 | }
[#NoUsage]: <https://docs.swift.org/compiler/documentation/diagnostics/no-usage>
SwiftCompile normal arm64 Compiling\ FreedomActivating.swift /Users/admin/builder/spi-builder-workspace/Sources/FreedomActivating.swift (in target 'Freedom' from project 'Freedom')
SwiftCompile normal arm64 /Users/admin/builder/spi-builder-workspace/Sources/FreedomActivating.swift (in target 'Freedom' from project 'Freedom')
cd /Users/admin/builder/spi-builder-workspace/.swiftpm/xcode
builtin-SwiftPerFileCompile FreedomActivating.swift
SwiftCompile normal arm64 Compiling\ FirefoxFocusFreedomActivity.swift /Users/admin/builder/spi-builder-workspace/Sources/FirefoxFocusFreedomActivity.swift (in target 'Freedom' from project 'Freedom')
/Users/admin/builder/spi-builder-workspace/Sources/FirefoxFocusFreedomActivity.swift:98:34: error: 'openURL' is unavailable in visionOS
96 | }
97 | } else {
98 | UIApplication.shared.openURL(url)
| `- error: 'openURL' is unavailable in visionOS
99 | Freedom.printDebugMessage("The user successfully opened the url, \(activityURL.absoluteString), in the Firefox Focus Web Browser.")
100 | activityDidFinish(true)
/Applications/Xcode-27.0.0-Release.Candidate.app/Contents/Developer/Platforms/XROS.platform/Developer/SDKs/XROS27.0.sdk/System/Library/Frameworks/UIKit.framework/Headers/UIApplication.h:97:1: note: 'openURL' has been explicitly marked unavailable here
95 | @property(nonatomic,getter=isIdleTimerDisabled) BOOL idleTimerDisabled; // default is NO
96 |
97 | - (BOOL)openURL:(NSURL*)url API_DEPRECATED_WITH_REPLACEMENT("openURL:options:completionHandler:", ios(2.0, 10.0)) API_UNAVAILABLE(visionos, watchos);
| `- note: 'openURL' has been explicitly marked unavailable here
98 | - (BOOL)canOpenURL:(NSURL *)url API_DEPRECATED("Prefer attempting to open URLs and handling any failures", ios(3.0, 27.0), visionos(1.0, 27.0), tvos(9.0, 27.0)) API_UNAVAILABLE(watchos) NS_SWIFT_NONISOLATED;
99 |
/Users/admin/builder/spi-builder-workspace/Sources/FirefoxFocusFreedomActivity.swift:98:34: warning: result of call to 'openURL' is unused [#NoUsage]
96 | }
97 | } else {
98 | UIApplication.shared.openURL(url)
| `- warning: result of call to 'openURL' is unused [#NoUsage]
99 | Freedom.printDebugMessage("The user successfully opened the url, \(activityURL.absoluteString), in the Firefox Focus Web Browser.")
100 | activityDidFinish(true)
[#NoUsage]: <https://docs.swift.org/compiler/documentation/diagnostics/no-usage>
SwiftCompile normal arm64 /Users/admin/builder/spi-builder-workspace/Sources/FirefoxFocusFreedomActivity.swift (in target 'Freedom' from project 'Freedom')
cd /Users/admin/builder/spi-builder-workspace/.swiftpm/xcode
builtin-SwiftPerFileCompile FirefoxFocusFreedomActivity.swift
SwiftCompile normal arm64 Compiling\ FirefoxFreedomActivity.swift /Users/admin/builder/spi-builder-workspace/Sources/FirefoxFreedomActivity.swift (in target 'Freedom' from project 'Freedom')
/Users/admin/builder/spi-builder-workspace/Sources/FirefoxFreedomActivity.swift:98:34: error: 'openURL' is unavailable in visionOS
96 | }
97 | } else {
98 | UIApplication.shared.openURL(url)
| `- error: 'openURL' is unavailable in visionOS
99 | Freedom.printDebugMessage("The user successfully opened the url, \(activityURL.absoluteString), in the Firefox Web Browser.")
100 | activityDidFinish(true)
/Applications/Xcode-27.0.0-Release.Candidate.app/Contents/Developer/Platforms/XROS.platform/Developer/SDKs/XROS27.0.sdk/System/Library/Frameworks/UIKit.framework/Headers/UIApplication.h:97:1: note: 'openURL' has been explicitly marked unavailable here
95 | @property(nonatomic,getter=isIdleTimerDisabled) BOOL idleTimerDisabled; // default is NO
96 |
97 | - (BOOL)openURL:(NSURL*)url API_DEPRECATED_WITH_REPLACEMENT("openURL:options:completionHandler:", ios(2.0, 10.0)) API_UNAVAILABLE(visionos, watchos);
| `- note: 'openURL' has been explicitly marked unavailable here
98 | - (BOOL)canOpenURL:(NSURL *)url API_DEPRECATED("Prefer attempting to open URLs and handling any failures", ios(3.0, 27.0), visionos(1.0, 27.0), tvos(9.0, 27.0)) API_UNAVAILABLE(watchos) NS_SWIFT_NONISOLATED;
99 |
/Users/admin/builder/spi-builder-workspace/Sources/FirefoxFreedomActivity.swift:98:34: warning: result of call to 'openURL' is unused [#NoUsage]
96 | }
97 | } else {
98 | UIApplication.shared.openURL(url)
| `- warning: result of call to 'openURL' is unused [#NoUsage]
99 | Freedom.printDebugMessage("The user successfully opened the url, \(activityURL.absoluteString), in the Firefox Web Browser.")
100 | activityDidFinish(true)
[#NoUsage]: <https://docs.swift.org/compiler/documentation/diagnostics/no-usage>
SwiftCompile normal arm64 /Users/admin/builder/spi-builder-workspace/Sources/FirefoxFreedomActivity.swift (in target 'Freedom' from project 'Freedom')
cd /Users/admin/builder/spi-builder-workspace/.swiftpm/xcode
builtin-SwiftPerFileCompile FirefoxFreedomActivity.swift
SwiftCompile normal arm64 Compiling\ Freedom.swift /Users/admin/builder/spi-builder-workspace/Sources/Freedom.swift (in target 'Freedom' from project 'Freedom')
SwiftCompile normal arm64 /Users/admin/builder/spi-builder-workspace/Sources/Freedom.swift (in target 'Freedom' from project 'Freedom')
cd /Users/admin/builder/spi-builder-workspace/.swiftpm/xcode
builtin-SwiftPerFileCompile Freedom.swift
SwiftDriverJobDiscovery normal arm64 Compiling FreedomActivating.swift (in target 'Freedom' from project 'Freedom')
SwiftDriverJobDiscovery normal arm64 Compiling Freedom.swift (in target 'Freedom' from project 'Freedom')
PruneExplicitPrecompiledModules /Users/admin/builder/spi-builder-workspace/.derivedData/SDKExplicitPrecompiledModules
PruneExplicitPrecompiledModules /Users/admin/builder/spi-builder-workspace/.derivedData/Build/Intermediates.noindex/ExplicitPrecompiledModules
PruneExplicitPrecompiledModules /Users/admin/builder/spi-builder-workspace/.derivedData/Build/Intermediates.noindex/SwiftExplicitPrecompiledModules
2026-09-15 22:09:55.965 xcodebuild[765:4753] [MT] IDERunDestination: Supported platforms for the buildables in the current scheme is empty.
** BUILD FAILED **
The following build commands failed:
SwiftCompile normal arm64 /Users/admin/builder/spi-builder-workspace/Sources/ChromeFreedomActivity.swift (in target 'Freedom' from project 'Freedom')
SwiftCompile normal arm64 Compiling\ ChromeFreedomActivity.swift /Users/admin/builder/spi-builder-workspace/Sources/ChromeFreedomActivity.swift (in target 'Freedom' from project 'Freedom')
SwiftCompile normal arm64 /Users/admin/builder/spi-builder-workspace/Sources/DolphinFreedomActivity.swift (in target 'Freedom' from project 'Freedom')
SwiftCompile normal arm64 Compiling\ DolphinFreedomActivity.swift /Users/admin/builder/spi-builder-workspace/Sources/DolphinFreedomActivity.swift (in target 'Freedom' from project 'Freedom')
SwiftCompile normal arm64 /Users/admin/builder/spi-builder-workspace/Sources/BraveFreedomActivity.swift (in target 'Freedom' from project 'Freedom')
SwiftCompile normal arm64 Compiling\ BraveFreedomActivity.swift /Users/admin/builder/spi-builder-workspace/Sources/BraveFreedomActivity.swift (in target 'Freedom' from project 'Freedom')
Building workspace Freedom with scheme Freedom
(7 failures)
BUILD FAILURE 6.4 visionOS