Build Information
Failed to build DevelopmentKit, reference Dev (12a754), with Swift 6.1 for watchOS using Xcode 16.3 on 10 Oct 2026 12:49:06 UTC.
Build Command
env DEVELOPER_DIR=/Applications/Xcode-16.3.0.app xcrun xcodebuild -IDEClonedSourcePackagesDirPathOverride=$PWD/.dependencies -skipMacroValidation -skipPackagePluginValidation -derivedDataPath $PWD/.derivedData build -scheme DevelopmentKit -destination generic/platform=watchOSBuild Log
========================================
RunAll
========================================
Builder version: 5.1.1
Interrupt handler set up.
========================================
Checkout
========================================
Clone URL: https://github.com/milleyin/DevelopmentKit.git
Reference: Dev
Initialized empty Git repository in /Users/admin/builder/spi-builder-workspace/.git/
From https://github.com/milleyin/DevelopmentKit
* branch Dev -> FETCH_HEAD
* [new branch] Dev -> origin/Dev
HEAD is now at 12a7547 Merge pull request #41 from milleyin/0.0.11(2026068)SysInfo修改,规避审核风险
Cloned https://github.com/milleyin/DevelopmentKit.git
Revision (git rev-parse @):
12a754771c515c1ffa0003daa898aec7018a247e
SUCCESS checkout https://github.com/milleyin/DevelopmentKit.git at Dev
========================================
Build
========================================
Selected platform: watchOS
Swift version: 6.1
Building package at path: $PWD
https://github.com/milleyin/DevelopmentKit.git
https://github.com/milleyin/DevelopmentKit.git
{
"dependencies" : [
],
"manifest_display_name" : "DevelopmentKit",
"name" : "DevelopmentKit",
"path" : "/Users/admin/builder/spi-builder-workspace",
"platforms" : [
{
"name" : "ios",
"version" : "16.0"
},
{
"name" : "macos",
"version" : "13.0"
}
],
"products" : [
{
"name" : "DevelopmentKit",
"targets" : [
"DevelopmentKit"
],
"type" : {
"library" : [
"automatic"
]
}
}
],
"targets" : [
{
"c99name" : "DevelopmentKitTests",
"module_type" : "SwiftTarget",
"name" : "DevelopmentKitTests",
"path" : "Tests",
"sources" : [
"DevelopmentKitTests.swift"
],
"target_dependencies" : [
"DevelopmentKit"
],
"type" : "test"
},
{
"c99name" : "DevelopmentKit",
"module_type" : "SwiftTarget",
"name" : "DevelopmentKit",
"path" : "Sources/DevelopmentKit",
"product_memberships" : [
"DevelopmentKit"
],
"resources" : [
{
"path" : "/Users/admin/builder/spi-builder-workspace/Sources/DevelopmentKit/PrivacyInfo.xcprivacy",
"rule" : {
"process" : {
}
}
}
],
"sources" : [
"API/Error.swift",
"API/Network.swift",
"API/SysInfo.swift",
"API/Utilities.swift",
"DevelopmentKit.swift",
"Ext./Date.swift",
"Ext./Double.swift",
"Ext./String.swift",
"Ext./UIApplication.swift",
"Log/Log.swift",
"Log/LogLocalManager.swift",
"Models.swift",
"NavigationRouter.swift"
],
"type" : "library"
}
],
"tools_version" : "5.9"
}
Command line invocation:
/Applications/Xcode-16.3.0.app/Contents/Developer/usr/bin/xcodebuild -IDEClonedSourcePackagesDirPathOverride=/Users/admin/builder/spi-builder-workspace/.dependencies -resolvePackageDependencies
Resolve Package Graph
Resolve Package Graph
Resolved source packages:
DevelopmentKit: /Users/admin/builder/spi-builder-workspace
resolved source packages: DevelopmentKit
{
"dependencies" : [
],
"manifest_display_name" : "DevelopmentKit",
"name" : "DevelopmentKit",
"path" : "/Users/admin/builder/spi-builder-workspace",
"platforms" : [
{
"name" : "ios",
"version" : "16.0"
},
{
"name" : "macos",
"version" : "13.0"
}
],
"products" : [
{
"name" : "DevelopmentKit",
"targets" : [
"DevelopmentKit"
],
"type" : {
"library" : [
"automatic"
]
}
}
],
"targets" : [
{
"c99name" : "DevelopmentKitTests",
"module_type" : "SwiftTarget",
"name" : "DevelopmentKitTests",
"path" : "Tests",
"sources" : [
"DevelopmentKitTests.swift"
],
"target_dependencies" : [
"DevelopmentKit"
],
"type" : "test"
},
{
"c99name" : "DevelopmentKit",
"module_type" : "SwiftTarget",
"name" : "DevelopmentKit",
"path" : "Sources/DevelopmentKit",
"product_memberships" : [
"DevelopmentKit"
],
"resources" : [
{
"path" : "/Users/admin/builder/spi-builder-workspace/Sources/DevelopmentKit/PrivacyInfo.xcprivacy",
"rule" : {
"process" : {
}
}
}
],
"sources" : [
"API/Error.swift",
"API/Network.swift",
"API/SysInfo.swift",
"API/Utilities.swift",
"DevelopmentKit.swift",
"Ext./Date.swift",
"Ext./Double.swift",
"Ext./String.swift",
"Ext./UIApplication.swift",
"Log/Log.swift",
"Log/LogLocalManager.swift",
"Models.swift",
"NavigationRouter.swift"
],
"type" : "library"
}
],
"tools_version" : "5.9"
}
{
"workspace" : {
"name" : "spi-builder-workspace",
"schemes" : [
"DevelopmentKit"
]
}
}
Running build ...
env DEVELOPER_DIR=/Applications/Xcode-16.3.0.app xcrun xcodebuild -IDEClonedSourcePackagesDirPathOverride=$PWD/.dependencies -skipMacroValidation -skipPackagePluginValidation -derivedDataPath $PWD/.derivedData build -scheme DevelopmentKit -destination generic/platform=watchOS OTHER_SWIFT_FLAGS=-stats-output-dir .stats -strict-concurrency=complete -enable-upcoming-feature StrictConcurrency -enable-upcoming-feature DisableOutwardActorInference -enable-upcoming-feature GlobalActorIsolatedTypesUsability -enable-upcoming-feature InferSendableFromCaptures
Command line invocation:
/Applications/Xcode-16.3.0.app/Contents/Developer/usr/bin/xcodebuild -IDEClonedSourcePackagesDirPathOverride=/Users/admin/builder/spi-builder-workspace/.dependencies -skipMacroValidation -skipPackagePluginValidation -derivedDataPath /Users/admin/builder/spi-builder-workspace/.derivedData build -scheme DevelopmentKit -destination generic/platform=watchOS "OTHER_SWIFT_FLAGS=-stats-output-dir .stats -strict-concurrency=complete -enable-upcoming-feature StrictConcurrency -enable-upcoming-feature DisableOutwardActorInference -enable-upcoming-feature GlobalActorIsolatedTypesUsability -enable-upcoming-feature InferSendableFromCaptures"
Build settings from command line:
OTHER_SWIFT_FLAGS = -stats-output-dir .stats -strict-concurrency=complete -enable-upcoming-feature StrictConcurrency -enable-upcoming-feature DisableOutwardActorInference -enable-upcoming-feature GlobalActorIsolatedTypesUsability -enable-upcoming-feature InferSendableFromCaptures
Resolve Package Graph
Resolved source packages:
DevelopmentKit: /Users/admin/builder/spi-builder-workspace
ComputePackagePrebuildTargetDependencyGraph
Prepare packages
CreateBuildRequest
SendProjectDescription
CreateBuildOperation
ComputeTargetDependencyGraph
note: Building targets in dependency order
note: Target dependency graph (3 targets)
Target 'DevelopmentKit' in project 'DevelopmentKit'
➜ Explicit dependency on target 'DevelopmentKit' in project 'DevelopmentKit'
➜ Explicit dependency on target 'DevelopmentKit_DevelopmentKit' in project 'DevelopmentKit'
Target 'DevelopmentKit' in project 'DevelopmentKit'
➜ Explicit dependency on target 'DevelopmentKit_DevelopmentKit' in project 'DevelopmentKit'
Target 'DevelopmentKit_DevelopmentKit' in project 'DevelopmentKit' (no dependencies)
GatherProvisioningInputs
CreateBuildDescription
ExecuteExternalTool /Applications/Xcode-16.3.0.app/Contents/Developer/Toolchains/XcodeDefault.xctoolchain/usr/bin/clang -v -E -dM -isysroot /Applications/Xcode-16.3.0.app/Contents/Developer/Platforms/WatchOS.platform/Developer/SDKs/WatchOS11.4.sdk -x c -c /dev/null
ExecuteExternalTool /Applications/Xcode-16.3.0.app/Contents/Developer/Toolchains/XcodeDefault.xctoolchain/usr/bin/swiftc --version
ExecuteExternalTool /Applications/Xcode-16.3.0.app/Contents/Developer/Toolchains/XcodeDefault.xctoolchain/usr/bin/ld -version_details
Build description signature: 53c467229f37cbc430b0f31a41d3594e
Build description path: /Users/admin/builder/spi-builder-workspace/.derivedData/Build/Intermediates.noindex/XCBuildData/53c467229f37cbc430b0f31a41d3594e.xcbuilddata
CreateBuildDirectory /Users/admin/builder/spi-builder-workspace/.derivedData/Build/Intermediates.noindex
cd /Users/admin/builder/spi-builder-workspace/.swiftpm/xcode
builtin-create-build-directory /Users/admin/builder/spi-builder-workspace/.derivedData/Build/Intermediates.noindex
CreateBuildDirectory /Users/admin/builder/spi-builder-workspace/.derivedData/Build/Products
cd /Users/admin/builder/spi-builder-workspace/.swiftpm/xcode
builtin-create-build-directory /Users/admin/builder/spi-builder-workspace/.derivedData/Build/Products
ClangStatCache /Applications/Xcode-16.3.0.app/Contents/Developer/Toolchains/XcodeDefault.xctoolchain/usr/bin/clang-stat-cache /Applications/Xcode-16.3.0.app/Contents/Developer/Platforms/WatchOS.platform/Developer/SDKs/WatchOS11.4.sdk /Users/admin/builder/spi-builder-workspace/.derivedData/SDKStatCaches.noindex/watchos11.4-22T246-43efb940ff07ba2497b70ec94253f576.sdkstatcache
cd /Users/admin/builder/spi-builder-workspace/.swiftpm/xcode
/Applications/Xcode-16.3.0.app/Contents/Developer/Toolchains/XcodeDefault.xctoolchain/usr/bin/clang-stat-cache /Applications/Xcode-16.3.0.app/Contents/Developer/Platforms/WatchOS.platform/Developer/SDKs/WatchOS11.4.sdk -o /Users/admin/builder/spi-builder-workspace/.derivedData/SDKStatCaches.noindex/watchos11.4-22T246-43efb940ff07ba2497b70ec94253f576.sdkstatcache
CreateBuildDirectory /Users/admin/builder/spi-builder-workspace/.derivedData/Build/Products/Debug-watchos
cd /Users/admin/builder/spi-builder-workspace/.swiftpm/xcode
builtin-create-build-directory /Users/admin/builder/spi-builder-workspace/.derivedData/Build/Products/Debug-watchos
CreateBuildDirectory /Users/admin/builder/spi-builder-workspace/.derivedData/Build/Intermediates.noindex/EagerLinkingTBDs/Debug-watchos
cd /Users/admin/builder/spi-builder-workspace/.swiftpm/xcode
builtin-create-build-directory /Users/admin/builder/spi-builder-workspace/.derivedData/Build/Intermediates.noindex/EagerLinkingTBDs/Debug-watchos
CreateBuildDirectory /Users/admin/builder/spi-builder-workspace/.derivedData/Build/Products/Debug-watchos/PackageFrameworks
cd /Users/admin/builder/spi-builder-workspace/.swiftpm/xcode
builtin-create-build-directory /Users/admin/builder/spi-builder-workspace/.derivedData/Build/Products/Debug-watchos/PackageFrameworks
WriteAuxiliaryFile /Users/admin/builder/spi-builder-workspace/.derivedData/Build/Intermediates.noindex/DevelopmentKit.build/Debug-watchos/DevelopmentKit_DevelopmentKit.build/DevelopmentKit_DevelopmentKit.DependencyStaticMetadataFileList (in target 'DevelopmentKit_DevelopmentKit' from project 'DevelopmentKit')
cd /Users/admin/builder/spi-builder-workspace
write-file /Users/admin/builder/spi-builder-workspace/.derivedData/Build/Intermediates.noindex/DevelopmentKit.build/Debug-watchos/DevelopmentKit_DevelopmentKit.build/DevelopmentKit_DevelopmentKit.DependencyStaticMetadataFileList
WriteAuxiliaryFile /Users/admin/builder/spi-builder-workspace/.derivedData/Build/Intermediates.noindex/DevelopmentKit.build/Debug-watchos/DevelopmentKit.build/DevelopmentKit.modulemap (in target 'DevelopmentKit' from project 'DevelopmentKit')
cd /Users/admin/builder/spi-builder-workspace
write-file /Users/admin/builder/spi-builder-workspace/.derivedData/Build/Intermediates.noindex/DevelopmentKit.build/Debug-watchos/DevelopmentKit.build/DevelopmentKit.modulemap
WriteAuxiliaryFile /Users/admin/builder/spi-builder-workspace/.derivedData/Build/Intermediates.noindex/DevelopmentKit.build/Debug-watchos/DevelopmentKit_DevelopmentKit.build/empty-DevelopmentKit_DevelopmentKit.plist (in target 'DevelopmentKit_DevelopmentKit' from project 'DevelopmentKit')
cd /Users/admin/builder/spi-builder-workspace
write-file /Users/admin/builder/spi-builder-workspace/.derivedData/Build/Intermediates.noindex/DevelopmentKit.build/Debug-watchos/DevelopmentKit_DevelopmentKit.build/empty-DevelopmentKit_DevelopmentKit.plist
WriteAuxiliaryFile /Users/admin/builder/spi-builder-workspace/.derivedData/Build/Intermediates.noindex/DevelopmentKit.build/Debug-watchos/DevelopmentKit_DevelopmentKit.build/DevelopmentKit_DevelopmentKit.DependencyMetadataFileList (in target 'DevelopmentKit_DevelopmentKit' from project 'DevelopmentKit')
cd /Users/admin/builder/spi-builder-workspace
write-file /Users/admin/builder/spi-builder-workspace/.derivedData/Build/Intermediates.noindex/DevelopmentKit.build/Debug-watchos/DevelopmentKit_DevelopmentKit.build/DevelopmentKit_DevelopmentKit.DependencyMetadataFileList
WriteAuxiliaryFile /Users/admin/builder/spi-builder-workspace/.derivedData/Build/Intermediates.noindex/DevelopmentKit.build/Debug-watchos/DevelopmentKit.build/Objects-normal/arm64/DevelopmentKit-OutputFileMap.json (in target 'DevelopmentKit' from project 'DevelopmentKit')
cd /Users/admin/builder/spi-builder-workspace
write-file /Users/admin/builder/spi-builder-workspace/.derivedData/Build/Intermediates.noindex/DevelopmentKit.build/Debug-watchos/DevelopmentKit.build/Objects-normal/arm64/DevelopmentKit-OutputFileMap.json
WriteAuxiliaryFile /Users/admin/builder/spi-builder-workspace/.derivedData/Build/Intermediates.noindex/DevelopmentKit.build/Debug-watchos/DevelopmentKit.build/Objects-normal/arm64_32/DevelopmentKit_const_extract_protocols.json (in target 'DevelopmentKit' from project 'DevelopmentKit')
cd /Users/admin/builder/spi-builder-workspace
write-file /Users/admin/builder/spi-builder-workspace/.derivedData/Build/Intermediates.noindex/DevelopmentKit.build/Debug-watchos/DevelopmentKit.build/Objects-normal/arm64_32/DevelopmentKit_const_extract_protocols.json
WriteAuxiliaryFile /Users/admin/builder/spi-builder-workspace/.derivedData/Build/Intermediates.noindex/DevelopmentKit.build/Debug-watchos/DevelopmentKit.build/Objects-normal/arm64_32/DevelopmentKit.SwiftFileList (in target 'DevelopmentKit' from project 'DevelopmentKit')
cd /Users/admin/builder/spi-builder-workspace
write-file /Users/admin/builder/spi-builder-workspace/.derivedData/Build/Intermediates.noindex/DevelopmentKit.build/Debug-watchos/DevelopmentKit.build/Objects-normal/arm64_32/DevelopmentKit.SwiftFileList
WriteAuxiliaryFile /Users/admin/builder/spi-builder-workspace/.derivedData/Build/Intermediates.noindex/DevelopmentKit.build/Debug-watchos/DevelopmentKit.build/Objects-normal/arm64_32/DevelopmentKit-OutputFileMap.json (in target 'DevelopmentKit' from project 'DevelopmentKit')
cd /Users/admin/builder/spi-builder-workspace
write-file /Users/admin/builder/spi-builder-workspace/.derivedData/Build/Intermediates.noindex/DevelopmentKit.build/Debug-watchos/DevelopmentKit.build/Objects-normal/arm64_32/DevelopmentKit-OutputFileMap.json
WriteAuxiliaryFile /Users/admin/builder/spi-builder-workspace/.derivedData/Build/Intermediates.noindex/DevelopmentKit.build/Debug-watchos/DevelopmentKit.build/Objects-normal/arm64/DevelopmentKit_const_extract_protocols.json (in target 'DevelopmentKit' from project 'DevelopmentKit')
cd /Users/admin/builder/spi-builder-workspace
write-file /Users/admin/builder/spi-builder-workspace/.derivedData/Build/Intermediates.noindex/DevelopmentKit.build/Debug-watchos/DevelopmentKit.build/Objects-normal/arm64/DevelopmentKit_const_extract_protocols.json
WriteAuxiliaryFile /Users/admin/builder/spi-builder-workspace/.derivedData/Build/Intermediates.noindex/DevelopmentKit.build/Debug-watchos/DevelopmentKit.build/Objects-normal/arm64_32/DevelopmentKit.SwiftConstValuesFileList (in target 'DevelopmentKit' from project 'DevelopmentKit')
cd /Users/admin/builder/spi-builder-workspace
write-file /Users/admin/builder/spi-builder-workspace/.derivedData/Build/Intermediates.noindex/DevelopmentKit.build/Debug-watchos/DevelopmentKit.build/Objects-normal/arm64_32/DevelopmentKit.SwiftConstValuesFileList
WriteAuxiliaryFile /Users/admin/builder/spi-builder-workspace/.derivedData/Build/Intermediates.noindex/DevelopmentKit.build/Debug-watchos/DevelopmentKit.build/Objects-normal/arm64_32/DevelopmentKit.LinkFileList (in target 'DevelopmentKit' from project 'DevelopmentKit')
cd /Users/admin/builder/spi-builder-workspace
write-file /Users/admin/builder/spi-builder-workspace/.derivedData/Build/Intermediates.noindex/DevelopmentKit.build/Debug-watchos/DevelopmentKit.build/Objects-normal/arm64_32/DevelopmentKit.LinkFileList
WriteAuxiliaryFile /Users/admin/builder/spi-builder-workspace/.derivedData/Build/Intermediates.noindex/DevelopmentKit.build/Debug-watchos/DevelopmentKit.build/Objects-normal/arm64/DevelopmentKit.SwiftFileList (in target 'DevelopmentKit' from project 'DevelopmentKit')
cd /Users/admin/builder/spi-builder-workspace
write-file /Users/admin/builder/spi-builder-workspace/.derivedData/Build/Intermediates.noindex/DevelopmentKit.build/Debug-watchos/DevelopmentKit.build/Objects-normal/arm64/DevelopmentKit.SwiftFileList
WriteAuxiliaryFile /Users/admin/builder/spi-builder-workspace/.derivedData/Build/Intermediates.noindex/DevelopmentKit.build/Debug-watchos/DevelopmentKit.build/Objects-normal/arm64/DevelopmentKit.SwiftConstValuesFileList (in target 'DevelopmentKit' from project 'DevelopmentKit')
cd /Users/admin/builder/spi-builder-workspace
write-file /Users/admin/builder/spi-builder-workspace/.derivedData/Build/Intermediates.noindex/DevelopmentKit.build/Debug-watchos/DevelopmentKit.build/Objects-normal/arm64/DevelopmentKit.SwiftConstValuesFileList
WriteAuxiliaryFile /Users/admin/builder/spi-builder-workspace/.derivedData/Build/Intermediates.noindex/DevelopmentKit.build/Debug-watchos/DevelopmentKit.build/Objects-normal/arm64/DevelopmentKit.LinkFileList (in target 'DevelopmentKit' from project 'DevelopmentKit')
cd /Users/admin/builder/spi-builder-workspace
write-file /Users/admin/builder/spi-builder-workspace/.derivedData/Build/Intermediates.noindex/DevelopmentKit.build/Debug-watchos/DevelopmentKit.build/Objects-normal/arm64/DevelopmentKit.LinkFileList
WriteAuxiliaryFile /Users/admin/builder/spi-builder-workspace/.derivedData/Build/Intermediates.noindex/DevelopmentKit.build/Debug-watchos/DevelopmentKit.build/DevelopmentKit.DependencyStaticMetadataFileList (in target 'DevelopmentKit' from project 'DevelopmentKit')
cd /Users/admin/builder/spi-builder-workspace
write-file /Users/admin/builder/spi-builder-workspace/.derivedData/Build/Intermediates.noindex/DevelopmentKit.build/Debug-watchos/DevelopmentKit.build/DevelopmentKit.DependencyStaticMetadataFileList
WriteAuxiliaryFile /Users/admin/builder/spi-builder-workspace/.derivedData/Build/Intermediates.noindex/DevelopmentKit.build/Debug-watchos/DevelopmentKit.build/DevelopmentKit.DependencyMetadataFileList (in target 'DevelopmentKit' from project 'DevelopmentKit')
cd /Users/admin/builder/spi-builder-workspace
write-file /Users/admin/builder/spi-builder-workspace/.derivedData/Build/Intermediates.noindex/DevelopmentKit.build/Debug-watchos/DevelopmentKit.build/DevelopmentKit.DependencyMetadataFileList
MkDir /Users/admin/builder/spi-builder-workspace/.derivedData/Build/Products/Debug-watchos/DevelopmentKit_DevelopmentKit.bundle (in target 'DevelopmentKit_DevelopmentKit' from project 'DevelopmentKit')
cd /Users/admin/builder/spi-builder-workspace
/bin/mkdir -p /Users/admin/builder/spi-builder-workspace/.derivedData/Build/Products/Debug-watchos/DevelopmentKit_DevelopmentKit.bundle
WriteAuxiliaryFile /Users/admin/builder/spi-builder-workspace/.derivedData/Build/Intermediates.noindex/DevelopmentKit.build/Debug-watchos/DevelopmentKit.build/DerivedSources/resource_bundle_accessor.swift (in target 'DevelopmentKit' from project 'DevelopmentKit')
cd /Users/admin/builder/spi-builder-workspace
write-file /Users/admin/builder/spi-builder-workspace/.derivedData/Build/Intermediates.noindex/DevelopmentKit.build/Debug-watchos/DevelopmentKit.build/DerivedSources/resource_bundle_accessor.swift
Copy /Users/admin/builder/spi-builder-workspace/.derivedData/Build/Intermediates.noindex/GeneratedModuleMaps-watchos/DevelopmentKit.modulemap /Users/admin/builder/spi-builder-workspace/.derivedData/Build/Intermediates.noindex/DevelopmentKit.build/Debug-watchos/DevelopmentKit.build/DevelopmentKit.modulemap (in target 'DevelopmentKit' from project 'DevelopmentKit')
cd /Users/admin/builder/spi-builder-workspace
builtin-copy -exclude .DS_Store -exclude CVS -exclude .svn -exclude .git -exclude .hg -resolve-src-symlinks /Users/admin/builder/spi-builder-workspace/.derivedData/Build/Intermediates.noindex/DevelopmentKit.build/Debug-watchos/DevelopmentKit.build/DevelopmentKit.modulemap /Users/admin/builder/spi-builder-workspace/.derivedData/Build/Intermediates.noindex/GeneratedModuleMaps-watchos
CpResource /Users/admin/builder/spi-builder-workspace/.derivedData/Build/Products/Debug-watchos/DevelopmentKit_DevelopmentKit.bundle/PrivacyInfo.xcprivacy /Users/admin/builder/spi-builder-workspace/Sources/DevelopmentKit/PrivacyInfo.xcprivacy (in target 'DevelopmentKit_DevelopmentKit' from project 'DevelopmentKit')
cd /Users/admin/builder/spi-builder-workspace
builtin-copy -exclude .DS_Store -exclude CVS -exclude .svn -exclude .git -exclude .hg -resolve-src-symlinks /Users/admin/builder/spi-builder-workspace/Sources/DevelopmentKit/PrivacyInfo.xcprivacy /Users/admin/builder/spi-builder-workspace/.derivedData/Build/Products/Debug-watchos/DevelopmentKit_DevelopmentKit.bundle
ProcessInfoPlistFile /Users/admin/builder/spi-builder-workspace/.derivedData/Build/Products/Debug-watchos/DevelopmentKit_DevelopmentKit.bundle/Info.plist /Users/admin/builder/spi-builder-workspace/.derivedData/Build/Intermediates.noindex/DevelopmentKit.build/Debug-watchos/DevelopmentKit_DevelopmentKit.build/empty-DevelopmentKit_DevelopmentKit.plist (in target 'DevelopmentKit_DevelopmentKit' from project 'DevelopmentKit')
cd /Users/admin/builder/spi-builder-workspace
builtin-infoPlistUtility /Users/admin/builder/spi-builder-workspace/.derivedData/Build/Intermediates.noindex/DevelopmentKit.build/Debug-watchos/DevelopmentKit_DevelopmentKit.build/empty-DevelopmentKit_DevelopmentKit.plist -producttype com.apple.product-type.bundle -expandbuildsettings -format binary -platform watchos -o /Users/admin/builder/spi-builder-workspace/.derivedData/Build/Products/Debug-watchos/DevelopmentKit_DevelopmentKit.bundle/Info.plist
RegisterExecutionPolicyException /Users/admin/builder/spi-builder-workspace/.derivedData/Build/Products/Debug-watchos/DevelopmentKit_DevelopmentKit.bundle (in target 'DevelopmentKit_DevelopmentKit' from project 'DevelopmentKit')
cd /Users/admin/builder/spi-builder-workspace
builtin-RegisterExecutionPolicyException /Users/admin/builder/spi-builder-workspace/.derivedData/Build/Products/Debug-watchos/DevelopmentKit_DevelopmentKit.bundle
Touch /Users/admin/builder/spi-builder-workspace/.derivedData/Build/Products/Debug-watchos/DevelopmentKit_DevelopmentKit.bundle (in target 'DevelopmentKit_DevelopmentKit' from project 'DevelopmentKit')
cd /Users/admin/builder/spi-builder-workspace
/usr/bin/touch -c /Users/admin/builder/spi-builder-workspace/.derivedData/Build/Products/Debug-watchos/DevelopmentKit_DevelopmentKit.bundle
SwiftDriver DevelopmentKit normal arm64 com.apple.xcode.tools.swift.compiler (in target 'DevelopmentKit' from project 'DevelopmentKit')
cd /Users/admin/builder/spi-builder-workspace/.swiftpm/xcode
builtin-SwiftDriver -- /Applications/Xcode-16.3.0.app/Contents/Developer/Toolchains/XcodeDefault.xctoolchain/usr/bin/swiftc -module-name DevelopmentKit -Onone -enforce-exclusivity\=checked @/Users/admin/builder/spi-builder-workspace/.derivedData/Build/Intermediates.noindex/DevelopmentKit.build/Debug-watchos/DevelopmentKit.build/Objects-normal/arm64/DevelopmentKit.SwiftFileList -DSWIFT_PACKAGE -DDEBUG -stats-output-dir .stats -strict-concurrency\=complete -enable-upcoming-feature StrictConcurrency -enable-upcoming-feature DisableOutwardActorInference -enable-upcoming-feature GlobalActorIsolatedTypesUsability -enable-upcoming-feature InferSendableFromCaptures -plugin-path /Applications/Xcode-16.3.0.app/Contents/Developer/Toolchains/XcodeDefault.xctoolchain/usr/lib/swift/host/plugins/testing -enable-experimental-feature DebugDescriptionMacro -sdk /Applications/Xcode-16.3.0.app/Contents/Developer/Platforms/WatchOS.platform/Developer/SDKs/WatchOS11.4.sdk -target arm64-apple-watchos9.0 -g -module-cache-path /Users/admin/builder/spi-builder-workspace/.derivedData/ModuleCache.noindex -Xfrontend -serialize-debugging-options -profile-coverage-mapping -profile-generate -enable-testing -index-store-path /Users/admin/builder/spi-builder-workspace/.derivedData/Index.noindex/DataStore -swift-version 5 -I /Users/admin/builder/spi-builder-workspace/.derivedData/Build/Products/Debug-watchos -I /Applications/Xcode-16.3.0.app/Contents/Developer/Platforms/WatchOS.platform/Developer/usr/lib -F /Users/admin/builder/spi-builder-workspace/.derivedData/Build/Products/Debug-watchos -F /Applications/Xcode-16.3.0.app/Contents/Developer/Platforms/WatchOS.platform/Developer/Library/Frameworks -F /Applications/Xcode-16.3.0.app/Contents/Developer/Platforms/WatchOS.platform/Developer/SDKs/WatchOS11.4.sdk/Developer/Library/Frameworks -c -j10 -enable-batch-mode -incremental -Xcc -ivfsstatcache -Xcc /Users/admin/builder/spi-builder-workspace/.derivedData/SDKStatCaches.noindex/watchos11.4-22T246-43efb940ff07ba2497b70ec94253f576.sdkstatcache -output-file-map /Users/admin/builder/spi-builder-workspace/.derivedData/Build/Intermediates.noindex/DevelopmentKit.build/Debug-watchos/DevelopmentKit.build/Objects-normal/arm64/DevelopmentKit-OutputFileMap.json -use-frontend-parseable-output -save-temps -no-color-diagnostics -serialize-diagnostics -emit-dependencies -emit-module -emit-module-path /Users/admin/builder/spi-builder-workspace/.derivedData/Build/Intermediates.noindex/DevelopmentKit.build/Debug-watchos/DevelopmentKit.build/Objects-normal/arm64/DevelopmentKit.swiftmodule -validate-clang-modules-once -clang-build-session-file /Users/admin/builder/spi-builder-workspace/.derivedData/ModuleCache.noindex/Session.modulevalidation -package-name spi_builder_workspace -Xcc -I/Users/admin/builder/spi-builder-workspace/.derivedData/Build/Intermediates.noindex/DevelopmentKit.build/Debug-watchos/DevelopmentKit.build/swift-overrides.hmap -emit-const-values -Xfrontend -const-gather-protocols-file -Xfrontend /Users/admin/builder/spi-builder-workspace/.derivedData/Build/Intermediates.noindex/DevelopmentKit.build/Debug-watchos/DevelopmentKit.build/Objects-normal/arm64/DevelopmentKit_const_extract_protocols.json -Xcc -I/Users/admin/builder/spi-builder-workspace/.derivedData/Build/Products/Debug-watchos/include -Xcc -I/Users/admin/builder/spi-builder-workspace/.derivedData/Build/Intermediates.noindex/DevelopmentKit.build/Debug-watchos/DevelopmentKit.build/DerivedSources-normal/arm64 -Xcc -I/Users/admin/builder/spi-builder-workspace/.derivedData/Build/Intermediates.noindex/DevelopmentKit.build/Debug-watchos/DevelopmentKit.build/DerivedSources/arm64 -Xcc -I/Users/admin/builder/spi-builder-workspace/.derivedData/Build/Intermediates.noindex/DevelopmentKit.build/Debug-watchos/DevelopmentKit.build/DerivedSources -Xcc -DSWIFT_PACKAGE -Xcc -DDEBUG\=1 -emit-objc-header -emit-objc-header-path /Users/admin/builder/spi-builder-workspace/.derivedData/Build/Intermediates.noindex/DevelopmentKit.build/Debug-watchos/DevelopmentKit.build/Objects-normal/arm64/DevelopmentKit-Swift.h -working-directory /Users/admin/builder/spi-builder-workspace/.swiftpm/xcode -experimental-emit-module-separately -disable-cmo
SwiftDriver DevelopmentKit normal arm64_32 com.apple.xcode.tools.swift.compiler (in target 'DevelopmentKit' from project 'DevelopmentKit')
cd /Users/admin/builder/spi-builder-workspace/.swiftpm/xcode
builtin-SwiftDriver -- /Applications/Xcode-16.3.0.app/Contents/Developer/Toolchains/XcodeDefault.xctoolchain/usr/bin/swiftc -module-name DevelopmentKit -Onone -enforce-exclusivity\=checked @/Users/admin/builder/spi-builder-workspace/.derivedData/Build/Intermediates.noindex/DevelopmentKit.build/Debug-watchos/DevelopmentKit.build/Objects-normal/arm64_32/DevelopmentKit.SwiftFileList -DSWIFT_PACKAGE -DDEBUG -stats-output-dir .stats -strict-concurrency\=complete -enable-upcoming-feature StrictConcurrency -enable-upcoming-feature DisableOutwardActorInference -enable-upcoming-feature GlobalActorIsolatedTypesUsability -enable-upcoming-feature InferSendableFromCaptures -plugin-path /Applications/Xcode-16.3.0.app/Contents/Developer/Toolchains/XcodeDefault.xctoolchain/usr/lib/swift/host/plugins/testing -enable-experimental-feature DebugDescriptionMacro -sdk /Applications/Xcode-16.3.0.app/Contents/Developer/Platforms/WatchOS.platform/Developer/SDKs/WatchOS11.4.sdk -target arm64_32-apple-watchos9.0 -g -module-cache-path /Users/admin/builder/spi-builder-workspace/.derivedData/ModuleCache.noindex -Xfrontend -serialize-debugging-options -profile-coverage-mapping -profile-generate -enable-testing -index-store-path /Users/admin/builder/spi-builder-workspace/.derivedData/Index.noindex/DataStore -swift-version 5 -I /Users/admin/builder/spi-builder-workspace/.derivedData/Build/Products/Debug-watchos -I /Applications/Xcode-16.3.0.app/Contents/Developer/Platforms/WatchOS.platform/Developer/usr/lib -F /Users/admin/builder/spi-builder-workspace/.derivedData/Build/Products/Debug-watchos -F /Applications/Xcode-16.3.0.app/Contents/Developer/Platforms/WatchOS.platform/Developer/Library/Frameworks -F /Applications/Xcode-16.3.0.app/Contents/Developer/Platforms/WatchOS.platform/Developer/SDKs/WatchOS11.4.sdk/Developer/Library/Frameworks -c -j10 -enable-batch-mode -incremental -Xcc -ivfsstatcache -Xcc /Users/admin/builder/spi-builder-workspace/.derivedData/SDKStatCaches.noindex/watchos11.4-22T246-43efb940ff07ba2497b70ec94253f576.sdkstatcache -output-file-map /Users/admin/builder/spi-builder-workspace/.derivedData/Build/Intermediates.noindex/DevelopmentKit.build/Debug-watchos/DevelopmentKit.build/Objects-normal/arm64_32/DevelopmentKit-OutputFileMap.json -use-frontend-parseable-output -save-temps -no-color-diagnostics -serialize-diagnostics -emit-dependencies -emit-module -emit-module-path /Users/admin/builder/spi-builder-workspace/.derivedData/Build/Intermediates.noindex/DevelopmentKit.build/Debug-watchos/DevelopmentKit.build/Objects-normal/arm64_32/DevelopmentKit.swiftmodule -validate-clang-modules-once -clang-build-session-file /Users/admin/builder/spi-builder-workspace/.derivedData/ModuleCache.noindex/Session.modulevalidation -package-name spi_builder_workspace -Xcc -I/Users/admin/builder/spi-builder-workspace/.derivedData/Build/Intermediates.noindex/DevelopmentKit.build/Debug-watchos/DevelopmentKit.build/swift-overrides.hmap -emit-const-values -Xfrontend -const-gather-protocols-file -Xfrontend /Users/admin/builder/spi-builder-workspace/.derivedData/Build/Intermediates.noindex/DevelopmentKit.build/Debug-watchos/DevelopmentKit.build/Objects-normal/arm64_32/DevelopmentKit_const_extract_protocols.json -Xcc -I/Users/admin/builder/spi-builder-workspace/.derivedData/Build/Products/Debug-watchos/include -Xcc -I/Users/admin/builder/spi-builder-workspace/.derivedData/Build/Intermediates.noindex/DevelopmentKit.build/Debug-watchos/DevelopmentKit.build/DerivedSources-normal/arm64_32 -Xcc -I/Users/admin/builder/spi-builder-workspace/.derivedData/Build/Intermediates.noindex/DevelopmentKit.build/Debug-watchos/DevelopmentKit.build/DerivedSources/arm64_32 -Xcc -I/Users/admin/builder/spi-builder-workspace/.derivedData/Build/Intermediates.noindex/DevelopmentKit.build/Debug-watchos/DevelopmentKit.build/DerivedSources -Xcc -DSWIFT_PACKAGE -Xcc -DDEBUG\=1 -emit-objc-header -emit-objc-header-path /Users/admin/builder/spi-builder-workspace/.derivedData/Build/Intermediates.noindex/DevelopmentKit.build/Debug-watchos/DevelopmentKit.build/Objects-normal/arm64_32/DevelopmentKit-Swift.h -working-directory /Users/admin/builder/spi-builder-workspace/.swiftpm/xcode -experimental-emit-module-separately -disable-cmo
SwiftCompile normal arm64 Compiling\ UIApplication.swift /Users/admin/builder/spi-builder-workspace/Sources/DevelopmentKit/Ext./UIApplication.swift (in target 'DevelopmentKit' from project 'DevelopmentKit')
SwiftCompile normal arm64 /Users/admin/builder/spi-builder-workspace/Sources/DevelopmentKit/Ext./UIApplication.swift (in target 'DevelopmentKit' from project 'DevelopmentKit')
cd /Users/admin/builder/spi-builder-workspace/.swiftpm/xcode
SwiftEmitModule normal arm64_32 Emitting\ module\ for\ DevelopmentKit (in target 'DevelopmentKit' from project 'DevelopmentKit')
EmitSwiftModule normal arm64_32 (in target 'DevelopmentKit' from project 'DevelopmentKit')
cd /Users/admin/builder/spi-builder-workspace/.swiftpm/xcode
/Users/admin/builder/spi-builder-workspace/Sources/DevelopmentKit/Log/LogLocalManager.swift:64:24: error: cannot find 'directory' in scope
logDirectory = directory.appendingPathComponent("Logs").appendingPathComponent(bundleID)
^~~~~~~~~
SwiftEmitModule normal arm64 Emitting\ module\ for\ DevelopmentKit (in target 'DevelopmentKit' from project 'DevelopmentKit')
Failed frontend command:
/Applications/Xcode-16.3.0.app/Contents/Developer/Toolchains/XcodeDefault.xctoolchain/usr/bin/swift-frontend -frontend -emit-module -experimental-skip-non-inlinable-function-bodies-without-types /Users/admin/builder/spi-builder-workspace/.derivedData/Build/Intermediates.noindex/DevelopmentKit.build/Debug-watchos/DevelopmentKit.build/DerivedSources/resource_bundle_accessor.swift /Users/admin/builder/spi-builder-workspace/Sources/DevelopmentKit/API/Error.swift /Users/admin/builder/spi-builder-workspace/Sources/DevelopmentKit/API/Network.swift /Users/admin/builder/spi-builder-workspace/Sources/DevelopmentKit/API/SysInfo.swift /Users/admin/builder/spi-builder-workspace/Sources/DevelopmentKit/API/Utilities.swift /Users/admin/builder/spi-builder-workspace/Sources/DevelopmentKit/DevelopmentKit.swift /Users/admin/builder/spi-builder-workspace/Sources/DevelopmentKit/Ext./Date.swift /Users/admin/builder/spi-builder-workspace/Sources/DevelopmentKit/Ext./Double.swift /Users/admin/builder/spi-builder-workspace/Sources/DevelopmentKit/Ext./String.swift /Users/admin/builder/spi-builder-workspace/Sources/DevelopmentKit/Ext./UIApplication.swift /Users/admin/builder/spi-builder-workspace/Sources/DevelopmentKit/Log/Log.swift /Users/admin/builder/spi-builder-workspace/Sources/DevelopmentKit/Log/LogLocalManager.swift /Users/admin/builder/spi-builder-workspace/Sources/DevelopmentKit/Models.swift /Users/admin/builder/spi-builder-workspace/Sources/DevelopmentKit/NavigationRouter.swift -target arm64-apple-watchos9.0 -Xllvm -aarch64-use-tbi -enable-objc-interop -stack-check -sdk /Applications/Xcode-16.3.0.app/Contents/Developer/Platforms/WatchOS.platform/Developer/SDKs/WatchOS11.4.sdk -I /Users/admin/builder/spi-builder-workspace/.derivedData/Build/Products/Debug-watchos -I /Applications/Xcode-16.3.0.app/Contents/Developer/Platforms/WatchOS.platform/Developer/usr/lib -F /Users/admin/builder/spi-builder-workspace/.derivedData/Build/Products/Debug-watchos -F /Applications/Xcode-16.3.0.app/Contents/Developer/Platforms/WatchOS.platform/Developer/Library/Frameworks -F /Applications/Xcode-16.3.0.app/Contents/Developer/Platforms/WatchOS.platform/Developer/SDKs/WatchOS11.4.sdk/Developer/Library/Frameworks -no-color-diagnostics -enable-testing -g -debug-info-format\=dwarf -dwarf-version\=4 -module-cache-path /Users/admin/builder/spi-builder-workspace/.derivedData/ModuleCache.noindex -profile-generate -profile-coverage-mapping -swift-version 5 -enforce-exclusivity\=checked -stats-output-dir /Users/admin/builder/spi-builder-workspace/.swiftpm/xcode/.stats -Onone -D SWIFT_PACKAGE -D DEBUG -serialize-debugging-options -const-gather-protocols-file /Users/admin/builder/spi-builder-workspace/.derivedData/Build/Intermediates.noindex/DevelopmentKit.build/Debug-watchos/DevelopmentKit.build/Objects-normal/arm64/DevelopmentKit_const_extract_protocols.json -enable-upcoming-feature StrictConcurrency -enable-upcoming-feature DisableOutwardActorInference -enable-upcoming-feature GlobalActorIsolatedTypesUsability -enable-upcoming-feature InferSendableFromCaptures -enable-experimental-feature DebugDescriptionMacro -strict-concurrency\=complete -empty-abi-descriptor -plugin-path /Applications/Xcode-16.3.0.app/Contents/Developer/Toolchains/XcodeDefault.xctoolchain/usr/lib/swift/host/plugins/testing -validate-clang-modules-once -clang-build-session-file /Users/admin/builder/spi-builder-workspace/.derivedData/ModuleCache.noindex/Session.modulevalidation -Xcc -working-directory -Xcc /Users/admin/builder/spi-builder-workspace/.swiftpm/xcode -resource-dir /Applications/Xcode-16.3.0.app/Contents/Developer/Toolchains/XcodeDefault.xctoolchain/usr/lib/swift -enable-anonymous-context-mangled-names -file-compilation-dir /Users/admin/builder/spi-builder-workspace/.swiftpm/xcode -Xcc -ivfsstatcache -Xcc /Users/admin/builder/spi-builder-workspace/.derivedData/SDKStatCaches.noindex/watchos11.4-22T246-43efb940ff07ba2497b70ec94253f576.sdkstatcache -Xcc -I/Users/admin/builder/spi-builder-workspace/.derivedData/Build/Intermediates.noindex/DevelopmentKit.build/Debug-watchos/DevelopmentKit.build/swift-overrides.hmap -Xcc -I/Users/admin/builder/spi-builder-workspace/.derivedData/Build/Products/Debug-watchos/include -Xcc -I/Users/admin/builder/spi-builder-workspace/.derivedData/Build/Intermediates.noindex/DevelopmentKit.build/Debug-watchos/DevelopmentKit.build/DerivedSources-normal/arm64 -Xcc -I/Users/admin/builder/spi-builder-workspace/.derivedData/Build/Intermediates.noindex/DevelopmentKit.build/Debug-watchos/DevelopmentKit.build/DerivedSources/arm64 -Xcc -I/Users/admin/builder/spi-builder-workspace/.derivedData/Build/Intermediates.noindex/DevelopmentKit.build/Debug-watchos/DevelopmentKit.build/DerivedSources -Xcc -DSWIFT_PACKAGE -Xcc -DDEBUG\=1 -module-name DevelopmentKit -package-name spi_builder_workspace -frontend-parseable-output -disable-clang-spi -target-sdk-version 11.4 -target-sdk-name watchos11.4 -external-plugin-path /Applications/Xcode-16.3.0.app/Contents/Developer/Platforms/WatchOS.platform/Developer/usr/lib/swift/host/plugins\#/Applications/Xcode-16.3.0.app/Contents/Developer/Platforms/WatchOS.platform/Developer/usr/bin/swift-plugin-server -external-plugin-path /Applications/Xcode-16.3.0.app/Contents/Developer/Platforms/WatchOS.platform/Developer/usr/local/lib/swift/host/plugins\#/Applications/Xcode-16.3.0.app/Contents/Developer/Platforms/WatchOS.platform/Developer/usr/bin/swift-plugin-server -in-process-plugin-server-path /Applications/Xcode-16.3.0.app/Contents/Developer/Toolchains/XcodeDefault.xctoolchain/usr/lib/swift/host/libSwiftInProcPluginServer.dylib -plugin-path /Applications/Xcode-16.3.0.app/Contents/Developer/Toolchains/XcodeDefault.xctoolchain/usr/lib/swift/host/plugins -plugin-path /Applications/Xcode-16.3.0.app/Contents/Developer/Toolchains/XcodeDefault.xctoolchain/usr/local/lib/swift/host/plugins -emit-module-doc-path /Users/admin/builder/spi-builder-workspace/.derivedData/Build/Intermediates.noindex/DevelopmentKit.build/Debug-watchos/DevelopmentKit.build/Objects-normal/arm64/DevelopmentKit.swiftdoc -emit-module-source-info-path /Users/admin/builder/spi-builder-workspace/.derivedData/Build/Intermediates.noindex/DevelopmentKit.build/Debug-watchos/DevelopmentKit.build/Objects-normal/arm64/DevelopmentKit.swiftsourceinfo -emit-objc-header-path /Users/admin/builder/spi-builder-workspace/.derivedData/Build/Intermediates.noindex/DevelopmentKit.build/Debug-watchos/DevelopmentKit.build/Objects-normal/arm64/DevelopmentKit-Swift.h -serialize-diagnostics-path /Users/admin/builder/spi-builder-workspace/.derivedData/Build/Intermediates.noindex/DevelopmentKit.build/Debug-watchos/DevelopmentKit.build/Objects-normal/arm64/DevelopmentKit-master-emit-module.dia -emit-dependencies-path /Users/admin/builder/spi-builder-workspace/.derivedData/Build/Intermediates.noindex/DevelopmentKit.build/Debug-watchos/DevelopmentKit.build/Objects-normal/arm64/DevelopmentKit-master-emit-module.d -o /Users/admin/builder/spi-builder-workspace/.derivedData/Build/Intermediates.noindex/DevelopmentKit.build/Debug-watchos/DevelopmentKit.build/Objects-normal/arm64/DevelopmentKit.swiftmodule -emit-abi-descriptor-path /Users/admin/builder/spi-builder-workspace/.derivedData/Build/Intermediates.noindex/DevelopmentKit.build/Debug-watchos/DevelopmentKit.build/Objects-normal/arm64/DevelopmentKit.abi.json
EmitSwiftModule normal arm64 (in target 'DevelopmentKit' from project 'DevelopmentKit')
cd /Users/admin/builder/spi-builder-workspace/.swiftpm/xcode
/Users/admin/builder/spi-builder-workspace/Sources/DevelopmentKit/Log/LogLocalManager.swift:64:24: error: cannot find 'directory' in scope
logDirectory = directory.appendingPathComponent("Logs").appendingPathComponent(bundleID)
^~~~~~~~~
SwiftCompile normal arm64_32 Compiling\ resource_bundle_accessor.swift,\ Error.swift /Users/admin/builder/spi-builder-workspace/.derivedData/Build/Intermediates.noindex/DevelopmentKit.build/Debug-watchos/DevelopmentKit.build/DerivedSources/resource_bundle_accessor.swift /Users/admin/builder/spi-builder-workspace/Sources/DevelopmentKit/API/Error.swift (in target 'DevelopmentKit' from project 'DevelopmentKit')
SwiftCompile normal arm64_32 /Users/admin/builder/spi-builder-workspace/.derivedData/Build/Intermediates.noindex/DevelopmentKit.build/Debug-watchos/DevelopmentKit.build/DerivedSources/resource_bundle_accessor.swift (in target 'DevelopmentKit' from project 'DevelopmentKit')
cd /Users/admin/builder/spi-builder-workspace/.swiftpm/xcode
SwiftCompile normal arm64_32 /Users/admin/builder/spi-builder-workspace/Sources/DevelopmentKit/API/Error.swift (in target 'DevelopmentKit' from project 'DevelopmentKit')
cd /Users/admin/builder/spi-builder-workspace/.swiftpm/xcode
SwiftCompile normal arm64 Compiling\ NavigationRouter.swift /Users/admin/builder/spi-builder-workspace/Sources/DevelopmentKit/NavigationRouter.swift (in target 'DevelopmentKit' from project 'DevelopmentKit')
SwiftCompile normal arm64 /Users/admin/builder/spi-builder-workspace/Sources/DevelopmentKit/NavigationRouter.swift (in target 'DevelopmentKit' from project 'DevelopmentKit')
cd /Users/admin/builder/spi-builder-workspace/.swiftpm/xcode
SwiftCompile normal arm64 Compiling\ String.swift /Users/admin/builder/spi-builder-workspace/Sources/DevelopmentKit/Ext./String.swift (in target 'DevelopmentKit' from project 'DevelopmentKit')
SwiftCompile normal arm64 /Users/admin/builder/spi-builder-workspace/Sources/DevelopmentKit/Ext./String.swift (in target 'DevelopmentKit' from project 'DevelopmentKit')
cd /Users/admin/builder/spi-builder-workspace/.swiftpm/xcode
SwiftCompile normal arm64_32 Compiling\ Date.swift,\ Double.swift /Users/admin/builder/spi-builder-workspace/Sources/DevelopmentKit/Ext./Date.swift /Users/admin/builder/spi-builder-workspace/Sources/DevelopmentKit/Ext./Double.swift (in target 'DevelopmentKit' from project 'DevelopmentKit')
SwiftCompile normal arm64_32 /Users/admin/builder/spi-builder-workspace/Sources/DevelopmentKit/Ext./Date.swift (in target 'DevelopmentKit' from project 'DevelopmentKit')
cd /Users/admin/builder/spi-builder-workspace/.swiftpm/xcode
SwiftCompile normal arm64_32 /Users/admin/builder/spi-builder-workspace/Sources/DevelopmentKit/Ext./Double.swift (in target 'DevelopmentKit' from project 'DevelopmentKit')
cd /Users/admin/builder/spi-builder-workspace/.swiftpm/xcode
SwiftCompile normal arm64 Compiling\ Log.swift /Users/admin/builder/spi-builder-workspace/Sources/DevelopmentKit/Log/Log.swift (in target 'DevelopmentKit' from project 'DevelopmentKit')
SwiftCompile normal arm64 /Users/admin/builder/spi-builder-workspace/Sources/DevelopmentKit/Log/Log.swift (in target 'DevelopmentKit' from project 'DevelopmentKit')
cd /Users/admin/builder/spi-builder-workspace/.swiftpm/xcode
SwiftCompile normal arm64 Compiling\ Date.swift,\ Double.swift /Users/admin/builder/spi-builder-workspace/Sources/DevelopmentKit/Ext./Date.swift /Users/admin/builder/spi-builder-workspace/Sources/DevelopmentKit/Ext./Double.swift (in target 'DevelopmentKit' from project 'DevelopmentKit')
SwiftCompile normal arm64 /Users/admin/builder/spi-builder-workspace/Sources/DevelopmentKit/Ext./Date.swift (in target 'DevelopmentKit' from project 'DevelopmentKit')
cd /Users/admin/builder/spi-builder-workspace/.swiftpm/xcode
SwiftCompile normal arm64 /Users/admin/builder/spi-builder-workspace/Sources/DevelopmentKit/Ext./Double.swift (in target 'DevelopmentKit' from project 'DevelopmentKit')
cd /Users/admin/builder/spi-builder-workspace/.swiftpm/xcode
SwiftCompile normal arm64 Compiling\ Models.swift /Users/admin/builder/spi-builder-workspace/Sources/DevelopmentKit/Models.swift (in target 'DevelopmentKit' from project 'DevelopmentKit')
SwiftCompile normal arm64 /Users/admin/builder/spi-builder-workspace/Sources/DevelopmentKit/Models.swift (in target 'DevelopmentKit' from project 'DevelopmentKit')
cd /Users/admin/builder/spi-builder-workspace/.swiftpm/xcode
SwiftCompile normal arm64_32 Compiling\ LogLocalManager.swift /Users/admin/builder/spi-builder-workspace/Sources/DevelopmentKit/Log/LogLocalManager.swift (in target 'DevelopmentKit' from project 'DevelopmentKit')
Command SwiftCompile failed with a nonzero exit code
** BUILD FAILED **
The following build commands failed:
EmitSwiftModule normal arm64_32 (in target 'DevelopmentKit' from project 'DevelopmentKit')
SwiftEmitModule normal arm64 Emitting\ module\ for\ DevelopmentKit (in target 'DevelopmentKit' from project 'DevelopmentKit')
EmitSwiftModule normal arm64 (in target 'DevelopmentKit' from project 'DevelopmentKit')
SwiftCompile normal arm64_32 Compiling\ LogLocalManager.swift /Users/admin/builder/spi-builder-workspace/Sources/DevelopmentKit/Log/LogLocalManager.swift (in target 'DevelopmentKit' from project 'DevelopmentKit')
Building workspace spi-builder-workspace with scheme DevelopmentKit
(5 failures)
Command line invocation:
/Applications/Xcode-16.3.0.app/Contents/Developer/usr/bin/xcodebuild -IDEClonedSourcePackagesDirPathOverride=/Users/admin/builder/spi-builder-workspace/.dependencies -resolvePackageDependencies
Resolve Package Graph
Resolved source packages:
DevelopmentKit: /Users/admin/builder/spi-builder-workspace
resolved source packages: DevelopmentKit
{
"dependencies" : [
],
"manifest_display_name" : "DevelopmentKit",
"name" : "DevelopmentKit",
"path" : "/Users/admin/builder/spi-builder-workspace",
"platforms" : [
{
"name" : "ios",
"version" : "16.0"
},
{
"name" : "macos",
"version" : "13.0"
}
],
"products" : [
{
"name" : "DevelopmentKit",
"targets" : [
"DevelopmentKit"
],
"type" : {
"library" : [
"automatic"
]
}
}
],
"targets" : [
{
"c99name" : "DevelopmentKitTests",
"module_type" : "SwiftTarget",
"name" : "DevelopmentKitTests",
"path" : "Tests",
"sources" : [
"DevelopmentKitTests.swift"
],
"target_dependencies" : [
"DevelopmentKit"
],
"type" : "test"
},
{
"c99name" : "DevelopmentKit",
"module_type" : "SwiftTarget",
"name" : "DevelopmentKit",
"path" : "Sources/DevelopmentKit",
"product_memberships" : [
"DevelopmentKit"
],
"resources" : [
{
"path" : "/Users/admin/builder/spi-builder-workspace/Sources/DevelopmentKit/PrivacyInfo.xcprivacy",
"rule" : {
"process" : {
}
}
}
],
"sources" : [
"API/Error.swift",
"API/Network.swift",
"API/SysInfo.swift",
"API/Utilities.swift",
"DevelopmentKit.swift",
"Ext./Date.swift",
"Ext./Double.swift",
"Ext./String.swift",
"Ext./UIApplication.swift",
"Log/Log.swift",
"Log/LogLocalManager.swift",
"Models.swift",
"NavigationRouter.swift"
],
"type" : "library"
}
],
"tools_version" : "5.9"
}
{
"workspace" : {
"name" : "spi-builder-workspace",
"schemes" : [
"DevelopmentKit"
]
}
}
Running build ...
env DEVELOPER_DIR=/Applications/Xcode-16.3.0.app xcrun xcodebuild -IDEClonedSourcePackagesDirPathOverride=$PWD/.dependencies -skipMacroValidation -skipPackagePluginValidation -derivedDataPath $PWD/.derivedData build -scheme DevelopmentKit -destination generic/platform=watchOS
Command line invocation:
/Applications/Xcode-16.3.0.app/Contents/Developer/usr/bin/xcodebuild -IDEClonedSourcePackagesDirPathOverride=/Users/admin/builder/spi-builder-workspace/.dependencies -skipMacroValidation -skipPackagePluginValidation -derivedDataPath /Users/admin/builder/spi-builder-workspace/.derivedData build -scheme DevelopmentKit -destination generic/platform=watchOS
Resolve Package Graph
Resolved source packages:
DevelopmentKit: /Users/admin/builder/spi-builder-workspace
ComputePackagePrebuildTargetDependencyGraph
Prepare packages
CreateBuildRequest
SendProjectDescription
CreateBuildOperation
ComputeTargetDependencyGraph
note: Building targets in dependency order
note: Target dependency graph (3 targets)
Target 'DevelopmentKit' in project 'DevelopmentKit'
➜ Explicit dependency on target 'DevelopmentKit' in project 'DevelopmentKit'
➜ Explicit dependency on target 'DevelopmentKit_DevelopmentKit' in project 'DevelopmentKit'
Target 'DevelopmentKit' in project 'DevelopmentKit'
➜ Explicit dependency on target 'DevelopmentKit_DevelopmentKit' in project 'DevelopmentKit'
Target 'DevelopmentKit_DevelopmentKit' in project 'DevelopmentKit' (no dependencies)
GatherProvisioningInputs
CreateBuildDescription
ExecuteExternalTool /Applications/Xcode-16.3.0.app/Contents/Developer/Toolchains/XcodeDefault.xctoolchain/usr/bin/clang -v -E -dM -isysroot /Applications/Xcode-16.3.0.app/Contents/Developer/Platforms/WatchOS.platform/Developer/SDKs/WatchOS11.4.sdk -x c -c /dev/null
ExecuteExternalTool /Applications/Xcode-16.3.0.app/Contents/Developer/Toolchains/XcodeDefault.xctoolchain/usr/bin/swiftc --version
ExecuteExternalTool /Applications/Xcode-16.3.0.app/Contents/Developer/Toolchains/XcodeDefault.xctoolchain/usr/bin/ld -version_details
Build description signature: f8d64d4f1a31f080a6961bd37ab749ea
Build description path: /Users/admin/builder/spi-builder-workspace/.derivedData/Build/Intermediates.noindex/XCBuildData/f8d64d4f1a31f080a6961bd37ab749ea.xcbuilddata
ClangStatCache /Applications/Xcode-16.3.0.app/Contents/Developer/Toolchains/XcodeDefault.xctoolchain/usr/bin/clang-stat-cache /Applications/Xcode-16.3.0.app/Contents/Developer/Platforms/WatchOS.platform/Developer/SDKs/WatchOS11.4.sdk /Users/admin/builder/spi-builder-workspace/.derivedData/SDKStatCaches.noindex/watchos11.4-22T246-43efb940ff07ba2497b70ec94253f576.sdkstatcache
cd /Users/admin/builder/spi-builder-workspace/.swiftpm/xcode
/Applications/Xcode-16.3.0.app/Contents/Developer/Toolchains/XcodeDefault.xctoolchain/usr/bin/clang-stat-cache /Applications/Xcode-16.3.0.app/Contents/Developer/Platforms/WatchOS.platform/Developer/SDKs/WatchOS11.4.sdk -o /Users/admin/builder/spi-builder-workspace/.derivedData/SDKStatCaches.noindex/watchos11.4-22T246-43efb940ff07ba2497b70ec94253f576.sdkstatcache
ProcessInfoPlistFile /Users/admin/builder/spi-builder-workspace/.derivedData/Build/Products/Debug-watchos/DevelopmentKit_DevelopmentKit.bundle/Info.plist /Users/admin/builder/spi-builder-workspace/.derivedData/Build/Intermediates.noindex/DevelopmentKit.build/Debug-watchos/DevelopmentKit_DevelopmentKit.build/empty-DevelopmentKit_DevelopmentKit.plist (in target 'DevelopmentKit_DevelopmentKit' from project 'DevelopmentKit')
cd /Users/admin/builder/spi-builder-workspace
builtin-infoPlistUtility /Users/admin/builder/spi-builder-workspace/.derivedData/Build/Intermediates.noindex/DevelopmentKit.build/Debug-watchos/DevelopmentKit_DevelopmentKit.build/empty-DevelopmentKit_DevelopmentKit.plist -producttype com.apple.product-type.bundle -expandbuildsettings -format binary -platform watchos -o /Users/admin/builder/spi-builder-workspace/.derivedData/Build/Products/Debug-watchos/DevelopmentKit_DevelopmentKit.bundle/Info.plist
SwiftDriver DevelopmentKit normal arm64_32 com.apple.xcode.tools.swift.compiler (in target 'DevelopmentKit' from project 'DevelopmentKit')
cd /Users/admin/builder/spi-builder-workspace/.swiftpm/xcode
builtin-SwiftDriver -- /Applications/Xcode-16.3.0.app/Contents/Developer/Toolchains/XcodeDefault.xctoolchain/usr/bin/swiftc -module-name DevelopmentKit -Onone -enforce-exclusivity\=checked @/Users/admin/builder/spi-builder-workspace/.derivedData/Build/Intermediates.noindex/DevelopmentKit.build/Debug-watchos/DevelopmentKit.build/Objects-normal/arm64_32/DevelopmentKit.SwiftFileList -DSWIFT_PACKAGE -DDEBUG -DXcode -plugin-path /Applications/Xcode-16.3.0.app/Contents/Developer/Toolchains/XcodeDefault.xctoolchain/usr/lib/swift/host/plugins/testing -enable-experimental-feature DebugDescriptionMacro -sdk /Applications/Xcode-16.3.0.app/Contents/Developer/Platforms/WatchOS.platform/Developer/SDKs/WatchOS11.4.sdk -target arm64_32-apple-watchos9.0 -g -module-cache-path /Users/admin/builder/spi-builder-workspace/.derivedData/ModuleCache.noindex -Xfrontend -serialize-debugging-options -profile-coverage-mapping -profile-generate -enable-testing -index-store-path /Users/admin/builder/spi-builder-workspace/.derivedData/Index.noindex/DataStore -swift-version 5 -I /Users/admin/builder/spi-builder-workspace/.derivedData/Build/Products/Debug-watchos -I /Applications/Xcode-16.3.0.app/Contents/Developer/Platforms/WatchOS.platform/Developer/usr/lib -F /Users/admin/builder/spi-builder-workspace/.derivedData/Build/Products/Debug-watchos -F /Applications/Xcode-16.3.0.app/Contents/Developer/Platforms/WatchOS.platform/Developer/Library/Frameworks -F /Applications/Xcode-16.3.0.app/Contents/Developer/Platforms/WatchOS.platform/Developer/SDKs/WatchOS11.4.sdk/Developer/Library/Frameworks -c -j10 -enable-batch-mode -incremental -Xcc -ivfsstatcache -Xcc /Users/admin/builder/spi-builder-workspace/.derivedData/SDKStatCaches.noindex/watchos11.4-22T246-43efb940ff07ba2497b70ec94253f576.sdkstatcache -output-file-map /Users/admin/builder/spi-builder-workspace/.derivedData/Build/Intermediates.noindex/DevelopmentKit.build/Debug-watchos/DevelopmentKit.build/Objects-normal/arm64_32/DevelopmentKit-OutputFileMap.json -use-frontend-parseable-output -save-temps -no-color-diagnostics -serialize-diagnostics -emit-dependencies -emit-module -emit-module-path /Users/admin/builder/spi-builder-workspace/.derivedData/Build/Intermediates.noindex/DevelopmentKit.build/Debug-watchos/DevelopmentKit.build/Objects-normal/arm64_32/DevelopmentKit.swiftmodule -validate-clang-modules-once -clang-build-session-file /Users/admin/builder/spi-builder-workspace/.derivedData/ModuleCache.noindex/Session.modulevalidation -package-name spi_builder_workspace -Xcc -I/Users/admin/builder/spi-builder-workspace/.derivedData/Build/Intermediates.noindex/DevelopmentKit.build/Debug-watchos/DevelopmentKit.build/swift-overrides.hmap -emit-const-values -Xfrontend -const-gather-protocols-file -Xfrontend /Users/admin/builder/spi-builder-workspace/.derivedData/Build/Intermediates.noindex/DevelopmentKit.build/Debug-watchos/DevelopmentKit.build/Objects-normal/arm64_32/DevelopmentKit_const_extract_protocols.json -Xcc -I/Users/admin/builder/spi-builder-workspace/.derivedData/Build/Products/Debug-watchos/include -Xcc -I/Users/admin/builder/spi-builder-workspace/.derivedData/Build/Intermediates.noindex/DevelopmentKit.build/Debug-watchos/DevelopmentKit.build/DerivedSources-normal/arm64_32 -Xcc -I/Users/admin/builder/spi-builder-workspace/.derivedData/Build/Intermediates.noindex/DevelopmentKit.build/Debug-watchos/DevelopmentKit.build/DerivedSources/arm64_32 -Xcc -I/Users/admin/builder/spi-builder-workspace/.derivedData/Build/Intermediates.noindex/DevelopmentKit.build/Debug-watchos/DevelopmentKit.build/DerivedSources -Xcc -DSWIFT_PACKAGE -Xcc -DDEBUG\=1 -emit-objc-header -emit-objc-header-path /Users/admin/builder/spi-builder-workspace/.derivedData/Build/Intermediates.noindex/DevelopmentKit.build/Debug-watchos/DevelopmentKit.build/Objects-normal/arm64_32/DevelopmentKit-Swift.h -working-directory /Users/admin/builder/spi-builder-workspace/.swiftpm/xcode -experimental-emit-module-separately -disable-cmo
SwiftDriver DevelopmentKit normal arm64 com.apple.xcode.tools.swift.compiler (in target 'DevelopmentKit' from project 'DevelopmentKit')
cd /Users/admin/builder/spi-builder-workspace/.swiftpm/xcode
builtin-SwiftDriver -- /Applications/Xcode-16.3.0.app/Contents/Developer/Toolchains/XcodeDefault.xctoolchain/usr/bin/swiftc -module-name DevelopmentKit -Onone -enforce-exclusivity\=checked @/Users/admin/builder/spi-builder-workspace/.derivedData/Build/Intermediates.noindex/DevelopmentKit.build/Debug-watchos/DevelopmentKit.build/Objects-normal/arm64/DevelopmentKit.SwiftFileList -DSWIFT_PACKAGE -DDEBUG -DXcode -plugin-path /Applications/Xcode-16.3.0.app/Contents/Developer/Toolchains/XcodeDefault.xctoolchain/usr/lib/swift/host/plugins/testing -enable-experimental-feature DebugDescriptionMacro -sdk /Applications/Xcode-16.3.0.app/Contents/Developer/Platforms/WatchOS.platform/Developer/SDKs/WatchOS11.4.sdk -target arm64-apple-watchos9.0 -g -module-cache-path /Users/admin/builder/spi-builder-workspace/.derivedData/ModuleCache.noindex -Xfrontend -serialize-debugging-options -profile-coverage-mapping -profile-generate -enable-testing -index-store-path /Users/admin/builder/spi-builder-workspace/.derivedData/Index.noindex/DataStore -swift-version 5 -I /Users/admin/builder/spi-builder-workspace/.derivedData/Build/Products/Debug-watchos -I /Applications/Xcode-16.3.0.app/Contents/Developer/Platforms/WatchOS.platform/Developer/usr/lib -F /Users/admin/builder/spi-builder-workspace/.derivedData/Build/Products/Debug-watchos -F /Applications/Xcode-16.3.0.app/Contents/Developer/Platforms/WatchOS.platform/Developer/Library/Frameworks -F /Applications/Xcode-16.3.0.app/Contents/Developer/Platforms/WatchOS.platform/Developer/SDKs/WatchOS11.4.sdk/Developer/Library/Frameworks -c -j10 -enable-batch-mode -incremental -Xcc -ivfsstatcache -Xcc /Users/admin/builder/spi-builder-workspace/.derivedData/SDKStatCaches.noindex/watchos11.4-22T246-43efb940ff07ba2497b70ec94253f576.sdkstatcache -output-file-map /Users/admin/builder/spi-builder-workspace/.derivedData/Build/Intermediates.noindex/DevelopmentKit.build/Debug-watchos/DevelopmentKit.build/Objects-normal/arm64/DevelopmentKit-OutputFileMap.json -use-frontend-parseable-output -save-temps -no-color-diagnostics -serialize-diagnostics -emit-dependencies -emit-module -emit-module-path /Users/admin/builder/spi-builder-workspace/.derivedData/Build/Intermediates.noindex/DevelopmentKit.build/Debug-watchos/DevelopmentKit.build/Objects-normal/arm64/DevelopmentKit.swiftmodule -validate-clang-modules-once -clang-build-session-file /Users/admin/builder/spi-builder-workspace/.derivedData/ModuleCache.noindex/Session.modulevalidation -package-name spi_builder_workspace -Xcc -I/Users/admin/builder/spi-builder-workspace/.derivedData/Build/Intermediates.noindex/DevelopmentKit.build/Debug-watchos/DevelopmentKit.build/swift-overrides.hmap -emit-const-values -Xfrontend -const-gather-protocols-file -Xfrontend /Users/admin/builder/spi-builder-workspace/.derivedData/Build/Intermediates.noindex/DevelopmentKit.build/Debug-watchos/DevelopmentKit.build/Objects-normal/arm64/DevelopmentKit_const_extract_protocols.json -Xcc -I/Users/admin/builder/spi-builder-workspace/.derivedData/Build/Products/Debug-watchos/include -Xcc -I/Users/admin/builder/spi-builder-workspace/.derivedData/Build/Intermediates.noindex/DevelopmentKit.build/Debug-watchos/DevelopmentKit.build/DerivedSources-normal/arm64 -Xcc -I/Users/admin/builder/spi-builder-workspace/.derivedData/Build/Intermediates.noindex/DevelopmentKit.build/Debug-watchos/DevelopmentKit.build/DerivedSources/arm64 -Xcc -I/Users/admin/builder/spi-builder-workspace/.derivedData/Build/Intermediates.noindex/DevelopmentKit.build/Debug-watchos/DevelopmentKit.build/DerivedSources -Xcc -DSWIFT_PACKAGE -Xcc -DDEBUG\=1 -emit-objc-header -emit-objc-header-path /Users/admin/builder/spi-builder-workspace/.derivedData/Build/Intermediates.noindex/DevelopmentKit.build/Debug-watchos/DevelopmentKit.build/Objects-normal/arm64/DevelopmentKit-Swift.h -working-directory /Users/admin/builder/spi-builder-workspace/.swiftpm/xcode -experimental-emit-module-separately -disable-cmo
SwiftEmitModule normal arm64_32 Emitting\ module\ for\ DevelopmentKit (in target 'DevelopmentKit' from project 'DevelopmentKit')
EmitSwiftModule normal arm64_32 (in target 'DevelopmentKit' from project 'DevelopmentKit')
cd /Users/admin/builder/spi-builder-workspace/.swiftpm/xcode
/Users/admin/builder/spi-builder-workspace/Sources/DevelopmentKit/Log/LogLocalManager.swift:64:24: error: cannot find 'directory' in scope
logDirectory = directory.appendingPathComponent("Logs").appendingPathComponent(bundleID)
^~~~~~~~~
Failed frontend command:
/Applications/Xcode-16.3.0.app/Contents/Developer/Toolchains/XcodeDefault.xctoolchain/usr/bin/swift-frontend -frontend -emit-module -experimental-skip-non-inlinable-function-bodies-without-types /Users/admin/builder/spi-builder-workspace/.derivedData/Build/Intermediates.noindex/DevelopmentKit.build/Debug-watchos/DevelopmentKit.build/DerivedSources/resource_bundle_accessor.swift /Users/admin/builder/spi-builder-workspace/Sources/DevelopmentKit/API/Error.swift /Users/admin/builder/spi-builder-workspace/Sources/DevelopmentKit/API/Network.swift /Users/admin/builder/spi-builder-workspace/Sources/DevelopmentKit/API/SysInfo.swift /Users/admin/builder/spi-builder-workspace/Sources/DevelopmentKit/API/Utilities.swift /Users/admin/builder/spi-builder-workspace/Sources/DevelopmentKit/DevelopmentKit.swift /Users/admin/builder/spi-builder-workspace/Sources/DevelopmentKit/Ext./Date.swift /Users/admin/builder/spi-builder-workspace/Sources/DevelopmentKit/Ext./Double.swift /Users/admin/builder/spi-builder-workspace/Sources/DevelopmentKit/Ext./String.swift /Users/admin/builder/spi-builder-workspace/Sources/DevelopmentKit/Ext./UIApplication.swift /Users/admin/builder/spi-builder-workspace/Sources/DevelopmentKit/Log/Log.swift /Users/admin/builder/spi-builder-workspace/Sources/DevelopmentKit/Log/LogLocalManager.swift /Users/admin/builder/spi-builder-workspace/Sources/DevelopmentKit/Models.swift /Users/admin/builder/spi-builder-workspace/Sources/DevelopmentKit/NavigationRouter.swift -target arm64_32-apple-watchos9.0 -enable-objc-interop -sdk /Applications/Xcode-16.3.0.app/Contents/Developer/Platforms/WatchOS.platform/Developer/SDKs/WatchOS11.4.sdk -I /Users/admin/builder/spi-builder-workspace/.derivedData/Build/Products/Debug-watchos -I /Applications/Xcode-16.3.0.app/Contents/Developer/Platforms/WatchOS.platform/Developer/usr/lib -F /Users/admin/builder/spi-builder-workspace/.derivedData/Build/Products/Debug-watchos -F /Applications/Xcode-16.3.0.app/Contents/Developer/Platforms/WatchOS.platform/Developer/Library/Frameworks -F /Applications/Xcode-16.3.0.app/Contents/Developer/Platforms/WatchOS.platform/Developer/SDKs/WatchOS11.4.sdk/Developer/Library/Frameworks -no-color-diagnostics -enable-testing -g -debug-info-format\=dwarf -dwarf-version\=4 -module-cache-path /Users/admin/builder/spi-builder-workspace/.derivedData/ModuleCache.noindex -profile-generate -profile-coverage-mapping -swift-version 5 -enforce-exclusivity\=checked -Onone -D SWIFT_PACKAGE -D DEBUG -D Xcode -serialize-debugging-options -const-gather-protocols-file /Users/admin/builder/spi-builder-workspace/.derivedData/Build/Intermediates.noindex/DevelopmentKit.build/Debug-watchos/DevelopmentKit.build/Objects-normal/arm64_32/DevelopmentKit_const_extract_protocols.json -enable-experimental-feature DebugDescriptionMacro -empty-abi-descriptor -plugin-path /Applications/Xcode-16.3.0.app/Contents/Developer/Toolchains/XcodeDefault.xctoolchain/usr/lib/swift/host/plugins/testing -validate-clang-modules-once -clang-build-session-file /Users/admin/builder/spi-builder-workspace/.derivedData/ModuleCache.noindex/Session.modulevalidation -Xcc -working-directory -Xcc /Users/admin/builder/spi-builder-workspace/.swiftpm/xcode -resource-dir /Applications/Xcode-16.3.0.app/Contents/Developer/Toolchains/XcodeDefault.xctoolchain/usr/lib/swift -enable-anonymous-context-mangled-names -file-compilation-dir /Users/admin/builder/spi-builder-workspace/.swiftpm/xcode -Xcc -ivfsstatcache -Xcc /Users/admin/builder/spi-builder-workspace/.derivedData/SDKStatCaches.noindex/watchos11.4-22T246-43efb940ff07ba2497b70ec94253f576.sdkstatcache -Xcc -I/Users/admin/builder/spi-builder-workspace/.derivedData/Build/Intermediates.noindex/DevelopmentKit.build/Debug-watchos/DevelopmentKit.build/swift-overrides.hmap -Xcc -I/Users/admin/builder/spi-builder-workspace/.derivedData/Build/Products/Debug-watchos/include -Xcc -I/Users/admin/builder/spi-builder-workspace/.derivedData/Build/Intermediates.noindex/DevelopmentKit.build/Debug-watchos/DevelopmentKit.build/DerivedSources-normal/arm64_32 -Xcc -I/Users/admin/builder/spi-builder-workspace/.derivedData/Build/Intermediates.noindex/DevelopmentKit.build/Debug-watchos/DevelopmentKit.build/DerivedSources/arm64_32 -Xcc -I/Users/admin/builder/spi-builder-workspace/.derivedData/Build/Intermediates.noindex/DevelopmentKit.build/Debug-watchos/DevelopmentKit.build/DerivedSources -Xcc -DSWIFT_PACKAGE -Xcc -DDEBUG\=1 -module-name DevelopmentKit -package-name spi_builder_workspace -frontend-parseable-output -disable-clang-spi -target-sdk-version 11.4 -target-sdk-name watchos11.4 -external-plugin-path /Applications/Xcode-16.3.0.app/Contents/Developer/Platforms/WatchOS.platform/Developer/usr/lib/swift/host/plugins\#/Applications/Xcode-16.3.0.app/Contents/Developer/Platforms/WatchOS.platform/Developer/usr/bin/swift-plugin-server -external-plugin-path /Applications/Xcode-16.3.0.app/Contents/Developer/Platforms/WatchOS.platform/Developer/usr/local/lib/swift/host/plugins\#/Applications/Xcode-16.3.0.app/Contents/Developer/Platforms/WatchOS.platform/Developer/usr/bin/swift-plugin-server -in-process-plugin-server-path /Applications/Xcode-16.3.0.app/Contents/Developer/Toolchains/XcodeDefault.xctoolchain/usr/lib/swift/host/libSwiftInProcPluginServer.dylib -plugin-path /Applications/Xcode-16.3.0.app/Contents/Developer/Toolchains/XcodeDefault.xctoolchain/usr/lib/swift/host/plugins -plugin-path /Applications/Xcode-16.3.0.app/Contents/Developer/Toolchains/XcodeDefault.xctoolchain/usr/local/lib/swift/host/plugins -emit-module-doc-path /Users/admin/builder/spi-builder-workspace/.derivedData/Build/Intermediates.noindex/DevelopmentKit.build/Debug-watchos/DevelopmentKit.build/Objects-normal/arm64_32/DevelopmentKit.swiftdoc -emit-module-source-info-path /Users/admin/builder/spi-builder-workspace/.derivedData/Build/Intermediates.noindex/DevelopmentKit.build/Debug-watchos/DevelopmentKit.build/Objects-normal/arm64_32/DevelopmentKit.swiftsourceinfo -emit-objc-header-path /Users/admin/builder/spi-builder-workspace/.derivedData/Build/Intermediates.noindex/DevelopmentKit.build/Debug-watchos/DevelopmentKit.build/Objects-normal/arm64_32/DevelopmentKit-Swift.h -serialize-diagnostics-path /Users/admin/builder/spi-builder-workspace/.derivedData/Build/Intermediates.noindex/DevelopmentKit.build/Debug-watchos/DevelopmentKit.build/Objects-normal/arm64_32/DevelopmentKit-master-emit-module.dia -emit-dependencies-path /Users/admin/builder/spi-builder-workspace/.derivedData/Build/Intermediates.noindex/DevelopmentKit.build/Debug-watchos/DevelopmentKit.build/Objects-normal/arm64_32/DevelopmentKit-master-emit-module.d -o /Users/admin/builder/spi-builder-workspace/.derivedData/Build/Intermediates.noindex/DevelopmentKit.build/Debug-watchos/DevelopmentKit.build/Objects-normal/arm64_32/DevelopmentKit.swiftmodule -emit-abi-descriptor-path /Users/admin/builder/spi-builder-workspace/.derivedData/Build/Intermediates.noindex/DevelopmentKit.build/Debug-watchos/DevelopmentKit.build/Objects-normal/arm64_32/DevelopmentKit.abi.json
SwiftCompile normal arm64_32 Compiling\ resource_bundle_accessor.swift,\ Error.swift /Users/admin/builder/spi-builder-workspace/.derivedData/Build/Intermediates.noindex/DevelopmentKit.build/Debug-watchos/DevelopmentKit.build/DerivedSources/resource_bundle_accessor.swift /Users/admin/builder/spi-builder-workspace/Sources/DevelopmentKit/API/Error.swift (in target 'DevelopmentKit' from project 'DevelopmentKit')
SwiftCompile normal arm64_32 /Users/admin/builder/spi-builder-workspace/.derivedData/Build/Intermediates.noindex/DevelopmentKit.build/Debug-watchos/DevelopmentKit.build/DerivedSources/resource_bundle_accessor.swift (in target 'DevelopmentKit' from project 'DevelopmentKit')
cd /Users/admin/builder/spi-builder-workspace/.swiftpm/xcode
SwiftCompile normal arm64_32 /Users/admin/builder/spi-builder-workspace/Sources/DevelopmentKit/API/Error.swift (in target 'DevelopmentKit' from project 'DevelopmentKit')
cd /Users/admin/builder/spi-builder-workspace/.swiftpm/xcode
SwiftCompile normal arm64_32 Compiling\ Network.swift,\ SysInfo.swift /Users/admin/builder/spi-builder-workspace/Sources/DevelopmentKit/API/Network.swift /Users/admin/builder/spi-builder-workspace/Sources/DevelopmentKit/API/SysInfo.swift (in target 'DevelopmentKit' from project 'DevelopmentKit')
SwiftCompile normal arm64_32 /Users/admin/builder/spi-builder-workspace/Sources/DevelopmentKit/API/Network.swift (in target 'DevelopmentKit' from project 'DevelopmentKit')
cd /Users/admin/builder/spi-builder-workspace/.swiftpm/xcode
SwiftCompile normal arm64_32 /Users/admin/builder/spi-builder-workspace/Sources/DevelopmentKit/API/SysInfo.swift (in target 'DevelopmentKit' from project 'DevelopmentKit')
cd /Users/admin/builder/spi-builder-workspace/.swiftpm/xcode
SwiftCompile normal arm64_32 Compiling\ Utilities.swift,\ DevelopmentKit.swift /Users/admin/builder/spi-builder-workspace/Sources/DevelopmentKit/API/Utilities.swift /Users/admin/builder/spi-builder-workspace/Sources/DevelopmentKit/DevelopmentKit.swift (in target 'DevelopmentKit' from project 'DevelopmentKit')
SwiftCompile normal arm64_32 /Users/admin/builder/spi-builder-workspace/Sources/DevelopmentKit/API/Utilities.swift (in target 'DevelopmentKit' from project 'DevelopmentKit')
cd /Users/admin/builder/spi-builder-workspace/.swiftpm/xcode
SwiftCompile normal arm64_32 /Users/admin/builder/spi-builder-workspace/Sources/DevelopmentKit/DevelopmentKit.swift (in target 'DevelopmentKit' from project 'DevelopmentKit')
cd /Users/admin/builder/spi-builder-workspace/.swiftpm/xcode
SwiftCompile normal arm64_32 Compiling\ Date.swift,\ Double.swift /Users/admin/builder/spi-builder-workspace/Sources/DevelopmentKit/Ext./Date.swift /Users/admin/builder/spi-builder-workspace/Sources/DevelopmentKit/Ext./Double.swift (in target 'DevelopmentKit' from project 'DevelopmentKit')
SwiftCompile normal arm64_32 /Users/admin/builder/spi-builder-workspace/Sources/DevelopmentKit/Ext./Date.swift (in target 'DevelopmentKit' from project 'DevelopmentKit')
cd /Users/admin/builder/spi-builder-workspace/.swiftpm/xcode
SwiftCompile normal arm64_32 /Users/admin/builder/spi-builder-workspace/Sources/DevelopmentKit/Ext./Double.swift (in target 'DevelopmentKit' from project 'DevelopmentKit')
cd /Users/admin/builder/spi-builder-workspace/.swiftpm/xcode
SwiftCompile normal arm64_32 Compiling\ String.swift /Users/admin/builder/spi-builder-workspace/Sources/DevelopmentKit/Ext./String.swift (in target 'DevelopmentKit' from project 'DevelopmentKit')
SwiftCompile normal arm64_32 /Users/admin/builder/spi-builder-workspace/Sources/DevelopmentKit/Ext./String.swift (in target 'DevelopmentKit' from project 'DevelopmentKit')
cd /Users/admin/builder/spi-builder-workspace/.swiftpm/xcode
SwiftCompile normal arm64_32 Compiling\ UIApplication.swift /Users/admin/builder/spi-builder-workspace/Sources/DevelopmentKit/Ext./UIApplication.swift (in target 'DevelopmentKit' from project 'DevelopmentKit')
SwiftCompile normal arm64_32 /Users/admin/builder/spi-builder-workspace/Sources/DevelopmentKit/Ext./UIApplication.swift (in target 'DevelopmentKit' from project 'DevelopmentKit')
cd /Users/admin/builder/spi-builder-workspace/.swiftpm/xcode
SwiftCompile normal arm64_32 Compiling\ LogLocalManager.swift /Users/admin/builder/spi-builder-workspace/Sources/DevelopmentKit/Log/LogLocalManager.swift (in target 'DevelopmentKit' from project 'DevelopmentKit')
SwiftCompile normal arm64_32 /Users/admin/builder/spi-builder-workspace/Sources/DevelopmentKit/Log/LogLocalManager.swift (in target 'DevelopmentKit' from project 'DevelopmentKit')
cd /Users/admin/builder/spi-builder-workspace/.swiftpm/xcode
SwiftCompile normal arm64_32 Compiling\ Models.swift /Users/admin/builder/spi-builder-workspace/Sources/DevelopmentKit/Models.swift (in target 'DevelopmentKit' from project 'DevelopmentKit')
SwiftCompile normal arm64_32 /Users/admin/builder/spi-builder-workspace/Sources/DevelopmentKit/Models.swift (in target 'DevelopmentKit' from project 'DevelopmentKit')
cd /Users/admin/builder/spi-builder-workspace/.swiftpm/xcode
SwiftEmitModule normal arm64 Emitting\ module\ for\ DevelopmentKit (in target 'DevelopmentKit' from project 'DevelopmentKit')
EmitSwiftModule normal arm64 (in target 'DevelopmentKit' from project 'DevelopmentKit')
cd /Users/admin/builder/spi-builder-workspace/.swiftpm/xcode
SwiftCompile normal arm64 Compiling\ NavigationRouter.swift /Users/admin/builder/spi-builder-workspace/Sources/DevelopmentKit/NavigationRouter.swift (in target 'DevelopmentKit' from project 'DevelopmentKit')
Command SwiftCompile failed with a nonzero exit code
** BUILD FAILED **
The following build commands failed:
EmitSwiftModule normal arm64_32 (in target 'DevelopmentKit' from project 'DevelopmentKit')
SwiftEmitModule normal arm64_32 Emitting\ module\ for\ DevelopmentKit (in target 'DevelopmentKit' from project 'DevelopmentKit')
SwiftCompile normal arm64 Compiling\ NavigationRouter.swift /Users/admin/builder/spi-builder-workspace/Sources/DevelopmentKit/NavigationRouter.swift (in target 'DevelopmentKit' from project 'DevelopmentKit')
Building workspace spi-builder-workspace with scheme DevelopmentKit
(4 failures)
BUILD FAILURE 6.1 watchOS