Build Information
Failed to build TableViewContent, reference main (81d32d), with Swift 6.4 for macOS (Xcode) using Xcode 27.0 on 19 Sep 2026 03:34:30 UTC.
Build Command
No build command. This typically means the build failed at an early stage where we determine the build command.Build Log
========================================
RunAll
========================================
Builder version: 5.1.0
Interrupt handler set up.
========================================
Checkout
========================================
Clone URL: https://github.com/0x0c/TableViewContent.git
Reference: main
Initialized empty Git repository in /Users/admin/builder/spi-builder-workspace/.git/
From https://github.com/0x0c/TableViewContent
* branch main -> FETCH_HEAD
* [new branch] main -> origin/main
HEAD is now at 81d32de Merge pull request #1 from 0x0c/dependabot/bundler/cocoapods-downloader-1.6.3
Cloned https://github.com/0x0c/TableViewContent.git
Revision (git rev-parse @):
81d32deb9f337f4df6bf5b650a98d2fa778566a3
SUCCESS checkout https://github.com/0x0c/TableViewContent.git at main
========================================
Build
========================================
Selected platform: macosXcodebuild
Swift version: 6.4
Building package at path: $PWD
https://github.com/0x0c/TableViewContent.git
Command line invocation:
/Applications/Xcode-27.0.0-Release.Candidate.app/Contents/Developer/usr/bin/xcodebuild -IDEClonedSourcePackagesDirPathOverride=/Users/admin/builder/spi-builder-workspace/.dependencies -resolvePackageDependencies
2026-09-18 23:34:29.176 xcodebuild[525:3004] Writing error result bundle to /var/folders/xq/y_g06wb113726d38xsyx71_h0000gn/T/ResultBundle_2026-18-09_23-34-0029.xcresult
xcodebuild: error: '_Pods.xcodeproj' does not exist.
Command line invocation:
/Applications/Xcode-27.0.0-Release.Candidate.app/Contents/Developer/usr/bin/xcodebuild -IDEClonedSourcePackagesDirPathOverride=/Users/admin/builder/spi-builder-workspace/.dependencies -resolvePackageDependencies
2026-09-18 23:34:30.234 xcodebuild[536:3089] Writing error result bundle to /var/folders/xq/y_g06wb113726d38xsyx71_h0000gn/T/ResultBundle_2026-18-09_23-34-0030.xcresult
xcodebuild: error: '_Pods.xcodeproj' does not exist.
BUILD FAILURE 6.4 macosXcodebuild