Build Information
Failed to build SwiftyMarkdown, reference master (dde451), with Swift 6.4 for watchOS using Xcode 27.0 on 18 Sep 2026 09:36:36 UTC.
Build Command
env DEVELOPER_DIR=/Applications/Xcode-27.0.0-Release.Candidate.app xcrun xcodebuild -IDEClonedSourcePackagesDirPathOverride=$PWD/.dependencies -skipMacroValidation -skipPackagePluginValidation -derivedDataPath $PWD/.derivedData build -scheme SwiftyMarkdown-Package -destination generic/platform=watchOSBuild Log
========================================
RunAll
========================================
Builder version: 5.1.0
Interrupt handler set up.
========================================
Checkout
========================================
Clone URL: https://github.com/simonfairbairn/SwiftyMarkdown.git
Reference: master
Initialized empty Git repository in /Users/admin/builder/spi-builder-workspace/.git/
From https://github.com/simonfairbairn/SwiftyMarkdown
* branch master -> FETCH_HEAD
* [new branch] master -> origin/master
HEAD is now at dde451a Merge branch 'release/1.2.4'
Cloned https://github.com/simonfairbairn/SwiftyMarkdown.git
Revision (git rev-parse @):
dde451ab4ed9b77b328e21baa471fdfa0cf61369
SUCCESS checkout https://github.com/simonfairbairn/SwiftyMarkdown.git at master
========================================
Build
========================================
Selected platform: watchOS
Swift version: 6.4
Building package at path: $PWD
https://github.com/simonfairbairn/SwiftyMarkdown.git
Command line invocation:
/Applications/Xcode-27.0.0-Release.Candidate.app/Contents/Developer/usr/bin/xcodebuild -IDEClonedSourcePackagesDirPathOverride=/Users/admin/builder/spi-builder-workspace/.dependencies -resolvePackageDependencies
resolved source packages:
{
"dependencies" : [
],
"manifest_display_name" : "SwiftyMarkdown",
"name" : "SwiftyMarkdown",
"path" : "/Users/admin/builder/spi-builder-workspace",
"platforms" : [
{
"name" : "ios",
"version" : "11.0"
},
{
"name" : "tvos",
"version" : "11.0"
},
{
"name" : "macos",
"version" : "10.12"
},
{
"name" : "watchos",
"version" : "4.0"
}
],
"products" : [
{
"name" : "SwiftyMarkdown",
"targets" : [
"SwiftyMarkdown"
],
"type" : {
"library" : [
"automatic"
]
}
}
],
"targets" : [
{
"c99name" : "SwiftyMarkdownTests",
"module_type" : "SwiftTarget",
"name" : "SwiftyMarkdownTests",
"path" : "Tests/SwiftyMarkdownTests",
"sources" : [
"SwiftyMarkdownAttributedStringTests.swift",
"SwiftyMarkdownCharacterTests.swift",
"SwiftyMarkdownLineTests.swift",
"SwiftyMarkdownLinkTests.swift",
"SwiftyMarkdownPerformanceTests.swift",
"XCTest+SwiftyMarkdown.swift"
],
"target_dependencies" : [
"SwiftyMarkdown"
],
"type" : "test"
},
{
"c99name" : "SwiftyMarkdown",
"module_type" : "SwiftTarget",
"name" : "SwiftyMarkdown",
"path" : "Sources/SwiftyMarkdown",
"product_memberships" : [
"SwiftyMarkdown"
],
"sources" : [
"CharacterRule.swift",
"PerfomanceLog.swift",
"String+SwiftyMarkdown.swift",
"SwiftyLineProcessor.swift",
"SwiftyMarkdown+iOS.swift",
"SwiftyMarkdown+macOS.swift",
"SwiftyMarkdown.swift",
"SwiftyScanner.swift",
"SwiftyTokeniser.swift",
"Token.swift"
],
"type" : "library"
}
],
"tools_version" : "5.1"
}
{
"project" : {
"configurations" : [
"Debug",
"Release"
],
"name" : "SwiftyMarkdown",
"schemes" : [
"SwiftyMarkdown-Package"
],
"targets" : [
"SwiftyMarkdown",
"SwiftyMarkdownPackageDescription",
"SwiftyMarkdownPackageTests",
"SwiftyMarkdownTests"
]
}
}
Running build ...
env DEVELOPER_DIR=/Applications/Xcode-27.0.0-Release.Candidate.app xcrun xcodebuild -IDEClonedSourcePackagesDirPathOverride=$PWD/.dependencies -skipMacroValidation -skipPackagePluginValidation -derivedDataPath $PWD/.derivedData build -scheme SwiftyMarkdown-Package -destination generic/platform=watchOS
Command line invocation:
/Applications/Xcode-27.0.0-Release.Candidate.app/Contents/Developer/usr/bin/xcodebuild -IDEClonedSourcePackagesDirPathOverride=/Users/admin/builder/spi-builder-workspace/.dependencies -skipMacroValidation -skipPackagePluginValidation -derivedDataPath /Users/admin/builder/spi-builder-workspace/.derivedData build -scheme SwiftyMarkdown-Package -destination generic/platform=watchOS
ComputePackagePrebuildTargetDependencyGraph
Prepare packages
CreateBuildRequest
SendProjectDescription
CreateBuildOperation
ComputeTargetDependencyGraph
note: Building targets in dependency order
note: Target dependency graph (1 target)
Target 'SwiftyMarkdown' in project 'SwiftyMarkdown' (no dependencies)
GatherProvisioningInputs
CreateBuildDescription
ExecuteExternalTool /Applications/Xcode-27.0.0-Release.Candidate.app/Contents/Developer/Toolchains/XcodeDefault.xctoolchain/usr/bin/clang -v -E -dM -isysroot /Applications/Xcode-27.0.0-Release.Candidate.app/Contents/Developer/Platforms/WatchOS.platform/Developer/SDKs/WatchOS27.0.sdk -x c -c /dev/null
ExecuteExternalTool /Applications/Xcode-27.0.0-Release.Candidate.app/Contents/Developer/Toolchains/XcodeDefault.xctoolchain/usr/bin/swiftc --version
ExecuteExternalTool /Applications/Xcode-27.0.0-Release.Candidate.app/Contents/Developer/Toolchains/XcodeDefault.xctoolchain/usr/bin/ld -version_details
Build description signature: 43b58f8a5546ac4afe61f5154d443a11
Build description path: /Users/admin/builder/spi-builder-workspace/.derivedData/Build/Intermediates.noindex/XCBuildData/43b58f8a5546ac4afe61f5154d443a11.xcbuilddata
/Users/admin/builder/spi-builder-workspace/SwiftyMarkdown.xcodeproj: error: The watchOS deployment target 'WATCHOS_DEPLOYMENT_TARGET' is set to 4.0, but the range of supported deployment target versions is 9.0 to 27.0.x. (in target 'SwiftyMarkdown' from project 'SwiftyMarkdown')
error: The armv7k architecture is deprecated. You should update your ARCHS build setting to remove the armv7k architecture. (in target 'SwiftyMarkdown' from project 'SwiftyMarkdown')
** BUILD FAILED **
The following build commands failed:
Building project SwiftyMarkdown with scheme SwiftyMarkdown-Package
(1 failure)
Command line invocation:
/Applications/Xcode-27.0.0-Release.Candidate.app/Contents/Developer/usr/bin/xcodebuild -IDEClonedSourcePackagesDirPathOverride=/Users/admin/builder/spi-builder-workspace/.dependencies -resolvePackageDependencies
resolved source packages:
{
"dependencies" : [
],
"manifest_display_name" : "SwiftyMarkdown",
"name" : "SwiftyMarkdown",
"path" : "/Users/admin/builder/spi-builder-workspace",
"platforms" : [
{
"name" : "ios",
"version" : "11.0"
},
{
"name" : "tvos",
"version" : "11.0"
},
{
"name" : "macos",
"version" : "10.12"
},
{
"name" : "watchos",
"version" : "4.0"
}
],
"products" : [
{
"name" : "SwiftyMarkdown",
"targets" : [
"SwiftyMarkdown"
],
"type" : {
"library" : [
"automatic"
]
}
}
],
"targets" : [
{
"c99name" : "SwiftyMarkdownTests",
"module_type" : "SwiftTarget",
"name" : "SwiftyMarkdownTests",
"path" : "Tests/SwiftyMarkdownTests",
"sources" : [
"SwiftyMarkdownAttributedStringTests.swift",
"SwiftyMarkdownCharacterTests.swift",
"SwiftyMarkdownLineTests.swift",
"SwiftyMarkdownLinkTests.swift",
"SwiftyMarkdownPerformanceTests.swift",
"XCTest+SwiftyMarkdown.swift"
],
"target_dependencies" : [
"SwiftyMarkdown"
],
"type" : "test"
},
{
"c99name" : "SwiftyMarkdown",
"module_type" : "SwiftTarget",
"name" : "SwiftyMarkdown",
"path" : "Sources/SwiftyMarkdown",
"product_memberships" : [
"SwiftyMarkdown"
],
"sources" : [
"CharacterRule.swift",
"PerfomanceLog.swift",
"String+SwiftyMarkdown.swift",
"SwiftyLineProcessor.swift",
"SwiftyMarkdown+iOS.swift",
"SwiftyMarkdown+macOS.swift",
"SwiftyMarkdown.swift",
"SwiftyScanner.swift",
"SwiftyTokeniser.swift",
"Token.swift"
],
"type" : "library"
}
],
"tools_version" : "5.1"
}
{
"project" : {
"configurations" : [
"Debug",
"Release"
],
"name" : "SwiftyMarkdown",
"schemes" : [
"SwiftyMarkdown-Package"
],
"targets" : [
"SwiftyMarkdown",
"SwiftyMarkdownPackageDescription",
"SwiftyMarkdownPackageTests",
"SwiftyMarkdownTests"
]
}
}
Running build ...
env DEVELOPER_DIR=/Applications/Xcode-27.0.0-Release.Candidate.app xcrun xcodebuild -IDEClonedSourcePackagesDirPathOverride=$PWD/.dependencies -skipMacroValidation -skipPackagePluginValidation -derivedDataPath $PWD/.derivedData build -scheme SwiftyMarkdown-Package -destination generic/platform=watchOS
Command line invocation:
/Applications/Xcode-27.0.0-Release.Candidate.app/Contents/Developer/usr/bin/xcodebuild -IDEClonedSourcePackagesDirPathOverride=/Users/admin/builder/spi-builder-workspace/.dependencies -skipMacroValidation -skipPackagePluginValidation -derivedDataPath /Users/admin/builder/spi-builder-workspace/.derivedData build -scheme SwiftyMarkdown-Package -destination generic/platform=watchOS
ComputePackagePrebuildTargetDependencyGraph
Prepare packages
CreateBuildRequest
SendProjectDescription
CreateBuildOperation
ComputeTargetDependencyGraph
note: Building targets in dependency order
note: Target dependency graph (1 target)
Target 'SwiftyMarkdown' in project 'SwiftyMarkdown' (no dependencies)
GatherProvisioningInputs
CreateBuildDescription
error: The armv7k architecture is deprecated. You should update your ARCHS build setting to remove the armv7k architecture. (in target 'SwiftyMarkdown' from project 'SwiftyMarkdown')
/Users/admin/builder/spi-builder-workspace/SwiftyMarkdown.xcodeproj: error: The watchOS deployment target 'WATCHOS_DEPLOYMENT_TARGET' is set to 4.0, but the range of supported deployment target versions is 9.0 to 27.0.x. (in target 'SwiftyMarkdown' from project 'SwiftyMarkdown')
** BUILD FAILED **
The following build commands failed:
Building project SwiftyMarkdown with scheme SwiftyMarkdown-Package
(1 failure)
BUILD FAILURE 6.4 watchOS