The Swift Package Index logo.Swift Package Index

Build Information

Failed to build OpenCombineJS, reference main (e393e6), with Swift 6.4 for watchOS using Xcode 27.0 on 18 Sep 2026 06:43:46 UTC.

Build Command

env DEVELOPER_DIR=/Applications/Xcode-27.0.0-Release.Candidate.app xcrun xcodebuild -IDEClonedSourcePackagesDirPathOverride=$PWD/.dependencies -skipMacroValidation -skipPackagePluginValidation -derivedDataPath $PWD/.derivedData build -scheme OpenCombineJS-Package -destination generic/platform=watchOS

Build Log

SwiftExplicitDependencyGeneratePcm arm64 /Users/admin/builder/spi-builder-workspace/.derivedData/SDKExplicitPrecompiledModules/_Builtin_stdatomic-1R9WVHFT4FALJXANBPLNOQ734.pcm
SwiftExplicitDependencyGeneratePcm arm64 /Users/admin/builder/spi-builder-workspace/.derivedData/SDKExplicitPrecompiledModules/_DarwinFoundation3-DNXKXFFQ8MRLRO9KQN10R21I0.pcm
SwiftExplicitDependencyGeneratePcm arm64 /Users/admin/builder/spi-builder-workspace/.derivedData/SDKExplicitPrecompiledModules/_Builtin_inttypes-489CMR9E9YGXYB1ZU4Y2FSN2V.pcm
SwiftExplicitDependencyGeneratePcm arm64 /Users/admin/builder/spi-builder-workspace/.derivedData/Build/Intermediates.noindex/SwiftExplicitPrecompiledModules/_SwiftSyntaxCShims-DGKN5B59Y829682EF9W6OBFOV.pcm
SwiftExplicitDependencyGeneratePcm arm64 /Users/admin/builder/spi-builder-workspace/.derivedData/SDKExplicitPrecompiledModules/Darwin-4SSYTF9FPWUAJVNBQDXTH3HIS.pcm
SwiftDriverJobDiscovery normal arm64_32 Compiling Publishers.ReceiveOn.swift, Publishers.Reduce.swift, Publishers.RemoveDuplicates.swift, Publishers.ReplaceEmpty.swift, Publishers.ReplaceError.swift, Publishers.Retry.swift, Publishers.Scan.swift, Publishers.Sequence.swift, Publishers.SetFailureType.swift, Publishers.Share.swift (in target 'OpenCombine' from project 'OpenCombine')
SwiftDriver\ Compilation OpenCombine normal arm64_32 com.apple.xcode.tools.swift.compiler (in target 'OpenCombine' from project 'OpenCombine')
    cd /Users/admin/builder/spi-builder-workspace/.swiftpm/xcode
    builtin-Swift-Compilation -- /Applications/Xcode-27.0.0-Release.Candidate.app/Contents/Developer/Toolchains/XcodeDefault.xctoolchain/usr/bin/swiftc -parse-as-library -module-name OpenCombine -Onone @/Users/admin/builder/spi-builder-workspace/.derivedData/Build/Intermediates.noindex/OpenCombine.build/Debug-watchos/OpenCombine-t.build/Objects-normal/arm64_32/OpenCombine.SwiftFileList -DSWIFT_PACKAGE -DDEBUG -DSWIFT_MODULE_RESOURCE_BUNDLE_UNAVAILABLE -Xcc -fmodule-map-file\=/Users/admin/builder/spi-builder-workspace/.derivedData/Build/Intermediates.noindex/GeneratedModuleMaps-watchos/COpenCombineHelpers.modulemap -DXcode -plugin-path /Applications/Xcode-27.0.0-Release.Candidate.app/Contents/Developer/Toolchains/XcodeDefault.xctoolchain/usr/lib/swift/host/plugins/testing -enable-experimental-feature DebugDescriptionMacro -sdk /Applications/Xcode-27.0.0-Release.Candidate.app/Contents/Developer/Platforms/WatchOS.platform/Developer/SDKs/WatchOS27.0.sdk -target arm64_32-apple-watchos9.0 -g -module-cache-path /Users/admin/builder/spi-builder-workspace/.derivedData/ModuleCache.noindex -Xfrontend -serialize-debugging-options -enable-testing -suppress-warnings -index-store-path /Users/admin/builder/spi-builder-workspace/.derivedData/Index.noindex/DataStore -Xcc -D_LIBCPP_HARDENING_MODE\=_LIBCPP_HARDENING_MODE_DEBUG -swift-version 5 -I /Users/admin/builder/spi-builder-workspace/.derivedData/Build/Products/Debug-watchos -Isystem /Applications/Xcode-27.0.0-Release.Candidate.app/Contents/Developer/Platforms/WatchOS.platform/Developer/usr/lib -F /Users/admin/builder/spi-builder-workspace/.derivedData/Build/Products/Debug-watchos/PackageFrameworks -F /Users/admin/builder/spi-builder-workspace/.derivedData/Build/Products/Debug-watchos -F /Applications/Xcode-27.0.0-Release.Candidate.app/Contents/Developer/Platforms/WatchOS.platform/Developer/Library/Frameworks -F /Applications/Xcode-27.0.0-Release.Candidate.app/Contents/Developer/Platforms/WatchOS.platform/Developer/SDKs/WatchOS27.0.sdk/Developer/Library/Frameworks -c -j10 -enable-batch-mode -incremental -Xcc -ivfsstatcache -Xcc /Users/admin/builder/spi-builder-workspace/.derivedData/SDKStatCaches.noindex/watchos27.0-24R360-e829b21a6f8c9b70876ba0858053c04477534ef55a1706bf4c1112bbb242f0a2.sdkstatcache -output-file-map /Users/admin/builder/spi-builder-workspace/.derivedData/Build/Intermediates.noindex/OpenCombine.build/Debug-watchos/OpenCombine-t.build/Objects-normal/arm64_32/OpenCombine-OutputFileMap.json -save-temps -no-color-diagnostics -explicit-module-build -module-cache-path /Users/admin/builder/spi-builder-workspace/.derivedData/Build/Intermediates.noindex/SwiftExplicitPrecompiledModules -clang-scanner-module-cache-path /Users/admin/builder/spi-builder-workspace/.derivedData/ModuleCache.noindex -sdk-module-cache-path /Users/admin/builder/spi-builder-workspace/.derivedData/SDKExplicitPrecompiledModules -emit-dependencies -emit-module -emit-module-path /Users/admin/builder/spi-builder-workspace/.derivedData/Build/Intermediates.noindex/OpenCombine.build/Debug-watchos/OpenCombine-t.build/Objects-normal/arm64_32/OpenCombine.swiftmodule -serialize-diagnostics -dependency-scan-serialize-diagnostics-path /Users/admin/builder/spi-builder-workspace/.derivedData/Build/Intermediates.noindex/OpenCombine.build/Debug-watchos/OpenCombine-t.build/Objects-normal/arm64_32/OpenCombine-dependency-scan.dia -validate-clang-modules-once -clang-build-session-file /Users/admin/builder/spi-builder-workspace/.derivedData/ModuleCache.noindex/Session.modulevalidation -Xcc -fmodules-prune-interval\=86400 -Xcc -fmodules-prune-after\=345600 -emit-const-values -const-gather-protocols-list /Users/admin/builder/spi-builder-workspace/.derivedData/Build/Intermediates.noindex/OpenCombine.build/Debug-watchos/OpenCombine-t.build/Objects-normal/arm64_32/OpenCombine_const_extract_protocols.json -Xcc -I/Users/admin/builder/spi-builder-workspace/.dependencies/checkouts/OpenCombine/Sources/COpenCombineHelpers/include -Xcc -I/Users/admin/builder/spi-builder-workspace/.derivedData/Build/Products/Debug-watchos/include -Xcc -I/Users/admin/builder/spi-builder-workspace/.derivedData/Build/Intermediates.noindex/OpenCombine.build/Debug-watchos/OpenCombine-t.build/DerivedSources-normal/arm64_32 -Xcc -I/Users/admin/builder/spi-builder-workspace/.derivedData/Build/Intermediates.noindex/OpenCombine.build/Debug-watchos/OpenCombine-t.build/DerivedSources/arm64_32 -Xcc -I/Users/admin/builder/spi-builder-workspace/.derivedData/Build/Intermediates.noindex/OpenCombine.build/Debug-watchos/OpenCombine-t.build/DerivedSources -Xcc -DSWIFT_PACKAGE -Xcc -DDEBUG\=1 -emit-objc-header -emit-objc-header-path /Users/admin/builder/spi-builder-workspace/.derivedData/Build/Intermediates.noindex/OpenCombine.build/Debug-watchos/OpenCombine-t.build/Objects-normal/arm64_32/OpenCombine-Swift.h -working-directory /Users/admin/builder/spi-builder-workspace/.swiftpm/xcode -experimental-emit-module-separately -disable-cmo
Ld /Users/admin/builder/spi-builder-workspace/.derivedData/Build/Intermediates.noindex/OpenCombine.build/Debug-watchos/OpenCombine-t.build/Objects-normal/arm64_32/Binary/OpenCombine.o normal arm64_32 (in target 'OpenCombine' from project 'OpenCombine')
    cd /Users/admin/builder/spi-builder-workspace/.dependencies/checkouts/OpenCombine
    /Applications/Xcode-27.0.0-Release.Candidate.app/Contents/Developer/Toolchains/XcodeDefault.xctoolchain/usr/bin/clang -Xlinker -reproducible -target arm64_32-apple-watchos9.0 -r -isysroot /Applications/Xcode-27.0.0-Release.Candidate.app/Contents/Developer/Platforms/WatchOS.platform/Developer/SDKs/WatchOS27.0.sdk -O0 -w -Xlinker -no_warn_duplicate_libraries -F/Users/admin/builder/spi-builder-workspace/.derivedData/Build/Intermediates.noindex/EagerLinkingTBDs/Debug-watchos -F/Users/admin/builder/spi-builder-workspace/.derivedData/Build/Products/Debug-watchos/PackageFrameworks -F/Users/admin/builder/spi-builder-workspace/.derivedData/Build/Products/Debug-watchos -iframework /Applications/Xcode-27.0.0-Release.Candidate.app/Contents/Developer/Platforms/WatchOS.platform/Developer/Library/Frameworks -iframework /Applications/Xcode-27.0.0-Release.Candidate.app/Contents/Developer/Platforms/WatchOS.platform/Developer/SDKs/WatchOS27.0.sdk/Developer/Library/Frameworks -filelist /Users/admin/builder/spi-builder-workspace/.derivedData/Build/Intermediates.noindex/OpenCombine.build/Debug-watchos/OpenCombine-t.build/Objects-normal/arm64_32/OpenCombine.LinkFileList -nostdlib -Xlinker -object_path_lto -Xlinker /Users/admin/builder/spi-builder-workspace/.derivedData/Build/Intermediates.noindex/OpenCombine.build/Debug-watchos/OpenCombine-t.build/Objects-normal/arm64_32/OpenCombine_lto.o -Xlinker -no_deduplicate -Xlinker -dependency_info -Xlinker /Users/admin/builder/spi-builder-workspace/.derivedData/Build/Intermediates.noindex/OpenCombine.build/Debug-watchos/OpenCombine-t.build/Objects-normal/arm64_32/OpenCombine_dependency_info.dat -fobjc-link-runtime -L/Applications/Xcode-27.0.0-Release.Candidate.app/Contents/Developer/Toolchains/XcodeDefault.xctoolchain/usr/lib/swift/watchos -L/usr/lib/swift -Xlinker -add_ast_path -Xlinker /Users/admin/builder/spi-builder-workspace/.derivedData/Build/Intermediates.noindex/OpenCombine.build/Debug-watchos/OpenCombine-t.build/Objects-normal/arm64_32/OpenCombine.swiftmodule -o /Users/admin/builder/spi-builder-workspace/.derivedData/Build/Intermediates.noindex/OpenCombine.build/Debug-watchos/OpenCombine-t.build/Objects-normal/arm64_32/Binary/OpenCombine.o
CreateUniversalBinary /Users/admin/builder/spi-builder-workspace/.derivedData/Build/Products/Debug-watchos/OpenCombine.o normal arm64\ arm64_32 (in target 'OpenCombine' from project 'OpenCombine')
    cd /Users/admin/builder/spi-builder-workspace/.dependencies/checkouts/OpenCombine
    /Applications/Xcode-27.0.0-Release.Candidate.app/Contents/Developer/Toolchains/XcodeDefault.xctoolchain/usr/bin/lipo -create /Users/admin/builder/spi-builder-workspace/.derivedData/Build/Intermediates.noindex/OpenCombine.build/Debug-watchos/OpenCombine-t.build/Objects-normal/arm64/Binary/OpenCombine.o /Users/admin/builder/spi-builder-workspace/.derivedData/Build/Intermediates.noindex/OpenCombine.build/Debug-watchos/OpenCombine-t.build/Objects-normal/arm64_32/Binary/OpenCombine.o -output /Users/admin/builder/spi-builder-workspace/.derivedData/Build/Products/Debug-watchos/OpenCombine.o
ExtractAppIntentsMetadata (in target 'OpenCombine' from project 'OpenCombine')
    cd /Users/admin/builder/spi-builder-workspace/.dependencies/checkouts/OpenCombine
    /Applications/Xcode-27.0.0-Release.Candidate.app/Contents/Developer/Toolchains/XcodeDefault.xctoolchain/usr/bin/appintentsmetadataprocessor --toolchain-dir /var/run/com.apple.security.cryptexd/mnt/com.apple.MobileAsset.MetalToolchain-v27.1.266.1.HDtdkl/Metal.xctoolchain --module-name OpenCombine --sdk-root /Applications/Xcode-27.0.0-Release.Candidate.app/Contents/Developer/Platforms/WatchOS.platform/Developer/SDKs/WatchOS27.0.sdk --xcode-version 27A266a --platform-family watchOS --deployment-target 9.0 --bundle-identifier opencombine.OpenCombine --output /Users/admin/builder/spi-builder-workspace/.derivedData/Build/Products/Debug-watchos/OpenCombine.appintents --target-triple arm64-apple-watchos9.0 --target-triple arm64_32-apple-watchos9.0 --binary-file /Users/admin/builder/spi-builder-workspace/.derivedData/Build/Products/Debug-watchos/OpenCombine.o --dependency-file /Users/admin/builder/spi-builder-workspace/.derivedData/Build/Intermediates.noindex/OpenCombine.build/Debug-watchos/OpenCombine-t.build/Objects-normal/arm64/OpenCombine_dependency_info.dat --dependency-file /Users/admin/builder/spi-builder-workspace/.derivedData/Build/Intermediates.noindex/OpenCombine.build/Debug-watchos/OpenCombine-t.build/Objects-normal/arm64_32/OpenCombine_dependency_info.dat --stringsdata-file /Users/admin/builder/spi-builder-workspace/.derivedData/Build/Intermediates.noindex/OpenCombine.build/Debug-watchos/OpenCombine-t.build/Objects-normal/arm64/ExtractedAppShortcutsMetadata.stringsdata --stringsdata-file /Users/admin/builder/spi-builder-workspace/.derivedData/Build/Intermediates.noindex/OpenCombine.build/Debug-watchos/OpenCombine-t.build/Objects-normal/arm64_32/ExtractedAppShortcutsMetadata.stringsdata --source-file-list /Users/admin/builder/spi-builder-workspace/.derivedData/Build/Intermediates.noindex/OpenCombine.build/Debug-watchos/OpenCombine-t.build/Objects-normal/arm64/OpenCombine.SwiftFileList --source-file-list /Users/admin/builder/spi-builder-workspace/.derivedData/Build/Intermediates.noindex/OpenCombine.build/Debug-watchos/OpenCombine-t.build/Objects-normal/arm64_32/OpenCombine.SwiftFileList --metadata-file-list /Users/admin/builder/spi-builder-workspace/.derivedData/Build/Intermediates.noindex/OpenCombine.build/Debug-watchos/OpenCombine-t.build/OpenCombine.DependencyMetadataFileList --static-metadata-file-list /Users/admin/builder/spi-builder-workspace/.derivedData/Build/Intermediates.noindex/OpenCombine.build/Debug-watchos/OpenCombine-t.build/OpenCombine.DependencyStaticMetadataFileList --swift-const-vals-list /Users/admin/builder/spi-builder-workspace/.derivedData/Build/Intermediates.noindex/OpenCombine.build/Debug-watchos/OpenCombine-t.build/Objects-normal/arm64/OpenCombine.SwiftConstValuesFileList --swift-const-vals-list /Users/admin/builder/spi-builder-workspace/.derivedData/Build/Intermediates.noindex/OpenCombine.build/Debug-watchos/OpenCombine-t.build/Objects-normal/arm64_32/OpenCombine.SwiftConstValuesFileList --force --compile-time-extraction --deployment-aware-processing --no-app-shortcuts-localization
2026-09-18 02:43:28.620 appintentsmetadataprocessor[1007:6130] Starting appintentsmetadataprocessor export
2026-09-18 02:43:28.713 appintentsmetadataprocessor[1007:6130] Extracted no relevant App Intents symbols, skipping writing output
SwiftExplicitDependencyGeneratePcm arm64 /Users/admin/builder/spi-builder-workspace/.derivedData/SDKExplicitPrecompiledModules/MachO-4D0HJWYC59S7APTHBHDUKR7KJ.pcm
SwiftExplicitDependencyGeneratePcm arm64 /Users/admin/builder/spi-builder-workspace/.derivedData/SDKExplicitPrecompiledModules/launch-EFXL3YL04KHGWJLOU1XU768V7.pcm
SwiftExplicitDependencyGeneratePcm arm64 /Users/admin/builder/spi-builder-workspace/.derivedData/SDKExplicitPrecompiledModules/ObjectiveC-5UUM8AH9LJRERY99K1GUBURMO.pcm
SwiftExplicitDependencyGeneratePcm arm64 /Users/admin/builder/spi-builder-workspace/.derivedData/SDKExplicitPrecompiledModules/os_object-BTDIN6QZYDLDQ14FCV3ILP969.pcm
SwiftExplicitDependencyGeneratePcm arm64 /Users/admin/builder/spi-builder-workspace/.derivedData/SDKExplicitPrecompiledModules/os_workgroup-5KW4GI1VTT4BL3CP7IBC3MXQT.pcm
SwiftExplicitDependencyGeneratePcm arm64 /Users/admin/builder/spi-builder-workspace/.derivedData/SDKExplicitPrecompiledModules/Dispatch-6G7SC7DNRDQILDZM7AA5CBO9R.pcm
SwiftExplicitDependencyGeneratePcm arm64 /Users/admin/builder/spi-builder-workspace/.derivedData/SDKExplicitPrecompiledModules/XPC-BCOQO9UGC7BBHCJY0IGQSWASH.pcm
SwiftExplicitDependencyGeneratePcm arm64 /Users/admin/builder/spi-builder-workspace/.derivedData/SDKExplicitPrecompiledModules/os-C7U69HZXFHL69YJDFLWT0U3FZ.pcm
SwiftEmitModule normal arm64 Emitting\ module\ for\ BridgeJSMacros (in target 'BridgeJSMacros' from project 'JavaScriptKit')
SwiftCompile normal arm64 (in target 'BridgeJSMacros' from project 'JavaScriptKit')
    cd /Users/admin/builder/spi-builder-workspace/.swiftpm/xcode

SwiftCompile normal arm64 Compiling\ JSMacroSupport.swift /Users/admin/builder/spi-builder-workspace/.dependencies/checkouts/JavaScriptKit/Plugins/BridgeJS/Sources/BridgeJSMacros/JSMacroSupport.swift (in target 'BridgeJSMacros' from project 'JavaScriptKit')
SwiftCompile normal arm64 /Users/admin/builder/spi-builder-workspace/.dependencies/checkouts/JavaScriptKit/Plugins/BridgeJS/Sources/BridgeJSMacros/JSMacroSupport.swift (in target 'BridgeJSMacros' from project 'JavaScriptKit')
    cd /Users/admin/builder/spi-builder-workspace/.swiftpm/xcode
    builtin-SwiftPerFileCompile JSMacroSupport.swift
SwiftCompile normal arm64 Compiling\ JSFunctionMacro.swift /Users/admin/builder/spi-builder-workspace/.dependencies/checkouts/JavaScriptKit/Plugins/BridgeJS/Sources/BridgeJSMacros/JSFunctionMacro.swift (in target 'BridgeJSMacros' from project 'JavaScriptKit')
SwiftCompile normal arm64 /Users/admin/builder/spi-builder-workspace/.dependencies/checkouts/JavaScriptKit/Plugins/BridgeJS/Sources/BridgeJSMacros/JSFunctionMacro.swift (in target 'BridgeJSMacros' from project 'JavaScriptKit')
    cd /Users/admin/builder/spi-builder-workspace/.swiftpm/xcode
    builtin-SwiftPerFileCompile JSFunctionMacro.swift
SwiftCompile normal arm64 Compiling\ BridgeJSMacrosPlugin.swift /Users/admin/builder/spi-builder-workspace/.dependencies/checkouts/JavaScriptKit/Plugins/BridgeJS/Sources/BridgeJSMacros/BridgeJSMacrosPlugin.swift (in target 'BridgeJSMacros' from project 'JavaScriptKit')
SwiftCompile normal arm64 /Users/admin/builder/spi-builder-workspace/.dependencies/checkouts/JavaScriptKit/Plugins/BridgeJS/Sources/BridgeJSMacros/BridgeJSMacrosPlugin.swift (in target 'BridgeJSMacros' from project 'JavaScriptKit')
    cd /Users/admin/builder/spi-builder-workspace/.swiftpm/xcode
    builtin-SwiftPerFileCompile BridgeJSMacrosPlugin.swift
SwiftCompile normal arm64 Compiling\ JSClassMacro.swift /Users/admin/builder/spi-builder-workspace/.dependencies/checkouts/JavaScriptKit/Plugins/BridgeJS/Sources/BridgeJSMacros/JSClassMacro.swift (in target 'BridgeJSMacros' from project 'JavaScriptKit')
SwiftCompile normal arm64 /Users/admin/builder/spi-builder-workspace/.dependencies/checkouts/JavaScriptKit/Plugins/BridgeJS/Sources/BridgeJSMacros/JSClassMacro.swift (in target 'BridgeJSMacros' from project 'JavaScriptKit')
    cd /Users/admin/builder/spi-builder-workspace/.swiftpm/xcode
    builtin-SwiftPerFileCompile JSClassMacro.swift
SwiftCompile normal arm64 Compiling\ JSGetterMacro.swift /Users/admin/builder/spi-builder-workspace/.dependencies/checkouts/JavaScriptKit/Plugins/BridgeJS/Sources/BridgeJSMacros/JSGetterMacro.swift (in target 'BridgeJSMacros' from project 'JavaScriptKit')
SwiftCompile normal arm64 /Users/admin/builder/spi-builder-workspace/.dependencies/checkouts/JavaScriptKit/Plugins/BridgeJS/Sources/BridgeJSMacros/JSGetterMacro.swift (in target 'BridgeJSMacros' from project 'JavaScriptKit')
    cd /Users/admin/builder/spi-builder-workspace/.swiftpm/xcode
    builtin-SwiftPerFileCompile JSGetterMacro.swift
SwiftCompile normal arm64 Compiling\ JSSetterMacro.swift /Users/admin/builder/spi-builder-workspace/.dependencies/checkouts/JavaScriptKit/Plugins/BridgeJS/Sources/BridgeJSMacros/JSSetterMacro.swift (in target 'BridgeJSMacros' from project 'JavaScriptKit')
SwiftCompile normal arm64 /Users/admin/builder/spi-builder-workspace/.dependencies/checkouts/JavaScriptKit/Plugins/BridgeJS/Sources/BridgeJSMacros/JSSetterMacro.swift (in target 'BridgeJSMacros' from project 'JavaScriptKit')
    cd /Users/admin/builder/spi-builder-workspace/.swiftpm/xcode
    builtin-SwiftPerFileCompile JSSetterMacro.swift
SwiftDriverJobDiscovery normal arm64 Emitting module for BridgeJSMacros (in target 'BridgeJSMacros' from project 'JavaScriptKit')
SwiftDriver\ Compilation\ Requirements BridgeJSMacros normal arm64 com.apple.xcode.tools.swift.compiler (in target 'BridgeJSMacros' from project 'JavaScriptKit')
    cd /Users/admin/builder/spi-builder-workspace/.swiftpm/xcode
    builtin-Swift-Compilation-Requirements -- /Applications/Xcode-27.0.0-Release.Candidate.app/Contents/Developer/Toolchains/XcodeDefault.xctoolchain/usr/bin/swiftc -parse-as-library -module-name BridgeJSMacros -Onone @/Users/admin/builder/spi-builder-workspace/.derivedData/Build/Intermediates.noindex/JavaScriptKit.build/Debug/BridgeJSMacros-t.build/Objects-normal/arm64/BridgeJSMacros.SwiftFileList -DSWIFT_PACKAGE -DDEBUG -DXcode -I /Users/admin/builder/spi-builder-workspace/.dependencies/prebuilts/swift-syntax/603.0.2/swiftlang-6.4.0.34.1-macosx27.0-MacroSupport/Modules -I /Users/admin/builder/spi-builder-workspace/.dependencies/checkouts/swift-syntax/Sources/_SwiftLibraryPluginProviderCShims/include -I /Users/admin/builder/spi-builder-workspace/.dependencies/checkouts/swift-syntax/Sources/_SwiftSyntaxCShims/include -plugin-path /Applications/Xcode-27.0.0-Release.Candidate.app/Contents/Developer/Toolchains/XcodeDefault.xctoolchain/usr/lib/swift/host/plugins/testing -enable-experimental-feature DebugDescriptionMacro -sdk /Applications/Xcode-27.0.0-Release.Candidate.app/Contents/Developer/Platforms/MacOSX.platform/Developer/SDKs/MacOSX27.0.sdk -target arm64-apple-macos13.0 -g -module-cache-path /Users/admin/builder/spi-builder-workspace/.derivedData/ModuleCache.noindex -Xfrontend -serialize-debugging-options -enable-testing -suppress-warnings -index-store-path /Users/admin/builder/spi-builder-workspace/.derivedData/Index.noindex/DataStore -Xcc -D_LIBCPP_HARDENING_MODE\=_LIBCPP_HARDENING_MODE_DEBUG -swift-version 6 -I /Users/admin/builder/spi-builder-workspace/.derivedData/Build/Products/Debug -Isystem /Applications/Xcode-27.0.0-Release.Candidate.app/Contents/Developer/Platforms/MacOSX.platform/Developer/usr/lib -F /Users/admin/builder/spi-builder-workspace/.derivedData/Build/Products/Debug -F /Applications/Xcode-27.0.0-Release.Candidate.app/Contents/Developer/Platforms/MacOSX.platform/Developer/Library/Frameworks -c -j10 -enable-batch-mode -incremental -Xcc -ivfsstatcache -Xcc /Users/admin/builder/spi-builder-workspace/.derivedData/SDKStatCaches.noindex/macosx27.0-26A425-e829b21a6f8c9b70876ba0858053c0446a22442a12e9d48fe1a705f55a1adfc4.sdkstatcache -output-file-map /Users/admin/builder/spi-builder-workspace/.derivedData/Build/Intermediates.noindex/JavaScriptKit.build/Debug/BridgeJSMacros-t.build/Objects-normal/arm64/BridgeJSMacros-OutputFileMap.json -save-temps -no-color-diagnostics -explicit-module-build -module-cache-path /Users/admin/builder/spi-builder-workspace/.derivedData/Build/Intermediates.noindex/SwiftExplicitPrecompiledModules -clang-scanner-module-cache-path /Users/admin/builder/spi-builder-workspace/.derivedData/ModuleCache.noindex -sdk-module-cache-path /Users/admin/builder/spi-builder-workspace/.derivedData/SDKExplicitPrecompiledModules -emit-dependencies -emit-module -emit-module-path /Users/admin/builder/spi-builder-workspace/.derivedData/Build/Intermediates.noindex/JavaScriptKit.build/Debug/BridgeJSMacros-t.build/Objects-normal/arm64/BridgeJSMacros.swiftmodule -serialize-diagnostics -dependency-scan-serialize-diagnostics-path /Users/admin/builder/spi-builder-workspace/.derivedData/Build/Intermediates.noindex/JavaScriptKit.build/Debug/BridgeJSMacros-t.build/Objects-normal/arm64/BridgeJSMacros-dependency-scan.dia -user-module-version 0.59.0 -validate-clang-modules-once -clang-build-session-file /Users/admin/builder/spi-builder-workspace/.derivedData/ModuleCache.noindex/Session.modulevalidation -Xcc -fmodules-prune-interval\=86400 -Xcc -fmodules-prune-after\=345600 -package-name javascriptkit -emit-const-values -const-gather-protocols-list /Users/admin/builder/spi-builder-workspace/.derivedData/Build/Intermediates.noindex/JavaScriptKit.build/Debug/BridgeJSMacros-t.build/Objects-normal/arm64/BridgeJSMacros_const_extract_protocols.json -Xcc -I/Users/admin/builder/spi-builder-workspace/.derivedData/Build/Products/Debug/include -Xcc -I/Users/admin/builder/spi-builder-workspace/.derivedData/Build/Intermediates.noindex/JavaScriptKit.build/Debug/BridgeJSMacros-t.build/DerivedSources-normal/arm64 -Xcc -I/Users/admin/builder/spi-builder-workspace/.derivedData/Build/Intermediates.noindex/JavaScriptKit.build/Debug/BridgeJSMacros-t.build/DerivedSources/arm64 -Xcc -I/Users/admin/builder/spi-builder-workspace/.derivedData/Build/Intermediates.noindex/JavaScriptKit.build/Debug/BridgeJSMacros-t.build/DerivedSources -Xcc -DSWIFT_PACKAGE -Xcc -DDEBUG\=1 -working-directory /Users/admin/builder/spi-builder-workspace/.swiftpm/xcode -experimental-emit-module-separately -disable-cmo
SwiftDriverJobDiscovery normal arm64 Compiling BridgeJSMacrosPlugin.swift (in target 'BridgeJSMacros' from project 'JavaScriptKit')
SwiftDriverJobDiscovery normal arm64 Compiling JSGetterMacro.swift (in target 'BridgeJSMacros' from project 'JavaScriptKit')
SwiftDriverJobDiscovery normal arm64 Compiling JSFunctionMacro.swift (in target 'BridgeJSMacros' from project 'JavaScriptKit')
SwiftDriverJobDiscovery normal arm64 Compiling JSClassMacro.swift (in target 'BridgeJSMacros' from project 'JavaScriptKit')
SwiftDriverJobDiscovery normal arm64 Compiling JSSetterMacro.swift (in target 'BridgeJSMacros' from project 'JavaScriptKit')
SwiftDriverJobDiscovery normal arm64 Compiling JSMacroSupport.swift (in target 'BridgeJSMacros' from project 'JavaScriptKit')
SwiftDriver\ Compilation BridgeJSMacros normal arm64 com.apple.xcode.tools.swift.compiler (in target 'BridgeJSMacros' from project 'JavaScriptKit')
    cd /Users/admin/builder/spi-builder-workspace/.swiftpm/xcode
    builtin-Swift-Compilation -- /Applications/Xcode-27.0.0-Release.Candidate.app/Contents/Developer/Toolchains/XcodeDefault.xctoolchain/usr/bin/swiftc -parse-as-library -module-name BridgeJSMacros -Onone @/Users/admin/builder/spi-builder-workspace/.derivedData/Build/Intermediates.noindex/JavaScriptKit.build/Debug/BridgeJSMacros-t.build/Objects-normal/arm64/BridgeJSMacros.SwiftFileList -DSWIFT_PACKAGE -DDEBUG -DXcode -I /Users/admin/builder/spi-builder-workspace/.dependencies/prebuilts/swift-syntax/603.0.2/swiftlang-6.4.0.34.1-macosx27.0-MacroSupport/Modules -I /Users/admin/builder/spi-builder-workspace/.dependencies/checkouts/swift-syntax/Sources/_SwiftLibraryPluginProviderCShims/include -I /Users/admin/builder/spi-builder-workspace/.dependencies/checkouts/swift-syntax/Sources/_SwiftSyntaxCShims/include -plugin-path /Applications/Xcode-27.0.0-Release.Candidate.app/Contents/Developer/Toolchains/XcodeDefault.xctoolchain/usr/lib/swift/host/plugins/testing -enable-experimental-feature DebugDescriptionMacro -sdk /Applications/Xcode-27.0.0-Release.Candidate.app/Contents/Developer/Platforms/MacOSX.platform/Developer/SDKs/MacOSX27.0.sdk -target arm64-apple-macos13.0 -g -module-cache-path /Users/admin/builder/spi-builder-workspace/.derivedData/ModuleCache.noindex -Xfrontend -serialize-debugging-options -enable-testing -suppress-warnings -index-store-path /Users/admin/builder/spi-builder-workspace/.derivedData/Index.noindex/DataStore -Xcc -D_LIBCPP_HARDENING_MODE\=_LIBCPP_HARDENING_MODE_DEBUG -swift-version 6 -I /Users/admin/builder/spi-builder-workspace/.derivedData/Build/Products/Debug -Isystem /Applications/Xcode-27.0.0-Release.Candidate.app/Contents/Developer/Platforms/MacOSX.platform/Developer/usr/lib -F /Users/admin/builder/spi-builder-workspace/.derivedData/Build/Products/Debug -F /Applications/Xcode-27.0.0-Release.Candidate.app/Contents/Developer/Platforms/MacOSX.platform/Developer/Library/Frameworks -c -j10 -enable-batch-mode -incremental -Xcc -ivfsstatcache -Xcc /Users/admin/builder/spi-builder-workspace/.derivedData/SDKStatCaches.noindex/macosx27.0-26A425-e829b21a6f8c9b70876ba0858053c0446a22442a12e9d48fe1a705f55a1adfc4.sdkstatcache -output-file-map /Users/admin/builder/spi-builder-workspace/.derivedData/Build/Intermediates.noindex/JavaScriptKit.build/Debug/BridgeJSMacros-t.build/Objects-normal/arm64/BridgeJSMacros-OutputFileMap.json -save-temps -no-color-diagnostics -explicit-module-build -module-cache-path /Users/admin/builder/spi-builder-workspace/.derivedData/Build/Intermediates.noindex/SwiftExplicitPrecompiledModules -clang-scanner-module-cache-path /Users/admin/builder/spi-builder-workspace/.derivedData/ModuleCache.noindex -sdk-module-cache-path /Users/admin/builder/spi-builder-workspace/.derivedData/SDKExplicitPrecompiledModules -emit-dependencies -emit-module -emit-module-path /Users/admin/builder/spi-builder-workspace/.derivedData/Build/Intermediates.noindex/JavaScriptKit.build/Debug/BridgeJSMacros-t.build/Objects-normal/arm64/BridgeJSMacros.swiftmodule -serialize-diagnostics -dependency-scan-serialize-diagnostics-path /Users/admin/builder/spi-builder-workspace/.derivedData/Build/Intermediates.noindex/JavaScriptKit.build/Debug/BridgeJSMacros-t.build/Objects-normal/arm64/BridgeJSMacros-dependency-scan.dia -user-module-version 0.59.0 -validate-clang-modules-once -clang-build-session-file /Users/admin/builder/spi-builder-workspace/.derivedData/ModuleCache.noindex/Session.modulevalidation -Xcc -fmodules-prune-interval\=86400 -Xcc -fmodules-prune-after\=345600 -package-name javascriptkit -emit-const-values -const-gather-protocols-list /Users/admin/builder/spi-builder-workspace/.derivedData/Build/Intermediates.noindex/JavaScriptKit.build/Debug/BridgeJSMacros-t.build/Objects-normal/arm64/BridgeJSMacros_const_extract_protocols.json -Xcc -I/Users/admin/builder/spi-builder-workspace/.derivedData/Build/Products/Debug/include -Xcc -I/Users/admin/builder/spi-builder-workspace/.derivedData/Build/Intermediates.noindex/JavaScriptKit.build/Debug/BridgeJSMacros-t.build/DerivedSources-normal/arm64 -Xcc -I/Users/admin/builder/spi-builder-workspace/.derivedData/Build/Intermediates.noindex/JavaScriptKit.build/Debug/BridgeJSMacros-t.build/DerivedSources/arm64 -Xcc -I/Users/admin/builder/spi-builder-workspace/.derivedData/Build/Intermediates.noindex/JavaScriptKit.build/Debug/BridgeJSMacros-t.build/DerivedSources -Xcc -DSWIFT_PACKAGE -Xcc -DDEBUG\=1 -working-directory /Users/admin/builder/spi-builder-workspace/.swiftpm/xcode -experimental-emit-module-separately -disable-cmo
Ld /Users/admin/builder/spi-builder-workspace/.derivedData/Build/Products/Debug/BridgeJSMacros normal (in target 'BridgeJSMacros' from project 'JavaScriptKit')
    cd /Users/admin/builder/spi-builder-workspace/.dependencies/checkouts/JavaScriptKit
    /Applications/Xcode-27.0.0-Release.Candidate.app/Contents/Developer/Toolchains/XcodeDefault.xctoolchain/usr/bin/swiftc -Xlinker -reproducible -target arm64-apple-macos13.0 -emit-executable -sdk /Applications/Xcode-27.0.0-Release.Candidate.app/Contents/Developer/Platforms/MacOSX.platform/Developer/SDKs/MacOSX27.0.sdk -suppress-warnings -Xlinker -no_warn_duplicate_libraries -L/Users/admin/builder/spi-builder-workspace/.derivedData/Build/Intermediates.noindex/EagerLinkingTBDs/Debug -L/Users/admin/builder/spi-builder-workspace/.derivedData/Build/Products/Debug -L/Users/admin/builder/spi-builder-workspace/.dependencies/prebuilts/swift-syntax/603.0.2/swiftlang-6.4.0.34.1-macosx27.0-MacroSupport/lib -L/Applications/Xcode-27.0.0-Release.Candidate.app/Contents/Developer/Platforms/MacOSX.platform/Developer/usr/lib -F/Users/admin/builder/spi-builder-workspace/.derivedData/Build/Intermediates.noindex/EagerLinkingTBDs/Debug -F/Users/admin/builder/spi-builder-workspace/.derivedData/Build/Products/Debug -Fsystem /Applications/Xcode-27.0.0-Release.Candidate.app/Contents/Developer/Platforms/MacOSX.platform/Developer/Library/Frameworks @/Users/admin/builder/spi-builder-workspace/.derivedData/Build/Intermediates.noindex/JavaScriptKit.build/Debug/BridgeJSMacros-t.build/Objects-normal/arm64/BridgeJSMacros.LinkFileList -Xlinker -rpath -Xlinker /usr/lib/swift -Xlinker -object_path_lto -Xlinker /Users/admin/builder/spi-builder-workspace/.derivedData/Build/Intermediates.noindex/JavaScriptKit.build/Debug/BridgeJSMacros-t.build/Objects-normal/arm64/BridgeJSMacros_lto.o -Xclang-linker -rdynamic -Xlinker -no_deduplicate -Xlinker -dependency_info -Xlinker /Users/admin/builder/spi-builder-workspace/.derivedData/Build/Intermediates.noindex/JavaScriptKit.build/Debug/BridgeJSMacros-t.build/Objects-normal/arm64/BridgeJSMacros_dependency_info.dat -link-objc-runtime -L/Applications/Xcode-27.0.0-Release.Candidate.app/Contents/Developer/Toolchains/XcodeDefault.xctoolchain/usr/lib/swift/macosx -L/usr/lib/swift -Xlinker -add_ast_path -Xlinker /Users/admin/builder/spi-builder-workspace/.derivedData/Build/Intermediates.noindex/JavaScriptKit.build/Debug/BridgeJSMacros-t.build/Objects-normal/arm64/BridgeJSMacros.swiftmodule -lMacroSupport -o /Users/admin/builder/spi-builder-workspace/.derivedData/Build/Products/Debug/BridgeJSMacros -no-stdlib-rpath
RegisterExecutionPolicyException /Users/admin/builder/spi-builder-workspace/.derivedData/Build/Products/Debug/BridgeJSMacros (in target 'BridgeJSMacros' from project 'JavaScriptKit')
    cd /Users/admin/builder/spi-builder-workspace/.dependencies/checkouts/JavaScriptKit
    builtin-RegisterExecutionPolicyException /Users/admin/builder/spi-builder-workspace/.derivedData/Build/Products/Debug/BridgeJSMacros
SwiftDriver JavaScriptKit normal arm64 com.apple.xcode.tools.swift.compiler (in target 'JavaScriptKit' from project 'JavaScriptKit')
    cd /Users/admin/builder/spi-builder-workspace/.swiftpm/xcode
    builtin-SwiftDriver -- /Applications/Xcode-27.0.0-Release.Candidate.app/Contents/Developer/Toolchains/XcodeDefault.xctoolchain/usr/bin/swiftc -parse-as-library -module-name JavaScriptKit -Onone @/Users/admin/builder/spi-builder-workspace/.derivedData/Build/Intermediates.noindex/JavaScriptKit.build/Debug-watchos/JavaScriptKit-t.build/Objects-normal/arm64/JavaScriptKit.SwiftFileList -DSWIFT_PACKAGE -DDEBUG -DSWIFT_MODULE_RESOURCE_BUNDLE_UNAVAILABLE -Xcc -fmodule-map-file\=/Users/admin/builder/spi-builder-workspace/.dependencies/checkouts/JavaScriptKit/Sources/_CJavaScriptKit/include/module.modulemap -DXcode -enable-experimental-feature Extern -plugin-path /Applications/Xcode-27.0.0-Release.Candidate.app/Contents/Developer/Toolchains/XcodeDefault.xctoolchain/usr/lib/swift/host/plugins/testing -enable-experimental-feature DebugDescriptionMacro -sdk /Applications/Xcode-27.0.0-Release.Candidate.app/Contents/Developer/Platforms/WatchOS.platform/Developer/SDKs/WatchOS27.0.sdk -target arm64-apple-watchos9.0 -g -module-cache-path /Users/admin/builder/spi-builder-workspace/.derivedData/ModuleCache.noindex -Xfrontend -serialize-debugging-options -enable-testing -suppress-warnings -index-store-path /Users/admin/builder/spi-builder-workspace/.derivedData/Index.noindex/DataStore -Xcc -D_LIBCPP_HARDENING_MODE\=_LIBCPP_HARDENING_MODE_DEBUG -swift-version 6 -I /Users/admin/builder/spi-builder-workspace/.derivedData/Build/Products/Debug-watchos -Isystem /Applications/Xcode-27.0.0-Release.Candidate.app/Contents/Developer/Platforms/WatchOS.platform/Developer/usr/lib -F /Users/admin/builder/spi-builder-workspace/.derivedData/Build/Products/Debug-watchos/PackageFrameworks -F /Users/admin/builder/spi-builder-workspace/.derivedData/Build/Products/Debug-watchos -F /Applications/Xcode-27.0.0-Release.Candidate.app/Contents/Developer/Platforms/WatchOS.platform/Developer/Library/Frameworks -F /Applications/Xcode-27.0.0-Release.Candidate.app/Contents/Developer/Platforms/WatchOS.platform/Developer/SDKs/WatchOS27.0.sdk/Developer/Library/Frameworks -Xfrontend -load-plugin-executable -Xfrontend /Users/admin/builder/spi-builder-workspace/.derivedData/Build/Products/Debug/BridgeJSMacros\#BridgeJSMacros -c -j10 -enable-batch-mode -incremental -Xcc -ivfsstatcache -Xcc /Users/admin/builder/spi-builder-workspace/.derivedData/SDKStatCaches.noindex/watchos27.0-24R360-e829b21a6f8c9b70876ba0858053c04477534ef55a1706bf4c1112bbb242f0a2.sdkstatcache -output-file-map /Users/admin/builder/spi-builder-workspace/.derivedData/Build/Intermediates.noindex/JavaScriptKit.build/Debug-watchos/JavaScriptKit-t.build/Objects-normal/arm64/JavaScriptKit-OutputFileMap.json -save-temps -no-color-diagnostics -explicit-module-build -module-cache-path /Users/admin/builder/spi-builder-workspace/.derivedData/Build/Intermediates.noindex/SwiftExplicitPrecompiledModules -clang-scanner-module-cache-path /Users/admin/builder/spi-builder-workspace/.derivedData/ModuleCache.noindex -sdk-module-cache-path /Users/admin/builder/spi-builder-workspace/.derivedData/SDKExplicitPrecompiledModules -emit-dependencies -emit-module -emit-module-path /Users/admin/builder/spi-builder-workspace/.derivedData/Build/Intermediates.noindex/JavaScriptKit.build/Debug-watchos/JavaScriptKit-t.build/Objects-normal/arm64/JavaScriptKit.swiftmodule -serialize-diagnostics -dependency-scan-serialize-diagnostics-path /Users/admin/builder/spi-builder-workspace/.derivedData/Build/Intermediates.noindex/JavaScriptKit.build/Debug-watchos/JavaScriptKit-t.build/Objects-normal/arm64/JavaScriptKit-dependency-scan.dia -user-module-version 0.59.0 -validate-clang-modules-once -clang-build-session-file /Users/admin/builder/spi-builder-workspace/.derivedData/ModuleCache.noindex/Session.modulevalidation -Xcc -fmodules-prune-interval\=86400 -Xcc -fmodules-prune-after\=345600 -package-name javascriptkit -emit-const-values -const-gather-protocols-list /Users/admin/builder/spi-builder-workspace/.derivedData/Build/Intermediates.noindex/JavaScriptKit.build/Debug-watchos/JavaScriptKit-t.build/Objects-normal/arm64/JavaScriptKit_const_extract_protocols.json -Xcc -I/Users/admin/builder/spi-builder-workspace/.dependencies/checkouts/JavaScriptKit/Sources/_CJavaScriptKit/include -Xcc -I/Users/admin/builder/spi-builder-workspace/.derivedData/Build/Products/Debug-watchos/include -Xcc -I/Users/admin/builder/spi-builder-workspace/.derivedData/Build/Intermediates.noindex/JavaScriptKit.build/Debug-watchos/JavaScriptKit-t.build/DerivedSources-normal/arm64 -Xcc -I/Users/admin/builder/spi-builder-workspace/.derivedData/Build/Intermediates.noindex/JavaScriptKit.build/Debug-watchos/JavaScriptKit-t.build/DerivedSources/arm64 -Xcc -I/Users/admin/builder/spi-builder-workspace/.derivedData/Build/Intermediates.noindex/JavaScriptKit.build/Debug-watchos/JavaScriptKit-t.build/DerivedSources -Xcc -DSWIFT_PACKAGE -Xcc -DDEBUG\=1 -emit-objc-header -emit-objc-header-path /Users/admin/builder/spi-builder-workspace/.derivedData/Build/Intermediates.noindex/JavaScriptKit.build/Debug-watchos/JavaScriptKit-t.build/Objects-normal/arm64/JavaScriptKit-Swift.h -working-directory /Users/admin/builder/spi-builder-workspace/.swiftpm/xcode -experimental-emit-module-separately -disable-cmo
SwiftDriver JavaScriptKit normal arm64_32 com.apple.xcode.tools.swift.compiler (in target 'JavaScriptKit' from project 'JavaScriptKit')
    cd /Users/admin/builder/spi-builder-workspace/.swiftpm/xcode
    builtin-SwiftDriver -- /Applications/Xcode-27.0.0-Release.Candidate.app/Contents/Developer/Toolchains/XcodeDefault.xctoolchain/usr/bin/swiftc -parse-as-library -module-name JavaScriptKit -Onone @/Users/admin/builder/spi-builder-workspace/.derivedData/Build/Intermediates.noindex/JavaScriptKit.build/Debug-watchos/JavaScriptKit-t.build/Objects-normal/arm64_32/JavaScriptKit.SwiftFileList -DSWIFT_PACKAGE -DDEBUG -DSWIFT_MODULE_RESOURCE_BUNDLE_UNAVAILABLE -Xcc -fmodule-map-file\=/Users/admin/builder/spi-builder-workspace/.dependencies/checkouts/JavaScriptKit/Sources/_CJavaScriptKit/include/module.modulemap -DXcode -enable-experimental-feature Extern -plugin-path /Applications/Xcode-27.0.0-Release.Candidate.app/Contents/Developer/Toolchains/XcodeDefault.xctoolchain/usr/lib/swift/host/plugins/testing -enable-experimental-feature DebugDescriptionMacro -sdk /Applications/Xcode-27.0.0-Release.Candidate.app/Contents/Developer/Platforms/WatchOS.platform/Developer/SDKs/WatchOS27.0.sdk -target arm64_32-apple-watchos9.0 -g -module-cache-path /Users/admin/builder/spi-builder-workspace/.derivedData/ModuleCache.noindex -Xfrontend -serialize-debugging-options -enable-testing -suppress-warnings -index-store-path /Users/admin/builder/spi-builder-workspace/.derivedData/Index.noindex/DataStore -Xcc -D_LIBCPP_HARDENING_MODE\=_LIBCPP_HARDENING_MODE_DEBUG -swift-version 6 -I /Users/admin/builder/spi-builder-workspace/.derivedData/Build/Products/Debug-watchos -Isystem /Applications/Xcode-27.0.0-Release.Candidate.app/Contents/Developer/Platforms/WatchOS.platform/Developer/usr/lib -F /Users/admin/builder/spi-builder-workspace/.derivedData/Build/Products/Debug-watchos/PackageFrameworks -F /Users/admin/builder/spi-builder-workspace/.derivedData/Build/Products/Debug-watchos -F /Applications/Xcode-27.0.0-Release.Candidate.app/Contents/Developer/Platforms/WatchOS.platform/Developer/Library/Frameworks -F /Applications/Xcode-27.0.0-Release.Candidate.app/Contents/Developer/Platforms/WatchOS.platform/Developer/SDKs/WatchOS27.0.sdk/Developer/Library/Frameworks -Xfrontend -load-plugin-executable -Xfrontend /Users/admin/builder/spi-builder-workspace/.derivedData/Build/Products/Debug/BridgeJSMacros\#BridgeJSMacros -c -j10 -enable-batch-mode -incremental -Xcc -ivfsstatcache -Xcc /Users/admin/builder/spi-builder-workspace/.derivedData/SDKStatCaches.noindex/watchos27.0-24R360-e829b21a6f8c9b70876ba0858053c04477534ef55a1706bf4c1112bbb242f0a2.sdkstatcache -output-file-map /Users/admin/builder/spi-builder-workspace/.derivedData/Build/Intermediates.noindex/JavaScriptKit.build/Debug-watchos/JavaScriptKit-t.build/Objects-normal/arm64_32/JavaScriptKit-OutputFileMap.json -save-temps -no-color-diagnostics -explicit-module-build -module-cache-path /Users/admin/builder/spi-builder-workspace/.derivedData/Build/Intermediates.noindex/SwiftExplicitPrecompiledModules -clang-scanner-module-cache-path /Users/admin/builder/spi-builder-workspace/.derivedData/ModuleCache.noindex -sdk-module-cache-path /Users/admin/builder/spi-builder-workspace/.derivedData/SDKExplicitPrecompiledModules -emit-dependencies -emit-module -emit-module-path /Users/admin/builder/spi-builder-workspace/.derivedData/Build/Intermediates.noindex/JavaScriptKit.build/Debug-watchos/JavaScriptKit-t.build/Objects-normal/arm64_32/JavaScriptKit.swiftmodule -serialize-diagnostics -dependency-scan-serialize-diagnostics-path /Users/admin/builder/spi-builder-workspace/.derivedData/Build/Intermediates.noindex/JavaScriptKit.build/Debug-watchos/JavaScriptKit-t.build/Objects-normal/arm64_32/JavaScriptKit-dependency-scan.dia -user-module-version 0.59.0 -validate-clang-modules-once -clang-build-session-file /Users/admin/builder/spi-builder-workspace/.derivedData/ModuleCache.noindex/Session.modulevalidation -Xcc -fmodules-prune-interval\=86400 -Xcc -fmodules-prune-after\=345600 -package-name javascriptkit -emit-const-values -const-gather-protocols-list /Users/admin/builder/spi-builder-workspace/.derivedData/Build/Intermediates.noindex/JavaScriptKit.build/Debug-watchos/JavaScriptKit-t.build/Objects-normal/arm64_32/JavaScriptKit_const_extract_protocols.json -Xcc -I/Users/admin/builder/spi-builder-workspace/.dependencies/checkouts/JavaScriptKit/Sources/_CJavaScriptKit/include -Xcc -I/Users/admin/builder/spi-builder-workspace/.derivedData/Build/Products/Debug-watchos/include -Xcc -I/Users/admin/builder/spi-builder-workspace/.derivedData/Build/Intermediates.noindex/JavaScriptKit.build/Debug-watchos/JavaScriptKit-t.build/DerivedSources-normal/arm64_32 -Xcc -I/Users/admin/builder/spi-builder-workspace/.derivedData/Build/Intermediates.noindex/JavaScriptKit.build/Debug-watchos/JavaScriptKit-t.build/DerivedSources/arm64_32 -Xcc -I/Users/admin/builder/spi-builder-workspace/.derivedData/Build/Intermediates.noindex/JavaScriptKit.build/Debug-watchos/JavaScriptKit-t.build/DerivedSources -Xcc -DSWIFT_PACKAGE -Xcc -DDEBUG\=1 -emit-objc-header -emit-objc-header-path /Users/admin/builder/spi-builder-workspace/.derivedData/Build/Intermediates.noindex/JavaScriptKit.build/Debug-watchos/JavaScriptKit-t.build/Objects-normal/arm64_32/JavaScriptKit-Swift.h -working-directory /Users/admin/builder/spi-builder-workspace/.swiftpm/xcode -experimental-emit-module-separately -disable-cmo
SwiftExplicitDependencyGeneratePcm arm64_32 /Users/admin/builder/spi-builder-workspace/.derivedData/SDKExplicitPrecompiledModules/_Builtin_stdarg-EYJP6DFYQL9GJLH1TJ84A8MHV.pcm
SwiftExplicitDependencyGeneratePcm arm64_32 /Users/admin/builder/spi-builder-workspace/.derivedData/SDKExplicitPrecompiledModules/_Builtin_float-372PLGDQ1U3B6Z5EA5DJMDORJ.pcm
SwiftExplicitDependencyGeneratePcm arm64_32 /Users/admin/builder/spi-builder-workspace/.derivedData/SDKExplicitPrecompiledModules/SwiftShims-D9VBB138U50XYYGW2C2V21N3L.pcm
SwiftExplicitDependencyGeneratePcm arm64_32 /Users/admin/builder/spi-builder-workspace/.derivedData/SDKExplicitPrecompiledModules/ptrcheck-EAZ3I917ZFA9H6ZCL6PGLG4TR.pcm
SwiftExplicitDependencyGeneratePcm arm64_32 /Users/admin/builder/spi-builder-workspace/.derivedData/SDKExplicitPrecompiledModules/_SwiftConcurrencyShims-58G4ISYSYDV3AT1DDGEE0QCUF.pcm
SwiftExplicitDependencyGeneratePcm arm64_32 /Users/admin/builder/spi-builder-workspace/.derivedData/SDKExplicitPrecompiledModules/_Builtin_stddef-2F9BFIPBQ5EWNSK5G7G7V4EKL.pcm
SwiftExplicitDependencyGeneratePcm arm64_32 /Users/admin/builder/spi-builder-workspace/.derivedData/SDKExplicitPrecompiledModules/_Builtin_stdbool-84ZA1VDW90AGWZ2LF5KOCM8DZ.pcm
SwiftExplicitDependencyGeneratePcm arm64_32 /Users/admin/builder/spi-builder-workspace/.derivedData/SDKExplicitPrecompiledModules/_AvailabilityInternal-22ZP1ILSQW16KHXZS5GBZHOCS.pcm
SwiftExplicitDependencyGeneratePcm arm64 /Users/admin/builder/spi-builder-workspace/.derivedData/SDKExplicitPrecompiledModules/_AvailabilityInternal-42EVAC8Q6P1ZT6G3A168N97G4.pcm
SwiftExplicitDependencyGeneratePcm arm64 /Users/admin/builder/spi-builder-workspace/.derivedData/SDKExplicitPrecompiledModules/_Builtin_float-E4M4A8689VXF1T7P7BV56IKBT.pcm
SwiftExplicitDependencyGeneratePcm arm64 /Users/admin/builder/spi-builder-workspace/.derivedData/SDKExplicitPrecompiledModules/ptrcheck-8K07997SIHO7YGY7UQ3LOQ3TJ.pcm
SwiftExplicitDependencyGeneratePcm arm64 /Users/admin/builder/spi-builder-workspace/.derivedData/SDKExplicitPrecompiledModules/SwiftShims-AJ4AZYHQNC33R5RLN7AGEIOMP.pcm
SwiftExplicitDependencyGeneratePcm arm64 /Users/admin/builder/spi-builder-workspace/.derivedData/SDKExplicitPrecompiledModules/_SwiftConcurrencyShims-CTPSFSTDCBVSSQFHL6I305U72.pcm
SwiftExplicitDependencyGeneratePcm arm64 /Users/admin/builder/spi-builder-workspace/.derivedData/SDKExplicitPrecompiledModules/_Builtin_stdbool-B692L2PMR118794VVYBG37897.pcm
SwiftExplicitDependencyGeneratePcm arm64 /Users/admin/builder/spi-builder-workspace/.derivedData/SDKExplicitPrecompiledModules/_Builtin_stddef-5OH846KKUPSJJT7GCX9XU1TKG.pcm
SwiftExplicitDependencyGeneratePcm arm64 /Users/admin/builder/spi-builder-workspace/.derivedData/SDKExplicitPrecompiledModules/_Builtin_stdarg-3X4KLXUYEI0UGBILP4X7D0CYW.pcm
SwiftExplicitDependencyGeneratePcm arm64_32 /Users/admin/builder/spi-builder-workspace/.derivedData/SDKExplicitPrecompiledModules/_DarwinFoundation1-5SNIO0SFHX9KJZTLQGIPAPXUZ.pcm
SwiftExplicitDependencyGeneratePcm arm64 /Users/admin/builder/spi-builder-workspace/.derivedData/SDKExplicitPrecompiledModules/_DarwinFoundation1-7YQ9TVI7XTOGQU9OADRXP33D1.pcm
SwiftExplicitDependencyGeneratePcm arm64_32 /Users/admin/builder/spi-builder-workspace/.derivedData/SDKExplicitPrecompiledModules/_DarwinFoundation2-FP2Q8F1Q2HR151SBYKTU6Q8B.pcm
SwiftExplicitDependencyGeneratePcm arm64_32 /Users/admin/builder/spi-builder-workspace/.derivedData/SDKExplicitPrecompiledModules/_Builtin_limits-AQMEC9CLG0FZQN6TLGDQ6WF78.pcm
SwiftExplicitDependencyGeneratePcm arm64 /Users/admin/builder/spi-builder-workspace/.derivedData/SDKExplicitPrecompiledModules/_DarwinFoundation2-CUPL4FH2SA95GMALQP4M6O8UA.pcm
SwiftExplicitDependencyGeneratePcm arm64 /Users/admin/builder/spi-builder-workspace/.derivedData/SDKExplicitPrecompiledModules/_Builtin_limits-75TRA1C7IHYOFCG3KJXQVTHJ4.pcm
SwiftExplicitDependencyGeneratePcm arm64_32 /Users/admin/builder/spi-builder-workspace/.derivedData/SDKExplicitPrecompiledModules/sys_types-65NN51P1G7GN2GUAUPC53JJ7N.pcm
SwiftExplicitDependencyGeneratePcm arm64_32 /Users/admin/builder/spi-builder-workspace/.derivedData/SDKExplicitPrecompiledModules/_Builtin_stdint-6IWJLTRH2WB6RCG4THPA65RDS.pcm
SwiftExplicitDependencyGeneratePcm arm64 /Users/admin/builder/spi-builder-workspace/.derivedData/SDKExplicitPrecompiledModules/sys_types-9KPVYINL86WUSHF45TU8PWZZ1.pcm
SwiftExplicitDependencyGeneratePcm arm64 /Users/admin/builder/spi-builder-workspace/.derivedData/SDKExplicitPrecompiledModules/_Builtin_stdint-6TUACK4YPMARFT56PLIO388SJ.pcm
SwiftExplicitDependencyGeneratePcm arm64_32 /Users/admin/builder/spi-builder-workspace/.derivedData/SDKExplicitPrecompiledModules/_DarwinFoundation3-3YOBOPIW2MF1LRNQH7JBUBY4G.pcm
SwiftExplicitDependencyGeneratePcm arm64 /Users/admin/builder/spi-builder-workspace/.derivedData/SDKExplicitPrecompiledModules/_DarwinFoundation3-EJXZKD8LN9EYM9OWP9VLJ49PK.pcm
SwiftExplicitDependencyGeneratePcm arm64_32 /Users/admin/builder/spi-builder-workspace/.derivedData/SDKExplicitPrecompiledModules/_Builtin_inttypes-BPZJ68HW1IMYWSHROAZ0IMUJP.pcm
SwiftExplicitDependencyGeneratePcm arm64_32 /Users/admin/builder/spi-builder-workspace/.derivedData/Build/Intermediates.noindex/SwiftExplicitPrecompiledModules/_CJavaScriptKit-57EN36F175YHB6LKZN7EON6YN.pcm
SwiftExplicitDependencyGeneratePcm arm64 /Users/admin/builder/spi-builder-workspace/.derivedData/SDKExplicitPrecompiledModules/_Builtin_inttypes-86YTNV5YADPJXFMJ82N3R4GWQ.pcm
SwiftExplicitDependencyGeneratePcm arm64 /Users/admin/builder/spi-builder-workspace/.derivedData/Build/Intermediates.noindex/SwiftExplicitPrecompiledModules/_CJavaScriptKit-A5QTZ6EN7H7WI84YL4B1LAUQI.pcm
SwiftExplicitDependencyGeneratePcm arm64_32 /Users/admin/builder/spi-builder-workspace/.derivedData/SDKExplicitPrecompiledModules/Darwin-10D35ZJWCWG7LJAF579U7I5V7.pcm
SwiftExplicitDependencyGeneratePcm arm64 /Users/admin/builder/spi-builder-workspace/.derivedData/SDKExplicitPrecompiledModules/Darwin-CSB8C43KELVSFIQVR0803IZPN.pcm
SwiftEmitModule normal arm64_32 Emitting\ module\ for\ JavaScriptKit (in target 'JavaScriptKit' from project 'JavaScriptKit')
SwiftCompile normal arm64_32 (in target 'JavaScriptKit' from project 'JavaScriptKit')
    cd /Users/admin/builder/spi-builder-workspace/.swiftpm/xcode

SwiftCompile normal arm64_32 Compiling\ JSClosure.swift,\ JSObject+CallAsFunction.swift,\ JSObject.swift /Users/admin/builder/spi-builder-workspace/.dependencies/checkouts/JavaScriptKit/Sources/JavaScriptKit/FundamentalObjects/JSClosure.swift /Users/admin/builder/spi-builder-workspace/.dependencies/checkouts/JavaScriptKit/Sources/JavaScriptKit/FundamentalObjects/JSObject+CallAsFunction.swift /Users/admin/builder/spi-builder-workspace/.dependencies/checkouts/JavaScriptKit/Sources/JavaScriptKit/FundamentalObjects/JSObject.swift (in target 'JavaScriptKit' from project 'JavaScriptKit')
SwiftCompile normal arm64_32 /Users/admin/builder/spi-builder-workspace/.dependencies/checkouts/JavaScriptKit/Sources/JavaScriptKit/FundamentalObjects/JSClosure.swift (in target 'JavaScriptKit' from project 'JavaScriptKit')
    cd /Users/admin/builder/spi-builder-workspace/.swiftpm/xcode
    builtin-SwiftPerFileCompile JSClosure.swift
SwiftCompile normal arm64_32 /Users/admin/builder/spi-builder-workspace/.dependencies/checkouts/JavaScriptKit/Sources/JavaScriptKit/FundamentalObjects/JSObject+CallAsFunction.swift (in target 'JavaScriptKit' from project 'JavaScriptKit')
    cd /Users/admin/builder/spi-builder-workspace/.swiftpm/xcode
    builtin-SwiftPerFileCompile JSObject+CallAsFunction.swift
SwiftCompile normal arm64_32 /Users/admin/builder/spi-builder-workspace/.dependencies/checkouts/JavaScriptKit/Sources/JavaScriptKit/FundamentalObjects/JSObject.swift (in target 'JavaScriptKit' from project 'JavaScriptKit')
    cd /Users/admin/builder/spi-builder-workspace/.swiftpm/xcode
    builtin-SwiftPerFileCompile JSObject.swift
SwiftCompile normal arm64_32 Compiling\ JSValue.swift,\ JSValueDecoder.swift /Users/admin/builder/spi-builder-workspace/.dependencies/checkouts/JavaScriptKit/Sources/JavaScriptKit/JSValue.swift /Users/admin/builder/spi-builder-workspace/.dependencies/checkouts/JavaScriptKit/Sources/JavaScriptKit/JSValueDecoder.swift (in target 'JavaScriptKit' from project 'JavaScriptKit')
SwiftCompile normal arm64_32 /Users/admin/builder/spi-builder-workspace/.dependencies/checkouts/JavaScriptKit/Sources/JavaScriptKit/JSValue.swift (in target 'JavaScriptKit' from project 'JavaScriptKit')
    cd /Users/admin/builder/spi-builder-workspace/.swiftpm/xcode
    builtin-SwiftPerFileCompile JSValue.swift
SwiftCompile normal arm64_32 /Users/admin/builder/spi-builder-workspace/.dependencies/checkouts/JavaScriptKit/Sources/JavaScriptKit/JSValueDecoder.swift (in target 'JavaScriptKit' from project 'JavaScriptKit')
    cd /Users/admin/builder/spi-builder-workspace/.swiftpm/xcode
    builtin-SwiftPerFileCompile JSValueDecoder.swift
SwiftCompile normal arm64_32 Compiling\ JSBridgedType.swift,\ JSException.swift /Users/admin/builder/spi-builder-workspace/.dependencies/checkouts/JavaScriptKit/Sources/JavaScriptKit/JSBridgedType.swift /Users/admin/builder/spi-builder-workspace/.dependencies/checkouts/JavaScriptKit/Sources/JavaScriptKit/JSException.swift (in target 'JavaScriptKit' from project 'JavaScriptKit')
SwiftCompile normal arm64_32 /Users/admin/builder/spi-builder-workspace/.dependencies/checkouts/JavaScriptKit/Sources/JavaScriptKit/JSBridgedType.swift (in target 'JavaScriptKit' from project 'JavaScriptKit')
    cd /Users/admin/builder/spi-builder-workspace/.swiftpm/xcode
    builtin-SwiftPerFileCompile JSBridgedType.swift
SwiftCompile normal arm64_32 /Users/admin/builder/spi-builder-workspace/.dependencies/checkouts/JavaScriptKit/Sources/JavaScriptKit/JSException.swift (in target 'JavaScriptKit' from project 'JavaScriptKit')
    cd /Users/admin/builder/spi-builder-workspace/.swiftpm/xcode
    builtin-SwiftPerFileCompile JSException.swift
SwiftCompile normal arm64_32 Compiling\ JSPromise.swift,\ JSTimer.swift,\ JSTypedArray.swift /Users/admin/builder/spi-builder-workspace/.dependencies/checkouts/JavaScriptKit/Sources/JavaScriptKit/BasicObjects/JSPromise.swift /Users/admin/builder/spi-builder-workspace/.dependencies/checkouts/JavaScriptKit/Sources/JavaScriptKit/BasicObjects/JSTimer.swift /Users/admin/builder/spi-builder-workspace/.dependencies/checkouts/JavaScriptKit/Sources/JavaScriptKit/BasicObjects/JSTypedArray.swift (in target 'JavaScriptKit' from project 'JavaScriptKit')
SwiftCompile normal arm64_32 /Users/admin/builder/spi-builder-workspace/.dependencies/checkouts/JavaScriptKit/Sources/JavaScriptKit/BasicObjects/JSPromise.swift (in target 'JavaScriptKit' from project 'JavaScriptKit')
    cd /Users/admin/builder/spi-builder-workspace/.swiftpm/xcode
    builtin-SwiftPerFileCompile JSPromise.swift
SwiftCompile normal arm64_32 /Users/admin/builder/spi-builder-workspace/.dependencies/checkouts/JavaScriptKit/Sources/JavaScriptKit/BasicObjects/JSTimer.swift (in target 'JavaScriptKit' from project 'JavaScriptKit')
    cd /Users/admin/builder/spi-builder-workspace/.swiftpm/xcode
    builtin-SwiftPerFileCompile JSTimer.swift
SwiftCompile normal arm64_32 /Users/admin/builder/spi-builder-workspace/.dependencies/checkouts/JavaScriptKit/Sources/JavaScriptKit/BasicObjects/JSTypedArray.swift (in target 'JavaScriptKit' from project 'JavaScriptKit')
    cd /Users/admin/builder/spi-builder-workspace/.swiftpm/xcode
    builtin-SwiftPerFileCompile JSTypedArray.swift
SwiftCompile normal arm64_32 Compiling\ JSArray.swift,\ JSDate.swift,\ JSError.swift /Users/admin/builder/spi-builder-workspace/.dependencies/checkouts/JavaScriptKit/Sources/JavaScriptKit/BasicObjects/JSArray.swift /Users/admin/builder/spi-builder-workspace/.dependencies/checkouts/JavaScriptKit/Sources/JavaScriptKit/BasicObjects/JSDate.swift /Users/admin/builder/spi-builder-workspace/.dependencies/checkouts/JavaScriptKit/Sources/JavaScriptKit/BasicObjects/JSError.swift (in target 'JavaScriptKit' from project 'JavaScriptKit')
SwiftCompile normal arm64_32 /Users/admin/builder/spi-builder-workspace/.dependencies/checkouts/JavaScriptKit/Sources/JavaScriptKit/BasicObjects/JSArray.swift (in target 'JavaScriptKit' from project 'JavaScriptKit')
    cd /Users/admin/builder/spi-builder-workspace/.swiftpm/xcode
    builtin-SwiftPerFileCompile JSArray.swift
SwiftCompile normal arm64_32 /Users/admin/builder/spi-builder-workspace/.dependencies/checkouts/JavaScriptKit/Sources/JavaScriptKit/BasicObjects/JSDate.swift (in target 'JavaScriptKit' from project 'JavaScriptKit')
    cd /Users/admin/builder/spi-builder-workspace/.swiftpm/xcode
    builtin-SwiftPerFileCompile JSDate.swift
SwiftCompile normal arm64_32 /Users/admin/builder/spi-builder-workspace/.dependencies/checkouts/JavaScriptKit/Sources/JavaScriptKit/BasicObjects/JSError.swift (in target 'JavaScriptKit' from project 'JavaScriptKit')
    cd /Users/admin/builder/spi-builder-workspace/.swiftpm/xcode
    builtin-SwiftPerFileCompile JSError.swift
SwiftCompile normal arm64_32 Compiling\ JSString.swift,\ JSSymbol.swift,\ JSThrowingFunction.swift /Users/admin/builder/spi-builder-workspace/.dependencies/checkouts/JavaScriptKit/Sources/JavaScriptKit/FundamentalObjects/JSString.swift /Users/admin/builder/spi-builder-workspace/.dependencies/checkouts/JavaScriptKit/Sources/JavaScriptKit/FundamentalObjects/JSSymbol.swift /Users/admin/builder/spi-builder-workspace/.dependencies/checkouts/JavaScriptKit/Sources/JavaScriptKit/FundamentalObjects/JSThrowingFunction.swift (in target 'JavaScriptKit' from project 'JavaScriptKit')
SwiftCompile normal arm64_32 /Users/admin/builder/spi-builder-workspace/.dependencies/checkouts/JavaScriptKit/Sources/JavaScriptKit/FundamentalObjects/JSString.swift (in target 'JavaScriptKit' from project 'JavaScriptKit')
    cd /Users/admin/builder/spi-builder-workspace/.swiftpm/xcode
    builtin-SwiftPerFileCompile JSString.swift
SwiftCompile normal arm64_32 /Users/admin/builder/spi-builder-workspace/.dependencies/checkouts/JavaScriptKit/Sources/JavaScriptKit/FundamentalObjects/JSSymbol.swift (in target 'JavaScriptKit' from project 'JavaScriptKit')
    cd /Users/admin/builder/spi-builder-workspace/.swiftpm/xcode
    builtin-SwiftPerFileCompile JSSymbol.swift
SwiftCompile normal arm64_32 /Users/admin/builder/spi-builder-workspace/.dependencies/checkouts/JavaScriptKit/Sources/JavaScriptKit/FundamentalObjects/JSThrowingFunction.swift (in target 'JavaScriptKit' from project 'JavaScriptKit')
    cd /Users/admin/builder/spi-builder-workspace/.swiftpm/xcode
    builtin-SwiftPerFileCompile JSThrowingFunction.swift
SwiftCompile normal arm64_32 Compiling\ BridgeJSIntrinsics.swift,\ ConstructibleFromJSValue.swift,\ ConvertibleToJSValue.swift /Users/admin/builder/spi-builder-workspace/.dependencies/checkouts/JavaScriptKit/Sources/JavaScriptKit/BridgeJSIntrinsics.swift /Users/admin/builder/spi-builder-workspace/.dependencies/checkouts/JavaScriptKit/Sources/JavaScriptKit/ConstructibleFromJSValue.swift /Users/admin/builder/spi-builder-workspace/.dependencies/checkouts/JavaScriptKit/Sources/JavaScriptKit/ConvertibleToJSValue.swift (in target 'JavaScriptKit' from project 'JavaScriptKit')
SwiftCompile normal arm64_32 /Users/admin/builder/spi-builder-workspace/.dependencies/checkouts/JavaScriptKit/Sources/JavaScriptKit/BridgeJSIntrinsics.swift (in target 'JavaScriptKit' from project 'JavaScriptKit')
    cd /Users/admin/builder/spi-builder-workspace/.swiftpm/xcode
    builtin-SwiftPerFileCompile BridgeJSIntrinsics.swift
SwiftCompile normal arm64_32 /Users/admin/builder/spi-builder-workspace/.dependencies/checkouts/JavaScriptKit/Sources/JavaScriptKit/ConstructibleFromJSValue.swift (in target 'JavaScriptKit' from project 'JavaScriptKit')
    cd /Users/admin/builder/spi-builder-workspace/.swiftpm/xcode
    builtin-SwiftPerFileCompile ConstructibleFromJSValue.swift
SwiftCompile normal arm64_32 /Users/admin/builder/spi-builder-workspace/.dependencies/checkouts/JavaScriptKit/Sources/JavaScriptKit/ConvertibleToJSValue.swift (in target 'JavaScriptKit' from project 'JavaScriptKit')
    cd /Users/admin/builder/spi-builder-workspace/.swiftpm/xcode
    builtin-SwiftPerFileCompile ConvertibleToJSValue.swift
SwiftCompile normal arm64_32 Compiling\ Macros.swift,\ ThreadLocal.swift /Users/admin/builder/spi-builder-workspace/.dependencies/checkouts/JavaScriptKit/Sources/JavaScriptKit/Macros.swift /Users/admin/builder/spi-builder-workspace/.dependencies/checkouts/JavaScriptKit/Sources/JavaScriptKit/ThreadLocal.swift (in target 'JavaScriptKit' from project 'JavaScriptKit')
SwiftCompile normal arm64_32 /Users/admin/builder/spi-builder-workspace/.dependencies/checkouts/JavaScriptKit/Sources/JavaScriptKit/Macros.swift (in target 'JavaScriptKit' from project 'JavaScriptKit')
    cd /Users/admin/builder/spi-builder-workspace/.swiftpm/xcode
    builtin-SwiftPerFileCompile Macros.swift
SwiftCompile normal arm64_32 /Users/admin/builder/spi-builder-workspace/.dependencies/checkouts/JavaScriptKit/Sources/JavaScriptKit/ThreadLocal.swift (in target 'JavaScriptKit' from project 'JavaScriptKit')
    cd /Users/admin/builder/spi-builder-workspace/.swiftpm/xcode
    builtin-SwiftPerFileCompile ThreadLocal.swift
SwiftCompile normal arm64_32 Compiling\ Deprecated.swift,\ Features.swift,\ JSBigInt.swift /Users/admin/builder/spi-builder-workspace/.dependencies/checkouts/JavaScriptKit/Sources/JavaScriptKit/Deprecated.swift /Users/admin/builder/spi-builder-workspace/.dependencies/checkouts/JavaScriptKit/Sources/JavaScriptKit/Features.swift /Users/admin/builder/spi-builder-workspace/.dependencies/checkouts/JavaScriptKit/Sources/JavaScriptKit/FundamentalObjects/JSBigInt.swift (in target 'JavaScriptKit' from project 'JavaScriptKit')
SwiftCompile normal arm64_32 /Users/admin/builder/spi-builder-workspace/.dependencies/checkouts/JavaScriptKit/Sources/JavaScriptKit/Deprecated.swift (in target 'JavaScriptKit' from project 'JavaScriptKit')
    cd /Users/admin/builder/spi-builder-workspace/.swiftpm/xcode
    builtin-SwiftPerFileCompile Deprecated.swift
SwiftCompile normal arm64_32 /Users/admin/builder/spi-builder-workspace/.dependencies/checkouts/JavaScriptKit/Sources/JavaScriptKit/Features.swift (in target 'JavaScriptKit' from project 'JavaScriptKit')
    cd /Users/admin/builder/spi-builder-workspace/.swiftpm/xcode
    builtin-SwiftPerFileCompile Features.swift
SwiftCompile normal arm64_32 /Users/admin/builder/spi-builder-workspace/.dependencies/checkouts/JavaScriptKit/Sources/JavaScriptKit/FundamentalObjects/JSBigInt.swift (in target 'JavaScriptKit' from project 'JavaScriptKit')
    cd /Users/admin/builder/spi-builder-workspace/.swiftpm/xcode
    builtin-SwiftPerFileCompile JSBigInt.swift
SwiftEmitModule normal arm64 Emitting\ module\ for\ JavaScriptKit (in target 'JavaScriptKit' from project 'JavaScriptKit')
SwiftCompile normal arm64 (in target 'JavaScriptKit' from project 'JavaScriptKit')
    cd /Users/admin/builder/spi-builder-workspace/.swiftpm/xcode

SwiftDriverJobDiscovery normal arm64_32 Compiling JSBridgedType.swift, JSException.swift (in target 'JavaScriptKit' from project 'JavaScriptKit')
SwiftCompile normal arm64 Compiling\ JSValue.swift,\ JSValueDecoder.swift /Users/admin/builder/spi-builder-workspace/.dependencies/checkouts/JavaScriptKit/Sources/JavaScriptKit/JSValue.swift /Users/admin/builder/spi-builder-workspace/.dependencies/checkouts/JavaScriptKit/Sources/JavaScriptKit/JSValueDecoder.swift (in target 'JavaScriptKit' from project 'JavaScriptKit')
SwiftCompile normal arm64 /Users/admin/builder/spi-builder-workspace/.dependencies/checkouts/JavaScriptKit/Sources/JavaScriptKit/JSValue.swift (in target 'JavaScriptKit' from project 'JavaScriptKit')
    cd /Users/admin/builder/spi-builder-workspace/.swiftpm/xcode
    builtin-SwiftPerFileCompile JSValue.swift
SwiftCompile normal arm64 /Users/admin/builder/spi-builder-workspace/.dependencies/checkouts/JavaScriptKit/Sources/JavaScriptKit/JSValueDecoder.swift (in target 'JavaScriptKit' from project 'JavaScriptKit')
    cd /Users/admin/builder/spi-builder-workspace/.swiftpm/xcode
    builtin-SwiftPerFileCompile JSValueDecoder.swift
SwiftDriverJobDiscovery normal arm64_32 Compiling Deprecated.swift, Features.swift, JSBigInt.swift (in target 'JavaScriptKit' from project 'JavaScriptKit')
SwiftCompile normal arm64 Compiling\ JSArray.swift,\ JSDate.swift,\ JSError.swift /Users/admin/builder/spi-builder-workspace/.dependencies/checkouts/JavaScriptKit/Sources/JavaScriptKit/BasicObjects/JSArray.swift /Users/admin/builder/spi-builder-workspace/.dependencies/checkouts/JavaScriptKit/Sources/JavaScriptKit/BasicObjects/JSDate.swift /Users/admin/builder/spi-builder-workspace/.dependencies/checkouts/JavaScriptKit/Sources/JavaScriptKit/BasicObjects/JSError.swift (in target 'JavaScriptKit' from project 'JavaScriptKit')
SwiftCompile normal arm64 /Users/admin/builder/spi-builder-workspace/.dependencies/checkouts/JavaScriptKit/Sources/JavaScriptKit/BasicObjects/JSArray.swift (in target 'JavaScriptKit' from project 'JavaScriptKit')
    cd /Users/admin/builder/spi-builder-workspace/.swiftpm/xcode
    builtin-SwiftPerFileCompile JSArray.swift
SwiftCompile normal arm64 /Users/admin/builder/spi-builder-workspace/.dependencies/checkouts/JavaScriptKit/Sources/JavaScriptKit/BasicObjects/JSDate.swift (in target 'JavaScriptKit' from project 'JavaScriptKit')
    cd /Users/admin/builder/spi-builder-workspace/.swiftpm/xcode
    builtin-SwiftPerFileCompile JSDate.swift
SwiftCompile normal arm64 /Users/admin/builder/spi-builder-workspace/.dependencies/checkouts/JavaScriptKit/Sources/JavaScriptKit/BasicObjects/JSError.swift (in target 'JavaScriptKit' from project 'JavaScriptKit')
    cd /Users/admin/builder/spi-builder-workspace/.swiftpm/xcode
    builtin-SwiftPerFileCompile JSError.swift
SwiftDriverJobDiscovery normal arm64_32 Compiling JSArray.swift, JSDate.swift, JSError.swift (in target 'JavaScriptKit' from project 'JavaScriptKit')
SwiftCompile normal arm64 Compiling\ JSTracing.swift,\ JSUndefinedOr.swift /Users/admin/builder/spi-builder-workspace/.dependencies/checkouts/JavaScriptKit/Sources/JavaScriptKit/JSTracing.swift /Users/admin/builder/spi-builder-workspace/.dependencies/checkouts/JavaScriptKit/Sources/JavaScriptKit/JSUndefinedOr.swift (in target 'JavaScriptKit' from project 'JavaScriptKit')
SwiftCompile normal arm64 /Users/admin/builder/spi-builder-workspace/.dependencies/checkouts/JavaScriptKit/Sources/JavaScriptKit/JSTracing.swift (in target 'JavaScriptKit' from project 'JavaScriptKit')
    cd /Users/admin/builder/spi-builder-workspace/.swiftpm/xcode
    builtin-SwiftPerFileCompile JSTracing.swift
SwiftCompile normal arm64 /Users/admin/builder/spi-builder-workspace/.dependencies/checkouts/JavaScriptKit/Sources/JavaScriptKit/JSUndefinedOr.swift (in target 'JavaScriptKit' from project 'JavaScriptKit')
    cd /Users/admin/builder/spi-builder-workspace/.swiftpm/xcode
    builtin-SwiftPerFileCompile JSUndefinedOr.swift
SwiftDriverJobDiscovery normal arm64_32 Compiling JSString.swift, JSSymbol.swift, JSThrowingFunction.swift (in target 'JavaScriptKit' from project 'JavaScriptKit')
SwiftCompile normal arm64 Compiling\ BridgeJSIntrinsics.swift,\ ConstructibleFromJSValue.swift,\ ConvertibleToJSValue.swift /Users/admin/builder/spi-builder-workspace/.dependencies/checkouts/JavaScriptKit/Sources/JavaScriptKit/BridgeJSIntrinsics.swift /Users/admin/builder/spi-builder-workspace/.dependencies/checkouts/JavaScriptKit/Sources/JavaScriptKit/ConstructibleFromJSValue.swift /Users/admin/builder/spi-builder-workspace/.dependencies/checkouts/JavaScriptKit/Sources/JavaScriptKit/ConvertibleToJSValue.swift (in target 'JavaScriptKit' from project 'JavaScriptKit')
SwiftCompile normal arm64 /Users/admin/builder/spi-builder-workspace/.dependencies/checkouts/JavaScriptKit/Sources/JavaScriptKit/BridgeJSIntrinsics.swift (in target 'JavaScriptKit' from project 'JavaScriptKit')
    cd /Users/admin/builder/spi-builder-workspace/.swiftpm/xcode
    builtin-SwiftPerFileCompile BridgeJSIntrinsics.swift
SwiftCompile normal arm64 /Users/admin/builder/spi-builder-workspace/.dependencies/checkouts/JavaScriptKit/Sources/JavaScriptKit/ConstructibleFromJSValue.swift (in target 'JavaScriptKit' from project 'JavaScriptKit')
    cd /Users/admin/builder/spi-builder-workspace/.swiftpm/xcode
    builtin-SwiftPerFileCompile ConstructibleFromJSValue.swift
SwiftCompile normal arm64 /Users/admin/builder/spi-builder-workspace/.dependencies/checkouts/JavaScriptKit/Sources/JavaScriptKit/ConvertibleToJSValue.swift (in target 'JavaScriptKit' from project 'JavaScriptKit')
    cd /Users/admin/builder/spi-builder-workspace/.swiftpm/xcode
    builtin-SwiftPerFileCompile ConvertibleToJSValue.swift
SwiftDriverJobDiscovery normal arm64_32 Compiling JSValue.swift, JSValueDecoder.swift (in target 'JavaScriptKit' from project 'JavaScriptKit')
SwiftCompile normal arm64 Compiling\ JSBridgedType.swift,\ JSException.swift /Users/admin/builder/spi-builder-workspace/.dependencies/checkouts/JavaScriptKit/Sources/JavaScriptKit/JSBridgedType.swift /Users/admin/builder/spi-builder-workspace/.dependencies/checkouts/JavaScriptKit/Sources/JavaScriptKit/JSException.swift (in target 'JavaScriptKit' from project 'JavaScriptKit')
SwiftCompile normal arm64 /Users/admin/builder/spi-builder-workspace/.dependencies/checkouts/JavaScriptKit/Sources/JavaScriptKit/JSBridgedType.swift (in target 'JavaScriptKit' from project 'JavaScriptKit')
    cd /Users/admin/builder/spi-builder-workspace/.swiftpm/xcode
    builtin-SwiftPerFileCompile JSBridgedType.swift
SwiftCompile normal arm64 /Users/admin/builder/spi-builder-workspace/.dependencies/checkouts/JavaScriptKit/Sources/JavaScriptKit/JSException.swift (in target 'JavaScriptKit' from project 'JavaScriptKit')
    cd /Users/admin/builder/spi-builder-workspace/.swiftpm/xcode
    builtin-SwiftPerFileCompile JSException.swift
SwiftDriverJobDiscovery normal arm64_32 Compiling JSPromise.swift, JSTimer.swift, JSTypedArray.swift (in target 'JavaScriptKit' from project 'JavaScriptKit')
SwiftCompile normal arm64 Compiling\ JSPromise.swift,\ JSTimer.swift,\ JSTypedArray.swift /Users/admin/builder/spi-builder-workspace/.dependencies/checkouts/JavaScriptKit/Sources/JavaScriptKit/BasicObjects/JSPromise.swift /Users/admin/builder/spi-builder-workspace/.dependencies/checkouts/JavaScriptKit/Sources/JavaScriptKit/BasicObjects/JSTimer.swift /Users/admin/builder/spi-builder-workspace/.dependencies/checkouts/JavaScriptKit/Sources/JavaScriptKit/BasicObjects/JSTypedArray.swift (in target 'JavaScriptKit' from project 'JavaScriptKit')
SwiftCompile normal arm64 /Users/admin/builder/spi-builder-workspace/.dependencies/checkouts/JavaScriptKit/Sources/JavaScriptKit/BasicObjects/JSPromise.swift (in target 'JavaScriptKit' from project 'JavaScriptKit')
    cd /Users/admin/builder/spi-builder-workspace/.swiftpm/xcode
    builtin-SwiftPerFileCompile JSPromise.swift
SwiftCompile normal arm64 /Users/admin/builder/spi-builder-workspace/.dependencies/checkouts/JavaScriptKit/Sources/JavaScriptKit/BasicObjects/JSTimer.swift (in target 'JavaScriptKit' from project 'JavaScriptKit')
    cd /Users/admin/builder/spi-builder-workspace/.swiftpm/xcode
    builtin-SwiftPerFileCompile JSTimer.swift
SwiftCompile normal arm64 /Users/admin/builder/spi-builder-workspace/.dependencies/checkouts/JavaScriptKit/Sources/JavaScriptKit/BasicObjects/JSTypedArray.swift (in target 'JavaScriptKit' from project 'JavaScriptKit')
    cd /Users/admin/builder/spi-builder-workspace/.swiftpm/xcode
    builtin-SwiftPerFileCompile JSTypedArray.swift
SwiftDriverJobDiscovery normal arm64_32 Compiling JSClosure.swift, JSObject+CallAsFunction.swift, JSObject.swift (in target 'JavaScriptKit' from project 'JavaScriptKit')
SwiftCompile normal arm64_32 Compiling\ JSTracing.swift,\ JSUndefinedOr.swift /Users/admin/builder/spi-builder-workspace/.dependencies/checkouts/JavaScriptKit/Sources/JavaScriptKit/JSTracing.swift /Users/admin/builder/spi-builder-workspace/.dependencies/checkouts/JavaScriptKit/Sources/JavaScriptKit/JSUndefinedOr.swift (in target 'JavaScriptKit' from project 'JavaScriptKit')
SwiftCompile normal arm64_32 /Users/admin/builder/spi-builder-workspace/.dependencies/checkouts/JavaScriptKit/Sources/JavaScriptKit/JSTracing.swift (in target 'JavaScriptKit' from project 'JavaScriptKit')
    cd /Users/admin/builder/spi-builder-workspace/.swiftpm/xcode
    builtin-SwiftPerFileCompile JSTracing.swift
SwiftCompile normal arm64_32 /Users/admin/builder/spi-builder-workspace/.dependencies/checkouts/JavaScriptKit/Sources/JavaScriptKit/JSUndefinedOr.swift (in target 'JavaScriptKit' from project 'JavaScriptKit')
    cd /Users/admin/builder/spi-builder-workspace/.swiftpm/xcode
    builtin-SwiftPerFileCompile JSUndefinedOr.swift
SwiftDriverJobDiscovery normal arm64 Compiling JSTracing.swift, JSUndefinedOr.swift (in target 'JavaScriptKit' from project 'JavaScriptKit')
SwiftCompile normal arm64 Compiling\ JSString.swift,\ JSSymbol.swift,\ JSThrowingFunction.swift /Users/admin/builder/spi-builder-workspace/.dependencies/checkouts/JavaScriptKit/Sources/JavaScriptKit/FundamentalObjects/JSString.swift /Users/admin/builder/spi-builder-workspace/.dependencies/checkouts/JavaScriptKit/Sources/JavaScriptKit/FundamentalObjects/JSSymbol.swift /Users/admin/builder/spi-builder-workspace/.dependencies/checkouts/JavaScriptKit/Sources/JavaScriptKit/FundamentalObjects/JSThrowingFunction.swift (in target 'JavaScriptKit' from project 'JavaScriptKit')
SwiftCompile normal arm64 /Users/admin/builder/spi-builder-workspace/.dependencies/checkouts/JavaScriptKit/Sources/JavaScriptKit/FundamentalObjects/JSString.swift (in target 'JavaScriptKit' from project 'JavaScriptKit')
    cd /Users/admin/builder/spi-builder-workspace/.swiftpm/xcode
    builtin-SwiftPerFileCompile JSString.swift
SwiftCompile normal arm64 /Users/admin/builder/spi-builder-workspace/.dependencies/checkouts/JavaScriptKit/Sources/JavaScriptKit/FundamentalObjects/JSSymbol.swift (in target 'JavaScriptKit' from project 'JavaScriptKit')
    cd /Users/admin/builder/spi-builder-workspace/.swiftpm/xcode
    builtin-SwiftPerFileCompile JSSymbol.swift
SwiftCompile normal arm64 /Users/admin/builder/spi-builder-workspace/.dependencies/checkouts/JavaScriptKit/Sources/JavaScriptKit/FundamentalObjects/JSThrowingFunction.swift (in target 'JavaScriptKit' from project 'JavaScriptKit')
    cd /Users/admin/builder/spi-builder-workspace/.swiftpm/xcode
    builtin-SwiftPerFileCompile JSThrowingFunction.swift
SwiftDriverJobDiscovery normal arm64 Compiling JSBridgedType.swift, JSException.swift (in target 'JavaScriptKit' from project 'JavaScriptKit')
SwiftCompile normal arm64 Compiling\ JSClosure.swift,\ JSObject+CallAsFunction.swift,\ JSObject.swift /Users/admin/builder/spi-builder-workspace/.dependencies/checkouts/JavaScriptKit/Sources/JavaScriptKit/FundamentalObjects/JSClosure.swift /Users/admin/builder/spi-builder-workspace/.dependencies/checkouts/JavaScriptKit/Sources/JavaScriptKit/FundamentalObjects/JSObject+CallAsFunction.swift /Users/admin/builder/spi-builder-workspace/.dependencies/checkouts/JavaScriptKit/Sources/JavaScriptKit/FundamentalObjects/JSObject.swift (in target 'JavaScriptKit' from project 'JavaScriptKit')
SwiftCompile normal arm64 /Users/admin/builder/spi-builder-workspace/.dependencies/checkouts/JavaScriptKit/Sources/JavaScriptKit/FundamentalObjects/JSClosure.swift (in target 'JavaScriptKit' from project 'JavaScriptKit')
    cd /Users/admin/builder/spi-builder-workspace/.swiftpm/xcode
    builtin-SwiftPerFileCompile JSClosure.swift
SwiftCompile normal arm64 /Users/admin/builder/spi-builder-workspace/.dependencies/checkouts/JavaScriptKit/Sources/JavaScriptKit/FundamentalObjects/JSObject+CallAsFunction.swift (in target 'JavaScriptKit' from project 'JavaScriptKit')
    cd /Users/admin/builder/spi-builder-workspace/.swiftpm/xcode
    builtin-SwiftPerFileCompile JSObject+CallAsFunction.swift
SwiftCompile normal arm64 /Users/admin/builder/spi-builder-workspace/.dependencies/checkouts/JavaScriptKit/Sources/JavaScriptKit/FundamentalObjects/JSObject.swift (in target 'JavaScriptKit' from project 'JavaScriptKit')
    cd /Users/admin/builder/spi-builder-workspace/.swiftpm/xcode
    builtin-SwiftPerFileCompile JSObject.swift
SwiftDriverJobDiscovery normal arm64_32 Compiling JSTracing.swift, JSUndefinedOr.swift (in target 'JavaScriptKit' from project 'JavaScriptKit')
SwiftCompile normal arm64 Compiling\ Deprecated.swift,\ Features.swift,\ JSBigInt.swift /Users/admin/builder/spi-builder-workspace/.dependencies/checkouts/JavaScriptKit/Sources/JavaScriptKit/Deprecated.swift /Users/admin/builder/spi-builder-workspace/.dependencies/checkouts/JavaScriptKit/Sources/JavaScriptKit/Features.swift /Users/admin/builder/spi-builder-workspace/.dependencies/checkouts/JavaScriptKit/Sources/JavaScriptKit/FundamentalObjects/JSBigInt.swift (in target 'JavaScriptKit' from project 'JavaScriptKit')
SwiftCompile normal arm64 /Users/admin/builder/spi-builder-workspace/.dependencies/checkouts/JavaScriptKit/Sources/JavaScriptKit/Deprecated.swift (in target 'JavaScriptKit' from project 'JavaScriptKit')
    cd /Users/admin/builder/spi-builder-workspace/.swiftpm/xcode
    builtin-SwiftPerFileCompile Deprecated.swift
SwiftCompile normal arm64 /Users/admin/builder/spi-builder-workspace/.dependencies/checkouts/JavaScriptKit/Sources/JavaScriptKit/Features.swift (in target 'JavaScriptKit' from project 'JavaScriptKit')
    cd /Users/admin/builder/spi-builder-workspace/.swiftpm/xcode
    builtin-SwiftPerFileCompile Features.swift
SwiftCompile normal arm64 /Users/admin/builder/spi-builder-workspace/.dependencies/checkouts/JavaScriptKit/Sources/JavaScriptKit/FundamentalObjects/JSBigInt.swift (in target 'JavaScriptKit' from project 'JavaScriptKit')
    cd /Users/admin/builder/spi-builder-workspace/.swiftpm/xcode
    builtin-SwiftPerFileCompile JSBigInt.swift
SwiftDriverJobDiscovery normal arm64 Compiling JSArray.swift, JSDate.swift, JSError.swift (in target 'JavaScriptKit' from project 'JavaScriptKit')
SwiftCompile normal arm64 Compiling\ Macros.swift,\ ThreadLocal.swift /Users/admin/builder/spi-builder-workspace/.dependencies/checkouts/JavaScriptKit/Sources/JavaScriptKit/Macros.swift /Users/admin/builder/spi-builder-workspace/.dependencies/checkouts/JavaScriptKit/Sources/JavaScriptKit/ThreadLocal.swift (in target 'JavaScriptKit' from project 'JavaScriptKit')
SwiftCompile normal arm64 /Users/admin/builder/spi-builder-workspace/.dependencies/checkouts/JavaScriptKit/Sources/JavaScriptKit/Macros.swift (in target 'JavaScriptKit' from project 'JavaScriptKit')
    cd /Users/admin/builder/spi-builder-workspace/.swiftpm/xcode
    builtin-SwiftPerFileCompile Macros.swift
SwiftCompile normal arm64 /Users/admin/builder/spi-builder-workspace/.dependencies/checkouts/JavaScriptKit/Sources/JavaScriptKit/ThreadLocal.swift (in target 'JavaScriptKit' from project 'JavaScriptKit')
    cd /Users/admin/builder/spi-builder-workspace/.swiftpm/xcode
    builtin-SwiftPerFileCompile ThreadLocal.swift
SwiftDriverJobDiscovery normal arm64 Compiling JSValue.swift, JSValueDecoder.swift (in target 'JavaScriptKit' from project 'JavaScriptKit')
SwiftDriverJobDiscovery normal arm64_32 Emitting module for JavaScriptKit (in target 'JavaScriptKit' from project 'JavaScriptKit')
SwiftDriver\ Compilation\ Requirements JavaScriptKit normal arm64_32 com.apple.xcode.tools.swift.compiler (in target 'JavaScriptKit' from project 'JavaScriptKit')
    cd /Users/admin/builder/spi-builder-workspace/.swiftpm/xcode
    builtin-Swift-Compilation-Requirements -- /Applications/Xcode-27.0.0-Release.Candidate.app/Contents/Developer/Toolchains/XcodeDefault.xctoolchain/usr/bin/swiftc -parse-as-library -module-name JavaScriptKit -Onone @/Users/admin/builder/spi-builder-workspace/.derivedData/Build/Intermediates.noindex/JavaScriptKit.build/Debug-watchos/JavaScriptKit-t.build/Objects-normal/arm64_32/JavaScriptKit.SwiftFileList -DSWIFT_PACKAGE -DDEBUG -DSWIFT_MODULE_RESOURCE_BUNDLE_UNAVAILABLE -Xcc -fmodule-map-file\=/Users/admin/builder/spi-builder-workspace/.dependencies/checkouts/JavaScriptKit/Sources/_CJavaScriptKit/include/module.modulemap -DXcode -enable-experimental-feature Extern -plugin-path /Applications/Xcode-27.0.0-Release.Candidate.app/Contents/Developer/Toolchains/XcodeDefault.xctoolchain/usr/lib/swift/host/plugins/testing -enable-experimental-feature DebugDescriptionMacro -sdk /Applications/Xcode-27.0.0-Release.Candidate.app/Contents/Developer/Platforms/WatchOS.platform/Developer/SDKs/WatchOS27.0.sdk -target arm64_32-apple-watchos9.0 -g -module-cache-path /Users/admin/builder/spi-builder-workspace/.derivedData/ModuleCache.noindex -Xfrontend -serialize-debugging-options -enable-testing -suppress-warnings -index-store-path /Users/admin/builder/spi-builder-workspace/.derivedData/Index.noindex/DataStore -Xcc -D_LIBCPP_HARDENING_MODE\=_LIBCPP_HARDENING_MODE_DEBUG -swift-version 6 -I /Users/admin/builder/spi-builder-workspace/.derivedData/Build/Products/Debug-watchos -Isystem /Applications/Xcode-27.0.0-Release.Candidate.app/Contents/Developer/Platforms/WatchOS.platform/Developer/usr/lib -F /Users/admin/builder/spi-builder-workspace/.derivedData/Build/Products/Debug-watchos/PackageFrameworks -F /Users/admin/builder/spi-builder-workspace/.derivedData/Build/Products/Debug-watchos -F /Applications/Xcode-27.0.0-Release.Candidate.app/Contents/Developer/Platforms/WatchOS.platform/Developer/Library/Frameworks -F /Applications/Xcode-27.0.0-Release.Candidate.app/Contents/Developer/Platforms/WatchOS.platform/Developer/SDKs/WatchOS27.0.sdk/Developer/Library/Frameworks -Xfrontend -load-plugin-executable -Xfrontend /Users/admin/builder/spi-builder-workspace/.derivedData/Build/Products/Debug/BridgeJSMacros\#BridgeJSMacros -c -j10 -enable-batch-mode -incremental -Xcc -ivfsstatcache -Xcc /Users/admin/builder/spi-builder-workspace/.derivedData/SDKStatCaches.noindex/watchos27.0-24R360-e829b21a6f8c9b70876ba0858053c04477534ef55a1706bf4c1112bbb242f0a2.sdkstatcache -output-file-map /Users/admin/builder/spi-builder-workspace/.derivedData/Build/Intermediates.noindex/JavaScriptKit.build/Debug-watchos/JavaScriptKit-t.build/Objects-normal/arm64_32/JavaScriptKit-OutputFileMap.json -save-temps -no-color-diagnostics -explicit-module-build -module-cache-path /Users/admin/builder/spi-builder-workspace/.derivedData/Build/Intermediates.noindex/SwiftExplicitPrecompiledModules -clang-scanner-module-cache-path /Users/admin/builder/spi-builder-workspace/.derivedData/ModuleCache.noindex -sdk-module-cache-path /Users/admin/builder/spi-builder-workspace/.derivedData/SDKExplicitPrecompiledModules -emit-dependencies -emit-module -emit-module-path /Users/admin/builder/spi-builder-workspace/.derivedData/Build/Intermediates.noindex/JavaScriptKit.build/Debug-watchos/JavaScriptKit-t.build/Objects-normal/arm64_32/JavaScriptKit.swiftmodule -serialize-diagnostics -dependency-scan-serialize-diagnostics-path /Users/admin/builder/spi-builder-workspace/.derivedData/Build/Intermediates.noindex/JavaScriptKit.build/Debug-watchos/JavaScriptKit-t.build/Objects-normal/arm64_32/JavaScriptKit-dependency-scan.dia -user-module-version 0.59.0 -validate-clang-modules-once -clang-build-session-file /Users/admin/builder/spi-builder-workspace/.derivedData/ModuleCache.noindex/Session.modulevalidation -Xcc -fmodules-prune-interval\=86400 -Xcc -fmodules-prune-after\=345600 -package-name javascriptkit -emit-const-values -const-gather-protocols-list /Users/admin/builder/spi-builder-workspace/.derivedData/Build/Intermediates.noindex/JavaScriptKit.build/Debug-watchos/JavaScriptKit-t.build/Objects-normal/arm64_32/JavaScriptKit_const_extract_protocols.json -Xcc -I/Users/admin/builder/spi-builder-workspace/.dependencies/checkouts/JavaScriptKit/Sources/_CJavaScriptKit/include -Xcc -I/Users/admin/builder/spi-builder-workspace/.derivedData/Build/Products/Debug-watchos/include -Xcc -I/Users/admin/builder/spi-builder-workspace/.derivedData/Build/Intermediates.noindex/JavaScriptKit.build/Debug-watchos/JavaScriptKit-t.build/DerivedSources-normal/arm64_32 -Xcc -I/Users/admin/builder/spi-builder-workspace/.derivedData/Build/Intermediates.noindex/JavaScriptKit.build/Debug-watchos/JavaScriptKit-t.build/DerivedSources/arm64_32 -Xcc -I/Users/admin/builder/spi-builder-workspace/.derivedData/Build/Intermediates.noindex/JavaScriptKit.build/Debug-watchos/JavaScriptKit-t.build/DerivedSources -Xcc -DSWIFT_PACKAGE -Xcc -DDEBUG\=1 -emit-objc-header -emit-objc-header-path /Users/admin/builder/spi-builder-workspace/.derivedData/Build/Intermediates.noindex/JavaScriptKit.build/Debug-watchos/JavaScriptKit-t.build/Objects-normal/arm64_32/JavaScriptKit-Swift.h -working-directory /Users/admin/builder/spi-builder-workspace/.swiftpm/xcode -experimental-emit-module-separately -disable-cmo
Copy /Users/admin/builder/spi-builder-workspace/.derivedData/Build/Products/Debug-watchos/JavaScriptKit.swiftmodule/arm64_32-apple-watchos.swiftmodule /Users/admin/builder/spi-builder-workspace/.derivedData/Build/Intermediates.noindex/JavaScriptKit.build/Debug-watchos/JavaScriptKit-t.build/Objects-normal/arm64_32/JavaScriptKit.swiftmodule (in target 'JavaScriptKit' from project 'JavaScriptKit')
    cd /Users/admin/builder/spi-builder-workspace/.dependencies/checkouts/JavaScriptKit
    builtin-copy -exclude .DS_Store -exclude CVS -exclude .svn -exclude .git -exclude .hg -resolve-src-symlinks -rename /Users/admin/builder/spi-builder-workspace/.derivedData/Build/Intermediates.noindex/JavaScriptKit.build/Debug-watchos/JavaScriptKit-t.build/Objects-normal/arm64_32/JavaScriptKit.swiftmodule /Users/admin/builder/spi-builder-workspace/.derivedData/Build/Products/Debug-watchos/JavaScriptKit.swiftmodule/arm64_32-apple-watchos.swiftmodule
Copy /Users/admin/builder/spi-builder-workspace/.derivedData/Build/Products/Debug-watchos/JavaScriptKit.swiftmodule/arm64_32-apple-watchos.swiftdoc /Users/admin/builder/spi-builder-workspace/.derivedData/Build/Intermediates.noindex/JavaScriptKit.build/Debug-watchos/JavaScriptKit-t.build/Objects-normal/arm64_32/JavaScriptKit.swiftdoc (in target 'JavaScriptKit' from project 'JavaScriptKit')
    cd /Users/admin/builder/spi-builder-workspace/.dependencies/checkouts/JavaScriptKit
    builtin-copy -exclude .DS_Store -exclude CVS -exclude .svn -exclude .git -exclude .hg -resolve-src-symlinks -rename /Users/admin/builder/spi-builder-workspace/.derivedData/Build/Intermediates.noindex/JavaScriptKit.build/Debug-watchos/JavaScriptKit-t.build/Objects-normal/arm64_32/JavaScriptKit.swiftdoc /Users/admin/builder/spi-builder-workspace/.derivedData/Build/Products/Debug-watchos/JavaScriptKit.swiftmodule/arm64_32-apple-watchos.swiftdoc
Copy /Users/admin/builder/spi-builder-workspace/.derivedData/Build/Products/Debug-watchos/JavaScriptKit.swiftmodule/arm64_32-apple-watchos.abi.json /Users/admin/builder/spi-builder-workspace/.derivedData/Build/Intermediates.noindex/JavaScriptKit.build/Debug-watchos/JavaScriptKit-t.build/Objects-normal/arm64_32/JavaScriptKit.abi.json (in target 'JavaScriptKit' from project 'JavaScriptKit')
    cd /Users/admin/builder/spi-builder-workspace/.dependencies/checkouts/JavaScriptKit
    builtin-copy -exclude .DS_Store -exclude CVS -exclude .svn -exclude .git -exclude .hg -resolve-src-symlinks -rename /Users/admin/builder/spi-builder-workspace/.derivedData/Build/Intermediates.noindex/JavaScriptKit.build/Debug-watchos/JavaScriptKit-t.build/Objects-normal/arm64_32/JavaScriptKit.abi.json /Users/admin/builder/spi-builder-workspace/.derivedData/Build/Products/Debug-watchos/JavaScriptKit.swiftmodule/arm64_32-apple-watchos.abi.json
Copy /Users/admin/builder/spi-builder-workspace/.derivedData/Build/Products/Debug-watchos/JavaScriptKit.swiftmodule/Project/arm64_32-apple-watchos.swiftsourceinfo /Users/admin/builder/spi-builder-workspace/.derivedData/Build/Intermediates.noindex/JavaScriptKit.build/Debug-watchos/JavaScriptKit-t.build/Objects-normal/arm64_32/JavaScriptKit.swiftsourceinfo (in target 'JavaScriptKit' from project 'JavaScriptKit')
    cd /Users/admin/builder/spi-builder-workspace/.dependencies/checkouts/JavaScriptKit
    builtin-copy -exclude .DS_Store -exclude CVS -exclude .svn -exclude .git -exclude .hg -resolve-src-symlinks -rename /Users/admin/builder/spi-builder-workspace/.derivedData/Build/Intermediates.noindex/JavaScriptKit.build/Debug-watchos/JavaScriptKit-t.build/Objects-normal/arm64_32/JavaScriptKit.swiftsourceinfo /Users/admin/builder/spi-builder-workspace/.derivedData/Build/Products/Debug-watchos/JavaScriptKit.swiftmodule/Project/arm64_32-apple-watchos.swiftsourceinfo
SwiftDriverJobDiscovery normal arm64 Emitting module for JavaScriptKit (in target 'JavaScriptKit' from project 'JavaScriptKit')
SwiftDriver\ Compilation\ Requirements JavaScriptKit normal arm64 com.apple.xcode.tools.swift.compiler (in target 'JavaScriptKit' from project 'JavaScriptKit')
    cd /Users/admin/builder/spi-builder-workspace/.swiftpm/xcode
    builtin-Swift-Compilation-Requirements -- /Applications/Xcode-27.0.0-Release.Candidate.app/Contents/Developer/Toolchains/XcodeDefault.xctoolchain/usr/bin/swiftc -parse-as-library -module-name JavaScriptKit -Onone @/Users/admin/builder/spi-builder-workspace/.derivedData/Build/Intermediates.noindex/JavaScriptKit.build/Debug-watchos/JavaScriptKit-t.build/Objects-normal/arm64/JavaScriptKit.SwiftFileList -DSWIFT_PACKAGE -DDEBUG -DSWIFT_MODULE_RESOURCE_BUNDLE_UNAVAILABLE -Xcc -fmodule-map-file\=/Users/admin/builder/spi-builder-workspace/.dependencies/checkouts/JavaScriptKit/Sources/_CJavaScriptKit/include/module.modulemap -DXcode -enable-experimental-feature Extern -plugin-path /Applications/Xcode-27.0.0-Release.Candidate.app/Contents/Developer/Toolchains/XcodeDefault.xctoolchain/usr/lib/swift/host/plugins/testing -enable-experimental-feature DebugDescriptionMacro -sdk /Applications/Xcode-27.0.0-Release.Candidate.app/Contents/Developer/Platforms/WatchOS.platform/Developer/SDKs/WatchOS27.0.sdk -target arm64-apple-watchos9.0 -g -module-cache-path /Users/admin/builder/spi-builder-workspace/.derivedData/ModuleCache.noindex -Xfrontend -serialize-debugging-options -enable-testing -suppress-warnings -index-store-path /Users/admin/builder/spi-builder-workspace/.derivedData/Index.noindex/DataStore -Xcc -D_LIBCPP_HARDENING_MODE\=_LIBCPP_HARDENING_MODE_DEBUG -swift-version 6 -I /Users/admin/builder/spi-builder-workspace/.derivedData/Build/Products/Debug-watchos -Isystem /Applications/Xcode-27.0.0-Release.Candidate.app/Contents/Developer/Platforms/WatchOS.platform/Developer/usr/lib -F /Users/admin/builder/spi-builder-workspace/.derivedData/Build/Products/Debug-watchos/PackageFrameworks -F /Users/admin/builder/spi-builder-workspace/.derivedData/Build/Products/Debug-watchos -F /Applications/Xcode-27.0.0-Release.Candidate.app/Contents/Developer/Platforms/WatchOS.platform/Developer/Library/Frameworks -F /Applications/Xcode-27.0.0-Release.Candidate.app/Contents/Developer/Platforms/WatchOS.platform/Developer/SDKs/WatchOS27.0.sdk/Developer/Library/Frameworks -Xfrontend -load-plugin-executable -Xfrontend /Users/admin/builder/spi-builder-workspace/.derivedData/Build/Products/Debug/BridgeJSMacros\#BridgeJSMacros -c -j10 -enable-batch-mode -incremental -Xcc -ivfsstatcache -Xcc /Users/admin/builder/spi-builder-workspace/.derivedData/SDKStatCaches.noindex/watchos27.0-24R360-e829b21a6f8c9b70876ba0858053c04477534ef55a1706bf4c1112bbb242f0a2.sdkstatcache -output-file-map /Users/admin/builder/spi-builder-workspace/.derivedData/Build/Intermediates.noindex/JavaScriptKit.build/Debug-watchos/JavaScriptKit-t.build/Objects-normal/arm64/JavaScriptKit-OutputFileMap.json -save-temps -no-color-diagnostics -explicit-module-build -module-cache-path /Users/admin/builder/spi-builder-workspace/.derivedData/Build/Intermediates.noindex/SwiftExplicitPrecompiledModules -clang-scanner-module-cache-path /Users/admin/builder/spi-builder-workspace/.derivedData/ModuleCache.noindex -sdk-module-cache-path /Users/admin/builder/spi-builder-workspace/.derivedData/SDKExplicitPrecompiledModules -emit-dependencies -emit-module -emit-module-path /Users/admin/builder/spi-builder-workspace/.derivedData/Build/Intermediates.noindex/JavaScriptKit.build/Debug-watchos/JavaScriptKit-t.build/Objects-normal/arm64/JavaScriptKit.swiftmodule -serialize-diagnostics -dependency-scan-serialize-diagnostics-path /Users/admin/builder/spi-builder-workspace/.derivedData/Build/Intermediates.noindex/JavaScriptKit.build/Debug-watchos/JavaScriptKit-t.build/Objects-normal/arm64/JavaScriptKit-dependency-scan.dia -user-module-version 0.59.0 -validate-clang-modules-once -clang-build-session-file /Users/admin/builder/spi-builder-workspace/.derivedData/ModuleCache.noindex/Session.modulevalidation -Xcc -fmodules-prune-interval\=86400 -Xcc -fmodules-prune-after\=345600 -package-name javascriptkit -emit-const-values -const-gather-protocols-list /Users/admin/builder/spi-builder-workspace/.derivedData/Build/Intermediates.noindex/JavaScriptKit.build/Debug-watchos/JavaScriptKit-t.build/Objects-normal/arm64/JavaScriptKit_const_extract_protocols.json -Xcc -I/Users/admin/builder/spi-builder-workspace/.dependencies/checkouts/JavaScriptKit/Sources/_CJavaScriptKit/include -Xcc -I/Users/admin/builder/spi-builder-workspace/.derivedData/Build/Products/Debug-watchos/include -Xcc -I/Users/admin/builder/spi-builder-workspace/.derivedData/Build/Intermediates.noindex/JavaScriptKit.build/Debug-watchos/JavaScriptKit-t.build/DerivedSources-normal/arm64 -Xcc -I/Users/admin/builder/spi-builder-workspace/.derivedData/Build/Intermediates.noindex/JavaScriptKit.build/Debug-watchos/JavaScriptKit-t.build/DerivedSources/arm64 -Xcc -I/Users/admin/builder/spi-builder-workspace/.derivedData/Build/Intermediates.noindex/JavaScriptKit.build/Debug-watchos/JavaScriptKit-t.build/DerivedSources -Xcc -DSWIFT_PACKAGE -Xcc -DDEBUG\=1 -emit-objc-header -emit-objc-header-path /Users/admin/builder/spi-builder-workspace/.derivedData/Build/Intermediates.noindex/JavaScriptKit.build/Debug-watchos/JavaScriptKit-t.build/Objects-normal/arm64/JavaScriptKit-Swift.h -working-directory /Users/admin/builder/spi-builder-workspace/.swiftpm/xcode -experimental-emit-module-separately -disable-cmo
SwiftMergeGeneratedHeaders /Users/admin/builder/spi-builder-workspace/.derivedData/Build/Intermediates.noindex/GeneratedModuleMaps-watchos/JavaScriptKit-Swift.h /Users/admin/builder/spi-builder-workspace/.derivedData/Build/Intermediates.noindex/JavaScriptKit.build/Debug-watchos/JavaScriptKit-t.build/Objects-normal/arm64/JavaScriptKit-Swift.h /Users/admin/builder/spi-builder-workspace/.derivedData/Build/Intermediates.noindex/JavaScriptKit.build/Debug-watchos/JavaScriptKit-t.build/Objects-normal/arm64_32/JavaScriptKit-Swift.h (in target 'JavaScriptKit' from project 'JavaScriptKit')
    cd /Users/admin/builder/spi-builder-workspace/.dependencies/checkouts/JavaScriptKit
    builtin-swiftHeaderTool -arch arm64 /Users/admin/builder/spi-builder-workspace/.derivedData/Build/Intermediates.noindex/JavaScriptKit.build/Debug-watchos/JavaScriptKit-t.build/Objects-normal/arm64/JavaScriptKit-Swift.h -arch arm64_32 /Users/admin/builder/spi-builder-workspace/.derivedData/Build/Intermediates.noindex/JavaScriptKit.build/Debug-watchos/JavaScriptKit-t.build/Objects-normal/arm64_32/JavaScriptKit-Swift.h -o /Users/admin/builder/spi-builder-workspace/.derivedData/Build/Intermediates.noindex/GeneratedModuleMaps-watchos/JavaScriptKit-Swift.h
Copy /Users/admin/builder/spi-builder-workspace/.derivedData/Build/Products/Debug-watchos/JavaScriptKit.swiftmodule/arm64-apple-watchos.swiftmodule /Users/admin/builder/spi-builder-workspace/.derivedData/Build/Intermediates.noindex/JavaScriptKit.build/Debug-watchos/JavaScriptKit-t.build/Objects-normal/arm64/JavaScriptKit.swiftmodule (in target 'JavaScriptKit' from project 'JavaScriptKit')
    cd /Users/admin/builder/spi-builder-workspace/.dependencies/checkouts/JavaScriptKit
    builtin-copy -exclude .DS_Store -exclude CVS -exclude .svn -exclude .git -exclude .hg -resolve-src-symlinks -rename /Users/admin/builder/spi-builder-workspace/.derivedData/Build/Intermediates.noindex/JavaScriptKit.build/Debug-watchos/JavaScriptKit-t.build/Objects-normal/arm64/JavaScriptKit.swiftmodule /Users/admin/builder/spi-builder-workspace/.derivedData/Build/Products/Debug-watchos/JavaScriptKit.swiftmodule/arm64-apple-watchos.swiftmodule
Copy /Users/admin/builder/spi-builder-workspace/.derivedData/Build/Products/Debug-watchos/JavaScriptKit.swiftmodule/arm64-apple-watchos.swiftdoc /Users/admin/builder/spi-builder-workspace/.derivedData/Build/Intermediates.noindex/JavaScriptKit.build/Debug-watchos/JavaScriptKit-t.build/Objects-normal/arm64/JavaScriptKit.swiftdoc (in target 'JavaScriptKit' from project 'JavaScriptKit')
    cd /Users/admin/builder/spi-builder-workspace/.dependencies/checkouts/JavaScriptKit
    builtin-copy -exclude .DS_Store -exclude CVS -exclude .svn -exclude .git -exclude .hg -resolve-src-symlinks -rename /Users/admin/builder/spi-builder-workspace/.derivedData/Build/Intermediates.noindex/JavaScriptKit.build/Debug-watchos/JavaScriptKit-t.build/Objects-normal/arm64/JavaScriptKit.swiftdoc /Users/admin/builder/spi-builder-workspace/.derivedData/Build/Products/Debug-watchos/JavaScriptKit.swiftmodule/arm64-apple-watchos.swiftdoc
Copy /Users/admin/builder/spi-builder-workspace/.derivedData/Build/Products/Debug-watchos/JavaScriptKit.swiftmodule/arm64-apple-watchos.abi.json /Users/admin/builder/spi-builder-workspace/.derivedData/Build/Intermediates.noindex/JavaScriptKit.build/Debug-watchos/JavaScriptKit-t.build/Objects-normal/arm64/JavaScriptKit.abi.json (in target 'JavaScriptKit' from project 'JavaScriptKit')
    cd /Users/admin/builder/spi-builder-workspace/.dependencies/checkouts/JavaScriptKit
    builtin-copy -exclude .DS_Store -exclude CVS -exclude .svn -exclude .git -exclude .hg -resolve-src-symlinks -rename /Users/admin/builder/spi-builder-workspace/.derivedData/Build/Intermediates.noindex/JavaScriptKit.build/Debug-watchos/JavaScriptKit-t.build/Objects-normal/arm64/JavaScriptKit.abi.json /Users/admin/builder/spi-builder-workspace/.derivedData/Build/Products/Debug-watchos/JavaScriptKit.swiftmodule/arm64-apple-watchos.abi.json
Copy /Users/admin/builder/spi-builder-workspace/.derivedData/Build/Products/Debug-watchos/JavaScriptKit.swiftmodule/Project/arm64-apple-watchos.swiftsourceinfo /Users/admin/builder/spi-builder-workspace/.derivedData/Build/Intermediates.noindex/JavaScriptKit.build/Debug-watchos/JavaScriptKit-t.build/Objects-normal/arm64/JavaScriptKit.swiftsourceinfo (in target 'JavaScriptKit' from project 'JavaScriptKit')
    cd /Users/admin/builder/spi-builder-workspace/.dependencies/checkouts/JavaScriptKit
    builtin-copy -exclude .DS_Store -exclude CVS -exclude .svn -exclude .git -exclude .hg -resolve-src-symlinks -rename /Users/admin/builder/spi-builder-workspace/.derivedData/Build/Intermediates.noindex/JavaScriptKit.build/Debug-watchos/JavaScriptKit-t.build/Objects-normal/arm64/JavaScriptKit.swiftsourceinfo /Users/admin/builder/spi-builder-workspace/.derivedData/Build/Products/Debug-watchos/JavaScriptKit.swiftmodule/Project/arm64-apple-watchos.swiftsourceinfo
SwiftDriverJobDiscovery normal arm64_32 Compiling Macros.swift, ThreadLocal.swift (in target 'JavaScriptKit' from project 'JavaScriptKit')
SwiftDriver OpenCombineJS normal arm64_32 com.apple.xcode.tools.swift.compiler (in target 'OpenCombineJS' from project 'OpenCombineJS')
    cd /Users/admin/builder/spi-builder-workspace/.swiftpm/xcode
    builtin-SwiftDriver -- /Applications/Xcode-27.0.0-Release.Candidate.app/Contents/Developer/Toolchains/XcodeDefault.xctoolchain/usr/bin/swiftc -parse-as-library -module-name OpenCombineJS -Onone @/Users/admin/builder/spi-builder-workspace/.derivedData/Build/Intermediates.noindex/OpenCombineJS.build/Debug-watchos/OpenCombineJS-t.build/Objects-normal/arm64_32/OpenCombineJS.SwiftFileList -DSWIFT_PACKAGE -DDEBUG -DSWIFT_MODULE_RESOURCE_BUNDLE_UNAVAILABLE -Xcc -fmodule-map-file\=/Users/admin/builder/spi-builder-workspace/.dependencies/checkouts/JavaScriptKit/Sources/_CJavaScriptKit/include/module.modulemap -Xcc -fmodule-map-file\=/Users/admin/builder/spi-builder-workspace/.derivedData/Build/Intermediates.noindex/GeneratedModuleMaps-watchos/COpenCombineHelpers.modulemap -DXcode -plugin-path /Applications/Xcode-27.0.0-Release.Candidate.app/Contents/Developer/Toolchains/XcodeDefault.xctoolchain/usr/lib/swift/host/plugins/testing -enable-experimental-feature DebugDescriptionMacro -sdk /Applications/Xcode-27.0.0-Release.Candidate.app/Contents/Developer/Platforms/WatchOS.platform/Developer/SDKs/WatchOS27.0.sdk -target arm64_32-apple-watchos9.0 -g -module-cache-path /Users/admin/builder/spi-builder-workspace/.derivedData/ModuleCache.noindex -Xfrontend -serialize-debugging-options -enable-testing -index-store-path /Users/admin/builder/spi-builder-workspace/.derivedData/Index.noindex/DataStore -Xcc -D_LIBCPP_HARDENING_MODE\=_LIBCPP_HARDENING_MODE_DEBUG -swift-version 5 -I /Users/admin/builder/spi-builder-workspace/.derivedData/Build/Products/Debug-watchos -Isystem /Applications/Xcode-27.0.0-Release.Candidate.app/Contents/Developer/Platforms/WatchOS.platform/Developer/usr/lib -F /Users/admin/builder/spi-builder-workspace/.derivedData/Build/Products/Debug-watchos/PackageFrameworks -F /Users/admin/builder/spi-builder-workspace/.derivedData/Build/Products/Debug-watchos -F /Applications/Xcode-27.0.0-Release.Candidate.app/Contents/Developer/Platforms/WatchOS.platform/Developer/Library/Frameworks -F /Applications/Xcode-27.0.0-Release.Candidate.app/Contents/Developer/Platforms/WatchOS.platform/Developer/SDKs/WatchOS27.0.sdk/Developer/Library/Frameworks -Xfrontend -load-plugin-executable -Xfrontend /Users/admin/builder/spi-builder-workspace/.derivedData/Build/Products/Debug/BridgeJSMacros\#BridgeJSMacros -c -j10 -enable-batch-mode -incremental -Xcc -ivfsstatcache -Xcc /Users/admin/builder/spi-builder-workspace/.derivedData/SDKStatCaches.noindex/watchos27.0-24R360-e829b21a6f8c9b70876ba0858053c04477534ef55a1706bf4c1112bbb242f0a2.sdkstatcache -output-file-map /Users/admin/builder/spi-builder-workspace/.derivedData/Build/Intermediates.noindex/OpenCombineJS.build/Debug-watchos/OpenCombineJS-t.build/Objects-normal/arm64_32/OpenCombineJS-OutputFileMap.json -save-temps -no-color-diagnostics -explicit-module-build -module-cache-path /Users/admin/builder/spi-builder-workspace/.derivedData/Build/Intermediates.noindex/SwiftExplicitPrecompiledModules -clang-scanner-module-cache-path /Users/admin/builder/spi-builder-workspace/.derivedData/ModuleCache.noindex -sdk-module-cache-path /Users/admin/builder/spi-builder-workspace/.derivedData/SDKExplicitPrecompiledModules -emit-dependencies -emit-module -emit-module-path /Users/admin/builder/spi-builder-workspace/.derivedData/Build/Intermediates.noindex/OpenCombineJS.build/Debug-watchos/OpenCombineJS-t.build/Objects-normal/arm64_32/OpenCombineJS.swiftmodule -serialize-diagnostics -dependency-scan-serialize-diagnostics-path /Users/admin/builder/spi-builder-workspace/.derivedData/Build/Intermediates.noindex/OpenCombineJS.build/Debug-watchos/OpenCombineJS-t.build/Objects-normal/arm64_32/OpenCombineJS-dependency-scan.dia -validate-clang-modules-once -clang-build-session-file /Users/admin/builder/spi-builder-workspace/.derivedData/ModuleCache.noindex/Session.modulevalidation -Xcc -fmodules-prune-interval\=86400 -Xcc -fmodules-prune-after\=345600 -emit-const-values -const-gather-protocols-list /Users/admin/builder/spi-builder-workspace/.derivedData/Build/Intermediates.noindex/OpenCombineJS.build/Debug-watchos/OpenCombineJS-t.build/Objects-normal/arm64_32/OpenCombineJS_const_extract_protocols.json -Xcc -I/Users/admin/builder/spi-builder-workspace/.dependencies/checkouts/JavaScriptKit/Sources/_CJavaScriptKit/include -Xcc -I/Users/admin/builder/spi-builder-workspace/.dependencies/checkouts/OpenCombine/Sources/COpenCombineHelpers/include -Xcc -I/Users/admin/builder/spi-builder-workspace/.derivedData/Build/Products/Debug-watchos/include -Xcc -I/Users/admin/builder/spi-builder-workspace/.derivedData/Build/Intermediates.noindex/OpenCombineJS.build/Debug-watchos/OpenCombineJS-t.build/DerivedSources-normal/arm64_32 -Xcc -I/Users/admin/builder/spi-builder-workspace/.derivedData/Build/Intermediates.noindex/OpenCombineJS.build/Debug-watchos/OpenCombineJS-t.build/DerivedSources/arm64_32 -Xcc -I/Users/admin/builder/spi-builder-workspace/.derivedData/Build/Intermediates.noindex/OpenCombineJS.build/Debug-watchos/OpenCombineJS-t.build/DerivedSources -Xcc -DSWIFT_PACKAGE -Xcc -DDEBUG\=1 -emit-objc-header -emit-objc-header-path /Users/admin/builder/spi-builder-workspace/.derivedData/Build/Intermediates.noindex/OpenCombineJS.build/Debug-watchos/OpenCombineJS-t.build/Objects-normal/arm64_32/OpenCombineJS-Swift.h -working-directory /Users/admin/builder/spi-builder-workspace/.swiftpm/xcode -experimental-emit-module-separately -disable-cmo
SwiftDriver OpenCombineJS normal arm64 com.apple.xcode.tools.swift.compiler (in target 'OpenCombineJS' from project 'OpenCombineJS')
    cd /Users/admin/builder/spi-builder-workspace/.swiftpm/xcode
    builtin-SwiftDriver -- /Applications/Xcode-27.0.0-Release.Candidate.app/Contents/Developer/Toolchains/XcodeDefault.xctoolchain/usr/bin/swiftc -parse-as-library -module-name OpenCombineJS -Onone @/Users/admin/builder/spi-builder-workspace/.derivedData/Build/Intermediates.noindex/OpenCombineJS.build/Debug-watchos/OpenCombineJS-t.build/Objects-normal/arm64/OpenCombineJS.SwiftFileList -DSWIFT_PACKAGE -DDEBUG -DSWIFT_MODULE_RESOURCE_BUNDLE_UNAVAILABLE -Xcc -fmodule-map-file\=/Users/admin/builder/spi-builder-workspace/.dependencies/checkouts/JavaScriptKit/Sources/_CJavaScriptKit/include/module.modulemap -Xcc -fmodule-map-file\=/Users/admin/builder/spi-builder-workspace/.derivedData/Build/Intermediates.noindex/GeneratedModuleMaps-watchos/COpenCombineHelpers.modulemap -DXcode -plugin-path /Applications/Xcode-27.0.0-Release.Candidate.app/Contents/Developer/Toolchains/XcodeDefault.xctoolchain/usr/lib/swift/host/plugins/testing -enable-experimental-feature DebugDescriptionMacro -sdk /Applications/Xcode-27.0.0-Release.Candidate.app/Contents/Developer/Platforms/WatchOS.platform/Developer/SDKs/WatchOS27.0.sdk -target arm64-apple-watchos9.0 -g -module-cache-path /Users/admin/builder/spi-builder-workspace/.derivedData/ModuleCache.noindex -Xfrontend -serialize-debugging-options -enable-testing -index-store-path /Users/admin/builder/spi-builder-workspace/.derivedData/Index.noindex/DataStore -Xcc -D_LIBCPP_HARDENING_MODE\=_LIBCPP_HARDENING_MODE_DEBUG -swift-version 5 -I /Users/admin/builder/spi-builder-workspace/.derivedData/Build/Products/Debug-watchos -Isystem /Applications/Xcode-27.0.0-Release.Candidate.app/Contents/Developer/Platforms/WatchOS.platform/Developer/usr/lib -F /Users/admin/builder/spi-builder-workspace/.derivedData/Build/Products/Debug-watchos/PackageFrameworks -F /Users/admin/builder/spi-builder-workspace/.derivedData/Build/Products/Debug-watchos -F /Applications/Xcode-27.0.0-Release.Candidate.app/Contents/Developer/Platforms/WatchOS.platform/Developer/Library/Frameworks -F /Applications/Xcode-27.0.0-Release.Candidate.app/Contents/Developer/Platforms/WatchOS.platform/Developer/SDKs/WatchOS27.0.sdk/Developer/Library/Frameworks -Xfrontend -load-plugin-executable -Xfrontend /Users/admin/builder/spi-builder-workspace/.derivedData/Build/Products/Debug/BridgeJSMacros\#BridgeJSMacros -c -j10 -enable-batch-mode -incremental -Xcc -ivfsstatcache -Xcc /Users/admin/builder/spi-builder-workspace/.derivedData/SDKStatCaches.noindex/watchos27.0-24R360-e829b21a6f8c9b70876ba0858053c04477534ef55a1706bf4c1112bbb242f0a2.sdkstatcache -output-file-map /Users/admin/builder/spi-builder-workspace/.derivedData/Build/Intermediates.noindex/OpenCombineJS.build/Debug-watchos/OpenCombineJS-t.build/Objects-normal/arm64/OpenCombineJS-OutputFileMap.json -save-temps -no-color-diagnostics -explicit-module-build -module-cache-path /Users/admin/builder/spi-builder-workspace/.derivedData/Build/Intermediates.noindex/SwiftExplicitPrecompiledModules -clang-scanner-module-cache-path /Users/admin/builder/spi-builder-workspace/.derivedData/ModuleCache.noindex -sdk-module-cache-path /Users/admin/builder/spi-builder-workspace/.derivedData/SDKExplicitPrecompiledModules -emit-dependencies -emit-module -emit-module-path /Users/admin/builder/spi-builder-workspace/.derivedData/Build/Intermediates.noindex/OpenCombineJS.build/Debug-watchos/OpenCombineJS-t.build/Objects-normal/arm64/OpenCombineJS.swiftmodule -serialize-diagnostics -dependency-scan-serialize-diagnostics-path /Users/admin/builder/spi-builder-workspace/.derivedData/Build/Intermediates.noindex/OpenCombineJS.build/Debug-watchos/OpenCombineJS-t.build/Objects-normal/arm64/OpenCombineJS-dependency-scan.dia -validate-clang-modules-once -clang-build-session-file /Users/admin/builder/spi-builder-workspace/.derivedData/ModuleCache.noindex/Session.modulevalidation -Xcc -fmodules-prune-interval\=86400 -Xcc -fmodules-prune-after\=345600 -emit-const-values -const-gather-protocols-list /Users/admin/builder/spi-builder-workspace/.derivedData/Build/Intermediates.noindex/OpenCombineJS.build/Debug-watchos/OpenCombineJS-t.build/Objects-normal/arm64/OpenCombineJS_const_extract_protocols.json -Xcc -I/Users/admin/builder/spi-builder-workspace/.dependencies/checkouts/JavaScriptKit/Sources/_CJavaScriptKit/include -Xcc -I/Users/admin/builder/spi-builder-workspace/.dependencies/checkouts/OpenCombine/Sources/COpenCombineHelpers/include -Xcc -I/Users/admin/builder/spi-builder-workspace/.derivedData/Build/Products/Debug-watchos/include -Xcc -I/Users/admin/builder/spi-builder-workspace/.derivedData/Build/Intermediates.noindex/OpenCombineJS.build/Debug-watchos/OpenCombineJS-t.build/DerivedSources-normal/arm64 -Xcc -I/Users/admin/builder/spi-builder-workspace/.derivedData/Build/Intermediates.noindex/OpenCombineJS.build/Debug-watchos/OpenCombineJS-t.build/DerivedSources/arm64 -Xcc -I/Users/admin/builder/spi-builder-workspace/.derivedData/Build/Intermediates.noindex/OpenCombineJS.build/Debug-watchos/OpenCombineJS-t.build/DerivedSources -Xcc -DSWIFT_PACKAGE -Xcc -DDEBUG\=1 -emit-objc-header -emit-objc-header-path /Users/admin/builder/spi-builder-workspace/.derivedData/Build/Intermediates.noindex/OpenCombineJS.build/Debug-watchos/OpenCombineJS-t.build/Objects-normal/arm64/OpenCombineJS-Swift.h -working-directory /Users/admin/builder/spi-builder-workspace/.swiftpm/xcode -experimental-emit-module-separately -disable-cmo
SwiftDriverJobDiscovery normal arm64 Compiling Deprecated.swift, Features.swift, JSBigInt.swift (in target 'JavaScriptKit' from project 'JavaScriptKit')
SwiftDriverJobDiscovery normal arm64 Compiling JSPromise.swift, JSTimer.swift, JSTypedArray.swift (in target 'JavaScriptKit' from project 'JavaScriptKit')
SwiftDriverJobDiscovery normal arm64 Compiling JSString.swift, JSSymbol.swift, JSThrowingFunction.swift (in target 'JavaScriptKit' from project 'JavaScriptKit')
SwiftExplicitDependencyGeneratePcm arm64_32 /Users/admin/builder/spi-builder-workspace/.derivedData/SDKExplicitPrecompiledModules/_DarwinFoundation3-3DUTYQDQSD9HUAAVY947NMWOI.pcm
SwiftExplicitDependencyGeneratePcm arm64_32 /Users/admin/builder/spi-builder-workspace/.derivedData/SDKExplicitPrecompiledModules/_Builtin_limits-3VKBU2AFTD65PAJZ5CJ3LHFM2.pcm
SwiftExplicitDependencyGeneratePcm arm64_32 /Users/admin/builder/spi-builder-workspace/.derivedData/SDKExplicitPrecompiledModules/_Builtin_stdbool-A967K8W8YUYEC9SN52KJ7OO88.pcm
SwiftExplicitDependencyGeneratePcm arm64_32 /Users/admin/builder/spi-builder-workspace/.derivedData/SDKExplicitPrecompiledModules/sys_types-8TLLMW08ZJWDGIIPKOYFGHHZW.pcm
SwiftExplicitDependencyGeneratePcm arm64 /Users/admin/builder/spi-builder-workspace/.derivedData/SDKExplicitPrecompiledModules/_DarwinFoundation3-B97LRG0E9GON2NUE65TVG81HU.pcm
SwiftExplicitDependencyGeneratePcm arm64 /Users/admin/builder/spi-builder-workspace/.derivedData/SDKExplicitPrecompiledModules/_Builtin_stdbool-83J96QSOFE9VX04AAS6310UAE.pcm
SwiftExplicitDependencyGeneratePcm arm64 /Users/admin/builder/spi-builder-workspace/.derivedData/SDKExplicitPrecompiledModules/sys_types-2KXQLI78OUCDP779AE68GZJ2.pcm
SwiftDriverJobDiscovery normal arm64 Compiling Macros.swift, ThreadLocal.swift (in target 'JavaScriptKit' from project 'JavaScriptKit')
SwiftExplicitDependencyGeneratePcm arm64 /Users/admin/builder/spi-builder-workspace/.derivedData/SDKExplicitPrecompiledModules/_Builtin_limits-9GWPA2B0H20DYUNYHYCWKABJG.pcm
SwiftExplicitDependencyGeneratePcm arm64_32 /Users/admin/builder/spi-builder-workspace/.derivedData/SDKExplicitPrecompiledModules/_Builtin_inttypes-D2KPCR4PEX9AQA33NGLUT5SBR.pcm
SwiftExplicitDependencyGeneratePcm arm64_32 /Users/admin/builder/spi-builder-workspace/.derivedData/Build/Intermediates.noindex/SwiftExplicitPrecompiledModules/_CJavaScriptKit-4YWU7HF5HGZ6I7C28X8E89IBS.pcm
SwiftExplicitDependencyGeneratePcm arm64 /Users/admin/builder/spi-builder-workspace/.derivedData/Build/Intermediates.noindex/SwiftExplicitPrecompiledModules/_CJavaScriptKit-8R6HL5UNH3YXPPZBWVH1VXI54.pcm
SwiftExplicitDependencyGeneratePcm arm64 /Users/admin/builder/spi-builder-workspace/.derivedData/SDKExplicitPrecompiledModules/_Builtin_inttypes-3UQSCM7WNM9EK4HZML8TY5J3D.pcm
SwiftExplicitDependencyGeneratePcm arm64_32 /Users/admin/builder/spi-builder-workspace/.derivedData/SDKExplicitPrecompiledModules/Darwin-3FVT1SKLN2ZQ5RVOABMTQBB34.pcm
SwiftExplicitDependencyGeneratePcm arm64 /Users/admin/builder/spi-builder-workspace/.derivedData/SDKExplicitPrecompiledModules/Darwin-3984OXKFNSPE77NT743WK8SEX.pcm
SwiftDriverJobDiscovery normal arm64 Compiling JSClosure.swift, JSObject+CallAsFunction.swift, JSObject.swift (in target 'JavaScriptKit' from project 'JavaScriptKit')
SwiftDriverJobDiscovery normal arm64_32 Compiling BridgeJSIntrinsics.swift, ConstructibleFromJSValue.swift, ConvertibleToJSValue.swift (in target 'JavaScriptKit' from project 'JavaScriptKit')
SwiftDriver\ Compilation JavaScriptKit normal arm64_32 com.apple.xcode.tools.swift.compiler (in target 'JavaScriptKit' from project 'JavaScriptKit')
    cd /Users/admin/builder/spi-builder-workspace/.swiftpm/xcode
    builtin-Swift-Compilation -- /Applications/Xcode-27.0.0-Release.Candidate.app/Contents/Developer/Toolchains/XcodeDefault.xctoolchain/usr/bin/swiftc -parse-as-library -module-name JavaScriptKit -Onone @/Users/admin/builder/spi-builder-workspace/.derivedData/Build/Intermediates.noindex/JavaScriptKit.build/Debug-watchos/JavaScriptKit-t.build/Objects-normal/arm64_32/JavaScriptKit.SwiftFileList -DSWIFT_PACKAGE -DDEBUG -DSWIFT_MODULE_RESOURCE_BUNDLE_UNAVAILABLE -Xcc -fmodule-map-file\=/Users/admin/builder/spi-builder-workspace/.dependencies/checkouts/JavaScriptKit/Sources/_CJavaScriptKit/include/module.modulemap -DXcode -enable-experimental-feature Extern -plugin-path /Applications/Xcode-27.0.0-Release.Candidate.app/Contents/Developer/Toolchains/XcodeDefault.xctoolchain/usr/lib/swift/host/plugins/testing -enable-experimental-feature DebugDescriptionMacro -sdk /Applications/Xcode-27.0.0-Release.Candidate.app/Contents/Developer/Platforms/WatchOS.platform/Developer/SDKs/WatchOS27.0.sdk -target arm64_32-apple-watchos9.0 -g -module-cache-path /Users/admin/builder/spi-builder-workspace/.derivedData/ModuleCache.noindex -Xfrontend -serialize-debugging-options -enable-testing -suppress-warnings -index-store-path /Users/admin/builder/spi-builder-workspace/.derivedData/Index.noindex/DataStore -Xcc -D_LIBCPP_HARDENING_MODE\=_LIBCPP_HARDENING_MODE_DEBUG -swift-version 6 -I /Users/admin/builder/spi-builder-workspace/.derivedData/Build/Products/Debug-watchos -Isystem /Applications/Xcode-27.0.0-Release.Candidate.app/Contents/Developer/Platforms/WatchOS.platform/Developer/usr/lib -F /Users/admin/builder/spi-builder-workspace/.derivedData/Build/Products/Debug-watchos/PackageFrameworks -F /Users/admin/builder/spi-builder-workspace/.derivedData/Build/Products/Debug-watchos -F /Applications/Xcode-27.0.0-Release.Candidate.app/Contents/Developer/Platforms/WatchOS.platform/Developer/Library/Frameworks -F /Applications/Xcode-27.0.0-Release.Candidate.app/Contents/Developer/Platforms/WatchOS.platform/Developer/SDKs/WatchOS27.0.sdk/Developer/Library/Frameworks -Xfrontend -load-plugin-executable -Xfrontend /Users/admin/builder/spi-builder-workspace/.derivedData/Build/Products/Debug/BridgeJSMacros\#BridgeJSMacros -c -j10 -enable-batch-mode -incremental -Xcc -ivfsstatcache -Xcc /Users/admin/builder/spi-builder-workspace/.derivedData/SDKStatCaches.noindex/watchos27.0-24R360-e829b21a6f8c9b70876ba0858053c04477534ef55a1706bf4c1112bbb242f0a2.sdkstatcache -output-file-map /Users/admin/builder/spi-builder-workspace/.derivedData/Build/Intermediates.noindex/JavaScriptKit.build/Debug-watchos/JavaScriptKit-t.build/Objects-normal/arm64_32/JavaScriptKit-OutputFileMap.json -save-temps -no-color-diagnostics -explicit-module-build -module-cache-path /Users/admin/builder/spi-builder-workspace/.derivedData/Build/Intermediates.noindex/SwiftExplicitPrecompiledModules -clang-scanner-module-cache-path /Users/admin/builder/spi-builder-workspace/.derivedData/ModuleCache.noindex -sdk-module-cache-path /Users/admin/builder/spi-builder-workspace/.derivedData/SDKExplicitPrecompiledModules -emit-dependencies -emit-module -emit-module-path /Users/admin/builder/spi-builder-workspace/.derivedData/Build/Intermediates.noindex/JavaScriptKit.build/Debug-watchos/JavaScriptKit-t.build/Objects-normal/arm64_32/JavaScriptKit.swiftmodule -serialize-diagnostics -dependency-scan-serialize-diagnostics-path /Users/admin/builder/spi-builder-workspace/.derivedData/Build/Intermediates.noindex/JavaScriptKit.build/Debug-watchos/JavaScriptKit-t.build/Objects-normal/arm64_32/JavaScriptKit-dependency-scan.dia -user-module-version 0.59.0 -validate-clang-modules-once -clang-build-session-file /Users/admin/builder/spi-builder-workspace/.derivedData/ModuleCache.noindex/Session.modulevalidation -Xcc -fmodules-prune-interval\=86400 -Xcc -fmodules-prune-after\=345600 -package-name javascriptkit -emit-const-values -const-gather-protocols-list /Users/admin/builder/spi-builder-workspace/.derivedData/Build/Intermediates.noindex/JavaScriptKit.build/Debug-watchos/JavaScriptKit-t.build/Objects-normal/arm64_32/JavaScriptKit_const_extract_protocols.json -Xcc -I/Users/admin/builder/spi-builder-workspace/.dependencies/checkouts/JavaScriptKit/Sources/_CJavaScriptKit/include -Xcc -I/Users/admin/builder/spi-builder-workspace/.derivedData/Build/Products/Debug-watchos/include -Xcc -I/Users/admin/builder/spi-builder-workspace/.derivedData/Build/Intermediates.noindex/JavaScriptKit.build/Debug-watchos/JavaScriptKit-t.build/DerivedSources-normal/arm64_32 -Xcc -I/Users/admin/builder/spi-builder-workspace/.derivedData/Build/Intermediates.noindex/JavaScriptKit.build/Debug-watchos/JavaScriptKit-t.build/DerivedSources/arm64_32 -Xcc -I/Users/admin/builder/spi-builder-workspace/.derivedData/Build/Intermediates.noindex/JavaScriptKit.build/Debug-watchos/JavaScriptKit-t.build/DerivedSources -Xcc -DSWIFT_PACKAGE -Xcc -DDEBUG\=1 -emit-objc-header -emit-objc-header-path /Users/admin/builder/spi-builder-workspace/.derivedData/Build/Intermediates.noindex/JavaScriptKit.build/Debug-watchos/JavaScriptKit-t.build/Objects-normal/arm64_32/JavaScriptKit-Swift.h -working-directory /Users/admin/builder/spi-builder-workspace/.swiftpm/xcode -experimental-emit-module-separately -disable-cmo
Ld /Users/admin/builder/spi-builder-workspace/.derivedData/Build/Intermediates.noindex/JavaScriptKit.build/Debug-watchos/JavaScriptKit-t.build/Objects-normal/arm64_32/Binary/JavaScriptKit.o normal arm64_32 (in target 'JavaScriptKit' from project 'JavaScriptKit')
    cd /Users/admin/builder/spi-builder-workspace/.dependencies/checkouts/JavaScriptKit
    /Applications/Xcode-27.0.0-Release.Candidate.app/Contents/Developer/Toolchains/XcodeDefault.xctoolchain/usr/bin/clang -Xlinker -reproducible -target arm64_32-apple-watchos9.0 -r -isysroot /Applications/Xcode-27.0.0-Release.Candidate.app/Contents/Developer/Platforms/WatchOS.platform/Developer/SDKs/WatchOS27.0.sdk -O0 -w -Xlinker -no_warn_duplicate_libraries -F/Users/admin/builder/spi-builder-workspace/.derivedData/Build/Intermediates.noindex/EagerLinkingTBDs/Debug-watchos -F/Users/admin/builder/spi-builder-workspace/.derivedData/Build/Products/Debug-watchos/PackageFrameworks -F/Users/admin/builder/spi-builder-workspace/.derivedData/Build/Products/Debug-watchos -iframework /Applications/Xcode-27.0.0-Release.Candidate.app/Contents/Developer/Platforms/WatchOS.platform/Developer/Library/Frameworks -iframework /Applications/Xcode-27.0.0-Release.Candidate.app/Contents/Developer/Platforms/WatchOS.platform/Developer/SDKs/WatchOS27.0.sdk/Developer/Library/Frameworks -filelist /Users/admin/builder/spi-builder-workspace/.derivedData/Build/Intermediates.noindex/JavaScriptKit.build/Debug-watchos/JavaScriptKit-t.build/Objects-normal/arm64_32/JavaScriptKit.LinkFileList -nostdlib -Xlinker -object_path_lto -Xlinker /Users/admin/builder/spi-builder-workspace/.derivedData/Build/Intermediates.noindex/JavaScriptKit.build/Debug-watchos/JavaScriptKit-t.build/Objects-normal/arm64_32/JavaScriptKit_lto.o -Xlinker -no_deduplicate -Xlinker -dependency_info -Xlinker /Users/admin/builder/spi-builder-workspace/.derivedData/Build/Intermediates.noindex/JavaScriptKit.build/Debug-watchos/JavaScriptKit-t.build/Objects-normal/arm64_32/JavaScriptKit_dependency_info.dat -fobjc-link-runtime -L/Applications/Xcode-27.0.0-Release.Candidate.app/Contents/Developer/Toolchains/XcodeDefault.xctoolchain/usr/lib/swift/watchos -L/usr/lib/swift -Xlinker -add_ast_path -Xlinker /Users/admin/builder/spi-builder-workspace/.derivedData/Build/Intermediates.noindex/JavaScriptKit.build/Debug-watchos/JavaScriptKit-t.build/Objects-normal/arm64_32/JavaScriptKit.swiftmodule -o /Users/admin/builder/spi-builder-workspace/.derivedData/Build/Intermediates.noindex/JavaScriptKit.build/Debug-watchos/JavaScriptKit-t.build/Objects-normal/arm64_32/Binary/JavaScriptKit.o
SwiftCompile normal arm64_32 Compiling\ JSScheduler.swift /Users/admin/builder/spi-builder-workspace/Sources/OpenCombineJS/JSScheduler.swift (in target 'OpenCombineJS' from project 'OpenCombineJS')
SwiftCompile normal arm64_32 /Users/admin/builder/spi-builder-workspace/Sources/OpenCombineJS/JSScheduler.swift (in target 'OpenCombineJS' from project 'OpenCombineJS')
    cd /Users/admin/builder/spi-builder-workspace/.swiftpm/xcode
    builtin-SwiftPerFileCompile JSScheduler.swift
SwiftCompile normal arm64_32 Compiling\ JSPromise.swift /Users/admin/builder/spi-builder-workspace/Sources/OpenCombineJS/JSPromise.swift (in target 'OpenCombineJS' from project 'OpenCombineJS')
/Users/admin/builder/spi-builder-workspace/Sources/OpenCombineJS/JSPromise.swift:24:25: error: type 'JSValue' does not conform to protocol 'Error'
22 |
23 |     /// `Future` instance that handles subscriptions to this publisher.
24 |     private var future: Future<JSValue, JSValue>
   |                         `- error: type 'JSValue' does not conform to protocol 'Error'
25 |
26 |     fileprivate init(promise: JSPromise) {
/Users/admin/builder/spi-builder-workspace/Sources/OpenCombineJS/JSPromise.swift:38:17: error: no type for 'Downstream.Failure' can satisfy both 'Downstream.Failure == JSValue' and 'Downstream.Failure : Error'
36 |     }
37 |
38 |     public func receive<Downstream: Subscriber>(subscriber: Downstream)
   |                 `- error: no type for 'Downstream.Failure' can satisfy both 'Downstream.Failure == JSValue' and 'Downstream.Failure : Error'
39 |       where Downstream.Input == JSValue, Downstream.Failure == JSValue
40 |     {
/Users/admin/builder/spi-builder-workspace/Sources/OpenCombineJS/JSPromise.swift:19:15: error: type 'JSPromise.PromisePublisher' does not conform to protocol 'Publisher'
17 |
18 | public extension JSPromise {
19 |   final class PromisePublisher: Publisher {
   |               |- error: type 'JSPromise.PromisePublisher' does not conform to protocol 'Publisher'
   |               `- note: add stubs for conformance
20 |     public typealias Output = JSValue
21 |     public typealias Failure = JSValue
   |                      `- note: possibly intended match 'JSPromise.PromisePublisher.Failure' (aka 'JSValue') does not conform to 'Error'
22 |
23 |     /// `Future` instance that handles subscriptions to this publisher.
   :
36 |     }
37 |
38 |     public func receive<Downstream: Subscriber>(subscriber: Downstream)
   |                 `- note: candidate has non-matching type '<Downstream> (subscriber: Downstream) -> ()' [with Failure = _]
39 |       where Downstream.Input == JSValue, Downstream.Failure == JSValue
40 |     {
OpenCombine.Publisher.Failure:2:16: note: protocol requires nested type 'Failure'
1 | protocol Publisher {
2 | associatedtype Failure : Error}
  |                `- note: protocol requires nested type 'Failure'
3 |
OpenCombine.Publisher.receive:2:6: note: protocol requires function 'receive(subscriber:)' with type '<Subscriber> (subscriber: Subscriber) -> ()'
1 | protocol Publisher {
2 | func receive<Subscriber>(subscriber: Subscriber) where Subscriber : OpenCombine.Subscriber, Self.Failure == Subscriber.Failure, Self.Output == Subscriber.Input}
  |      `- note: protocol requires function 'receive(subscriber:)' with type '<Subscriber> (subscriber: Subscriber) -> ()'
3 |
/Users/admin/builder/spi-builder-workspace/Sources/OpenCombineJS/JSPromise.swift:27:17: error: cannot infer contextual base in reference to member 'init'
25 |
26 |     fileprivate init(promise: JSPromise) {
27 |       future = .init { resolver in
   |                 `- error: cannot infer contextual base in reference to member 'init'
28 |         promise.then(success: {
29 |           resolver(.success($0))
Failed frontend command:
/Applications/Xcode-27.0.0-Release.Candidate.app/Contents/Developer/Toolchains/XcodeDefault.xctoolchain/usr/bin/swift-frontend -frontend -c -primary-file /Users/admin/builder/spi-builder-workspace/Sources/OpenCombineJS/JSPromise.swift /Users/admin/builder/spi-builder-workspace/Sources/OpenCombineJS/JSScheduler.swift /Users/admin/builder/spi-builder-workspace/Sources/OpenCombineJS/JSValueDecoder.swift -emit-dependencies-path /Users/admin/builder/spi-builder-workspace/.derivedData/Build/Intermediates.noindex/OpenCombineJS.build/Debug-watchos/OpenCombineJS-t.build/Objects-normal/arm64_32/JSPromise.d -emit-const-values-path /Users/admin/builder/spi-builder-workspace/.derivedData/Build/Intermediates.noindex/OpenCombineJS.build/Debug-watchos/OpenCombineJS-t.build/Objects-normal/arm64_32/JSPromise.swiftconstvalues -emit-reference-dependencies-path /Users/admin/builder/spi-builder-workspace/.derivedData/Build/Intermediates.noindex/OpenCombineJS.build/Debug-watchos/OpenCombineJS-t.build/Objects-normal/arm64_32/JSPromise.swiftdeps -serialize-diagnostics-path /Users/admin/builder/spi-builder-workspace/.derivedData/Build/Intermediates.noindex/OpenCombineJS.build/Debug-watchos/OpenCombineJS-t.build/Objects-normal/arm64_32/JSPromise.dia -target arm64_32-apple-watchos9.0 -disable-cross-import-overlay-search -load-resolved-plugin \#/Users/admin/builder/spi-builder-workspace/.derivedData/Build/Products/Debug/BridgeJSMacros\#BridgeJSMacros -load-resolved-plugin /Applications/Xcode-27.0.0-Release.Candidate.app/Contents/Developer/Platforms/WatchOS.platform/Developer/usr/lib/swift/host/plugins/libSwiftMacros.dylib\#/Applications/Xcode-27.0.0-Release.Candidate.app/Contents/Developer/Platforms/WatchOS.platform/Developer/usr/bin/swift-plugin-server\#SwiftMacros -disable-implicit-swift-modules -Xcc -fno-implicit-modules -Xcc -fno-implicit-module-maps -explicit-swift-module-map-file /Users/admin/builder/spi-builder-workspace/.derivedData/Build/Intermediates.noindex/OpenCombineJS.build/Debug-watchos/OpenCombineJS-t.build/Objects-normal/arm64_32/OpenCombineJS-dependencies-1.json -enable-objc-interop -sdk /Applications/Xcode-27.0.0-Release.Candidate.app/Contents/Developer/Platforms/WatchOS.platform/Developer/SDKs/WatchOS27.0.sdk -I /Users/admin/builder/spi-builder-workspace/.derivedData/Build/Products/Debug-watchos -Isystem /Applications/Xcode-27.0.0-Release.Candidate.app/Contents/Developer/Platforms/WatchOS.platform/Developer/usr/lib -F /Users/admin/builder/spi-builder-workspace/.derivedData/Build/Products/Debug-watchos/PackageFrameworks -F /Users/admin/builder/spi-builder-workspace/.derivedData/Build/Products/Debug-watchos -F /Applications/Xcode-27.0.0-Release.Candidate.app/Contents/Developer/Platforms/WatchOS.platform/Developer/Library/Frameworks -F /Applications/Xcode-27.0.0-Release.Candidate.app/Contents/Developer/Platforms/WatchOS.platform/Developer/SDKs/WatchOS27.0.sdk/Developer/Library/Frameworks -module-cache-path /Users/admin/builder/spi-builder-workspace/.derivedData/Build/Intermediates.noindex/SwiftExplicitPrecompiledModules -no-color-diagnostics -Xcc -fno-color-diagnostics -enable-testing -g -debug-info-format\=dwarf -dwarf-version\=4 -swift-version 5 -Onone -D SWIFT_PACKAGE -D DEBUG -D SWIFT_MODULE_RESOURCE_BUNDLE_UNAVAILABLE -D Xcode -serialize-debugging-options -load-plugin-executable /Users/admin/builder/spi-builder-workspace/.derivedData/Build/Products/Debug/BridgeJSMacros\#BridgeJSMacros -enable-experimental-feature DebugDescriptionMacro -empty-abi-descriptor -validate-clang-modules-once -clang-build-session-file /Users/admin/builder/spi-builder-workspace/.derivedData/ModuleCache.noindex/Session.modulevalidation -Xcc -working-directory -Xcc /Users/admin/builder/spi-builder-workspace/.swiftpm/xcode -enable-anonymous-context-mangled-names -file-compilation-dir /Users/admin/builder/spi-builder-workspace/.swiftpm/xcode -Xcc -fmodule-map-file\=/Users/admin/builder/spi-builder-workspace/.dependencies/checkouts/JavaScriptKit/Sources/_CJavaScriptKit/include/module.modulemap -Xcc -fmodule-map-file\=/Users/admin/builder/spi-builder-workspace/.derivedData/Build/Intermediates.noindex/GeneratedModuleMaps-watchos/COpenCombineHelpers.modulemap -Xcc -D_LIBCPP_HARDENING_MODE\=_LIBCPP_HARDENING_MODE_DEBUG -Xcc -ivfsstatcache -Xcc /Users/admin/builder/spi-builder-workspace/.derivedData/SDKStatCaches.noindex/watchos27.0-24R360-e829b21a6f8c9b70876ba0858053c04477534ef55a1706bf4c1112bbb242f0a2.sdkstatcache -Xcc -fmodules-prune-interval\=86400 -Xcc -fmodules-prune-after\=345600 -Xcc -I/Users/admin/builder/spi-builder-workspace/.dependencies/checkouts/JavaScriptKit/Sources/_CJavaScriptKit/include -Xcc -I/Users/admin/builder/spi-builder-workspace/.dependencies/checkouts/OpenCombine/Sources/COpenCombineHelpers/include -Xcc -I/Users/admin/builder/spi-builder-workspace/.derivedData/Build/Products/Debug-watchos/include -Xcc -I/Users/admin/builder/spi-builder-workspace/.derivedData/Build/Intermediates.noindex/OpenCombineJS.build/Debug-watchos/OpenCombineJS-t.build/DerivedSources-normal/arm64_32 -Xcc -I/Users/admin/builder/spi-builder-workspace/.derivedData/Build/Intermediates.noindex/OpenCombineJS.build/Debug-watchos/OpenCombineJS-t.build/DerivedSources/arm64_32 -Xcc -I/Users/admin/builder/spi-builder-workspace/.derivedData/Build/Intermediates.noindex/OpenCombineJS.build/Debug-watchos/OpenCombineJS-t.build/DerivedSources -Xcc -DSWIFT_PACKAGE -Xcc -DDEBUG\=1 -no-auto-bridging-header-chaining -module-name OpenCombineJS -const-gather-protocols-file /Users/admin/builder/spi-builder-workspace/.derivedData/Build/Intermediates.noindex/OpenCombineJS.build/Debug-watchos/OpenCombineJS-t.build/Objects-normal/arm64_32/OpenCombineJS_const_extract_protocols.json -disable-clang-spi -clang-target arm64_32-apple-watchos27.0 -target-sdk-version 27.0 -target-sdk-name watchos27.0 -in-process-plugin-server-path /Applications/Xcode-27.0.0-Release.Candidate.app/Contents/Developer/Toolchains/XcodeDefault.xctoolchain/usr/lib/swift/host/libSwiftInProcPluginServer.dylib -parse-as-library -o /Users/admin/builder/spi-builder-workspace/.derivedData/Build/Intermediates.noindex/OpenCombineJS.build/Debug-watchos/OpenCombineJS-t.build/Objects-normal/arm64_32/JSPromise.o -debug-module-path /Users/admin/builder/spi-builder-workspace/.derivedData/Build/Intermediates.noindex/OpenCombineJS.build/Debug-watchos/OpenCombineJS-t.build/Objects-normal/arm64_32/OpenCombineJS.swiftmodule -index-unit-output-path /OpenCombineJS.build/Debug-watchos/OpenCombineJS-t.build/Objects-normal/arm64_32/JSPromise.o -index-store-path /Users/admin/builder/spi-builder-workspace/.derivedData/Index.noindex/DataStore -index-system-modules
SwiftCompile normal arm64_32 /Users/admin/builder/spi-builder-workspace/Sources/OpenCombineJS/JSPromise.swift (in target 'OpenCombineJS' from project 'OpenCombineJS')
    cd /Users/admin/builder/spi-builder-workspace/.swiftpm/xcode
    builtin-SwiftPerFileCompile JSPromise.swift
SwiftEmitModule normal arm64_32 Emitting\ module\ for\ OpenCombineJS (in target 'OpenCombineJS' from project 'OpenCombineJS')
SwiftCompile normal arm64_32 (in target 'OpenCombineJS' from project 'OpenCombineJS')
    cd /Users/admin/builder/spi-builder-workspace/.swiftpm/xcode

/Users/admin/builder/spi-builder-workspace/Sources/OpenCombineJS/JSPromise.swift:24:25: error: type 'JSValue' does not conform to protocol 'Error'
22 |
23 |     /// `Future` instance that handles subscriptions to this publisher.
24 |     private var future: Future<JSValue, JSValue>
   |                         `- error: type 'JSValue' does not conform to protocol 'Error'
25 |
26 |     fileprivate init(promise: JSPromise) {
/Users/admin/builder/spi-builder-workspace/Sources/OpenCombineJS/JSPromise.swift:38:17: error: no type for 'Downstream.Failure' can satisfy both 'Downstream.Failure == JSValue' and 'Downstream.Failure : Error'
36 |     }
37 |
38 |     public func receive<Downstream: Subscriber>(subscriber: Downstream)
   |                 `- error: no type for 'Downstream.Failure' can satisfy both 'Downstream.Failure == JSValue' and 'Downstream.Failure : Error'
39 |       where Downstream.Input == JSValue, Downstream.Failure == JSValue
40 |     {
SwiftCompile normal arm64_32 Compiling\ JSValueDecoder.swift /Users/admin/builder/spi-builder-workspace/Sources/OpenCombineJS/JSValueDecoder.swift (in target 'OpenCombineJS' from project 'OpenCombineJS')
SwiftCompile normal arm64_32 /Users/admin/builder/spi-builder-workspace/Sources/OpenCombineJS/JSValueDecoder.swift (in target 'OpenCombineJS' from project 'OpenCombineJS')
    cd /Users/admin/builder/spi-builder-workspace/.swiftpm/xcode
    builtin-SwiftPerFileCompile JSValueDecoder.swift
SwiftEmitModule normal arm64 Emitting\ module\ for\ OpenCombineJS (in target 'OpenCombineJS' from project 'OpenCombineJS')
SwiftCompile normal arm64 (in target 'OpenCombineJS' from project 'OpenCombineJS')
    cd /Users/admin/builder/spi-builder-workspace/.swiftpm/xcode

/Users/admin/builder/spi-builder-workspace/Sources/OpenCombineJS/JSPromise.swift:24:25: error: type 'JSValue' does not conform to protocol 'Error'
22 |
23 |     /// `Future` instance that handles subscriptions to this publisher.
24 |     private var future: Future<JSValue, JSValue>
   |                         `- error: type 'JSValue' does not conform to protocol 'Error'
25 |
26 |     fileprivate init(promise: JSPromise) {
/Users/admin/builder/spi-builder-workspace/Sources/OpenCombineJS/JSPromise.swift:38:17: error: no type for 'Downstream.Failure' can satisfy both 'Downstream.Failure == JSValue' and 'Downstream.Failure : Error'
36 |     }
37 |
38 |     public func receive<Downstream: Subscriber>(subscriber: Downstream)
   |                 `- error: no type for 'Downstream.Failure' can satisfy both 'Downstream.Failure == JSValue' and 'Downstream.Failure : Error'
39 |       where Downstream.Input == JSValue, Downstream.Failure == JSValue
40 |     {
SwiftCompile normal arm64 Compiling\ JSValueDecoder.swift /Users/admin/builder/spi-builder-workspace/Sources/OpenCombineJS/JSValueDecoder.swift (in target 'OpenCombineJS' from project 'OpenCombineJS')
SwiftCompile normal arm64 /Users/admin/builder/spi-builder-workspace/Sources/OpenCombineJS/JSValueDecoder.swift (in target 'OpenCombineJS' from project 'OpenCombineJS')
    cd /Users/admin/builder/spi-builder-workspace/.swiftpm/xcode
    builtin-SwiftPerFileCompile JSValueDecoder.swift
SwiftCompile normal arm64 Compiling\ JSScheduler.swift /Users/admin/builder/spi-builder-workspace/Sources/OpenCombineJS/JSScheduler.swift (in target 'OpenCombineJS' from project 'OpenCombineJS')
SwiftCompile normal arm64 /Users/admin/builder/spi-builder-workspace/Sources/OpenCombineJS/JSScheduler.swift (in target 'OpenCombineJS' from project 'OpenCombineJS')
    cd /Users/admin/builder/spi-builder-workspace/.swiftpm/xcode
    builtin-SwiftPerFileCompile JSScheduler.swift
SwiftCompile normal arm64 Compiling\ JSPromise.swift /Users/admin/builder/spi-builder-workspace/Sources/OpenCombineJS/JSPromise.swift (in target 'OpenCombineJS' from project 'OpenCombineJS')
/Users/admin/builder/spi-builder-workspace/Sources/OpenCombineJS/JSPromise.swift:24:25: error: type 'JSValue' does not conform to protocol 'Error'
22 |
23 |     /// `Future` instance that handles subscriptions to this publisher.
24 |     private var future: Future<JSValue, JSValue>
   |                         `- error: type 'JSValue' does not conform to protocol 'Error'
25 |
26 |     fileprivate init(promise: JSPromise) {
/Users/admin/builder/spi-builder-workspace/Sources/OpenCombineJS/JSPromise.swift:38:17: error: no type for 'Downstream.Failure' can satisfy both 'Downstream.Failure == JSValue' and 'Downstream.Failure : Error'
36 |     }
37 |
38 |     public func receive<Downstream: Subscriber>(subscriber: Downstream)
   |                 `- error: no type for 'Downstream.Failure' can satisfy both 'Downstream.Failure == JSValue' and 'Downstream.Failure : Error'
39 |       where Downstream.Input == JSValue, Downstream.Failure == JSValue
40 |     {
/Users/admin/builder/spi-builder-workspace/Sources/OpenCombineJS/JSPromise.swift:19:15: error: type 'JSPromise.PromisePublisher' does not conform to protocol 'Publisher'
17 |
18 | public extension JSPromise {
19 |   final class PromisePublisher: Publisher {
   |               |- error: type 'JSPromise.PromisePublisher' does not conform to protocol 'Publisher'
   |               `- note: add stubs for conformance
20 |     public typealias Output = JSValue
21 |     public typealias Failure = JSValue
   |                      `- note: possibly intended match 'JSPromise.PromisePublisher.Failure' (aka 'JSValue') does not conform to 'Error'
22 |
23 |     /// `Future` instance that handles subscriptions to this publisher.
   :
36 |     }
37 |
38 |     public func receive<Downstream: Subscriber>(subscriber: Downstream)
   |                 `- note: candidate has non-matching type '<Downstream> (subscriber: Downstream) -> ()' [with Failure = _]
39 |       where Downstream.Input == JSValue, Downstream.Failure == JSValue
40 |     {
OpenCombine.Publisher.Failure:2:16: note: protocol requires nested type 'Failure'
1 | protocol Publisher {
2 | associatedtype Failure : Error}
  |                `- note: protocol requires nested type 'Failure'
3 |
OpenCombine.Publisher.receive:2:6: note: protocol requires function 'receive(subscriber:)' with type '<Subscriber> (subscriber: Subscriber) -> ()'
1 | protocol Publisher {
2 | func receive<Subscriber>(subscriber: Subscriber) where Subscriber : OpenCombine.Subscriber, Self.Failure == Subscriber.Failure, Self.Output == Subscriber.Input}
  |      `- note: protocol requires function 'receive(subscriber:)' with type '<Subscriber> (subscriber: Subscriber) -> ()'
3 |
/Users/admin/builder/spi-builder-workspace/Sources/OpenCombineJS/JSPromise.swift:27:17: error: cannot infer contextual base in reference to member 'init'
25 |
26 |     fileprivate init(promise: JSPromise) {
27 |       future = .init { resolver in
   |                 `- error: cannot infer contextual base in reference to member 'init'
28 |         promise.then(success: {
29 |           resolver(.success($0))
Failed frontend command:
/Applications/Xcode-27.0.0-Release.Candidate.app/Contents/Developer/Toolchains/XcodeDefault.xctoolchain/usr/bin/swift-frontend -frontend -c -primary-file /Users/admin/builder/spi-builder-workspace/Sources/OpenCombineJS/JSPromise.swift /Users/admin/builder/spi-builder-workspace/Sources/OpenCombineJS/JSScheduler.swift /Users/admin/builder/spi-builder-workspace/Sources/OpenCombineJS/JSValueDecoder.swift -emit-dependencies-path /Users/admin/builder/spi-builder-workspace/.derivedData/Build/Intermediates.noindex/OpenCombineJS.build/Debug-watchos/OpenCombineJS-t.build/Objects-normal/arm64/JSPromise.d -emit-const-values-path /Users/admin/builder/spi-builder-workspace/.derivedData/Build/Intermediates.noindex/OpenCombineJS.build/Debug-watchos/OpenCombineJS-t.build/Objects-normal/arm64/JSPromise.swiftconstvalues -emit-reference-dependencies-path /Users/admin/builder/spi-builder-workspace/.derivedData/Build/Intermediates.noindex/OpenCombineJS.build/Debug-watchos/OpenCombineJS-t.build/Objects-normal/arm64/JSPromise.swiftdeps -serialize-diagnostics-path /Users/admin/builder/spi-builder-workspace/.derivedData/Build/Intermediates.noindex/OpenCombineJS.build/Debug-watchos/OpenCombineJS-t.build/Objects-normal/arm64/JSPromise.dia -target arm64-apple-watchos9.0 -disable-cross-import-overlay-search -load-resolved-plugin \#/Users/admin/builder/spi-builder-workspace/.derivedData/Build/Products/Debug/BridgeJSMacros\#BridgeJSMacros -load-resolved-plugin /Applications/Xcode-27.0.0-Release.Candidate.app/Contents/Developer/Platforms/WatchOS.platform/Developer/usr/lib/swift/host/plugins/libSwiftMacros.dylib\#/Applications/Xcode-27.0.0-Release.Candidate.app/Contents/Developer/Platforms/WatchOS.platform/Developer/usr/bin/swift-plugin-server\#SwiftMacros -disable-implicit-swift-modules -Xcc -fno-implicit-modules -Xcc -fno-implicit-module-maps -explicit-swift-module-map-file /Users/admin/builder/spi-builder-workspace/.derivedData/Build/Intermediates.noindex/OpenCombineJS.build/Debug-watchos/OpenCombineJS-t.build/Objects-normal/arm64/OpenCombineJS-dependencies-2.json -Xllvm -aarch64-use-tbi -enable-objc-interop -stack-check -sdk /Applications/Xcode-27.0.0-Release.Candidate.app/Contents/Developer/Platforms/WatchOS.platform/Developer/SDKs/WatchOS27.0.sdk -I /Users/admin/builder/spi-builder-workspace/.derivedData/Build/Products/Debug-watchos -Isystem /Applications/Xcode-27.0.0-Release.Candidate.app/Contents/Developer/Platforms/WatchOS.platform/Developer/usr/lib -F /Users/admin/builder/spi-builder-workspace/.derivedData/Build/Products/Debug-watchos/PackageFrameworks -F /Users/admin/builder/spi-builder-workspace/.derivedData/Build/Products/Debug-watchos -F /Applications/Xcode-27.0.0-Release.Candidate.app/Contents/Developer/Platforms/WatchOS.platform/Developer/Library/Frameworks -F /Applications/Xcode-27.0.0-Release.Candidate.app/Contents/Developer/Platforms/WatchOS.platform/Developer/SDKs/WatchOS27.0.sdk/Developer/Library/Frameworks -module-cache-path /Users/admin/builder/spi-builder-workspace/.derivedData/Build/Intermediates.noindex/SwiftExplicitPrecompiledModules -no-color-diagnostics -Xcc -fno-color-diagnostics -enable-testing -g -debug-info-format\=dwarf -dwarf-version\=4 -swift-version 5 -Onone -D SWIFT_PACKAGE -D DEBUG -D SWIFT_MODULE_RESOURCE_BUNDLE_UNAVAILABLE -D Xcode -serialize-debugging-options -load-plugin-executable /Users/admin/builder/spi-builder-workspace/.derivedData/Build/Products/Debug/BridgeJSMacros\#BridgeJSMacros -enable-experimental-feature DebugDescriptionMacro -empty-abi-descriptor -validate-clang-modules-once -clang-build-session-file /Users/admin/builder/spi-builder-workspace/.derivedData/ModuleCache.noindex/Session.modulevalidation -Xcc -working-directory -Xcc /Users/admin/builder/spi-builder-workspace/.swiftpm/xcode -enable-anonymous-context-mangled-names -file-compilation-dir /Users/admin/builder/spi-builder-workspace/.swiftpm/xcode -Xcc -fmodule-map-file\=/Users/admin/builder/spi-builder-workspace/.dependencies/checkouts/JavaScriptKit/Sources/_CJavaScriptKit/include/module.modulemap -Xcc -fmodule-map-file\=/Users/admin/builder/spi-builder-workspace/.derivedData/Build/Intermediates.noindex/GeneratedModuleMaps-watchos/COpenCombineHelpers.modulemap -Xcc -D_LIBCPP_HARDENING_MODE\=_LIBCPP_HARDENING_MODE_DEBUG -Xcc -ivfsstatcache -Xcc /Users/admin/builder/spi-builder-workspace/.derivedData/SDKStatCaches.noindex/watchos27.0-24R360-e829b21a6f8c9b70876ba0858053c04477534ef55a1706bf4c1112bbb242f0a2.sdkstatcache -Xcc -fmodules-prune-interval\=86400 -Xcc -fmodules-prune-after\=345600 -Xcc -I/Users/admin/builder/spi-builder-workspace/.dependencies/checkouts/JavaScriptKit/Sources/_CJavaScriptKit/include -Xcc -I/Users/admin/builder/spi-builder-workspace/.dependencies/checkouts/OpenCombine/Sources/COpenCombineHelpers/include -Xcc -I/Users/admin/builder/spi-builder-workspace/.derivedData/Build/Products/Debug-watchos/include -Xcc -I/Users/admin/builder/spi-builder-workspace/.derivedData/Build/Intermediates.noindex/OpenCombineJS.build/Debug-watchos/OpenCombineJS-t.build/DerivedSources-normal/arm64 -Xcc -I/Users/admin/builder/spi-builder-workspace/.derivedData/Build/Intermediates.noindex/OpenCombineJS.build/Debug-watchos/OpenCombineJS-t.build/DerivedSources/arm64 -Xcc -I/Users/admin/builder/spi-builder-workspace/.derivedData/Build/Intermediates.noindex/OpenCombineJS.build/Debug-watchos/OpenCombineJS-t.build/DerivedSources -Xcc -DSWIFT_PACKAGE -Xcc -DDEBUG\=1 -no-auto-bridging-header-chaining -module-name OpenCombineJS -const-gather-protocols-file /Users/admin/builder/spi-builder-workspace/.derivedData/Build/Intermediates.noindex/OpenCombineJS.build/Debug-watchos/OpenCombineJS-t.build/Objects-normal/arm64/OpenCombineJS_const_extract_protocols.json -disable-clang-spi -clang-target arm64-apple-watchos27.0 -target-sdk-version 27.0 -target-sdk-name watchos27.0 -in-process-plugin-server-path /Applications/Xcode-27.0.0-Release.Candidate.app/Contents/Developer/Toolchains/XcodeDefault.xctoolchain/usr/lib/swift/host/libSwiftInProcPluginServer.dylib -parse-as-library -o /Users/admin/builder/spi-builder-workspace/.derivedData/Build/Intermediates.noindex/OpenCombineJS.build/Debug-watchos/OpenCombineJS-t.build/Objects-normal/arm64/JSPromise.o -debug-module-path /Users/admin/builder/spi-builder-workspace/.derivedData/Build/Intermediates.noindex/OpenCombineJS.build/Debug-watchos/OpenCombineJS-t.build/Objects-normal/arm64/OpenCombineJS.swiftmodule -index-unit-output-path /OpenCombineJS.build/Debug-watchos/OpenCombineJS-t.build/Objects-normal/arm64/JSPromise.o -index-store-path /Users/admin/builder/spi-builder-workspace/.derivedData/Index.noindex/DataStore -index-system-modules
SwiftCompile normal arm64 /Users/admin/builder/spi-builder-workspace/Sources/OpenCombineJS/JSPromise.swift (in target 'OpenCombineJS' from project 'OpenCombineJS')
    cd /Users/admin/builder/spi-builder-workspace/.swiftpm/xcode
    builtin-SwiftPerFileCompile JSPromise.swift
PruneExplicitPrecompiledModules /Users/admin/builder/spi-builder-workspace/.derivedData/Build/Intermediates.noindex/SwiftExplicitPrecompiledModules
PruneExplicitPrecompiledModules /Users/admin/builder/spi-builder-workspace/.derivedData/Build/Intermediates.noindex/ExplicitPrecompiledModules
PruneExplicitPrecompiledModules /Users/admin/builder/spi-builder-workspace/.derivedData/SDKExplicitPrecompiledModules
2026-09-18 02:43:19.787 xcodebuild[819:5097] [MT] IDERunDestination: Supported platforms for the buildables in the current scheme is empty.
** BUILD FAILED **
The following build commands failed:
	SwiftCompile normal arm64_32 Compiling\ JSPromise.swift /Users/admin/builder/spi-builder-workspace/Sources/OpenCombineJS/JSPromise.swift (in target 'OpenCombineJS' from project 'OpenCombineJS')
	SwiftCompile normal arm64_32 /Users/admin/builder/spi-builder-workspace/Sources/OpenCombineJS/JSPromise.swift (in target 'OpenCombineJS' from project 'OpenCombineJS')
	SwiftCompile normal arm64 Compiling\ JSPromise.swift /Users/admin/builder/spi-builder-workspace/Sources/OpenCombineJS/JSPromise.swift (in target 'OpenCombineJS' from project 'OpenCombineJS')
	SwiftCompile normal arm64 /Users/admin/builder/spi-builder-workspace/Sources/OpenCombineJS/JSPromise.swift (in target 'OpenCombineJS' from project 'OpenCombineJS')
	Building workspace OpenCombineJS with scheme OpenCombineJS-Package
(5 failures)
Command line invocation:
    /Applications/Xcode-27.0.0-Release.Candidate.app/Contents/Developer/usr/bin/xcodebuild -IDEClonedSourcePackagesDirPathOverride=/Users/admin/builder/spi-builder-workspace/.dependencies -resolvePackageDependencies
Resolve Package Graph
Resolved source packages:
  OpenCombine: https://github.com/OpenCombine/OpenCombine.git @ 0.14.0
  OpenCombineJS: /Users/admin/builder/spi-builder-workspace
  swift-syntax: https://github.com/swiftlang/swift-syntax @ 603.0.2
  JavaScriptKit: https://github.com/swiftwasm/JavaScriptKit.git @ 0.59.0
resolved source packages: OpenCombine, OpenCombineJS, swift-syntax, JavaScriptKit
2026-09-18 02:43:37.238 xcodebuild[1129:6598] [MT] IDERunDestination: Supported platforms for the buildables in the current scheme is empty.
{
  "dependencies" : [
    {
      "identity" : "javascriptkit",
      "requirement" : {
        "range" : [
          {
            "lower_bound" : "0.13.0",
            "upper_bound" : "1.0.0"
          }
        ]
      },
      "type" : "sourceControl",
      "url" : "https://github.com/swiftwasm/JavaScriptKit.git"
    },
    {
      "identity" : "opencombine",
      "requirement" : {
        "range" : [
          {
            "lower_bound" : "0.13.0",
            "upper_bound" : "1.0.0"
          }
        ]
      },
      "type" : "sourceControl",
      "url" : "https://github.com/OpenCombine/OpenCombine.git"
    }
  ],
  "manifest_display_name" : "OpenCombineJS",
  "name" : "OpenCombineJS",
  "path" : "/Users/admin/builder/spi-builder-workspace",
  "platforms" : [
  ],
  "products" : [
    {
      "name" : "OpenCombineJSExample",
      "targets" : [
        "OpenCombineJSExample"
      ],
      "type" : {
        "executable" : null
      }
    },
    {
      "name" : "OpenCombineJS",
      "targets" : [
        "OpenCombineJS"
      ],
      "type" : {
        "library" : [
          "automatic"
        ]
      }
    }
  ],
  "targets" : [
    {
      "c99name" : "OpenCombineJSExample",
      "module_type" : "SwiftTarget",
      "name" : "OpenCombineJSExample",
      "path" : "Sources/OpenCombineJSExample",
      "product_memberships" : [
        "OpenCombineJSExample"
      ],
      "sources" : [
        "main.swift"
      ],
      "target_dependencies" : [
        "OpenCombineJS"
      ],
      "type" : "executable"
    },
    {
      "c99name" : "OpenCombineJS",
      "module_type" : "SwiftTarget",
      "name" : "OpenCombineJS",
      "path" : "Sources/OpenCombineJS",
      "product_dependencies" : [
        "JavaScriptKit",
        "OpenCombine"
      ],
      "product_memberships" : [
        "OpenCombineJSExample",
        "OpenCombineJS"
      ],
      "sources" : [
        "JSPromise.swift",
        "JSScheduler.swift",
        "JSValueDecoder.swift"
      ],
      "type" : "library"
    }
  ],
  "tools_version" : "5.3"
}
{
  "workspace" : {
    "name" : "OpenCombineJS",
    "schemes" : [
      "OpenCombineJS",
      "OpenCombineJS-Package",
      "OpenCombineJSExample"
    ]
  }
}
2026-09-18 02:43:41.427 xcodebuild[1155:6776] [MT] IDERunDestination: Supported platforms for the buildables in the current scheme is empty.
Running build ...
env DEVELOPER_DIR=/Applications/Xcode-27.0.0-Release.Candidate.app xcrun xcodebuild -IDEClonedSourcePackagesDirPathOverride=$PWD/.dependencies -skipMacroValidation -skipPackagePluginValidation -derivedDataPath $PWD/.derivedData build -scheme OpenCombineJS-Package -destination generic/platform=watchOS
Command line invocation:
    /Applications/Xcode-27.0.0-Release.Candidate.app/Contents/Developer/usr/bin/xcodebuild -IDEClonedSourcePackagesDirPathOverride=/Users/admin/builder/spi-builder-workspace/.dependencies -skipMacroValidation -skipPackagePluginValidation -derivedDataPath /Users/admin/builder/spi-builder-workspace/.derivedData build -scheme OpenCombineJS-Package -destination generic/platform=watchOS
Resolve Package Graph
Resolved source packages:
  swift-syntax: https://github.com/swiftlang/swift-syntax @ 603.0.2
  OpenCombine: https://github.com/OpenCombine/OpenCombine.git @ 0.14.0
  JavaScriptKit: https://github.com/swiftwasm/JavaScriptKit.git @ 0.59.0
  OpenCombineJS: /Users/admin/builder/spi-builder-workspace
ComputePackagePrebuildTargetDependencyGraph
Prepare packages
CreateBuildRequest
SendProjectDescription
CreateBuildOperation
ComputeTargetDependencyGraph
note: Building targets in dependency order
note: Target dependency graph (10 targets)
    Target 'OpenCombineJSExample-product' in project 'OpenCombineJS'
        ➜ Explicit dependency on target 'OpenCombineJS' in project 'OpenCombineJS'
        ➜ Explicit dependency on target 'JavaScriptKit-product' in project 'JavaScriptKit'
        ➜ Explicit dependency on target 'OpenCombine-product' in project 'OpenCombine'
    Target 'OpenCombineJS-product' in project 'OpenCombineJS'
        ➜ Explicit dependency on target 'OpenCombineJS' in project 'OpenCombineJS'
        ➜ Explicit dependency on target 'JavaScriptKit-product' in project 'JavaScriptKit'
        ➜ Explicit dependency on target 'OpenCombine-product' in project 'OpenCombine'
    Target 'OpenCombineJS' in project 'OpenCombineJS'
        ➜ Explicit dependency on target 'JavaScriptKit-product' in project 'JavaScriptKit'
        ➜ Explicit dependency on target 'OpenCombine-product' in project 'OpenCombine'
    Target 'OpenCombine-product' in project 'OpenCombine'
        ➜ Explicit dependency on target 'OpenCombine' in project 'OpenCombine'
        ➜ Explicit dependency on target 'COpenCombineHelpers' in project 'OpenCombine'
    Target 'OpenCombine' in project 'OpenCombine'
        ➜ Explicit dependency on target 'COpenCombineHelpers' in project 'OpenCombine'
    Target 'COpenCombineHelpers' in project 'OpenCombine' (no dependencies)
    Target 'JavaScriptKit-product' in project 'JavaScriptKit'
        ➜ Explicit dependency on target 'JavaScriptKit' in project 'JavaScriptKit'
        ➜ Explicit dependency on target '_CJavaScriptKit' in project 'JavaScriptKit'
        ➜ Explicit dependency on target 'BridgeJSMacros' in project 'JavaScriptKit'
    Target 'JavaScriptKit' in project 'JavaScriptKit'
        ➜ Explicit dependency on target '_CJavaScriptKit' in project 'JavaScriptKit'
        ➜ Explicit dependency on target 'BridgeJSMacros' in project 'JavaScriptKit'
    Target 'BridgeJSMacros' in project 'JavaScriptKit' (no dependencies)
    Target '_CJavaScriptKit' in project 'JavaScriptKit' (no dependencies)
GatherProvisioningInputs
CreateBuildDescription
ClangStatCache /Applications/Xcode-27.0.0-Release.Candidate.app/Contents/Developer/Toolchains/XcodeDefault.xctoolchain/usr/bin/clang-stat-cache /Applications/Xcode-27.0.0-Release.Candidate.app/Contents/Developer/Platforms/MacOSX.platform/Developer/SDKs/MacOSX27.0.sdk /Users/admin/builder/spi-builder-workspace/.derivedData/SDKStatCaches.noindex/macosx27.0-26A425-e829b21a6f8c9b70876ba0858053c0446a22442a12e9d48fe1a705f55a1adfc4.sdkstatcache
    cd /Users/admin/builder/spi-builder-workspace/.swiftpm/xcode
    /Applications/Xcode-27.0.0-Release.Candidate.app/Contents/Developer/Toolchains/XcodeDefault.xctoolchain/usr/bin/clang-stat-cache /Applications/Xcode-27.0.0-Release.Candidate.app/Contents/Developer/Platforms/MacOSX.platform/Developer/SDKs/MacOSX27.0.sdk -o /Users/admin/builder/spi-builder-workspace/.derivedData/SDKStatCaches.noindex/macosx27.0-26A425-e829b21a6f8c9b70876ba0858053c0446a22442a12e9d48fe1a705f55a1adfc4.sdkstatcache
ClangStatCache /Applications/Xcode-27.0.0-Release.Candidate.app/Contents/Developer/Toolchains/XcodeDefault.xctoolchain/usr/bin/clang-stat-cache /Applications/Xcode-27.0.0-Release.Candidate.app/Contents/Developer/Platforms/WatchOS.platform/Developer/SDKs/WatchOS27.0.sdk /Users/admin/builder/spi-builder-workspace/.derivedData/SDKStatCaches.noindex/watchos27.0-24R360-e829b21a6f8c9b70876ba0858053c04477534ef55a1706bf4c1112bbb242f0a2.sdkstatcache
    cd /Users/admin/builder/spi-builder-workspace/.swiftpm/xcode
    /Applications/Xcode-27.0.0-Release.Candidate.app/Contents/Developer/Toolchains/XcodeDefault.xctoolchain/usr/bin/clang-stat-cache /Applications/Xcode-27.0.0-Release.Candidate.app/Contents/Developer/Platforms/WatchOS.platform/Developer/SDKs/WatchOS27.0.sdk -o /Users/admin/builder/spi-builder-workspace/.derivedData/SDKStatCaches.noindex/watchos27.0-24R360-e829b21a6f8c9b70876ba0858053c04477534ef55a1706bf4c1112bbb242f0a2.sdkstatcache
SwiftDriver OpenCombineJS normal arm64_32 com.apple.xcode.tools.swift.compiler (in target 'OpenCombineJS' from project 'OpenCombineJS')
    cd /Users/admin/builder/spi-builder-workspace/.swiftpm/xcode
    builtin-SwiftDriver -- /Applications/Xcode-27.0.0-Release.Candidate.app/Contents/Developer/Toolchains/XcodeDefault.xctoolchain/usr/bin/swiftc -parse-as-library -module-name OpenCombineJS -Onone @/Users/admin/builder/spi-builder-workspace/.derivedData/Build/Intermediates.noindex/OpenCombineJS.build/Debug-watchos/OpenCombineJS-t.build/Objects-normal/arm64_32/OpenCombineJS.SwiftFileList -DSWIFT_PACKAGE -DDEBUG -DSWIFT_MODULE_RESOURCE_BUNDLE_UNAVAILABLE -Xcc -fmodule-map-file\=/Users/admin/builder/spi-builder-workspace/.dependencies/checkouts/JavaScriptKit/Sources/_CJavaScriptKit/include/module.modulemap -Xcc -fmodule-map-file\=/Users/admin/builder/spi-builder-workspace/.derivedData/Build/Intermediates.noindex/GeneratedModuleMaps-watchos/COpenCombineHelpers.modulemap -DXcode -plugin-path /Applications/Xcode-27.0.0-Release.Candidate.app/Contents/Developer/Toolchains/XcodeDefault.xctoolchain/usr/lib/swift/host/plugins/testing -enable-experimental-feature DebugDescriptionMacro -sdk /Applications/Xcode-27.0.0-Release.Candidate.app/Contents/Developer/Platforms/WatchOS.platform/Developer/SDKs/WatchOS27.0.sdk -target arm64_32-apple-watchos9.0 -g -module-cache-path /Users/admin/builder/spi-builder-workspace/.derivedData/ModuleCache.noindex -Xfrontend -serialize-debugging-options -enable-testing -index-store-path /Users/admin/builder/spi-builder-workspace/.derivedData/Index.noindex/DataStore -Xcc -D_LIBCPP_HARDENING_MODE\=_LIBCPP_HARDENING_MODE_DEBUG -swift-version 5 -I /Users/admin/builder/spi-builder-workspace/.derivedData/Build/Products/Debug-watchos -Isystem /Applications/Xcode-27.0.0-Release.Candidate.app/Contents/Developer/Platforms/WatchOS.platform/Developer/usr/lib -F /Users/admin/builder/spi-builder-workspace/.derivedData/Build/Products/Debug-watchos/PackageFrameworks -F /Users/admin/builder/spi-builder-workspace/.derivedData/Build/Products/Debug-watchos -F /Applications/Xcode-27.0.0-Release.Candidate.app/Contents/Developer/Platforms/WatchOS.platform/Developer/Library/Frameworks -F /Applications/Xcode-27.0.0-Release.Candidate.app/Contents/Developer/Platforms/WatchOS.platform/Developer/SDKs/WatchOS27.0.sdk/Developer/Library/Frameworks -Xfrontend -load-plugin-executable -Xfrontend /Users/admin/builder/spi-builder-workspace/.derivedData/Build/Products/Debug/BridgeJSMacros\#BridgeJSMacros -c -j10 -enable-batch-mode -incremental -Xcc -ivfsstatcache -Xcc /Users/admin/builder/spi-builder-workspace/.derivedData/SDKStatCaches.noindex/watchos27.0-24R360-e829b21a6f8c9b70876ba0858053c04477534ef55a1706bf4c1112bbb242f0a2.sdkstatcache -output-file-map /Users/admin/builder/spi-builder-workspace/.derivedData/Build/Intermediates.noindex/OpenCombineJS.build/Debug-watchos/OpenCombineJS-t.build/Objects-normal/arm64_32/OpenCombineJS-OutputFileMap.json -save-temps -no-color-diagnostics -explicit-module-build -module-cache-path /Users/admin/builder/spi-builder-workspace/.derivedData/Build/Intermediates.noindex/SwiftExplicitPrecompiledModules -clang-scanner-module-cache-path /Users/admin/builder/spi-builder-workspace/.derivedData/ModuleCache.noindex -sdk-module-cache-path /Users/admin/builder/spi-builder-workspace/.derivedData/SDKExplicitPrecompiledModules -emit-dependencies -emit-module -emit-module-path /Users/admin/builder/spi-builder-workspace/.derivedData/Build/Intermediates.noindex/OpenCombineJS.build/Debug-watchos/OpenCombineJS-t.build/Objects-normal/arm64_32/OpenCombineJS.swiftmodule -serialize-diagnostics -dependency-scan-serialize-diagnostics-path /Users/admin/builder/spi-builder-workspace/.derivedData/Build/Intermediates.noindex/OpenCombineJS.build/Debug-watchos/OpenCombineJS-t.build/Objects-normal/arm64_32/OpenCombineJS-dependency-scan.dia -validate-clang-modules-once -clang-build-session-file /Users/admin/builder/spi-builder-workspace/.derivedData/ModuleCache.noindex/Session.modulevalidation -Xcc -fmodules-prune-interval\=86400 -Xcc -fmodules-prune-after\=345600 -emit-const-values -const-gather-protocols-list /Users/admin/builder/spi-builder-workspace/.derivedData/Build/Intermediates.noindex/OpenCombineJS.build/Debug-watchos/OpenCombineJS-t.build/Objects-normal/arm64_32/OpenCombineJS_const_extract_protocols.json -Xcc -I/Users/admin/builder/spi-builder-workspace/.dependencies/checkouts/JavaScriptKit/Sources/_CJavaScriptKit/include -Xcc -I/Users/admin/builder/spi-builder-workspace/.dependencies/checkouts/OpenCombine/Sources/COpenCombineHelpers/include -Xcc -I/Users/admin/builder/spi-builder-workspace/.derivedData/Build/Products/Debug-watchos/include -Xcc -I/Users/admin/builder/spi-builder-workspace/.derivedData/Build/Intermediates.noindex/OpenCombineJS.build/Debug-watchos/OpenCombineJS-t.build/DerivedSources-normal/arm64_32 -Xcc -I/Users/admin/builder/spi-builder-workspace/.derivedData/Build/Intermediates.noindex/OpenCombineJS.build/Debug-watchos/OpenCombineJS-t.build/DerivedSources/arm64_32 -Xcc -I/Users/admin/builder/spi-builder-workspace/.derivedData/Build/Intermediates.noindex/OpenCombineJS.build/Debug-watchos/OpenCombineJS-t.build/DerivedSources -Xcc -DSWIFT_PACKAGE -Xcc -DDEBUG\=1 -emit-objc-header -emit-objc-header-path /Users/admin/builder/spi-builder-workspace/.derivedData/Build/Intermediates.noindex/OpenCombineJS.build/Debug-watchos/OpenCombineJS-t.build/Objects-normal/arm64_32/OpenCombineJS-Swift.h -working-directory /Users/admin/builder/spi-builder-workspace/.swiftpm/xcode -experimental-emit-module-separately -disable-cmo
SwiftDriver OpenCombineJS normal arm64 com.apple.xcode.tools.swift.compiler (in target 'OpenCombineJS' from project 'OpenCombineJS')
    cd /Users/admin/builder/spi-builder-workspace/.swiftpm/xcode
    builtin-SwiftDriver -- /Applications/Xcode-27.0.0-Release.Candidate.app/Contents/Developer/Toolchains/XcodeDefault.xctoolchain/usr/bin/swiftc -parse-as-library -module-name OpenCombineJS -Onone @/Users/admin/builder/spi-builder-workspace/.derivedData/Build/Intermediates.noindex/OpenCombineJS.build/Debug-watchos/OpenCombineJS-t.build/Objects-normal/arm64/OpenCombineJS.SwiftFileList -DSWIFT_PACKAGE -DDEBUG -DSWIFT_MODULE_RESOURCE_BUNDLE_UNAVAILABLE -Xcc -fmodule-map-file\=/Users/admin/builder/spi-builder-workspace/.dependencies/checkouts/JavaScriptKit/Sources/_CJavaScriptKit/include/module.modulemap -Xcc -fmodule-map-file\=/Users/admin/builder/spi-builder-workspace/.derivedData/Build/Intermediates.noindex/GeneratedModuleMaps-watchos/COpenCombineHelpers.modulemap -DXcode -plugin-path /Applications/Xcode-27.0.0-Release.Candidate.app/Contents/Developer/Toolchains/XcodeDefault.xctoolchain/usr/lib/swift/host/plugins/testing -enable-experimental-feature DebugDescriptionMacro -sdk /Applications/Xcode-27.0.0-Release.Candidate.app/Contents/Developer/Platforms/WatchOS.platform/Developer/SDKs/WatchOS27.0.sdk -target arm64-apple-watchos9.0 -g -module-cache-path /Users/admin/builder/spi-builder-workspace/.derivedData/ModuleCache.noindex -Xfrontend -serialize-debugging-options -enable-testing -index-store-path /Users/admin/builder/spi-builder-workspace/.derivedData/Index.noindex/DataStore -Xcc -D_LIBCPP_HARDENING_MODE\=_LIBCPP_HARDENING_MODE_DEBUG -swift-version 5 -I /Users/admin/builder/spi-builder-workspace/.derivedData/Build/Products/Debug-watchos -Isystem /Applications/Xcode-27.0.0-Release.Candidate.app/Contents/Developer/Platforms/WatchOS.platform/Developer/usr/lib -F /Users/admin/builder/spi-builder-workspace/.derivedData/Build/Products/Debug-watchos/PackageFrameworks -F /Users/admin/builder/spi-builder-workspace/.derivedData/Build/Products/Debug-watchos -F /Applications/Xcode-27.0.0-Release.Candidate.app/Contents/Developer/Platforms/WatchOS.platform/Developer/Library/Frameworks -F /Applications/Xcode-27.0.0-Release.Candidate.app/Contents/Developer/Platforms/WatchOS.platform/Developer/SDKs/WatchOS27.0.sdk/Developer/Library/Frameworks -Xfrontend -load-plugin-executable -Xfrontend /Users/admin/builder/spi-builder-workspace/.derivedData/Build/Products/Debug/BridgeJSMacros\#BridgeJSMacros -c -j10 -enable-batch-mode -incremental -Xcc -ivfsstatcache -Xcc /Users/admin/builder/spi-builder-workspace/.derivedData/SDKStatCaches.noindex/watchos27.0-24R360-e829b21a6f8c9b70876ba0858053c04477534ef55a1706bf4c1112bbb242f0a2.sdkstatcache -output-file-map /Users/admin/builder/spi-builder-workspace/.derivedData/Build/Intermediates.noindex/OpenCombineJS.build/Debug-watchos/OpenCombineJS-t.build/Objects-normal/arm64/OpenCombineJS-OutputFileMap.json -save-temps -no-color-diagnostics -explicit-module-build -module-cache-path /Users/admin/builder/spi-builder-workspace/.derivedData/Build/Intermediates.noindex/SwiftExplicitPrecompiledModules -clang-scanner-module-cache-path /Users/admin/builder/spi-builder-workspace/.derivedData/ModuleCache.noindex -sdk-module-cache-path /Users/admin/builder/spi-builder-workspace/.derivedData/SDKExplicitPrecompiledModules -emit-dependencies -emit-module -emit-module-path /Users/admin/builder/spi-builder-workspace/.derivedData/Build/Intermediates.noindex/OpenCombineJS.build/Debug-watchos/OpenCombineJS-t.build/Objects-normal/arm64/OpenCombineJS.swiftmodule -serialize-diagnostics -dependency-scan-serialize-diagnostics-path /Users/admin/builder/spi-builder-workspace/.derivedData/Build/Intermediates.noindex/OpenCombineJS.build/Debug-watchos/OpenCombineJS-t.build/Objects-normal/arm64/OpenCombineJS-dependency-scan.dia -validate-clang-modules-once -clang-build-session-file /Users/admin/builder/spi-builder-workspace/.derivedData/ModuleCache.noindex/Session.modulevalidation -Xcc -fmodules-prune-interval\=86400 -Xcc -fmodules-prune-after\=345600 -emit-const-values -const-gather-protocols-list /Users/admin/builder/spi-builder-workspace/.derivedData/Build/Intermediates.noindex/OpenCombineJS.build/Debug-watchos/OpenCombineJS-t.build/Objects-normal/arm64/OpenCombineJS_const_extract_protocols.json -Xcc -I/Users/admin/builder/spi-builder-workspace/.dependencies/checkouts/JavaScriptKit/Sources/_CJavaScriptKit/include -Xcc -I/Users/admin/builder/spi-builder-workspace/.dependencies/checkouts/OpenCombine/Sources/COpenCombineHelpers/include -Xcc -I/Users/admin/builder/spi-builder-workspace/.derivedData/Build/Products/Debug-watchos/include -Xcc -I/Users/admin/builder/spi-builder-workspace/.derivedData/Build/Intermediates.noindex/OpenCombineJS.build/Debug-watchos/OpenCombineJS-t.build/DerivedSources-normal/arm64 -Xcc -I/Users/admin/builder/spi-builder-workspace/.derivedData/Build/Intermediates.noindex/OpenCombineJS.build/Debug-watchos/OpenCombineJS-t.build/DerivedSources/arm64 -Xcc -I/Users/admin/builder/spi-builder-workspace/.derivedData/Build/Intermediates.noindex/OpenCombineJS.build/Debug-watchos/OpenCombineJS-t.build/DerivedSources -Xcc -DSWIFT_PACKAGE -Xcc -DDEBUG\=1 -emit-objc-header -emit-objc-header-path /Users/admin/builder/spi-builder-workspace/.derivedData/Build/Intermediates.noindex/OpenCombineJS.build/Debug-watchos/OpenCombineJS-t.build/Objects-normal/arm64/OpenCombineJS-Swift.h -working-directory /Users/admin/builder/spi-builder-workspace/.swiftpm/xcode -experimental-emit-module-separately -disable-cmo
SwiftDriver JavaScriptKit normal arm64 com.apple.xcode.tools.swift.compiler (in target 'JavaScriptKit' from project 'JavaScriptKit')
    cd /Users/admin/builder/spi-builder-workspace/.swiftpm/xcode
    builtin-SwiftDriver -- /Applications/Xcode-27.0.0-Release.Candidate.app/Contents/Developer/Toolchains/XcodeDefault.xctoolchain/usr/bin/swiftc -parse-as-library -module-name JavaScriptKit -Onone @/Users/admin/builder/spi-builder-workspace/.derivedData/Build/Intermediates.noindex/JavaScriptKit.build/Debug-watchos/JavaScriptKit-t.build/Objects-normal/arm64/JavaScriptKit.SwiftFileList -DSWIFT_PACKAGE -DDEBUG -DSWIFT_MODULE_RESOURCE_BUNDLE_UNAVAILABLE -Xcc -fmodule-map-file\=/Users/admin/builder/spi-builder-workspace/.dependencies/checkouts/JavaScriptKit/Sources/_CJavaScriptKit/include/module.modulemap -DXcode -enable-experimental-feature Extern -plugin-path /Applications/Xcode-27.0.0-Release.Candidate.app/Contents/Developer/Toolchains/XcodeDefault.xctoolchain/usr/lib/swift/host/plugins/testing -enable-experimental-feature DebugDescriptionMacro -sdk /Applications/Xcode-27.0.0-Release.Candidate.app/Contents/Developer/Platforms/WatchOS.platform/Developer/SDKs/WatchOS27.0.sdk -target arm64-apple-watchos9.0 -g -module-cache-path /Users/admin/builder/spi-builder-workspace/.derivedData/ModuleCache.noindex -Xfrontend -serialize-debugging-options -enable-testing -suppress-warnings -index-store-path /Users/admin/builder/spi-builder-workspace/.derivedData/Index.noindex/DataStore -Xcc -D_LIBCPP_HARDENING_MODE\=_LIBCPP_HARDENING_MODE_DEBUG -swift-version 6 -I /Users/admin/builder/spi-builder-workspace/.derivedData/Build/Products/Debug-watchos -Isystem /Applications/Xcode-27.0.0-Release.Candidate.app/Contents/Developer/Platforms/WatchOS.platform/Developer/usr/lib -F /Users/admin/builder/spi-builder-workspace/.derivedData/Build/Products/Debug-watchos/PackageFrameworks -F /Users/admin/builder/spi-builder-workspace/.derivedData/Build/Products/Debug-watchos -F /Applications/Xcode-27.0.0-Release.Candidate.app/Contents/Developer/Platforms/WatchOS.platform/Developer/Library/Frameworks -F /Applications/Xcode-27.0.0-Release.Candidate.app/Contents/Developer/Platforms/WatchOS.platform/Developer/SDKs/WatchOS27.0.sdk/Developer/Library/Frameworks -Xfrontend -load-plugin-executable -Xfrontend /Users/admin/builder/spi-builder-workspace/.derivedData/Build/Products/Debug/BridgeJSMacros\#BridgeJSMacros -c -j10 -enable-batch-mode -incremental -Xcc -ivfsstatcache -Xcc /Users/admin/builder/spi-builder-workspace/.derivedData/SDKStatCaches.noindex/watchos27.0-24R360-e829b21a6f8c9b70876ba0858053c04477534ef55a1706bf4c1112bbb242f0a2.sdkstatcache -output-file-map /Users/admin/builder/spi-builder-workspace/.derivedData/Build/Intermediates.noindex/JavaScriptKit.build/Debug-watchos/JavaScriptKit-t.build/Objects-normal/arm64/JavaScriptKit-OutputFileMap.json -save-temps -no-color-diagnostics -explicit-module-build -module-cache-path /Users/admin/builder/spi-builder-workspace/.derivedData/Build/Intermediates.noindex/SwiftExplicitPrecompiledModules -clang-scanner-module-cache-path /Users/admin/builder/spi-builder-workspace/.derivedData/ModuleCache.noindex -sdk-module-cache-path /Users/admin/builder/spi-builder-workspace/.derivedData/SDKExplicitPrecompiledModules -emit-dependencies -emit-module -emit-module-path /Users/admin/builder/spi-builder-workspace/.derivedData/Build/Intermediates.noindex/JavaScriptKit.build/Debug-watchos/JavaScriptKit-t.build/Objects-normal/arm64/JavaScriptKit.swiftmodule -serialize-diagnostics -dependency-scan-serialize-diagnostics-path /Users/admin/builder/spi-builder-workspace/.derivedData/Build/Intermediates.noindex/JavaScriptKit.build/Debug-watchos/JavaScriptKit-t.build/Objects-normal/arm64/JavaScriptKit-dependency-scan.dia -user-module-version 0.59.0 -validate-clang-modules-once -clang-build-session-file /Users/admin/builder/spi-builder-workspace/.derivedData/ModuleCache.noindex/Session.modulevalidation -Xcc -fmodules-prune-interval\=86400 -Xcc -fmodules-prune-after\=345600 -package-name javascriptkit -emit-const-values -const-gather-protocols-list /Users/admin/builder/spi-builder-workspace/.derivedData/Build/Intermediates.noindex/JavaScriptKit.build/Debug-watchos/JavaScriptKit-t.build/Objects-normal/arm64/JavaScriptKit_const_extract_protocols.json -Xcc -I/Users/admin/builder/spi-builder-workspace/.dependencies/checkouts/JavaScriptKit/Sources/_CJavaScriptKit/include -Xcc -I/Users/admin/builder/spi-builder-workspace/.derivedData/Build/Products/Debug-watchos/include -Xcc -I/Users/admin/builder/spi-builder-workspace/.derivedData/Build/Intermediates.noindex/JavaScriptKit.build/Debug-watchos/JavaScriptKit-t.build/DerivedSources-normal/arm64 -Xcc -I/Users/admin/builder/spi-builder-workspace/.derivedData/Build/Intermediates.noindex/JavaScriptKit.build/Debug-watchos/JavaScriptKit-t.build/DerivedSources/arm64 -Xcc -I/Users/admin/builder/spi-builder-workspace/.derivedData/Build/Intermediates.noindex/JavaScriptKit.build/Debug-watchos/JavaScriptKit-t.build/DerivedSources -Xcc -DSWIFT_PACKAGE -Xcc -DDEBUG\=1 -emit-objc-header -emit-objc-header-path /Users/admin/builder/spi-builder-workspace/.derivedData/Build/Intermediates.noindex/JavaScriptKit.build/Debug-watchos/JavaScriptKit-t.build/Objects-normal/arm64/JavaScriptKit-Swift.h -working-directory /Users/admin/builder/spi-builder-workspace/.swiftpm/xcode -experimental-emit-module-separately -disable-cmo
SwiftEmitModule normal arm64_32 Emitting\ module\ for\ OpenCombineJS (in target 'OpenCombineJS' from project 'OpenCombineJS')
SwiftCompile normal arm64_32 (in target 'OpenCombineJS' from project 'OpenCombineJS')
    cd /Users/admin/builder/spi-builder-workspace/.swiftpm/xcode

/Users/admin/builder/spi-builder-workspace/Sources/OpenCombineJS/JSPromise.swift:24:25: error: type 'JSValue' does not conform to protocol 'Error'
22 |
23 |     /// `Future` instance that handles subscriptions to this publisher.
24 |     private var future: Future<JSValue, JSValue>
   |                         `- error: type 'JSValue' does not conform to protocol 'Error'
25 |
26 |     fileprivate init(promise: JSPromise) {
/Users/admin/builder/spi-builder-workspace/Sources/OpenCombineJS/JSPromise.swift:38:17: error: no type for 'Downstream.Failure' can satisfy both 'Downstream.Failure == JSValue' and 'Downstream.Failure : Error'
36 |     }
37 |
38 |     public func receive<Downstream: Subscriber>(subscriber: Downstream)
   |                 `- error: no type for 'Downstream.Failure' can satisfy both 'Downstream.Failure == JSValue' and 'Downstream.Failure : Error'
39 |       where Downstream.Input == JSValue, Downstream.Failure == JSValue
40 |     {
SwiftCompile normal arm64_32 Compiling\ JSScheduler.swift /Users/admin/builder/spi-builder-workspace/Sources/OpenCombineJS/JSScheduler.swift (in target 'OpenCombineJS' from project 'OpenCombineJS')
SwiftCompile normal arm64_32 /Users/admin/builder/spi-builder-workspace/Sources/OpenCombineJS/JSScheduler.swift (in target 'OpenCombineJS' from project 'OpenCombineJS')
    cd /Users/admin/builder/spi-builder-workspace/.swiftpm/xcode
    builtin-SwiftPerFileCompile JSScheduler.swift
SwiftCompile normal arm64_32 Compiling\ JSPromise.swift /Users/admin/builder/spi-builder-workspace/Sources/OpenCombineJS/JSPromise.swift (in target 'OpenCombineJS' from project 'OpenCombineJS')
/Users/admin/builder/spi-builder-workspace/Sources/OpenCombineJS/JSPromise.swift:24:25: error: type 'JSValue' does not conform to protocol 'Error'
22 |
23 |     /// `Future` instance that handles subscriptions to this publisher.
24 |     private var future: Future<JSValue, JSValue>
   |                         `- error: type 'JSValue' does not conform to protocol 'Error'
25 |
26 |     fileprivate init(promise: JSPromise) {
/Users/admin/builder/spi-builder-workspace/Sources/OpenCombineJS/JSPromise.swift:38:17: error: no type for 'Downstream.Failure' can satisfy both 'Downstream.Failure == JSValue' and 'Downstream.Failure : Error'
36 |     }
37 |
38 |     public func receive<Downstream: Subscriber>(subscriber: Downstream)
   |                 `- error: no type for 'Downstream.Failure' can satisfy both 'Downstream.Failure == JSValue' and 'Downstream.Failure : Error'
39 |       where Downstream.Input == JSValue, Downstream.Failure == JSValue
40 |     {
/Users/admin/builder/spi-builder-workspace/Sources/OpenCombineJS/JSPromise.swift:19:15: error: type 'JSPromise.PromisePublisher' does not conform to protocol 'Publisher'
17 |
18 | public extension JSPromise {
19 |   final class PromisePublisher: Publisher {
   |               |- error: type 'JSPromise.PromisePublisher' does not conform to protocol 'Publisher'
   |               `- note: add stubs for conformance
20 |     public typealias Output = JSValue
21 |     public typealias Failure = JSValue
   |                      `- note: possibly intended match 'JSPromise.PromisePublisher.Failure' (aka 'JSValue') does not conform to 'Error'
22 |
23 |     /// `Future` instance that handles subscriptions to this publisher.
   :
36 |     }
37 |
38 |     public func receive<Downstream: Subscriber>(subscriber: Downstream)
   |                 `- note: candidate has non-matching type '<Downstream> (subscriber: Downstream) -> ()' [with Failure = _]
39 |       where Downstream.Input == JSValue, Downstream.Failure == JSValue
40 |     {
OpenCombine.Publisher.Failure:2:16: note: protocol requires nested type 'Failure'
1 | protocol Publisher {
2 | associatedtype Failure : Error}
  |                `- note: protocol requires nested type 'Failure'
3 |
OpenCombine.Publisher.receive:2:6: note: protocol requires function 'receive(subscriber:)' with type '<Subscriber> (subscriber: Subscriber) -> ()'
1 | protocol Publisher {
2 | func receive<Subscriber>(subscriber: Subscriber) where Subscriber : OpenCombine.Subscriber, Self.Failure == Subscriber.Failure, Self.Output == Subscriber.Input}
  |      `- note: protocol requires function 'receive(subscriber:)' with type '<Subscriber> (subscriber: Subscriber) -> ()'
3 |
/Users/admin/builder/spi-builder-workspace/Sources/OpenCombineJS/JSPromise.swift:27:17: error: cannot infer contextual base in reference to member 'init'
25 |
26 |     fileprivate init(promise: JSPromise) {
27 |       future = .init { resolver in
   |                 `- error: cannot infer contextual base in reference to member 'init'
28 |         promise.then(success: {
29 |           resolver(.success($0))
Failed frontend command:
/Applications/Xcode-27.0.0-Release.Candidate.app/Contents/Developer/Toolchains/XcodeDefault.xctoolchain/usr/bin/swift-frontend -frontend -c -primary-file /Users/admin/builder/spi-builder-workspace/Sources/OpenCombineJS/JSPromise.swift /Users/admin/builder/spi-builder-workspace/Sources/OpenCombineJS/JSScheduler.swift /Users/admin/builder/spi-builder-workspace/Sources/OpenCombineJS/JSValueDecoder.swift -emit-dependencies-path /Users/admin/builder/spi-builder-workspace/.derivedData/Build/Intermediates.noindex/OpenCombineJS.build/Debug-watchos/OpenCombineJS-t.build/Objects-normal/arm64_32/JSPromise.d -emit-const-values-path /Users/admin/builder/spi-builder-workspace/.derivedData/Build/Intermediates.noindex/OpenCombineJS.build/Debug-watchos/OpenCombineJS-t.build/Objects-normal/arm64_32/JSPromise.swiftconstvalues -emit-reference-dependencies-path /Users/admin/builder/spi-builder-workspace/.derivedData/Build/Intermediates.noindex/OpenCombineJS.build/Debug-watchos/OpenCombineJS-t.build/Objects-normal/arm64_32/JSPromise.swiftdeps -serialize-diagnostics-path /Users/admin/builder/spi-builder-workspace/.derivedData/Build/Intermediates.noindex/OpenCombineJS.build/Debug-watchos/OpenCombineJS-t.build/Objects-normal/arm64_32/JSPromise.dia -target arm64_32-apple-watchos9.0 -disable-cross-import-overlay-search -load-resolved-plugin \#/Users/admin/builder/spi-builder-workspace/.derivedData/Build/Products/Debug/BridgeJSMacros\#BridgeJSMacros -load-resolved-plugin /Applications/Xcode-27.0.0-Release.Candidate.app/Contents/Developer/Platforms/WatchOS.platform/Developer/usr/lib/swift/host/plugins/libSwiftMacros.dylib\#/Applications/Xcode-27.0.0-Release.Candidate.app/Contents/Developer/Platforms/WatchOS.platform/Developer/usr/bin/swift-plugin-server\#SwiftMacros -disable-implicit-swift-modules -Xcc -fno-implicit-modules -Xcc -fno-implicit-module-maps -explicit-swift-module-map-file /Users/admin/builder/spi-builder-workspace/.derivedData/Build/Intermediates.noindex/OpenCombineJS.build/Debug-watchos/OpenCombineJS-t.build/Objects-normal/arm64_32/OpenCombineJS-dependencies-1.json -enable-objc-interop -sdk /Applications/Xcode-27.0.0-Release.Candidate.app/Contents/Developer/Platforms/WatchOS.platform/Developer/SDKs/WatchOS27.0.sdk -I /Users/admin/builder/spi-builder-workspace/.derivedData/Build/Products/Debug-watchos -Isystem /Applications/Xcode-27.0.0-Release.Candidate.app/Contents/Developer/Platforms/WatchOS.platform/Developer/usr/lib -F /Users/admin/builder/spi-builder-workspace/.derivedData/Build/Products/Debug-watchos/PackageFrameworks -F /Users/admin/builder/spi-builder-workspace/.derivedData/Build/Products/Debug-watchos -F /Applications/Xcode-27.0.0-Release.Candidate.app/Contents/Developer/Platforms/WatchOS.platform/Developer/Library/Frameworks -F /Applications/Xcode-27.0.0-Release.Candidate.app/Contents/Developer/Platforms/WatchOS.platform/Developer/SDKs/WatchOS27.0.sdk/Developer/Library/Frameworks -module-cache-path /Users/admin/builder/spi-builder-workspace/.derivedData/Build/Intermediates.noindex/SwiftExplicitPrecompiledModules -no-color-diagnostics -Xcc -fno-color-diagnostics -enable-testing -g -debug-info-format\=dwarf -dwarf-version\=4 -swift-version 5 -Onone -D SWIFT_PACKAGE -D DEBUG -D SWIFT_MODULE_RESOURCE_BUNDLE_UNAVAILABLE -D Xcode -serialize-debugging-options -load-plugin-executable /Users/admin/builder/spi-builder-workspace/.derivedData/Build/Products/Debug/BridgeJSMacros\#BridgeJSMacros -enable-experimental-feature DebugDescriptionMacro -empty-abi-descriptor -validate-clang-modules-once -clang-build-session-file /Users/admin/builder/spi-builder-workspace/.derivedData/ModuleCache.noindex/Session.modulevalidation -Xcc -working-directory -Xcc /Users/admin/builder/spi-builder-workspace/.swiftpm/xcode -enable-anonymous-context-mangled-names -file-compilation-dir /Users/admin/builder/spi-builder-workspace/.swiftpm/xcode -Xcc -fmodule-map-file\=/Users/admin/builder/spi-builder-workspace/.dependencies/checkouts/JavaScriptKit/Sources/_CJavaScriptKit/include/module.modulemap -Xcc -fmodule-map-file\=/Users/admin/builder/spi-builder-workspace/.derivedData/Build/Intermediates.noindex/GeneratedModuleMaps-watchos/COpenCombineHelpers.modulemap -Xcc -D_LIBCPP_HARDENING_MODE\=_LIBCPP_HARDENING_MODE_DEBUG -Xcc -ivfsstatcache -Xcc /Users/admin/builder/spi-builder-workspace/.derivedData/SDKStatCaches.noindex/watchos27.0-24R360-e829b21a6f8c9b70876ba0858053c04477534ef55a1706bf4c1112bbb242f0a2.sdkstatcache -Xcc -fmodules-prune-interval\=86400 -Xcc -fmodules-prune-after\=345600 -Xcc -I/Users/admin/builder/spi-builder-workspace/.dependencies/checkouts/JavaScriptKit/Sources/_CJavaScriptKit/include -Xcc -I/Users/admin/builder/spi-builder-workspace/.dependencies/checkouts/OpenCombine/Sources/COpenCombineHelpers/include -Xcc -I/Users/admin/builder/spi-builder-workspace/.derivedData/Build/Products/Debug-watchos/include -Xcc -I/Users/admin/builder/spi-builder-workspace/.derivedData/Build/Intermediates.noindex/OpenCombineJS.build/Debug-watchos/OpenCombineJS-t.build/DerivedSources-normal/arm64_32 -Xcc -I/Users/admin/builder/spi-builder-workspace/.derivedData/Build/Intermediates.noindex/OpenCombineJS.build/Debug-watchos/OpenCombineJS-t.build/DerivedSources/arm64_32 -Xcc -I/Users/admin/builder/spi-builder-workspace/.derivedData/Build/Intermediates.noindex/OpenCombineJS.build/Debug-watchos/OpenCombineJS-t.build/DerivedSources -Xcc -DSWIFT_PACKAGE -Xcc -DDEBUG\=1 -no-auto-bridging-header-chaining -module-name OpenCombineJS -const-gather-protocols-file /Users/admin/builder/spi-builder-workspace/.derivedData/Build/Intermediates.noindex/OpenCombineJS.build/Debug-watchos/OpenCombineJS-t.build/Objects-normal/arm64_32/OpenCombineJS_const_extract_protocols.json -disable-clang-spi -clang-target arm64_32-apple-watchos27.0 -target-sdk-version 27.0 -target-sdk-name watchos27.0 -in-process-plugin-server-path /Applications/Xcode-27.0.0-Release.Candidate.app/Contents/Developer/Toolchains/XcodeDefault.xctoolchain/usr/lib/swift/host/libSwiftInProcPluginServer.dylib -parse-as-library -o /Users/admin/builder/spi-builder-workspace/.derivedData/Build/Intermediates.noindex/OpenCombineJS.build/Debug-watchos/OpenCombineJS-t.build/Objects-normal/arm64_32/JSPromise.o -debug-module-path /Users/admin/builder/spi-builder-workspace/.derivedData/Build/Intermediates.noindex/OpenCombineJS.build/Debug-watchos/OpenCombineJS-t.build/Objects-normal/arm64_32/OpenCombineJS.swiftmodule -index-unit-output-path /OpenCombineJS.build/Debug-watchos/OpenCombineJS-t.build/Objects-normal/arm64_32/JSPromise.o -index-store-path /Users/admin/builder/spi-builder-workspace/.derivedData/Index.noindex/DataStore -index-system-modules
SwiftCompile normal arm64_32 /Users/admin/builder/spi-builder-workspace/Sources/OpenCombineJS/JSPromise.swift (in target 'OpenCombineJS' from project 'OpenCombineJS')
    cd /Users/admin/builder/spi-builder-workspace/.swiftpm/xcode
    builtin-SwiftPerFileCompile JSPromise.swift
SwiftCompile normal arm64 Compiling\ JSScheduler.swift /Users/admin/builder/spi-builder-workspace/Sources/OpenCombineJS/JSScheduler.swift (in target 'OpenCombineJS' from project 'OpenCombineJS')
SwiftCompile normal arm64 /Users/admin/builder/spi-builder-workspace/Sources/OpenCombineJS/JSScheduler.swift (in target 'OpenCombineJS' from project 'OpenCombineJS')
    cd /Users/admin/builder/spi-builder-workspace/.swiftpm/xcode
    builtin-SwiftPerFileCompile JSScheduler.swift
SwiftCompile normal arm64 Compiling\ JSValueDecoder.swift /Users/admin/builder/spi-builder-workspace/Sources/OpenCombineJS/JSValueDecoder.swift (in target 'OpenCombineJS' from project 'OpenCombineJS')
SwiftCompile normal arm64 /Users/admin/builder/spi-builder-workspace/Sources/OpenCombineJS/JSValueDecoder.swift (in target 'OpenCombineJS' from project 'OpenCombineJS')
    cd /Users/admin/builder/spi-builder-workspace/.swiftpm/xcode
    builtin-SwiftPerFileCompile JSValueDecoder.swift
SwiftEmitModule normal arm64 Emitting\ module\ for\ OpenCombineJS (in target 'OpenCombineJS' from project 'OpenCombineJS')
/Users/admin/builder/spi-builder-workspace/Sources/OpenCombineJS/JSPromise.swift:24:25: error: type 'JSValue' does not conform to protocol 'Error'
22 |
23 |     /// `Future` instance that handles subscriptions to this publisher.
24 |     private var future: Future<JSValue, JSValue>
   |                         `- error: type 'JSValue' does not conform to protocol 'Error'
25 |
26 |     fileprivate init(promise: JSPromise) {
/Users/admin/builder/spi-builder-workspace/Sources/OpenCombineJS/JSPromise.swift:38:17: error: no type for 'Downstream.Failure' can satisfy both 'Downstream.Failure == JSValue' and 'Downstream.Failure : Error'
36 |     }
37 |
38 |     public func receive<Downstream: Subscriber>(subscriber: Downstream)
   |                 `- error: no type for 'Downstream.Failure' can satisfy both 'Downstream.Failure == JSValue' and 'Downstream.Failure : Error'
39 |       where Downstream.Input == JSValue, Downstream.Failure == JSValue
40 |     {
SwiftCompile normal arm64 (in target 'OpenCombineJS' from project 'OpenCombineJS')
    cd /Users/admin/builder/spi-builder-workspace/.swiftpm/xcode

SwiftCompile normal arm64 Compiling\ JSPromise.swift /Users/admin/builder/spi-builder-workspace/Sources/OpenCombineJS/JSPromise.swift (in target 'OpenCombineJS' from project 'OpenCombineJS')
/Users/admin/builder/spi-builder-workspace/Sources/OpenCombineJS/JSPromise.swift:24:25: error: type 'JSValue' does not conform to protocol 'Error'
22 |
23 |     /// `Future` instance that handles subscriptions to this publisher.
24 |     private var future: Future<JSValue, JSValue>
   |                         `- error: type 'JSValue' does not conform to protocol 'Error'
25 |
26 |     fileprivate init(promise: JSPromise) {
/Users/admin/builder/spi-builder-workspace/Sources/OpenCombineJS/JSPromise.swift:38:17: error: no type for 'Downstream.Failure' can satisfy both 'Downstream.Failure == JSValue' and 'Downstream.Failure : Error'
36 |     }
37 |
38 |     public func receive<Downstream: Subscriber>(subscriber: Downstream)
   |                 `- error: no type for 'Downstream.Failure' can satisfy both 'Downstream.Failure == JSValue' and 'Downstream.Failure : Error'
39 |       where Downstream.Input == JSValue, Downstream.Failure == JSValue
40 |     {
/Users/admin/builder/spi-builder-workspace/Sources/OpenCombineJS/JSPromise.swift:19:15: error: type 'JSPromise.PromisePublisher' does not conform to protocol 'Publisher'
17 |
18 | public extension JSPromise {
19 |   final class PromisePublisher: Publisher {
   |               |- error: type 'JSPromise.PromisePublisher' does not conform to protocol 'Publisher'
   |               `- note: add stubs for conformance
20 |     public typealias Output = JSValue
21 |     public typealias Failure = JSValue
   |                      `- note: possibly intended match 'JSPromise.PromisePublisher.Failure' (aka 'JSValue') does not conform to 'Error'
22 |
23 |     /// `Future` instance that handles subscriptions to this publisher.
   :
36 |     }
37 |
38 |     public func receive<Downstream: Subscriber>(subscriber: Downstream)
   |                 `- note: candidate has non-matching type '<Downstream> (subscriber: Downstream) -> ()' [with Failure = _]
39 |       where Downstream.Input == JSValue, Downstream.Failure == JSValue
40 |     {
OpenCombine.Publisher.Failure:2:16: note: protocol requires nested type 'Failure'
1 | protocol Publisher {
2 | associatedtype Failure : Error}
  |                `- note: protocol requires nested type 'Failure'
3 |
OpenCombine.Publisher.receive:2:6: note: protocol requires function 'receive(subscriber:)' with type '<Subscriber> (subscriber: Subscriber) -> ()'
1 | protocol Publisher {
2 | func receive<Subscriber>(subscriber: Subscriber) where Subscriber : OpenCombine.Subscriber, Self.Failure == Subscriber.Failure, Self.Output == Subscriber.Input}
  |      `- note: protocol requires function 'receive(subscriber:)' with type '<Subscriber> (subscriber: Subscriber) -> ()'
3 |
/Users/admin/builder/spi-builder-workspace/Sources/OpenCombineJS/JSPromise.swift:27:17: error: cannot infer contextual base in reference to member 'init'
25 |
26 |     fileprivate init(promise: JSPromise) {
27 |       future = .init { resolver in
   |                 `- error: cannot infer contextual base in reference to member 'init'
28 |         promise.then(success: {
29 |           resolver(.success($0))
Failed frontend command:
/Applications/Xcode-27.0.0-Release.Candidate.app/Contents/Developer/Toolchains/XcodeDefault.xctoolchain/usr/bin/swift-frontend -frontend -c -primary-file /Users/admin/builder/spi-builder-workspace/Sources/OpenCombineJS/JSPromise.swift /Users/admin/builder/spi-builder-workspace/Sources/OpenCombineJS/JSScheduler.swift /Users/admin/builder/spi-builder-workspace/Sources/OpenCombineJS/JSValueDecoder.swift -emit-dependencies-path /Users/admin/builder/spi-builder-workspace/.derivedData/Build/Intermediates.noindex/OpenCombineJS.build/Debug-watchos/OpenCombineJS-t.build/Objects-normal/arm64/JSPromise.d -emit-const-values-path /Users/admin/builder/spi-builder-workspace/.derivedData/Build/Intermediates.noindex/OpenCombineJS.build/Debug-watchos/OpenCombineJS-t.build/Objects-normal/arm64/JSPromise.swiftconstvalues -emit-reference-dependencies-path /Users/admin/builder/spi-builder-workspace/.derivedData/Build/Intermediates.noindex/OpenCombineJS.build/Debug-watchos/OpenCombineJS-t.build/Objects-normal/arm64/JSPromise.swiftdeps -serialize-diagnostics-path /Users/admin/builder/spi-builder-workspace/.derivedData/Build/Intermediates.noindex/OpenCombineJS.build/Debug-watchos/OpenCombineJS-t.build/Objects-normal/arm64/JSPromise.dia -target arm64-apple-watchos9.0 -disable-cross-import-overlay-search -load-resolved-plugin \#/Users/admin/builder/spi-builder-workspace/.derivedData/Build/Products/Debug/BridgeJSMacros\#BridgeJSMacros -load-resolved-plugin /Applications/Xcode-27.0.0-Release.Candidate.app/Contents/Developer/Platforms/WatchOS.platform/Developer/usr/lib/swift/host/plugins/libSwiftMacros.dylib\#/Applications/Xcode-27.0.0-Release.Candidate.app/Contents/Developer/Platforms/WatchOS.platform/Developer/usr/bin/swift-plugin-server\#SwiftMacros -disable-implicit-swift-modules -Xcc -fno-implicit-modules -Xcc -fno-implicit-module-maps -explicit-swift-module-map-file /Users/admin/builder/spi-builder-workspace/.derivedData/Build/Intermediates.noindex/OpenCombineJS.build/Debug-watchos/OpenCombineJS-t.build/Objects-normal/arm64/OpenCombineJS-dependencies-2.json -Xllvm -aarch64-use-tbi -enable-objc-interop -stack-check -sdk /Applications/Xcode-27.0.0-Release.Candidate.app/Contents/Developer/Platforms/WatchOS.platform/Developer/SDKs/WatchOS27.0.sdk -I /Users/admin/builder/spi-builder-workspace/.derivedData/Build/Products/Debug-watchos -Isystem /Applications/Xcode-27.0.0-Release.Candidate.app/Contents/Developer/Platforms/WatchOS.platform/Developer/usr/lib -F /Users/admin/builder/spi-builder-workspace/.derivedData/Build/Products/Debug-watchos/PackageFrameworks -F /Users/admin/builder/spi-builder-workspace/.derivedData/Build/Products/Debug-watchos -F /Applications/Xcode-27.0.0-Release.Candidate.app/Contents/Developer/Platforms/WatchOS.platform/Developer/Library/Frameworks -F /Applications/Xcode-27.0.0-Release.Candidate.app/Contents/Developer/Platforms/WatchOS.platform/Developer/SDKs/WatchOS27.0.sdk/Developer/Library/Frameworks -module-cache-path /Users/admin/builder/spi-builder-workspace/.derivedData/Build/Intermediates.noindex/SwiftExplicitPrecompiledModules -no-color-diagnostics -Xcc -fno-color-diagnostics -enable-testing -g -debug-info-format\=dwarf -dwarf-version\=4 -swift-version 5 -Onone -D SWIFT_PACKAGE -D DEBUG -D SWIFT_MODULE_RESOURCE_BUNDLE_UNAVAILABLE -D Xcode -serialize-debugging-options -load-plugin-executable /Users/admin/builder/spi-builder-workspace/.derivedData/Build/Products/Debug/BridgeJSMacros\#BridgeJSMacros -enable-experimental-feature DebugDescriptionMacro -empty-abi-descriptor -validate-clang-modules-once -clang-build-session-file /Users/admin/builder/spi-builder-workspace/.derivedData/ModuleCache.noindex/Session.modulevalidation -Xcc -working-directory -Xcc /Users/admin/builder/spi-builder-workspace/.swiftpm/xcode -enable-anonymous-context-mangled-names -file-compilation-dir /Users/admin/builder/spi-builder-workspace/.swiftpm/xcode -Xcc -fmodule-map-file\=/Users/admin/builder/spi-builder-workspace/.dependencies/checkouts/JavaScriptKit/Sources/_CJavaScriptKit/include/module.modulemap -Xcc -fmodule-map-file\=/Users/admin/builder/spi-builder-workspace/.derivedData/Build/Intermediates.noindex/GeneratedModuleMaps-watchos/COpenCombineHelpers.modulemap -Xcc -D_LIBCPP_HARDENING_MODE\=_LIBCPP_HARDENING_MODE_DEBUG -Xcc -ivfsstatcache -Xcc /Users/admin/builder/spi-builder-workspace/.derivedData/SDKStatCaches.noindex/watchos27.0-24R360-e829b21a6f8c9b70876ba0858053c04477534ef55a1706bf4c1112bbb242f0a2.sdkstatcache -Xcc -fmodules-prune-interval\=86400 -Xcc -fmodules-prune-after\=345600 -Xcc -I/Users/admin/builder/spi-builder-workspace/.dependencies/checkouts/JavaScriptKit/Sources/_CJavaScriptKit/include -Xcc -I/Users/admin/builder/spi-builder-workspace/.dependencies/checkouts/OpenCombine/Sources/COpenCombineHelpers/include -Xcc -I/Users/admin/builder/spi-builder-workspace/.derivedData/Build/Products/Debug-watchos/include -Xcc -I/Users/admin/builder/spi-builder-workspace/.derivedData/Build/Intermediates.noindex/OpenCombineJS.build/Debug-watchos/OpenCombineJS-t.build/DerivedSources-normal/arm64 -Xcc -I/Users/admin/builder/spi-builder-workspace/.derivedData/Build/Intermediates.noindex/OpenCombineJS.build/Debug-watchos/OpenCombineJS-t.build/DerivedSources/arm64 -Xcc -I/Users/admin/builder/spi-builder-workspace/.derivedData/Build/Intermediates.noindex/OpenCombineJS.build/Debug-watchos/OpenCombineJS-t.build/DerivedSources -Xcc -DSWIFT_PACKAGE -Xcc -DDEBUG\=1 -no-auto-bridging-header-chaining -module-name OpenCombineJS -const-gather-protocols-file /Users/admin/builder/spi-builder-workspace/.derivedData/Build/Intermediates.noindex/OpenCombineJS.build/Debug-watchos/OpenCombineJS-t.build/Objects-normal/arm64/OpenCombineJS_const_extract_protocols.json -disable-clang-spi -clang-target arm64-apple-watchos27.0 -target-sdk-version 27.0 -target-sdk-name watchos27.0 -in-process-plugin-server-path /Applications/Xcode-27.0.0-Release.Candidate.app/Contents/Developer/Toolchains/XcodeDefault.xctoolchain/usr/lib/swift/host/libSwiftInProcPluginServer.dylib -parse-as-library -o /Users/admin/builder/spi-builder-workspace/.derivedData/Build/Intermediates.noindex/OpenCombineJS.build/Debug-watchos/OpenCombineJS-t.build/Objects-normal/arm64/JSPromise.o -debug-module-path /Users/admin/builder/spi-builder-workspace/.derivedData/Build/Intermediates.noindex/OpenCombineJS.build/Debug-watchos/OpenCombineJS-t.build/Objects-normal/arm64/OpenCombineJS.swiftmodule -index-unit-output-path /OpenCombineJS.build/Debug-watchos/OpenCombineJS-t.build/Objects-normal/arm64/JSPromise.o -index-store-path /Users/admin/builder/spi-builder-workspace/.derivedData/Index.noindex/DataStore -index-system-modules
SwiftCompile normal arm64 /Users/admin/builder/spi-builder-workspace/Sources/OpenCombineJS/JSPromise.swift (in target 'OpenCombineJS' from project 'OpenCombineJS')
    cd /Users/admin/builder/spi-builder-workspace/.swiftpm/xcode
    builtin-SwiftPerFileCompile JSPromise.swift
SwiftCompile normal arm64_32 Compiling\ JSValueDecoder.swift /Users/admin/builder/spi-builder-workspace/Sources/OpenCombineJS/JSValueDecoder.swift (in target 'OpenCombineJS' from project 'OpenCombineJS')
SwiftCompile normal arm64_32 /Users/admin/builder/spi-builder-workspace/Sources/OpenCombineJS/JSValueDecoder.swift (in target 'OpenCombineJS' from project 'OpenCombineJS')
    cd /Users/admin/builder/spi-builder-workspace/.swiftpm/xcode
    builtin-SwiftPerFileCompile JSValueDecoder.swift
SwiftEmitModule normal arm64 Emitting\ module\ for\ JavaScriptKit (in target 'JavaScriptKit' from project 'JavaScriptKit')
SwiftCompile normal arm64 (in target 'JavaScriptKit' from project 'JavaScriptKit')
    cd /Users/admin/builder/spi-builder-workspace/.swiftpm/xcode

SwiftCompile normal arm64 Compiling\ ConstructibleFromJSValue.swift /Users/admin/builder/spi-builder-workspace/.dependencies/checkouts/JavaScriptKit/Sources/JavaScriptKit/ConstructibleFromJSValue.swift (in target 'JavaScriptKit' from project 'JavaScriptKit')
SwiftCompile normal arm64 /Users/admin/builder/spi-builder-workspace/.dependencies/checkouts/JavaScriptKit/Sources/JavaScriptKit/ConstructibleFromJSValue.swift (in target 'JavaScriptKit' from project 'JavaScriptKit')
    cd /Users/admin/builder/spi-builder-workspace/.swiftpm/xcode
    builtin-SwiftPerFileCompile ConstructibleFromJSValue.swift
SwiftCompile normal arm64 Compiling\ ConvertibleToJSValue.swift /Users/admin/builder/spi-builder-workspace/.dependencies/checkouts/JavaScriptKit/Sources/JavaScriptKit/ConvertibleToJSValue.swift (in target 'JavaScriptKit' from project 'JavaScriptKit')
SwiftCompile normal arm64 /Users/admin/builder/spi-builder-workspace/.dependencies/checkouts/JavaScriptKit/Sources/JavaScriptKit/ConvertibleToJSValue.swift (in target 'JavaScriptKit' from project 'JavaScriptKit')
    cd /Users/admin/builder/spi-builder-workspace/.swiftpm/xcode
    builtin-SwiftPerFileCompile ConvertibleToJSValue.swift
PruneExplicitPrecompiledModules /Users/admin/builder/spi-builder-workspace/.derivedData/SDKExplicitPrecompiledModules
PruneExplicitPrecompiledModules /Users/admin/builder/spi-builder-workspace/.derivedData/Build/Intermediates.noindex/SwiftExplicitPrecompiledModules
PruneExplicitPrecompiledModules /Users/admin/builder/spi-builder-workspace/.derivedData/Build/Intermediates.noindex/ExplicitPrecompiledModules
2026-09-18 02:43:45.309 xcodebuild[1174:6915] [MT] IDERunDestination: Supported platforms for the buildables in the current scheme is empty.
** BUILD FAILED **
The following build commands failed:
	SwiftCompile normal arm64_32 Compiling\ JSPromise.swift /Users/admin/builder/spi-builder-workspace/Sources/OpenCombineJS/JSPromise.swift (in target 'OpenCombineJS' from project 'OpenCombineJS')
	SwiftCompile normal arm64_32 /Users/admin/builder/spi-builder-workspace/Sources/OpenCombineJS/JSPromise.swift (in target 'OpenCombineJS' from project 'OpenCombineJS')
	SwiftCompile normal arm64 Compiling\ JSPromise.swift /Users/admin/builder/spi-builder-workspace/Sources/OpenCombineJS/JSPromise.swift (in target 'OpenCombineJS' from project 'OpenCombineJS')
	SwiftCompile normal arm64 /Users/admin/builder/spi-builder-workspace/Sources/OpenCombineJS/JSPromise.swift (in target 'OpenCombineJS' from project 'OpenCombineJS')
	Building workspace OpenCombineJS with scheme OpenCombineJS-Package
(5 failures)
BUILD FAILURE 6.4 watchOS