Build Information
Failed to build SwiftAgent, reference 2.0.1 (87e379), with Swift 6.4 for visionOS using Xcode 27.0 on 26 Sep 2026 22:19:41 UTC.
Build Command
env DEVELOPER_DIR=/Applications/Xcode-27.0.0-Release.Candidate.app xcrun xcodebuild -IDEClonedSourcePackagesDirPathOverride=$PWD/.dependencies -skipMacroValidation -skipPackagePluginValidation -derivedDataPath $PWD/.derivedData build -scheme SwiftAgent-Package -destination generic/platform=xrOSBuild Log
Copy /Users/admin/builder/spi-builder-workspace/.derivedData/Build/Products/Debug-xros/SwiftAgentMCP.swiftmodule/arm64-apple-xros.swiftmodule /Users/admin/builder/spi-builder-workspace/.derivedData/Build/Intermediates.noindex/SwiftAgent.build/Debug-xros/SwiftAgentMCP-t.build/Objects-normal/arm64/SwiftAgentMCP.swiftmodule (in target 'SwiftAgentMCP' from project 'SwiftAgent')
cd /Users/admin/builder/spi-builder-workspace
builtin-copy -exclude .DS_Store -exclude CVS -exclude .svn -exclude .git -exclude .hg -resolve-src-symlinks -rename /Users/admin/builder/spi-builder-workspace/.derivedData/Build/Intermediates.noindex/SwiftAgent.build/Debug-xros/SwiftAgentMCP-t.build/Objects-normal/arm64/SwiftAgentMCP.swiftmodule /Users/admin/builder/spi-builder-workspace/.derivedData/Build/Products/Debug-xros/SwiftAgentMCP.swiftmodule/arm64-apple-xros.swiftmodule
SwiftMergeGeneratedHeaders /Users/admin/builder/spi-builder-workspace/.derivedData/Build/Intermediates.noindex/GeneratedModuleMaps-xros/SwiftAgentPlugins-Swift.h /Users/admin/builder/spi-builder-workspace/.derivedData/Build/Intermediates.noindex/SwiftAgent.build/Debug-xros/SwiftAgentPlugins-t.build/Objects-normal/arm64/SwiftAgentPlugins-Swift.h (in target 'SwiftAgentPlugins' from project 'SwiftAgent')
cd /Users/admin/builder/spi-builder-workspace
builtin-swiftHeaderTool -arch arm64 /Users/admin/builder/spi-builder-workspace/.derivedData/Build/Intermediates.noindex/SwiftAgent.build/Debug-xros/SwiftAgentPlugins-t.build/Objects-normal/arm64/SwiftAgentPlugins-Swift.h -o /Users/admin/builder/spi-builder-workspace/.derivedData/Build/Intermediates.noindex/GeneratedModuleMaps-xros/SwiftAgentPlugins-Swift.h
Copy /Users/admin/builder/spi-builder-workspace/.derivedData/Build/Products/Debug-xros/SwiftAgentPlugins.swiftmodule/arm64-apple-xros.swiftmodule /Users/admin/builder/spi-builder-workspace/.derivedData/Build/Intermediates.noindex/SwiftAgent.build/Debug-xros/SwiftAgentPlugins-t.build/Objects-normal/arm64/SwiftAgentPlugins.swiftmodule (in target 'SwiftAgentPlugins' from project 'SwiftAgent')
cd /Users/admin/builder/spi-builder-workspace
builtin-copy -exclude .DS_Store -exclude CVS -exclude .svn -exclude .git -exclude .hg -resolve-src-symlinks -rename /Users/admin/builder/spi-builder-workspace/.derivedData/Build/Intermediates.noindex/SwiftAgent.build/Debug-xros/SwiftAgentPlugins-t.build/Objects-normal/arm64/SwiftAgentPlugins.swiftmodule /Users/admin/builder/spi-builder-workspace/.derivedData/Build/Products/Debug-xros/SwiftAgentPlugins.swiftmodule/arm64-apple-xros.swiftmodule
Copy /Users/admin/builder/spi-builder-workspace/.derivedData/Build/Products/Debug-xros/SwiftAgentPlugins.swiftmodule/arm64-apple-xros.swiftdoc /Users/admin/builder/spi-builder-workspace/.derivedData/Build/Intermediates.noindex/SwiftAgent.build/Debug-xros/SwiftAgentPlugins-t.build/Objects-normal/arm64/SwiftAgentPlugins.swiftdoc (in target 'SwiftAgentPlugins' from project 'SwiftAgent')
cd /Users/admin/builder/spi-builder-workspace
builtin-copy -exclude .DS_Store -exclude CVS -exclude .svn -exclude .git -exclude .hg -resolve-src-symlinks -rename /Users/admin/builder/spi-builder-workspace/.derivedData/Build/Intermediates.noindex/SwiftAgent.build/Debug-xros/SwiftAgentPlugins-t.build/Objects-normal/arm64/SwiftAgentPlugins.swiftdoc /Users/admin/builder/spi-builder-workspace/.derivedData/Build/Products/Debug-xros/SwiftAgentPlugins.swiftmodule/arm64-apple-xros.swiftdoc
Copy /Users/admin/builder/spi-builder-workspace/.derivedData/Build/Products/Debug-xros/SwiftAgentPlugins.swiftmodule/arm64-apple-xros.abi.json /Users/admin/builder/spi-builder-workspace/.derivedData/Build/Intermediates.noindex/SwiftAgent.build/Debug-xros/SwiftAgentPlugins-t.build/Objects-normal/arm64/SwiftAgentPlugins.abi.json (in target 'SwiftAgentPlugins' from project 'SwiftAgent')
cd /Users/admin/builder/spi-builder-workspace
builtin-copy -exclude .DS_Store -exclude CVS -exclude .svn -exclude .git -exclude .hg -resolve-src-symlinks -rename /Users/admin/builder/spi-builder-workspace/.derivedData/Build/Intermediates.noindex/SwiftAgent.build/Debug-xros/SwiftAgentPlugins-t.build/Objects-normal/arm64/SwiftAgentPlugins.abi.json /Users/admin/builder/spi-builder-workspace/.derivedData/Build/Products/Debug-xros/SwiftAgentPlugins.swiftmodule/arm64-apple-xros.abi.json
Copy /Users/admin/builder/spi-builder-workspace/.derivedData/Build/Products/Debug-xros/SwiftAgentPlugins.swiftmodule/Project/arm64-apple-xros.swiftsourceinfo /Users/admin/builder/spi-builder-workspace/.derivedData/Build/Intermediates.noindex/SwiftAgent.build/Debug-xros/SwiftAgentPlugins-t.build/Objects-normal/arm64/SwiftAgentPlugins.swiftsourceinfo (in target 'SwiftAgentPlugins' from project 'SwiftAgent')
cd /Users/admin/builder/spi-builder-workspace
builtin-copy -exclude .DS_Store -exclude CVS -exclude .svn -exclude .git -exclude .hg -resolve-src-symlinks -rename /Users/admin/builder/spi-builder-workspace/.derivedData/Build/Intermediates.noindex/SwiftAgent.build/Debug-xros/SwiftAgentPlugins-t.build/Objects-normal/arm64/SwiftAgentPlugins.swiftsourceinfo /Users/admin/builder/spi-builder-workspace/.derivedData/Build/Products/Debug-xros/SwiftAgentPlugins.swiftmodule/Project/arm64-apple-xros.swiftsourceinfo
Copy /Users/admin/builder/spi-builder-workspace/.derivedData/Build/Products/Debug-xros/SwiftAgentMCP.swiftmodule/arm64-apple-xros.swiftdoc /Users/admin/builder/spi-builder-workspace/.derivedData/Build/Intermediates.noindex/SwiftAgent.build/Debug-xros/SwiftAgentMCP-t.build/Objects-normal/arm64/SwiftAgentMCP.swiftdoc (in target 'SwiftAgentMCP' from project 'SwiftAgent')
cd /Users/admin/builder/spi-builder-workspace
builtin-copy -exclude .DS_Store -exclude CVS -exclude .svn -exclude .git -exclude .hg -resolve-src-symlinks -rename /Users/admin/builder/spi-builder-workspace/.derivedData/Build/Intermediates.noindex/SwiftAgent.build/Debug-xros/SwiftAgentMCP-t.build/Objects-normal/arm64/SwiftAgentMCP.swiftdoc /Users/admin/builder/spi-builder-workspace/.derivedData/Build/Products/Debug-xros/SwiftAgentMCP.swiftmodule/arm64-apple-xros.swiftdoc
Copy /Users/admin/builder/spi-builder-workspace/.derivedData/Build/Products/Debug-xros/SwiftAgentMCP.swiftmodule/arm64-apple-xros.abi.json /Users/admin/builder/spi-builder-workspace/.derivedData/Build/Intermediates.noindex/SwiftAgent.build/Debug-xros/SwiftAgentMCP-t.build/Objects-normal/arm64/SwiftAgentMCP.abi.json (in target 'SwiftAgentMCP' from project 'SwiftAgent')
cd /Users/admin/builder/spi-builder-workspace
builtin-copy -exclude .DS_Store -exclude CVS -exclude .svn -exclude .git -exclude .hg -resolve-src-symlinks -rename /Users/admin/builder/spi-builder-workspace/.derivedData/Build/Intermediates.noindex/SwiftAgent.build/Debug-xros/SwiftAgentMCP-t.build/Objects-normal/arm64/SwiftAgentMCP.abi.json /Users/admin/builder/spi-builder-workspace/.derivedData/Build/Products/Debug-xros/SwiftAgentMCP.swiftmodule/arm64-apple-xros.abi.json
Copy /Users/admin/builder/spi-builder-workspace/.derivedData/Build/Products/Debug-xros/SwiftAgentMCP.swiftmodule/Project/arm64-apple-xros.swiftsourceinfo /Users/admin/builder/spi-builder-workspace/.derivedData/Build/Intermediates.noindex/SwiftAgent.build/Debug-xros/SwiftAgentMCP-t.build/Objects-normal/arm64/SwiftAgentMCP.swiftsourceinfo (in target 'SwiftAgentMCP' from project 'SwiftAgent')
cd /Users/admin/builder/spi-builder-workspace
builtin-copy -exclude .DS_Store -exclude CVS -exclude .svn -exclude .git -exclude .hg -resolve-src-symlinks -rename /Users/admin/builder/spi-builder-workspace/.derivedData/Build/Intermediates.noindex/SwiftAgent.build/Debug-xros/SwiftAgentMCP-t.build/Objects-normal/arm64/SwiftAgentMCP.swiftsourceinfo /Users/admin/builder/spi-builder-workspace/.derivedData/Build/Products/Debug-xros/SwiftAgentMCP.swiftmodule/Project/arm64-apple-xros.swiftsourceinfo
SwiftCompile normal arm64 Compiling\ PolicyAuthorization.swift,\ ReplicateTool.swift,\ RoutePlan.swift /Users/admin/builder/spi-builder-workspace/Sources/SwiftAgentSymbio/PolicyAuthorization.swift /Users/admin/builder/spi-builder-workspace/Sources/SwiftAgentSymbio/ReplicateTool.swift /Users/admin/builder/spi-builder-workspace/Sources/SwiftAgentSymbio/RoutePlan.swift (in target 'SwiftAgentSymbio' from project 'SwiftAgent')
SwiftCompile normal arm64 /Users/admin/builder/spi-builder-workspace/Sources/SwiftAgentSymbio/PolicyAuthorization.swift (in target 'SwiftAgentSymbio' from project 'SwiftAgent')
cd /Users/admin/builder/spi-builder-workspace/.swiftpm/xcode
builtin-SwiftPerFileCompile PolicyAuthorization.swift
SwiftCompile normal arm64 /Users/admin/builder/spi-builder-workspace/Sources/SwiftAgentSymbio/ReplicateTool.swift (in target 'SwiftAgentSymbio' from project 'SwiftAgent')
cd /Users/admin/builder/spi-builder-workspace/.swiftpm/xcode
builtin-SwiftPerFileCompile ReplicateTool.swift
SwiftCompile normal arm64 /Users/admin/builder/spi-builder-workspace/Sources/SwiftAgentSymbio/RoutePlan.swift (in target 'SwiftAgentSymbio' from project 'SwiftAgent')
cd /Users/admin/builder/spi-builder-workspace/.swiftpm/xcode
builtin-SwiftPerFileCompile RoutePlan.swift
SwiftCompile normal arm64 Compiling\ ParticipantDescriptor.swift,\ ParticipantID.swift,\ ParticipantRecord.swift /Users/admin/builder/spi-builder-workspace/Sources/SwiftAgentSymbio/ParticipantDescriptor.swift /Users/admin/builder/spi-builder-workspace/Sources/SwiftAgentSymbio/ParticipantID.swift /Users/admin/builder/spi-builder-workspace/Sources/SwiftAgentSymbio/ParticipantRecord.swift (in target 'SwiftAgentSymbio' from project 'SwiftAgent')
SwiftCompile normal arm64 /Users/admin/builder/spi-builder-workspace/Sources/SwiftAgentSymbio/ParticipantDescriptor.swift (in target 'SwiftAgentSymbio' from project 'SwiftAgent')
cd /Users/admin/builder/spi-builder-workspace/.swiftpm/xcode
builtin-SwiftPerFileCompile ParticipantDescriptor.swift
SwiftCompile normal arm64 /Users/admin/builder/spi-builder-workspace/Sources/SwiftAgentSymbio/ParticipantID.swift (in target 'SwiftAgentSymbio' from project 'SwiftAgent')
cd /Users/admin/builder/spi-builder-workspace/.swiftpm/xcode
builtin-SwiftPerFileCompile ParticipantID.swift
SwiftCompile normal arm64 /Users/admin/builder/spi-builder-workspace/Sources/SwiftAgentSymbio/ParticipantRecord.swift (in target 'SwiftAgentSymbio' from project 'SwiftAgent')
cd /Users/admin/builder/spi-builder-workspace/.swiftpm/xcode
builtin-SwiftPerFileCompile ParticipantRecord.swift
SwiftDriverJobDiscovery normal arm64 Compiling SkillLoader.swift, SkillMetadata.swift (in target 'SwiftAgentSkills' from project 'SwiftAgent')
SwiftCompile normal arm64 Compiling\ SymbioRuntime.swift,\ SymbioTransport.swift,\ TrustView.swift /Users/admin/builder/spi-builder-workspace/Sources/SwiftAgentSymbio/SymbioRuntime.swift /Users/admin/builder/spi-builder-workspace/Sources/SwiftAgentSymbio/SymbioTransport.swift /Users/admin/builder/spi-builder-workspace/Sources/SwiftAgentSymbio/TrustView.swift (in target 'SwiftAgentSymbio' from project 'SwiftAgent')
SwiftCompile normal arm64 /Users/admin/builder/spi-builder-workspace/Sources/SwiftAgentSymbio/SymbioRuntime.swift (in target 'SwiftAgentSymbio' from project 'SwiftAgent')
cd /Users/admin/builder/spi-builder-workspace/.swiftpm/xcode
builtin-SwiftPerFileCompile SymbioRuntime.swift
SwiftCompile normal arm64 /Users/admin/builder/spi-builder-workspace/Sources/SwiftAgentSymbio/SymbioTransport.swift (in target 'SwiftAgentSymbio' from project 'SwiftAgent')
cd /Users/admin/builder/spi-builder-workspace/.swiftpm/xcode
builtin-SwiftPerFileCompile SymbioTransport.swift
SwiftCompile normal arm64 /Users/admin/builder/spi-builder-workspace/Sources/SwiftAgentSymbio/TrustView.swift (in target 'SwiftAgentSymbio' from project 'SwiftAgent')
cd /Users/admin/builder/spi-builder-workspace/.swiftpm/xcode
builtin-SwiftPerFileCompile TrustView.swift
SwiftDriverJobDiscovery normal arm64 Compiling CapabilityContract.swift, Claim.swift, Communicable.swift (in target 'SwiftAgentSymbio' from project 'SwiftAgent')
SwiftCompile normal arm64 Compiling\ CoordinationSurface.swift,\ DeliveryOption.swift,\ Evidence.swift /Users/admin/builder/spi-builder-workspace/Sources/SwiftAgentSymbio/CoordinationSurface.swift /Users/admin/builder/spi-builder-workspace/Sources/SwiftAgentSymbio/DeliveryOption.swift /Users/admin/builder/spi-builder-workspace/Sources/SwiftAgentSymbio/Evidence.swift (in target 'SwiftAgentSymbio' from project 'SwiftAgent')
SwiftCompile normal arm64 /Users/admin/builder/spi-builder-workspace/Sources/SwiftAgentSymbio/CoordinationSurface.swift (in target 'SwiftAgentSymbio' from project 'SwiftAgent')
cd /Users/admin/builder/spi-builder-workspace/.swiftpm/xcode
builtin-SwiftPerFileCompile CoordinationSurface.swift
SwiftCompile normal arm64 /Users/admin/builder/spi-builder-workspace/Sources/SwiftAgentSymbio/DeliveryOption.swift (in target 'SwiftAgentSymbio' from project 'SwiftAgent')
cd /Users/admin/builder/spi-builder-workspace/.swiftpm/xcode
builtin-SwiftPerFileCompile DeliveryOption.swift
SwiftCompile normal arm64 /Users/admin/builder/spi-builder-workspace/Sources/SwiftAgentSymbio/Evidence.swift (in target 'SwiftAgentSymbio' from project 'SwiftAgent')
cd /Users/admin/builder/spi-builder-workspace/.swiftpm/xcode
builtin-SwiftPerFileCompile Evidence.swift
SwiftDriverJobDiscovery normal arm64 Compiling SymbioInvocationDecoder.swift, SymbioInvocationEncoder.swift, SymbioResultHandler.swift (in target 'SwiftAgentSymbio' from project 'SwiftAgent')
SwiftDriverJobDiscovery normal arm64 Emitting module for AgentTools (in target 'AgentTools' from project 'SwiftAgent')
SwiftCompile normal arm64 Compiling\ SkillOrigin.swift /Users/admin/builder/spi-builder-workspace/Sources/SwiftAgentSkills/SkillOrigin.swift (in target 'SwiftAgentSkills' from project 'SwiftAgent')
SwiftCompile normal arm64 /Users/admin/builder/spi-builder-workspace/Sources/SwiftAgentSkills/SkillOrigin.swift (in target 'SwiftAgentSkills' from project 'SwiftAgent')
cd /Users/admin/builder/spi-builder-workspace/.swiftpm/xcode
builtin-SwiftPerFileCompile SkillOrigin.swift
SwiftDriver\ Compilation\ Requirements AgentTools normal arm64 com.apple.xcode.tools.swift.compiler (in target 'AgentTools' from project 'SwiftAgent')
cd /Users/admin/builder/spi-builder-workspace/.swiftpm/xcode
builtin-Swift-Compilation-Requirements -- /Applications/Xcode-27.0.0-Release.Candidate.app/Contents/Developer/Toolchains/XcodeDefault.xctoolchain/usr/bin/swiftc -parse-as-library -module-name AgentTools -Onone @/Users/admin/builder/spi-builder-workspace/.derivedData/Build/Intermediates.noindex/SwiftAgent.build/Debug-xros/AgentTools-t.build/Objects-normal/arm64/AgentTools.SwiftFileList -DSWIFT_PACKAGE -DDEBUG -DSWIFT_MODULE_RESOURCE_BUNDLE_UNAVAILABLE -DXcode -plugin-path /Applications/Xcode-27.0.0-Release.Candidate.app/Contents/Developer/Toolchains/XcodeDefault.xctoolchain/usr/lib/swift/host/plugins/testing -enable-experimental-feature DebugDescriptionMacro -sdk /Applications/Xcode-27.0.0-Release.Candidate.app/Contents/Developer/Platforms/XROS.platform/Developer/SDKs/XROS27.0.sdk -target arm64-apple-xros26.0 -g -module-cache-path /Users/admin/builder/spi-builder-workspace/.derivedData/ModuleCache.noindex -Xfrontend -serialize-debugging-options -profile-coverage-mapping -profile-generate -enable-testing -index-store-path /Users/admin/builder/spi-builder-workspace/.derivedData/Index.noindex/DataStore -Xcc -D_LIBCPP_HARDENING_MODE\=_LIBCPP_HARDENING_MODE_DEBUG -swift-version 6 -I /Users/admin/builder/spi-builder-workspace/.derivedData/Build/Products/Debug-xros -Isystem /Applications/Xcode-27.0.0-Release.Candidate.app/Contents/Developer/Platforms/XROS.platform/Developer/usr/lib -F /Users/admin/builder/spi-builder-workspace/.derivedData/Build/Products/Debug-xros/PackageFrameworks -F /Users/admin/builder/spi-builder-workspace/.derivedData/Build/Products/Debug-xros -F /Applications/Xcode-27.0.0-Release.Candidate.app/Contents/Developer/Platforms/XROS.platform/Developer/Library/Frameworks -F /Applications/Xcode-27.0.0-Release.Candidate.app/Contents/Developer/Platforms/XROS.platform/Developer/SDKs/XROS27.0.sdk/Developer/Library/Frameworks -Xfrontend -load-plugin-executable -Xfrontend /Users/admin/builder/spi-builder-workspace/.derivedData/Build/Products/Debug/SwiftAgentMacros\#SwiftAgentMacros -c -j10 -enable-batch-mode -incremental -Xcc -ivfsstatcache -Xcc /Users/admin/builder/spi-builder-workspace/.derivedData/SDKStatCaches.noindex/xros27.0-24M361-e829b21a6f8c9b70876ba0858053c044735bd543db762f57723cac368afd1ce4.sdkstatcache -output-file-map /Users/admin/builder/spi-builder-workspace/.derivedData/Build/Intermediates.noindex/SwiftAgent.build/Debug-xros/AgentTools-t.build/Objects-normal/arm64/AgentTools-OutputFileMap.json -save-temps -no-color-diagnostics -explicit-module-build -module-cache-path /Users/admin/builder/spi-builder-workspace/.derivedData/Build/Intermediates.noindex/SwiftExplicitPrecompiledModules -clang-scanner-module-cache-path /Users/admin/builder/spi-builder-workspace/.derivedData/ModuleCache.noindex -sdk-module-cache-path /Users/admin/builder/spi-builder-workspace/.derivedData/SDKExplicitPrecompiledModules -emit-dependencies -emit-module -emit-module-path /Users/admin/builder/spi-builder-workspace/.derivedData/Build/Intermediates.noindex/SwiftAgent.build/Debug-xros/AgentTools-t.build/Objects-normal/arm64/AgentTools.swiftmodule -serialize-diagnostics -dependency-scan-serialize-diagnostics-path /Users/admin/builder/spi-builder-workspace/.derivedData/Build/Intermediates.noindex/SwiftAgent.build/Debug-xros/AgentTools-t.build/Objects-normal/arm64/AgentTools-dependency-scan.dia -validate-clang-modules-once -clang-build-session-file /Users/admin/builder/spi-builder-workspace/.derivedData/ModuleCache.noindex/Session.modulevalidation -Xcc -fmodules-prune-interval\=86400 -Xcc -fmodules-prune-after\=345600 -package-name spi_builder_workspace -emit-const-values -const-gather-protocols-list /Users/admin/builder/spi-builder-workspace/.derivedData/Build/Intermediates.noindex/SwiftAgent.build/Debug-xros/AgentTools-t.build/Objects-normal/arm64/AgentTools_const_extract_protocols.json -Xcc -I/Users/admin/builder/spi-builder-workspace/.derivedData/Build/Products/Debug-xros/include -Xcc -I/Users/admin/builder/spi-builder-workspace/.derivedData/Build/Intermediates.noindex/SwiftAgent.build/Debug-xros/AgentTools-t.build/DerivedSources-normal/arm64 -Xcc -I/Users/admin/builder/spi-builder-workspace/.derivedData/Build/Intermediates.noindex/SwiftAgent.build/Debug-xros/AgentTools-t.build/DerivedSources/arm64 -Xcc -I/Users/admin/builder/spi-builder-workspace/.derivedData/Build/Intermediates.noindex/SwiftAgent.build/Debug-xros/AgentTools-t.build/DerivedSources -Xcc -DSWIFT_PACKAGE -Xcc -DDEBUG\=1 -emit-objc-header -emit-objc-header-path /Users/admin/builder/spi-builder-workspace/.derivedData/Build/Intermediates.noindex/SwiftAgent.build/Debug-xros/AgentTools-t.build/Objects-normal/arm64/AgentTools-Swift.h -working-directory /Users/admin/builder/spi-builder-workspace/.swiftpm/xcode -experimental-emit-module-separately -disable-cmo
SwiftDriverJobDiscovery normal arm64 Compiling ParticipantView.swift, PeerLocation.swift, PeerObservation.swift (in target 'SwiftAgentSymbio' from project 'SwiftAgent')
SwiftCompile normal arm64 Compiling\ SkillRegistry.swift /Users/admin/builder/spi-builder-workspace/Sources/SwiftAgentSkills/SkillRegistry.swift (in target 'SwiftAgentSkills' from project 'SwiftAgent')
SwiftCompile normal arm64 /Users/admin/builder/spi-builder-workspace/Sources/SwiftAgentSkills/SkillRegistry.swift (in target 'SwiftAgentSkills' from project 'SwiftAgent')
cd /Users/admin/builder/spi-builder-workspace/.swiftpm/xcode
builtin-SwiftPerFileCompile SkillRegistry.swift
SwiftMergeGeneratedHeaders /Users/admin/builder/spi-builder-workspace/.derivedData/Build/Intermediates.noindex/GeneratedModuleMaps-xros/AgentTools-Swift.h /Users/admin/builder/spi-builder-workspace/.derivedData/Build/Intermediates.noindex/SwiftAgent.build/Debug-xros/AgentTools-t.build/Objects-normal/arm64/AgentTools-Swift.h (in target 'AgentTools' from project 'SwiftAgent')
cd /Users/admin/builder/spi-builder-workspace
builtin-swiftHeaderTool -arch arm64 /Users/admin/builder/spi-builder-workspace/.derivedData/Build/Intermediates.noindex/SwiftAgent.build/Debug-xros/AgentTools-t.build/Objects-normal/arm64/AgentTools-Swift.h -o /Users/admin/builder/spi-builder-workspace/.derivedData/Build/Intermediates.noindex/GeneratedModuleMaps-xros/AgentTools-Swift.h
SwiftDriverJobDiscovery normal arm64 Emitting module for SwiftAgentSymbio (in target 'SwiftAgentSymbio' from project 'SwiftAgent')
SwiftDriver\ Compilation\ Requirements SwiftAgentSymbio normal arm64 com.apple.xcode.tools.swift.compiler (in target 'SwiftAgentSymbio' from project 'SwiftAgent')
cd /Users/admin/builder/spi-builder-workspace/.swiftpm/xcode
builtin-Swift-Compilation-Requirements -- /Applications/Xcode-27.0.0-Release.Candidate.app/Contents/Developer/Toolchains/XcodeDefault.xctoolchain/usr/bin/swiftc -parse-as-library -module-name SwiftAgentSymbio -Onone @/Users/admin/builder/spi-builder-workspace/.derivedData/Build/Intermediates.noindex/SwiftAgent.build/Debug-xros/SwiftAgentSymbio-t.build/Objects-normal/arm64/SwiftAgentSymbio.SwiftFileList -DSWIFT_PACKAGE -DDEBUG -DSWIFT_MODULE_RESOURCE_BUNDLE_UNAVAILABLE -DXcode -plugin-path /Applications/Xcode-27.0.0-Release.Candidate.app/Contents/Developer/Toolchains/XcodeDefault.xctoolchain/usr/lib/swift/host/plugins/testing -enable-experimental-feature DebugDescriptionMacro -sdk /Applications/Xcode-27.0.0-Release.Candidate.app/Contents/Developer/Platforms/XROS.platform/Developer/SDKs/XROS27.0.sdk -target arm64-apple-xros26.0 -g -module-cache-path /Users/admin/builder/spi-builder-workspace/.derivedData/ModuleCache.noindex -Xfrontend -serialize-debugging-options -profile-coverage-mapping -profile-generate -enable-testing -index-store-path /Users/admin/builder/spi-builder-workspace/.derivedData/Index.noindex/DataStore -Xcc -D_LIBCPP_HARDENING_MODE\=_LIBCPP_HARDENING_MODE_DEBUG -swift-version 6 -I /Users/admin/builder/spi-builder-workspace/.derivedData/Build/Products/Debug-xros -Isystem /Applications/Xcode-27.0.0-Release.Candidate.app/Contents/Developer/Platforms/XROS.platform/Developer/usr/lib -F /Users/admin/builder/spi-builder-workspace/.derivedData/Build/Products/Debug-xros/PackageFrameworks -F /Users/admin/builder/spi-builder-workspace/.derivedData/Build/Products/Debug-xros -F /Applications/Xcode-27.0.0-Release.Candidate.app/Contents/Developer/Platforms/XROS.platform/Developer/Library/Frameworks -F /Applications/Xcode-27.0.0-Release.Candidate.app/Contents/Developer/Platforms/XROS.platform/Developer/SDKs/XROS27.0.sdk/Developer/Library/Frameworks -Xfrontend -load-plugin-executable -Xfrontend /Users/admin/builder/spi-builder-workspace/.derivedData/Build/Products/Debug/SwiftAgentMacros\#SwiftAgentMacros -c -j10 -enable-batch-mode -incremental -Xcc -ivfsstatcache -Xcc /Users/admin/builder/spi-builder-workspace/.derivedData/SDKStatCaches.noindex/xros27.0-24M361-e829b21a6f8c9b70876ba0858053c044735bd543db762f57723cac368afd1ce4.sdkstatcache -output-file-map /Users/admin/builder/spi-builder-workspace/.derivedData/Build/Intermediates.noindex/SwiftAgent.build/Debug-xros/SwiftAgentSymbio-t.build/Objects-normal/arm64/SwiftAgentSymbio-OutputFileMap.json -save-temps -no-color-diagnostics -explicit-module-build -module-cache-path /Users/admin/builder/spi-builder-workspace/.derivedData/Build/Intermediates.noindex/SwiftExplicitPrecompiledModules -clang-scanner-module-cache-path /Users/admin/builder/spi-builder-workspace/.derivedData/ModuleCache.noindex -sdk-module-cache-path /Users/admin/builder/spi-builder-workspace/.derivedData/SDKExplicitPrecompiledModules -emit-dependencies -emit-module -emit-module-path /Users/admin/builder/spi-builder-workspace/.derivedData/Build/Intermediates.noindex/SwiftAgent.build/Debug-xros/SwiftAgentSymbio-t.build/Objects-normal/arm64/SwiftAgentSymbio.swiftmodule -serialize-diagnostics -dependency-scan-serialize-diagnostics-path /Users/admin/builder/spi-builder-workspace/.derivedData/Build/Intermediates.noindex/SwiftAgent.build/Debug-xros/SwiftAgentSymbio-t.build/Objects-normal/arm64/SwiftAgentSymbio-dependency-scan.dia -validate-clang-modules-once -clang-build-session-file /Users/admin/builder/spi-builder-workspace/.derivedData/ModuleCache.noindex/Session.modulevalidation -Xcc -fmodules-prune-interval\=86400 -Xcc -fmodules-prune-after\=345600 -package-name spi_builder_workspace -emit-const-values -const-gather-protocols-list /Users/admin/builder/spi-builder-workspace/.derivedData/Build/Intermediates.noindex/SwiftAgent.build/Debug-xros/SwiftAgentSymbio-t.build/Objects-normal/arm64/SwiftAgentSymbio_const_extract_protocols.json -Xcc -I/Users/admin/builder/spi-builder-workspace/.derivedData/Build/Products/Debug-xros/include -Xcc -I/Users/admin/builder/spi-builder-workspace/.derivedData/Build/Intermediates.noindex/SwiftAgent.build/Debug-xros/SwiftAgentSymbio-t.build/DerivedSources-normal/arm64 -Xcc -I/Users/admin/builder/spi-builder-workspace/.derivedData/Build/Intermediates.noindex/SwiftAgent.build/Debug-xros/SwiftAgentSymbio-t.build/DerivedSources/arm64 -Xcc -I/Users/admin/builder/spi-builder-workspace/.derivedData/Build/Intermediates.noindex/SwiftAgent.build/Debug-xros/SwiftAgentSymbio-t.build/DerivedSources -Xcc -DSWIFT_PACKAGE -Xcc -DDEBUG\=1 -emit-objc-header -emit-objc-header-path /Users/admin/builder/spi-builder-workspace/.derivedData/Build/Intermediates.noindex/SwiftAgent.build/Debug-xros/SwiftAgentSymbio-t.build/Objects-normal/arm64/SwiftAgentSymbio-Swift.h -working-directory /Users/admin/builder/spi-builder-workspace/.swiftpm/xcode -experimental-emit-module-separately -disable-cmo
Copy /Users/admin/builder/spi-builder-workspace/.derivedData/Build/Products/Debug-xros/AgentTools.swiftmodule/arm64-apple-xros.swiftmodule /Users/admin/builder/spi-builder-workspace/.derivedData/Build/Intermediates.noindex/SwiftAgent.build/Debug-xros/AgentTools-t.build/Objects-normal/arm64/AgentTools.swiftmodule (in target 'AgentTools' from project 'SwiftAgent')
cd /Users/admin/builder/spi-builder-workspace
builtin-copy -exclude .DS_Store -exclude CVS -exclude .svn -exclude .git -exclude .hg -resolve-src-symlinks -rename /Users/admin/builder/spi-builder-workspace/.derivedData/Build/Intermediates.noindex/SwiftAgent.build/Debug-xros/AgentTools-t.build/Objects-normal/arm64/AgentTools.swiftmodule /Users/admin/builder/spi-builder-workspace/.derivedData/Build/Products/Debug-xros/AgentTools.swiftmodule/arm64-apple-xros.swiftmodule
SwiftMergeGeneratedHeaders /Users/admin/builder/spi-builder-workspace/.derivedData/Build/Intermediates.noindex/GeneratedModuleMaps-xros/SwiftAgentSymbio-Swift.h /Users/admin/builder/spi-builder-workspace/.derivedData/Build/Intermediates.noindex/SwiftAgent.build/Debug-xros/SwiftAgentSymbio-t.build/Objects-normal/arm64/SwiftAgentSymbio-Swift.h (in target 'SwiftAgentSymbio' from project 'SwiftAgent')
cd /Users/admin/builder/spi-builder-workspace
builtin-swiftHeaderTool -arch arm64 /Users/admin/builder/spi-builder-workspace/.derivedData/Build/Intermediates.noindex/SwiftAgent.build/Debug-xros/SwiftAgentSymbio-t.build/Objects-normal/arm64/SwiftAgentSymbio-Swift.h -o /Users/admin/builder/spi-builder-workspace/.derivedData/Build/Intermediates.noindex/GeneratedModuleMaps-xros/SwiftAgentSymbio-Swift.h
Copy /Users/admin/builder/spi-builder-workspace/.derivedData/Build/Products/Debug-xros/SwiftAgentSymbio.swiftmodule/arm64-apple-xros.swiftmodule /Users/admin/builder/spi-builder-workspace/.derivedData/Build/Intermediates.noindex/SwiftAgent.build/Debug-xros/SwiftAgentSymbio-t.build/Objects-normal/arm64/SwiftAgentSymbio.swiftmodule (in target 'SwiftAgentSymbio' from project 'SwiftAgent')
cd /Users/admin/builder/spi-builder-workspace
builtin-copy -exclude .DS_Store -exclude CVS -exclude .svn -exclude .git -exclude .hg -resolve-src-symlinks -rename /Users/admin/builder/spi-builder-workspace/.derivedData/Build/Intermediates.noindex/SwiftAgent.build/Debug-xros/SwiftAgentSymbio-t.build/Objects-normal/arm64/SwiftAgentSymbio.swiftmodule /Users/admin/builder/spi-builder-workspace/.derivedData/Build/Products/Debug-xros/SwiftAgentSymbio.swiftmodule/arm64-apple-xros.swiftmodule
Copy /Users/admin/builder/spi-builder-workspace/.derivedData/Build/Products/Debug-xros/SwiftAgentSymbio.swiftmodule/arm64-apple-xros.swiftdoc /Users/admin/builder/spi-builder-workspace/.derivedData/Build/Intermediates.noindex/SwiftAgent.build/Debug-xros/SwiftAgentSymbio-t.build/Objects-normal/arm64/SwiftAgentSymbio.swiftdoc (in target 'SwiftAgentSymbio' from project 'SwiftAgent')
cd /Users/admin/builder/spi-builder-workspace
builtin-copy -exclude .DS_Store -exclude CVS -exclude .svn -exclude .git -exclude .hg -resolve-src-symlinks -rename /Users/admin/builder/spi-builder-workspace/.derivedData/Build/Intermediates.noindex/SwiftAgent.build/Debug-xros/SwiftAgentSymbio-t.build/Objects-normal/arm64/SwiftAgentSymbio.swiftdoc /Users/admin/builder/spi-builder-workspace/.derivedData/Build/Products/Debug-xros/SwiftAgentSymbio.swiftmodule/arm64-apple-xros.swiftdoc
Copy /Users/admin/builder/spi-builder-workspace/.derivedData/Build/Products/Debug-xros/SwiftAgentSymbio.swiftmodule/arm64-apple-xros.abi.json /Users/admin/builder/spi-builder-workspace/.derivedData/Build/Intermediates.noindex/SwiftAgent.build/Debug-xros/SwiftAgentSymbio-t.build/Objects-normal/arm64/SwiftAgentSymbio.abi.json (in target 'SwiftAgentSymbio' from project 'SwiftAgent')
cd /Users/admin/builder/spi-builder-workspace
builtin-copy -exclude .DS_Store -exclude CVS -exclude .svn -exclude .git -exclude .hg -resolve-src-symlinks -rename /Users/admin/builder/spi-builder-workspace/.derivedData/Build/Intermediates.noindex/SwiftAgent.build/Debug-xros/SwiftAgentSymbio-t.build/Objects-normal/arm64/SwiftAgentSymbio.abi.json /Users/admin/builder/spi-builder-workspace/.derivedData/Build/Products/Debug-xros/SwiftAgentSymbio.swiftmodule/arm64-apple-xros.abi.json
Copy /Users/admin/builder/spi-builder-workspace/.derivedData/Build/Products/Debug-xros/SwiftAgentSymbio.swiftmodule/Project/arm64-apple-xros.swiftsourceinfo /Users/admin/builder/spi-builder-workspace/.derivedData/Build/Intermediates.noindex/SwiftAgent.build/Debug-xros/SwiftAgentSymbio-t.build/Objects-normal/arm64/SwiftAgentSymbio.swiftsourceinfo (in target 'SwiftAgentSymbio' from project 'SwiftAgent')
cd /Users/admin/builder/spi-builder-workspace
builtin-copy -exclude .DS_Store -exclude CVS -exclude .svn -exclude .git -exclude .hg -resolve-src-symlinks -rename /Users/admin/builder/spi-builder-workspace/.derivedData/Build/Intermediates.noindex/SwiftAgent.build/Debug-xros/SwiftAgentSymbio-t.build/Objects-normal/arm64/SwiftAgentSymbio.swiftsourceinfo /Users/admin/builder/spi-builder-workspace/.derivedData/Build/Products/Debug-xros/SwiftAgentSymbio.swiftmodule/Project/arm64-apple-xros.swiftsourceinfo
Copy /Users/admin/builder/spi-builder-workspace/.derivedData/Build/Products/Debug-xros/AgentTools.swiftmodule/arm64-apple-xros.swiftdoc /Users/admin/builder/spi-builder-workspace/.derivedData/Build/Intermediates.noindex/SwiftAgent.build/Debug-xros/AgentTools-t.build/Objects-normal/arm64/AgentTools.swiftdoc (in target 'AgentTools' from project 'SwiftAgent')
cd /Users/admin/builder/spi-builder-workspace
builtin-copy -exclude .DS_Store -exclude CVS -exclude .svn -exclude .git -exclude .hg -resolve-src-symlinks -rename /Users/admin/builder/spi-builder-workspace/.derivedData/Build/Intermediates.noindex/SwiftAgent.build/Debug-xros/AgentTools-t.build/Objects-normal/arm64/AgentTools.swiftdoc /Users/admin/builder/spi-builder-workspace/.derivedData/Build/Products/Debug-xros/AgentTools.swiftmodule/arm64-apple-xros.swiftdoc
Copy /Users/admin/builder/spi-builder-workspace/.derivedData/Build/Products/Debug-xros/AgentTools.swiftmodule/arm64-apple-xros.abi.json /Users/admin/builder/spi-builder-workspace/.derivedData/Build/Intermediates.noindex/SwiftAgent.build/Debug-xros/AgentTools-t.build/Objects-normal/arm64/AgentTools.abi.json (in target 'AgentTools' from project 'SwiftAgent')
cd /Users/admin/builder/spi-builder-workspace
builtin-copy -exclude .DS_Store -exclude CVS -exclude .svn -exclude .git -exclude .hg -resolve-src-symlinks -rename /Users/admin/builder/spi-builder-workspace/.derivedData/Build/Intermediates.noindex/SwiftAgent.build/Debug-xros/AgentTools-t.build/Objects-normal/arm64/AgentTools.abi.json /Users/admin/builder/spi-builder-workspace/.derivedData/Build/Products/Debug-xros/AgentTools.swiftmodule/arm64-apple-xros.abi.json
Copy /Users/admin/builder/spi-builder-workspace/.derivedData/Build/Products/Debug-xros/AgentTools.swiftmodule/Project/arm64-apple-xros.swiftsourceinfo /Users/admin/builder/spi-builder-workspace/.derivedData/Build/Intermediates.noindex/SwiftAgent.build/Debug-xros/AgentTools-t.build/Objects-normal/arm64/AgentTools.swiftsourceinfo (in target 'AgentTools' from project 'SwiftAgent')
cd /Users/admin/builder/spi-builder-workspace
builtin-copy -exclude .DS_Store -exclude CVS -exclude .svn -exclude .git -exclude .hg -resolve-src-symlinks -rename /Users/admin/builder/spi-builder-workspace/.derivedData/Build/Intermediates.noindex/SwiftAgent.build/Debug-xros/AgentTools-t.build/Objects-normal/arm64/AgentTools.swiftsourceinfo /Users/admin/builder/spi-builder-workspace/.derivedData/Build/Products/Debug-xros/AgentTools.swiftmodule/Project/arm64-apple-xros.swiftsourceinfo
SwiftCompile normal arm64 Compiling\ SkillsConfiguration.swift /Users/admin/builder/spi-builder-workspace/Sources/SwiftAgentSkills/SkillsConfiguration.swift (in target 'SwiftAgentSkills' from project 'SwiftAgent')
SwiftCompile normal arm64 /Users/admin/builder/spi-builder-workspace/Sources/SwiftAgentSkills/SkillsConfiguration.swift (in target 'SwiftAgentSkills' from project 'SwiftAgent')
cd /Users/admin/builder/spi-builder-workspace/.swiftpm/xcode
builtin-SwiftPerFileCompile SkillsConfiguration.swift
SwiftCompile normal arm64 Compiling\ Skill.swift,\ SkillDiscovery.swift /Users/admin/builder/spi-builder-workspace/Sources/SwiftAgentSkills/Skill.swift /Users/admin/builder/spi-builder-workspace/Sources/SwiftAgentSkills/SkillDiscovery.swift (in target 'SwiftAgentSkills' from project 'SwiftAgent')
SwiftCompile normal arm64 /Users/admin/builder/spi-builder-workspace/Sources/SwiftAgentSkills/Skill.swift (in target 'SwiftAgentSkills' from project 'SwiftAgent')
cd /Users/admin/builder/spi-builder-workspace/.swiftpm/xcode
builtin-SwiftPerFileCompile Skill.swift
SwiftCompile normal arm64 /Users/admin/builder/spi-builder-workspace/Sources/SwiftAgentSkills/SkillDiscovery.swift (in target 'SwiftAgentSkills' from project 'SwiftAgent')
cd /Users/admin/builder/spi-builder-workspace/.swiftpm/xcode
builtin-SwiftPerFileCompile SkillDiscovery.swift
SwiftDriverJobDiscovery normal arm64 Compiling MeshScoring.swift, Message.swift, MessageRepresentation.swift (in target 'SwiftAgentSymbio' from project 'SwiftAgent')
SwiftCompile normal arm64 Compiling\ PluginJSONValue.swift,\ PluginKind.swift,\ PluginLifecycle.swift /Users/admin/builder/spi-builder-workspace/Sources/SwiftAgentPlugins/PluginJSONValue.swift /Users/admin/builder/spi-builder-workspace/Sources/SwiftAgentPlugins/PluginKind.swift /Users/admin/builder/spi-builder-workspace/Sources/SwiftAgentPlugins/PluginLifecycle.swift (in target 'SwiftAgentPlugins' from project 'SwiftAgent')
SwiftCompile normal arm64 /Users/admin/builder/spi-builder-workspace/Sources/SwiftAgentPlugins/PluginJSONValue.swift (in target 'SwiftAgentPlugins' from project 'SwiftAgent')
cd /Users/admin/builder/spi-builder-workspace/.swiftpm/xcode
builtin-SwiftPerFileCompile PluginJSONValue.swift
SwiftCompile normal arm64 /Users/admin/builder/spi-builder-workspace/Sources/SwiftAgentPlugins/PluginKind.swift (in target 'SwiftAgentPlugins' from project 'SwiftAgent')
cd /Users/admin/builder/spi-builder-workspace/.swiftpm/xcode
builtin-SwiftPerFileCompile PluginKind.swift
SwiftCompile normal arm64 /Users/admin/builder/spi-builder-workspace/Sources/SwiftAgentPlugins/PluginLifecycle.swift (in target 'SwiftAgentPlugins' from project 'SwiftAgent')
cd /Users/admin/builder/spi-builder-workspace/.swiftpm/xcode
builtin-SwiftPerFileCompile PluginLifecycle.swift
SwiftDriverJobDiscovery normal arm64 Compiling ParticipantDescriptor.swift, ParticipantID.swift, ParticipantRecord.swift (in target 'SwiftAgentSymbio' from project 'SwiftAgent')
SwiftCompile normal arm64 Compiling\ PluginManifestValidationError.swift,\ PluginMetadata.swift,\ PluginPermission.swift /Users/admin/builder/spi-builder-workspace/Sources/SwiftAgentPlugins/PluginManifestValidationError.swift /Users/admin/builder/spi-builder-workspace/Sources/SwiftAgentPlugins/PluginMetadata.swift /Users/admin/builder/spi-builder-workspace/Sources/SwiftAgentPlugins/PluginPermission.swift (in target 'SwiftAgentPlugins' from project 'SwiftAgent')
SwiftCompile normal arm64 /Users/admin/builder/spi-builder-workspace/Sources/SwiftAgentPlugins/PluginManifestValidationError.swift (in target 'SwiftAgentPlugins' from project 'SwiftAgent')
cd /Users/admin/builder/spi-builder-workspace/.swiftpm/xcode
builtin-SwiftPerFileCompile PluginManifestValidationError.swift
SwiftCompile normal arm64 /Users/admin/builder/spi-builder-workspace/Sources/SwiftAgentPlugins/PluginMetadata.swift (in target 'SwiftAgentPlugins' from project 'SwiftAgent')
cd /Users/admin/builder/spi-builder-workspace/.swiftpm/xcode
builtin-SwiftPerFileCompile PluginMetadata.swift
SwiftCompile normal arm64 /Users/admin/builder/spi-builder-workspace/Sources/SwiftAgentPlugins/PluginPermission.swift (in target 'SwiftAgentPlugins' from project 'SwiftAgent')
cd /Users/admin/builder/spi-builder-workspace/.swiftpm/xcode
builtin-SwiftPerFileCompile PluginPermission.swift
SwiftDriverJobDiscovery normal arm64 Compiling SkillOrigin.swift (in target 'SwiftAgentSkills' from project 'SwiftAgent')
SwiftCompile normal arm64 Compiling\ PluginError.swift,\ PluginHookError.swift,\ PluginHookEvent.swift /Users/admin/builder/spi-builder-workspace/Sources/SwiftAgentPlugins/PluginError.swift /Users/admin/builder/spi-builder-workspace/Sources/SwiftAgentPlugins/PluginHookError.swift /Users/admin/builder/spi-builder-workspace/Sources/SwiftAgentPlugins/PluginHookEvent.swift (in target 'SwiftAgentPlugins' from project 'SwiftAgent')
SwiftCompile normal arm64 /Users/admin/builder/spi-builder-workspace/Sources/SwiftAgentPlugins/PluginError.swift (in target 'SwiftAgentPlugins' from project 'SwiftAgent')
cd /Users/admin/builder/spi-builder-workspace/.swiftpm/xcode
builtin-SwiftPerFileCompile PluginError.swift
SwiftCompile normal arm64 /Users/admin/builder/spi-builder-workspace/Sources/SwiftAgentPlugins/PluginHookError.swift (in target 'SwiftAgentPlugins' from project 'SwiftAgent')
cd /Users/admin/builder/spi-builder-workspace/.swiftpm/xcode
builtin-SwiftPerFileCompile PluginHookError.swift
SwiftCompile normal arm64 /Users/admin/builder/spi-builder-workspace/Sources/SwiftAgentPlugins/PluginHookEvent.swift (in target 'SwiftAgentPlugins' from project 'SwiftAgent')
cd /Users/admin/builder/spi-builder-workspace/.swiftpm/xcode
builtin-SwiftPerFileCompile PluginHookEvent.swift
SwiftDriverJobDiscovery normal arm64 Compiling SemanticAssertion.swift, SymbioActorSystem.swift, SymbioError.swift (in target 'SwiftAgentSymbio' from project 'SwiftAgent')
SwiftCompile normal arm64 Compiling\ PluginManager.swift,\ PluginManagerConfig.swift,\ PluginManifest.swift /Users/admin/builder/spi-builder-workspace/Sources/SwiftAgentPlugins/PluginManager.swift /Users/admin/builder/spi-builder-workspace/Sources/SwiftAgentPlugins/PluginManagerConfig.swift /Users/admin/builder/spi-builder-workspace/Sources/SwiftAgentPlugins/PluginManifest.swift (in target 'SwiftAgentPlugins' from project 'SwiftAgent')
/Users/admin/builder/spi-builder-workspace/Sources/SwiftAgentPlugins/PluginManager.swift:644:27: error: cannot find 'Process' in scope
642 | )
643 |
644 | let process = Process()
| `- error: cannot find 'Process' in scope
645 | process.executableURL = URL(fileURLWithPath: "/usr/bin/env")
646 | process.arguments = ["git", "clone", "--depth", "1", url, destination]
SwiftCompile normal arm64 /Users/admin/builder/spi-builder-workspace/Sources/SwiftAgentPlugins/PluginManager.swift (in target 'SwiftAgentPlugins' from project 'SwiftAgent')
cd /Users/admin/builder/spi-builder-workspace/.swiftpm/xcode
builtin-SwiftPerFileCompile PluginManager.swift
SwiftCompile normal arm64 /Users/admin/builder/spi-builder-workspace/Sources/SwiftAgentPlugins/PluginManagerConfig.swift (in target 'SwiftAgentPlugins' from project 'SwiftAgent')
cd /Users/admin/builder/spi-builder-workspace/.swiftpm/xcode
builtin-SwiftPerFileCompile PluginManagerConfig.swift
SwiftCompile normal arm64 /Users/admin/builder/spi-builder-workspace/Sources/SwiftAgentPlugins/PluginManifest.swift (in target 'SwiftAgentPlugins' from project 'SwiftAgent')
cd /Users/admin/builder/spi-builder-workspace/.swiftpm/xcode
builtin-SwiftPerFileCompile PluginManifest.swift
SwiftDriverJobDiscovery normal arm64 Compiling SkillsConfiguration.swift (in target 'SwiftAgentSkills' from project 'SwiftAgent')
SwiftCompile normal arm64 Compiling\ ToolPipeline+SwiftAgentPlugins.swift,\ ToolRuntimeConfiguration+SwiftAgentPlugins.swift /Users/admin/builder/spi-builder-workspace/Sources/SwiftAgentPlugins/ToolPipeline+SwiftAgentPlugins.swift /Users/admin/builder/spi-builder-workspace/Sources/SwiftAgentPlugins/ToolRuntimeConfiguration+SwiftAgentPlugins.swift (in target 'SwiftAgentPlugins' from project 'SwiftAgent')
SwiftCompile normal arm64 /Users/admin/builder/spi-builder-workspace/Sources/SwiftAgentPlugins/ToolPipeline+SwiftAgentPlugins.swift (in target 'SwiftAgentPlugins' from project 'SwiftAgent')
cd /Users/admin/builder/spi-builder-workspace/.swiftpm/xcode
builtin-SwiftPerFileCompile ToolPipeline+SwiftAgentPlugins.swift
SwiftCompile normal arm64 /Users/admin/builder/spi-builder-workspace/Sources/SwiftAgentPlugins/ToolRuntimeConfiguration+SwiftAgentPlugins.swift (in target 'SwiftAgentPlugins' from project 'SwiftAgent')
cd /Users/admin/builder/spi-builder-workspace/.swiftpm/xcode
builtin-SwiftPerFileCompile ToolRuntimeConfiguration+SwiftAgentPlugins.swift
SwiftDriverJobDiscovery normal arm64 Compiling SkillRegistry.swift (in target 'SwiftAgentSkills' from project 'SwiftAgent')
SwiftDriverJobDiscovery normal arm64 Compiling Address.swift, Affordance.swift, AggregateParticipantDescriptor.swift, Availability.swift (in target 'SwiftAgentSymbio' from project 'SwiftAgent')
SwiftCompile normal arm64 Compiling\ AgentSession+SwiftAgentPlugins.swift,\ InstalledPluginRecord.swift,\ PluginDefinition.swift /Users/admin/builder/spi-builder-workspace/Sources/SwiftAgentPlugins/AgentSession+SwiftAgentPlugins.swift /Users/admin/builder/spi-builder-workspace/Sources/SwiftAgentPlugins/InstalledPluginRecord.swift /Users/admin/builder/spi-builder-workspace/Sources/SwiftAgentPlugins/PluginDefinition.swift (in target 'SwiftAgentPlugins' from project 'SwiftAgent')
/Users/admin/builder/spi-builder-workspace/Sources/SwiftAgentPlugins/PluginDefinition.swift:76:27: error: cannot find 'Process' in scope
74 |
75 | for command in commands {
76 | let process = Process()
| `- error: cannot find 'Process' in scope
77 |
78 | if Self.isLiteralCommand(command) {
Failed frontend command:
/Applications/Xcode-27.0.0-Release.Candidate.app/Contents/Developer/Toolchains/XcodeDefault.xctoolchain/usr/bin/swift-frontend -frontend -c -primary-file /Users/admin/builder/spi-builder-workspace/Sources/SwiftAgentPlugins/AgentSession+SwiftAgentPlugins.swift -primary-file /Users/admin/builder/spi-builder-workspace/Sources/SwiftAgentPlugins/InstalledPluginRecord.swift -primary-file /Users/admin/builder/spi-builder-workspace/Sources/SwiftAgentPlugins/PluginDefinition.swift /Users/admin/builder/spi-builder-workspace/Sources/SwiftAgentPlugins/PluginError.swift /Users/admin/builder/spi-builder-workspace/Sources/SwiftAgentPlugins/PluginHookError.swift /Users/admin/builder/spi-builder-workspace/Sources/SwiftAgentPlugins/PluginHookEvent.swift /Users/admin/builder/spi-builder-workspace/Sources/SwiftAgentPlugins/PluginHookMiddleware.swift /Users/admin/builder/spi-builder-workspace/Sources/SwiftAgentPlugins/PluginHookRunResult.swift /Users/admin/builder/spi-builder-workspace/Sources/SwiftAgentPlugins/PluginHookRunner.swift /Users/admin/builder/spi-builder-workspace/Sources/SwiftAgentPlugins/PluginHooks.swift /Users/admin/builder/spi-builder-workspace/Sources/SwiftAgentPlugins/PluginInstallOutcome.swift /Users/admin/builder/spi-builder-workspace/Sources/SwiftAgentPlugins/PluginInstallSource.swift /Users/admin/builder/spi-builder-workspace/Sources/SwiftAgentPlugins/PluginJSONValue.swift /Users/admin/builder/spi-builder-workspace/Sources/SwiftAgentPlugins/PluginKind.swift /Users/admin/builder/spi-builder-workspace/Sources/SwiftAgentPlugins/PluginLifecycle.swift /Users/admin/builder/spi-builder-workspace/Sources/SwiftAgentPlugins/PluginManager.swift /Users/admin/builder/spi-builder-workspace/Sources/SwiftAgentPlugins/PluginManagerConfig.swift /Users/admin/builder/spi-builder-workspace/Sources/SwiftAgentPlugins/PluginManifest.swift /Users/admin/builder/spi-builder-workspace/Sources/SwiftAgentPlugins/PluginManifestValidationError.swift /Users/admin/builder/spi-builder-workspace/Sources/SwiftAgentPlugins/PluginMetadata.swift /Users/admin/builder/spi-builder-workspace/Sources/SwiftAgentPlugins/PluginPermission.swift /Users/admin/builder/spi-builder-workspace/Sources/SwiftAgentPlugins/PluginRegistry.swift /Users/admin/builder/spi-builder-workspace/Sources/SwiftAgentPlugins/PluginTool.swift /Users/admin/builder/spi-builder-workspace/Sources/SwiftAgentPlugins/PluginToolAdapter.swift /Users/admin/builder/spi-builder-workspace/Sources/SwiftAgentPlugins/PluginToolDefinition.swift /Users/admin/builder/spi-builder-workspace/Sources/SwiftAgentPlugins/PluginToolPermission.swift /Users/admin/builder/spi-builder-workspace/Sources/SwiftAgentPlugins/PluginUpdateOutcome.swift /Users/admin/builder/spi-builder-workspace/Sources/SwiftAgentPlugins/ToolPipeline+SwiftAgentPlugins.swift /Users/admin/builder/spi-builder-workspace/Sources/SwiftAgentPlugins/ToolRuntimeConfiguration+SwiftAgentPlugins.swift -supplementary-output-file-map /Users/admin/builder/spi-builder-workspace/.derivedData/Build/Intermediates.noindex/SwiftAgent.build/Debug-xros/SwiftAgentPlugins-t.build/Objects-normal/arm64/supplementaryOutputs-63 -target arm64-apple-xros26.0 -disable-cross-import-overlay-search -swift-module-cross-import FoundationModels /Applications/Xcode-27.0.0-Release.Candidate.app/Contents/Developer/Platforms/XROS.platform/Developer/SDKs/XROS27.0.sdk/System/Library/Frameworks/FoundationModels.framework/Modules/FoundationModels.swiftcrossimport/SwiftUI.swiftoverlay -swift-module-cross-import FoundationModels /Applications/Xcode-27.0.0-Release.Candidate.app/Contents/Developer/Platforms/XROS.platform/Developer/SDKs/XROS27.0.sdk/System/Library/Frameworks/FoundationModels.framework/Modules/FoundationModels.swiftcrossimport/UIKit.swiftoverlay -load-resolved-plugin /Applications/Xcode-27.0.0-Release.Candidate.app/Contents/Developer/Platforms/XROS.platform/Developer/usr/lib/swift/host/plugins/libFoundationMacros.dylib\#/Applications/Xcode-27.0.0-Release.Candidate.app/Contents/Developer/Platforms/XROS.platform/Developer/usr/bin/swift-plugin-server\#FoundationMacros -load-resolved-plugin /Applications/Xcode-27.0.0-Release.Candidate.app/Contents/Developer/Platforms/XROS.platform/Developer/usr/lib/swift/host/plugins/libFoundationModelsMacros.dylib\#/Applications/Xcode-27.0.0-Release.Candidate.app/Contents/Developer/Platforms/XROS.platform/Developer/usr/bin/swift-plugin-server\#FoundationModelsMacros -load-resolved-plugin /Applications/Xcode-27.0.0-Release.Candidate.app/Contents/Developer/Platforms/XROS.platform/Developer/usr/lib/swift/host/plugins/libObservationMacros.dylib\#/Applications/Xcode-27.0.0-Release.Candidate.app/Contents/Developer/Platforms/XROS.platform/Developer/usr/bin/swift-plugin-server\#ObservationMacros -load-resolved-plugin \#/Users/admin/builder/spi-builder-workspace/.derivedData/Build/Products/Debug/SwiftAgentMacros\#SwiftAgentMacros -load-resolved-plugin /Applications/Xcode-27.0.0-Release.Candidate.app/Contents/Developer/Platforms/XROS.platform/Developer/usr/lib/swift/host/plugins/libSwiftMacros.dylib\#/Applications/Xcode-27.0.0-Release.Candidate.app/Contents/Developer/Platforms/XROS.platform/Developer/usr/bin/swift-plugin-server\#SwiftMacros -disable-implicit-swift-modules -Xcc -fno-implicit-modules -Xcc -fno-implicit-module-maps -explicit-swift-module-map-file /Users/admin/builder/spi-builder-workspace/.derivedData/Build/Intermediates.noindex/SwiftAgent.build/Debug-xros/SwiftAgentPlugins-t.build/Objects-normal/arm64/SwiftAgentPlugins-dependencies-1.json -Xllvm -aarch64-use-tbi -enable-objc-interop -stack-check -sdk /Applications/Xcode-27.0.0-Release.Candidate.app/Contents/Developer/Platforms/XROS.platform/Developer/SDKs/XROS27.0.sdk -I /Users/admin/builder/spi-builder-workspace/.derivedData/Build/Products/Debug-xros -Isystem /Applications/Xcode-27.0.0-Release.Candidate.app/Contents/Developer/Platforms/XROS.platform/Developer/usr/lib -F /Users/admin/builder/spi-builder-workspace/.derivedData/Build/Products/Debug-xros/PackageFrameworks -F /Users/admin/builder/spi-builder-workspace/.derivedData/Build/Products/Debug-xros -F /Applications/Xcode-27.0.0-Release.Candidate.app/Contents/Developer/Platforms/XROS.platform/Developer/Library/Frameworks -F /Applications/Xcode-27.0.0-Release.Candidate.app/Contents/Developer/Platforms/XROS.platform/Developer/SDKs/XROS27.0.sdk/Developer/Library/Frameworks -module-cache-path /Users/admin/builder/spi-builder-workspace/.derivedData/Build/Intermediates.noindex/SwiftExplicitPrecompiledModules -no-color-diagnostics -Xcc -fno-color-diagnostics -enable-testing -g -debug-info-format\=dwarf -dwarf-version\=5 -profile-generate -profile-coverage-mapping -swift-version 6 -Onone -D SWIFT_PACKAGE -D DEBUG -D SWIFT_MODULE_RESOURCE_BUNDLE_UNAVAILABLE -D Xcode -serialize-debugging-options -load-plugin-executable /Users/admin/builder/spi-builder-workspace/.derivedData/Build/Products/Debug/SwiftAgentMacros\#SwiftAgentMacros -enable-experimental-feature DebugDescriptionMacro -empty-abi-descriptor -validate-clang-modules-once -clang-build-session-file /Users/admin/builder/spi-builder-workspace/.derivedData/ModuleCache.noindex/Session.modulevalidation -Xcc -working-directory -Xcc /Users/admin/builder/spi-builder-workspace/.swiftpm/xcode -enable-anonymous-context-mangled-names -file-compilation-dir /Users/admin/builder/spi-builder-workspace/.swiftpm/xcode -Xcc -D_LIBCPP_HARDENING_MODE\=_LIBCPP_HARDENING_MODE_DEBUG -Xcc -ivfsstatcache -Xcc /Users/admin/builder/spi-builder-workspace/.derivedData/SDKStatCaches.noindex/xros27.0-24M361-e829b21a6f8c9b70876ba0858053c044735bd543db762f57723cac368afd1ce4.sdkstatcache -Xcc -fmodules-prune-interval\=86400 -Xcc -fmodules-prune-after\=345600 -Xcc -I/Users/admin/builder/spi-builder-workspace/.derivedData/Build/Products/Debug-xros/include -Xcc -I/Users/admin/builder/spi-builder-workspace/.derivedData/Build/Intermediates.noindex/SwiftAgent.build/Debug-xros/SwiftAgentPlugins-t.build/DerivedSources-normal/arm64 -Xcc -I/Users/admin/builder/spi-builder-workspace/.derivedData/Build/Intermediates.noindex/SwiftAgent.build/Debug-xros/SwiftAgentPlugins-t.build/DerivedSources/arm64 -Xcc -I/Users/admin/builder/spi-builder-workspace/.derivedData/Build/Intermediates.noindex/SwiftAgent.build/Debug-xros/SwiftAgentPlugins-t.build/DerivedSources -Xcc -DSWIFT_PACKAGE -Xcc -DDEBUG\=1 -no-auto-bridging-header-chaining -module-name SwiftAgentPlugins -package-name spi_builder_workspace -const-gather-protocols-file /Users/admin/builder/spi-builder-workspace/.derivedData/Build/Intermediates.noindex/SwiftAgent.build/Debug-xros/SwiftAgentPlugins-t.build/Objects-normal/arm64/SwiftAgentPlugins_const_extract_protocols.json -disable-clang-spi -clang-target arm64-apple-xros27.0 -target-sdk-version 27.0 -target-sdk-name xros27.0 -in-process-plugin-server-path /Applications/Xcode-27.0.0-Release.Candidate.app/Contents/Developer/Toolchains/XcodeDefault.xctoolchain/usr/lib/swift/host/libSwiftInProcPluginServer.dylib -parse-as-library -o /Users/admin/builder/spi-builder-workspace/.derivedData/Build/Intermediates.noindex/SwiftAgent.build/Debug-xros/SwiftAgentPlugins-t.build/Objects-normal/arm64/AgentSession+SwiftAgentPlugins.o -o /Users/admin/builder/spi-builder-workspace/.derivedData/Build/Intermediates.noindex/SwiftAgent.build/Debug-xros/SwiftAgentPlugins-t.build/Objects-normal/arm64/InstalledPluginRecord.o -o /Users/admin/builder/spi-builder-workspace/.derivedData/Build/Intermediates.noindex/SwiftAgent.build/Debug-xros/SwiftAgentPlugins-t.build/Objects-normal/arm64/PluginDefinition.o -debug-module-path /Users/admin/builder/spi-builder-workspace/.derivedData/Build/Intermediates.noindex/SwiftAgent.build/Debug-xros/SwiftAgentPlugins-t.build/Objects-normal/arm64/SwiftAgentPlugins.swiftmodule -index-unit-output-path /SwiftAgent.build/Debug-xros/SwiftAgentPlugins-t.build/Objects-normal/arm64/AgentSession+SwiftAgentPlugins.o -index-unit-output-path /SwiftAgent.build/Debug-xros/SwiftAgentPlugins-t.build/Objects-normal/arm64/InstalledPluginRecord.o -index-unit-output-path /SwiftAgent.build/Debug-xros/SwiftAgentPlugins-t.build/Objects-normal/arm64/PluginDefinition.o -index-store-path /Users/admin/builder/spi-builder-workspace/.derivedData/Index.noindex/DataStore -index-system-modules
SwiftCompile normal arm64 /Users/admin/builder/spi-builder-workspace/Sources/SwiftAgentPlugins/AgentSession+SwiftAgentPlugins.swift (in target 'SwiftAgentPlugins' from project 'SwiftAgent')
cd /Users/admin/builder/spi-builder-workspace/.swiftpm/xcode
builtin-SwiftPerFileCompile AgentSession+SwiftAgentPlugins.swift
SwiftCompile normal arm64 /Users/admin/builder/spi-builder-workspace/Sources/SwiftAgentPlugins/InstalledPluginRecord.swift (in target 'SwiftAgentPlugins' from project 'SwiftAgent')
cd /Users/admin/builder/spi-builder-workspace/.swiftpm/xcode
builtin-SwiftPerFileCompile InstalledPluginRecord.swift
SwiftCompile normal arm64 /Users/admin/builder/spi-builder-workspace/Sources/SwiftAgentPlugins/PluginDefinition.swift (in target 'SwiftAgentPlugins' from project 'SwiftAgent')
cd /Users/admin/builder/spi-builder-workspace/.swiftpm/xcode
builtin-SwiftPerFileCompile PluginDefinition.swift
SwiftDriverJobDiscovery normal arm64 Compiling PluginError.swift, PluginHookError.swift, PluginHookEvent.swift (in target 'SwiftAgentPlugins' from project 'SwiftAgent')
SwiftCompile normal arm64 Compiling\ PluginHookMiddleware.swift,\ PluginHookRunResult.swift,\ PluginHookRunner.swift /Users/admin/builder/spi-builder-workspace/Sources/SwiftAgentPlugins/PluginHookMiddleware.swift /Users/admin/builder/spi-builder-workspace/Sources/SwiftAgentPlugins/PluginHookRunResult.swift /Users/admin/builder/spi-builder-workspace/Sources/SwiftAgentPlugins/PluginHookRunner.swift (in target 'SwiftAgentPlugins' from project 'SwiftAgent')
SwiftCompile normal arm64 /Users/admin/builder/spi-builder-workspace/Sources/SwiftAgentPlugins/PluginHookMiddleware.swift (in target 'SwiftAgentPlugins' from project 'SwiftAgent')
cd /Users/admin/builder/spi-builder-workspace/.swiftpm/xcode
builtin-SwiftPerFileCompile PluginHookMiddleware.swift
SwiftCompile normal arm64 /Users/admin/builder/spi-builder-workspace/Sources/SwiftAgentPlugins/PluginHookRunResult.swift (in target 'SwiftAgentPlugins' from project 'SwiftAgent')
cd /Users/admin/builder/spi-builder-workspace/.swiftpm/xcode
builtin-SwiftPerFileCompile PluginHookRunResult.swift
SwiftCompile normal arm64 /Users/admin/builder/spi-builder-workspace/Sources/SwiftAgentPlugins/PluginHookRunner.swift (in target 'SwiftAgentPlugins' from project 'SwiftAgent')
cd /Users/admin/builder/spi-builder-workspace/.swiftpm/xcode
builtin-SwiftPerFileCompile PluginHookRunner.swift
SwiftDriverJobDiscovery normal arm64 Compiling PolicyAuthorization.swift, ReplicateTool.swift, RoutePlan.swift (in target 'SwiftAgentSymbio' from project 'SwiftAgent')
SwiftCompile normal arm64 Compiling\ PluginToolDefinition.swift,\ PluginToolPermission.swift,\ PluginUpdateOutcome.swift /Users/admin/builder/spi-builder-workspace/Sources/SwiftAgentPlugins/PluginToolDefinition.swift /Users/admin/builder/spi-builder-workspace/Sources/SwiftAgentPlugins/PluginToolPermission.swift /Users/admin/builder/spi-builder-workspace/Sources/SwiftAgentPlugins/PluginUpdateOutcome.swift (in target 'SwiftAgentPlugins' from project 'SwiftAgent')
SwiftCompile normal arm64 /Users/admin/builder/spi-builder-workspace/Sources/SwiftAgentPlugins/PluginToolDefinition.swift (in target 'SwiftAgentPlugins' from project 'SwiftAgent')
cd /Users/admin/builder/spi-builder-workspace/.swiftpm/xcode
builtin-SwiftPerFileCompile PluginToolDefinition.swift
SwiftCompile normal arm64 /Users/admin/builder/spi-builder-workspace/Sources/SwiftAgentPlugins/PluginToolPermission.swift (in target 'SwiftAgentPlugins' from project 'SwiftAgent')
cd /Users/admin/builder/spi-builder-workspace/.swiftpm/xcode
builtin-SwiftPerFileCompile PluginToolPermission.swift
SwiftCompile normal arm64 /Users/admin/builder/spi-builder-workspace/Sources/SwiftAgentPlugins/PluginUpdateOutcome.swift (in target 'SwiftAgentPlugins' from project 'SwiftAgent')
cd /Users/admin/builder/spi-builder-workspace/.swiftpm/xcode
builtin-SwiftPerFileCompile PluginUpdateOutcome.swift
SwiftDriverJobDiscovery normal arm64 Compiling ToolPipeline+SwiftAgentPlugins.swift, ToolRuntimeConfiguration+SwiftAgentPlugins.swift (in target 'SwiftAgentPlugins' from project 'SwiftAgent')
SwiftCompile normal arm64 Compiling\ PluginRegistry.swift,\ PluginTool.swift,\ PluginToolAdapter.swift /Users/admin/builder/spi-builder-workspace/Sources/SwiftAgentPlugins/PluginRegistry.swift /Users/admin/builder/spi-builder-workspace/Sources/SwiftAgentPlugins/PluginTool.swift /Users/admin/builder/spi-builder-workspace/Sources/SwiftAgentPlugins/PluginToolAdapter.swift (in target 'SwiftAgentPlugins' from project 'SwiftAgent')
SwiftCompile normal arm64 /Users/admin/builder/spi-builder-workspace/Sources/SwiftAgentPlugins/PluginRegistry.swift (in target 'SwiftAgentPlugins' from project 'SwiftAgent')
cd /Users/admin/builder/spi-builder-workspace/.swiftpm/xcode
builtin-SwiftPerFileCompile PluginRegistry.swift
SwiftCompile normal arm64 /Users/admin/builder/spi-builder-workspace/Sources/SwiftAgentPlugins/PluginTool.swift (in target 'SwiftAgentPlugins' from project 'SwiftAgent')
cd /Users/admin/builder/spi-builder-workspace/.swiftpm/xcode
builtin-SwiftPerFileCompile PluginTool.swift
SwiftCompile normal arm64 /Users/admin/builder/spi-builder-workspace/Sources/SwiftAgentPlugins/PluginToolAdapter.swift (in target 'SwiftAgentPlugins' from project 'SwiftAgent')
cd /Users/admin/builder/spi-builder-workspace/.swiftpm/xcode
builtin-SwiftPerFileCompile PluginToolAdapter.swift
SwiftCompile normal arm64 Compiling\ PluginHooks.swift,\ PluginInstallOutcome.swift,\ PluginInstallSource.swift /Users/admin/builder/spi-builder-workspace/Sources/SwiftAgentPlugins/PluginHooks.swift /Users/admin/builder/spi-builder-workspace/Sources/SwiftAgentPlugins/PluginInstallOutcome.swift /Users/admin/builder/spi-builder-workspace/Sources/SwiftAgentPlugins/PluginInstallSource.swift (in target 'SwiftAgentPlugins' from project 'SwiftAgent')
SwiftCompile normal arm64 /Users/admin/builder/spi-builder-workspace/Sources/SwiftAgentPlugins/PluginHooks.swift (in target 'SwiftAgentPlugins' from project 'SwiftAgent')
cd /Users/admin/builder/spi-builder-workspace/.swiftpm/xcode
builtin-SwiftPerFileCompile PluginHooks.swift
SwiftCompile normal arm64 /Users/admin/builder/spi-builder-workspace/Sources/SwiftAgentPlugins/PluginInstallOutcome.swift (in target 'SwiftAgentPlugins' from project 'SwiftAgent')
cd /Users/admin/builder/spi-builder-workspace/.swiftpm/xcode
builtin-SwiftPerFileCompile PluginInstallOutcome.swift
SwiftCompile normal arm64 /Users/admin/builder/spi-builder-workspace/Sources/SwiftAgentPlugins/PluginInstallSource.swift (in target 'SwiftAgentPlugins' from project 'SwiftAgent')
cd /Users/admin/builder/spi-builder-workspace/.swiftpm/xcode
builtin-SwiftPerFileCompile PluginInstallSource.swift
SwiftDriverJobDiscovery normal arm64 Compiling Skill.swift, SkillDiscovery.swift (in target 'SwiftAgentSkills' from project 'SwiftAgent')
SwiftDriver\ Compilation SwiftAgentSkills normal arm64 com.apple.xcode.tools.swift.compiler (in target 'SwiftAgentSkills' from project 'SwiftAgent')
cd /Users/admin/builder/spi-builder-workspace/.swiftpm/xcode
builtin-Swift-Compilation -- /Applications/Xcode-27.0.0-Release.Candidate.app/Contents/Developer/Toolchains/XcodeDefault.xctoolchain/usr/bin/swiftc -parse-as-library -module-name SwiftAgentSkills -Onone @/Users/admin/builder/spi-builder-workspace/.derivedData/Build/Intermediates.noindex/SwiftAgent.build/Debug-xros/SwiftAgentSkills-t.build/Objects-normal/arm64/SwiftAgentSkills.SwiftFileList -DSWIFT_PACKAGE -DDEBUG -DSWIFT_MODULE_RESOURCE_BUNDLE_UNAVAILABLE -DXcode -plugin-path /Applications/Xcode-27.0.0-Release.Candidate.app/Contents/Developer/Toolchains/XcodeDefault.xctoolchain/usr/lib/swift/host/plugins/testing -enable-experimental-feature DebugDescriptionMacro -sdk /Applications/Xcode-27.0.0-Release.Candidate.app/Contents/Developer/Platforms/XROS.platform/Developer/SDKs/XROS27.0.sdk -target arm64-apple-xros26.0 -g -module-cache-path /Users/admin/builder/spi-builder-workspace/.derivedData/ModuleCache.noindex -Xfrontend -serialize-debugging-options -profile-coverage-mapping -profile-generate -enable-testing -index-store-path /Users/admin/builder/spi-builder-workspace/.derivedData/Index.noindex/DataStore -Xcc -D_LIBCPP_HARDENING_MODE\=_LIBCPP_HARDENING_MODE_DEBUG -swift-version 6 -I /Users/admin/builder/spi-builder-workspace/.derivedData/Build/Products/Debug-xros -Isystem /Applications/Xcode-27.0.0-Release.Candidate.app/Contents/Developer/Platforms/XROS.platform/Developer/usr/lib -F /Users/admin/builder/spi-builder-workspace/.derivedData/Build/Products/Debug-xros/PackageFrameworks -F /Users/admin/builder/spi-builder-workspace/.derivedData/Build/Products/Debug-xros -F /Applications/Xcode-27.0.0-Release.Candidate.app/Contents/Developer/Platforms/XROS.platform/Developer/Library/Frameworks -F /Applications/Xcode-27.0.0-Release.Candidate.app/Contents/Developer/Platforms/XROS.platform/Developer/SDKs/XROS27.0.sdk/Developer/Library/Frameworks -Xfrontend -load-plugin-executable -Xfrontend /Users/admin/builder/spi-builder-workspace/.derivedData/Build/Products/Debug/SwiftAgentMacros\#SwiftAgentMacros -c -j10 -enable-batch-mode -incremental -Xcc -ivfsstatcache -Xcc /Users/admin/builder/spi-builder-workspace/.derivedData/SDKStatCaches.noindex/xros27.0-24M361-e829b21a6f8c9b70876ba0858053c044735bd543db762f57723cac368afd1ce4.sdkstatcache -output-file-map /Users/admin/builder/spi-builder-workspace/.derivedData/Build/Intermediates.noindex/SwiftAgent.build/Debug-xros/SwiftAgentSkills-t.build/Objects-normal/arm64/SwiftAgentSkills-OutputFileMap.json -save-temps -no-color-diagnostics -explicit-module-build -module-cache-path /Users/admin/builder/spi-builder-workspace/.derivedData/Build/Intermediates.noindex/SwiftExplicitPrecompiledModules -clang-scanner-module-cache-path /Users/admin/builder/spi-builder-workspace/.derivedData/ModuleCache.noindex -sdk-module-cache-path /Users/admin/builder/spi-builder-workspace/.derivedData/SDKExplicitPrecompiledModules -emit-dependencies -emit-module -emit-module-path /Users/admin/builder/spi-builder-workspace/.derivedData/Build/Intermediates.noindex/SwiftAgent.build/Debug-xros/SwiftAgentSkills-t.build/Objects-normal/arm64/SwiftAgentSkills.swiftmodule -serialize-diagnostics -dependency-scan-serialize-diagnostics-path /Users/admin/builder/spi-builder-workspace/.derivedData/Build/Intermediates.noindex/SwiftAgent.build/Debug-xros/SwiftAgentSkills-t.build/Objects-normal/arm64/SwiftAgentSkills-dependency-scan.dia -validate-clang-modules-once -clang-build-session-file /Users/admin/builder/spi-builder-workspace/.derivedData/ModuleCache.noindex/Session.modulevalidation -Xcc -fmodules-prune-interval\=86400 -Xcc -fmodules-prune-after\=345600 -package-name spi_builder_workspace -emit-const-values -const-gather-protocols-list /Users/admin/builder/spi-builder-workspace/.derivedData/Build/Intermediates.noindex/SwiftAgent.build/Debug-xros/SwiftAgentSkills-t.build/Objects-normal/arm64/SwiftAgentSkills_const_extract_protocols.json -Xcc -I/Users/admin/builder/spi-builder-workspace/.derivedData/Build/Products/Debug-xros/include -Xcc -I/Users/admin/builder/spi-builder-workspace/.derivedData/Build/Intermediates.noindex/SwiftAgent.build/Debug-xros/SwiftAgentSkills-t.build/DerivedSources-normal/arm64 -Xcc -I/Users/admin/builder/spi-builder-workspace/.derivedData/Build/Intermediates.noindex/SwiftAgent.build/Debug-xros/SwiftAgentSkills-t.build/DerivedSources/arm64 -Xcc -I/Users/admin/builder/spi-builder-workspace/.derivedData/Build/Intermediates.noindex/SwiftAgent.build/Debug-xros/SwiftAgentSkills-t.build/DerivedSources -Xcc -DSWIFT_PACKAGE -Xcc -DDEBUG\=1 -emit-objc-header -emit-objc-header-path /Users/admin/builder/spi-builder-workspace/.derivedData/Build/Intermediates.noindex/SwiftAgent.build/Debug-xros/SwiftAgentSkills-t.build/Objects-normal/arm64/SwiftAgentSkills-Swift.h -working-directory /Users/admin/builder/spi-builder-workspace/.swiftpm/xcode -experimental-emit-module-separately -disable-cmo
SwiftDriverJobDiscovery normal arm64 Compiling PluginManifestValidationError.swift, PluginMetadata.swift, PluginPermission.swift (in target 'SwiftAgentPlugins' from project 'SwiftAgent')
SwiftCompile normal arm64 Compiling\ MCPToolAdapter.swift /Users/admin/builder/spi-builder-workspace/Sources/SwiftAgentMCP/MCPToolAdapter.swift (in target 'SwiftAgentMCP' from project 'SwiftAgent')
SwiftCompile normal arm64 /Users/admin/builder/spi-builder-workspace/Sources/SwiftAgentMCP/MCPToolAdapter.swift (in target 'SwiftAgentMCP' from project 'SwiftAgent')
cd /Users/admin/builder/spi-builder-workspace/.swiftpm/xcode
builtin-SwiftPerFileCompile MCPToolAdapter.swift
SwiftCompile normal arm64 Compiling\ MCPDiscoveredTool.swift /Users/admin/builder/spi-builder-workspace/Sources/SwiftAgentMCP/MCPDiscoveredTool.swift (in target 'SwiftAgentMCP' from project 'SwiftAgent')
SwiftCompile normal arm64 /Users/admin/builder/spi-builder-workspace/Sources/SwiftAgentMCP/MCPDiscoveredTool.swift (in target 'SwiftAgentMCP' from project 'SwiftAgent')
cd /Users/admin/builder/spi-builder-workspace/.swiftpm/xcode
builtin-SwiftPerFileCompile MCPDiscoveredTool.swift
SwiftDriverJobDiscovery normal arm64 Compiling CoordinationSurface.swift, DeliveryOption.swift, Evidence.swift (in target 'SwiftAgentSymbio' from project 'SwiftAgent')
SwiftCompile normal arm64 Compiling\ MCPClient.swift /Users/admin/builder/spi-builder-workspace/Sources/SwiftAgentMCP/MCPClient.swift (in target 'SwiftAgentMCP' from project 'SwiftAgent')
SwiftCompile normal arm64 /Users/admin/builder/spi-builder-workspace/Sources/SwiftAgentMCP/MCPClient.swift (in target 'SwiftAgentMCP' from project 'SwiftAgent')
cd /Users/admin/builder/spi-builder-workspace/.swiftpm/xcode
builtin-SwiftPerFileCompile MCPClient.swift
SwiftDriverJobDiscovery normal arm64 Compiling PluginJSONValue.swift, PluginKind.swift, PluginLifecycle.swift (in target 'SwiftAgentPlugins' from project 'SwiftAgent')
PruneExplicitPrecompiledModules /Users/admin/builder/spi-builder-workspace/.derivedData/Build/Intermediates.noindex/ExplicitPrecompiledModules
PruneExplicitPrecompiledModules /Users/admin/builder/spi-builder-workspace/.derivedData/SDKExplicitPrecompiledModules
PruneExplicitPrecompiledModules /Users/admin/builder/spi-builder-workspace/.derivedData/Build/Intermediates.noindex/SwiftExplicitPrecompiledModules
2026-09-26 18:18:28.258 xcodebuild[1932:10082] [MT] IDERunDestination: Supported platforms for the buildables in the current scheme is empty.
** BUILD FAILED **
The following build commands failed:
SwiftCompile normal arm64 Compiling\ AgentSession+SwiftAgentPlugins.swift,\ InstalledPluginRecord.swift,\ PluginDefinition.swift /Users/admin/builder/spi-builder-workspace/Sources/SwiftAgentPlugins/AgentSession+SwiftAgentPlugins.swift /Users/admin/builder/spi-builder-workspace/Sources/SwiftAgentPlugins/InstalledPluginRecord.swift /Users/admin/builder/spi-builder-workspace/Sources/SwiftAgentPlugins/PluginDefinition.swift (in target 'SwiftAgentPlugins' from project 'SwiftAgent')
SwiftCompile normal arm64 /Users/admin/builder/spi-builder-workspace/Sources/SwiftAgentPlugins/PluginDefinition.swift (in target 'SwiftAgentPlugins' from project 'SwiftAgent')
Building workspace SwiftAgent with scheme SwiftAgent-Package
(3 failures)
Command line invocation:
/Applications/Xcode-27.0.0-Release.Candidate.app/Contents/Developer/usr/bin/xcodebuild -IDEClonedSourcePackagesDirPathOverride=/Users/admin/builder/spi-builder-workspace/.dependencies -resolvePackageDependencies
Resolve Package Graph
Resolved source packages:
swift-yaml: https://github.com/1amageek/swift-yaml.git @ 1.0.1
swift-service-context: https://github.com/apple/swift-service-context.git @ 1.3.0
swift-nio: https://github.com/apple/swift-nio.git @ 2.103.0
swift-syntax: https://github.com/swiftlang/swift-syntax.git @ 602.0.0
swift-tls: https://github.com/1amageek/swift-tls.git @ 2.1.0
swift-ssl: https://github.com/1amageek/swift-ssl.git @ 0.4.0
SwiftAgent: /Users/admin/builder/spi-builder-workspace
swift-argument-parser: https://github.com/apple/swift-argument-parser.git @ 1.8.2
swift-nio-udp: https://github.com/1amageek/swift-nio-udp.git @ 1.1.5
swift-log: https://github.com/apple/swift-log.git @ 1.15.1
mcp-swift-sdk: https://github.com/modelcontextprotocol/swift-sdk.git @ 0.12.1
SwiftDocCPlugin: https://github.com/swiftlang/swift-docc-plugin.git @ 1.5.0
EventSource: https://github.com/mattt/eventsource.git @ 1.5.1
swift-metrics: https://github.com/apple/swift-metrics.git @ 2.11.0
swift-SWIM: https://github.com/1amageek/swift-SWIM.git @ 2.0.0
SwiftSkill: https://github.com/1amageek/swift-skills.git @ 0.2.1
swift-quic: https://github.com/1amageek/swift-quic.git @ 2.0.2
swift-crypto: https://github.com/1amageek/swift-crypto.git @ 4.5.4
swift-libp2p: https://github.com/1amageek/swift-libp2p.git @ 0.5.0
swift-webrtc: https://github.com/1amageek/swift-webrtc.git @ 3.0.0
swift-system: https://github.com/apple/swift-system.git @ 1.8.1
swift-distributed-tracing: https://github.com/apple/swift-distributed-tracing.git @ 1.5.0
SymbolKit: https://github.com/swiftlang/swift-docc-symbolkit @ 1.0.0
swift-actor-runtime: https://github.com/1amageek/swift-actor-runtime.git @ 0.6.1
swift-atomics: https://github.com/apple/swift-atomics.git @ 1.3.1
swift-collections: https://github.com/apple/swift-collections.git @ 1.7.1
swift-peer-connectivity: https://github.com/1amageek/swift-peer-connectivity.git @ 0.3.0
swift-networking: https://github.com/1amageek/swift-networking.git @ 0.1.0
swift-mDNS: https://github.com/1amageek/swift-mDNS.git @ 2.0.0
resolved source packages: swift-yaml, swift-service-context, swift-nio, swift-syntax, swift-tls, swift-ssl, SwiftAgent, swift-argument-parser, swift-nio-udp, swift-log, mcp-swift-sdk, SwiftDocCPlugin, EventSource, swift-metrics, swift-SWIM, SwiftSkill, swift-quic, swift-crypto, swift-libp2p, swift-webrtc, swift-system, swift-distributed-tracing, SymbolKit, swift-actor-runtime, swift-atomics, swift-collections, swift-peer-connectivity, swift-networking, swift-mDNS
2026-09-26 18:19:07.599 xcodebuild[2930:15039] [MT] IDERunDestination: Supported platforms for the buildables in the current scheme is empty.
{
"dependencies" : [
{
"identity" : "swift-syntax",
"requirement" : {
"range" : [
{
"lower_bound" : "602.0.0",
"upper_bound" : "603.0.0"
}
]
},
"type" : "sourceControl",
"url" : "https://github.com/swiftlang/swift-syntax.git"
},
{
"identity" : "swift-distributed-tracing",
"requirement" : {
"range" : [
{
"lower_bound" : "1.2.1",
"upper_bound" : "2.0.0"
}
]
},
"type" : "sourceControl",
"url" : "https://github.com/apple/swift-distributed-tracing.git"
},
{
"identity" : "swift-metrics",
"requirement" : {
"range" : [
{
"lower_bound" : "1.0.0",
"upper_bound" : "3.0.0"
}
]
},
"type" : "sourceControl",
"url" : "https://github.com/apple/swift-metrics.git"
},
{
"identity" : "swift-nio",
"requirement" : {
"range" : [
{
"lower_bound" : "2.91.0",
"upper_bound" : "3.0.0"
}
]
},
"type" : "sourceControl",
"url" : "https://github.com/apple/swift-nio.git"
},
{
"identity" : "swift-argument-parser",
"requirement" : {
"range" : [
{
"lower_bound" : "1.6.1",
"upper_bound" : "2.0.0"
}
]
},
"type" : "sourceControl",
"url" : "https://github.com/apple/swift-argument-parser.git"
},
{
"identity" : "swift-sdk",
"requirement" : {
"range" : [
{
"lower_bound" : "0.12.0",
"upper_bound" : "1.0.0"
}
]
},
"type" : "sourceControl",
"url" : "https://github.com/modelcontextprotocol/swift-sdk.git"
},
{
"identity" : "swift-actor-runtime",
"requirement" : {
"range" : [
{
"lower_bound" : "0.2.0",
"upper_bound" : "1.0.0"
}
]
},
"type" : "sourceControl",
"url" : "https://github.com/1amageek/swift-actor-runtime.git"
},
{
"identity" : "swift-skills",
"requirement" : {
"range" : [
{
"lower_bound" : "0.2.1",
"upper_bound" : "1.0.0"
}
]
},
"type" : "sourceControl",
"url" : "https://github.com/1amageek/swift-skills.git"
},
{
"identity" : "swift-peer-connectivity",
"requirement" : {
"range" : [
{
"lower_bound" : "0.2.5",
"upper_bound" : "1.0.0"
}
]
},
"type" : "sourceControl",
"url" : "https://github.com/1amageek/swift-peer-connectivity.git"
},
{
"identity" : "swift-docc-plugin",
"requirement" : {
"range" : [
{
"lower_bound" : "1.4.3",
"upper_bound" : "2.0.0"
}
]
},
"type" : "sourceControl",
"url" : "https://github.com/swiftlang/swift-docc-plugin.git"
},
{
"identity" : "openfoundationmodels",
"requirement" : {
"range" : [
{
"lower_bound" : "1.18.0",
"upper_bound" : "2.0.0"
}
]
},
"type" : "sourceControl",
"url" : "https://github.com/1amageek/OpenFoundationModels.git"
}
],
"manifest_display_name" : "SwiftAgent",
"name" : "SwiftAgent",
"path" : "/Users/admin/builder/spi-builder-workspace",
"platforms" : [
{
"name" : "ios",
"version" : "26.0"
},
{
"name" : "macos",
"version" : "26.0"
},
{
"name" : "watchos",
"version" : "26.0"
},
{
"name" : "tvos",
"version" : "26.0"
}
],
"products" : [
{
"name" : "SwiftAgent",
"targets" : [
"SwiftAgent"
],
"type" : {
"library" : [
"automatic"
]
}
},
{
"name" : "SwiftAgentSkills",
"targets" : [
"SwiftAgentSkills"
],
"type" : {
"library" : [
"automatic"
]
}
},
{
"name" : "SwiftAgentSymbio",
"targets" : [
"SwiftAgentSymbio"
],
"type" : {
"library" : [
"automatic"
]
}
},
{
"name" : "SwiftAgentSymbioPeerConnectivity",
"targets" : [
"SwiftAgentSymbioPeerConnectivity"
],
"type" : {
"library" : [
"automatic"
]
}
},
{
"name" : "SwiftAgentMCP",
"targets" : [
"SwiftAgentMCP"
],
"type" : {
"library" : [
"automatic"
]
}
},
{
"name" : "SwiftAgentPlugins",
"targets" : [
"SwiftAgentPlugins"
],
"type" : {
"library" : [
"automatic"
]
}
},
{
"name" : "AgentTools",
"targets" : [
"AgentTools"
],
"type" : {
"library" : [
"automatic"
]
}
},
{
"name" : "SwiftAgentMacros",
"targets" : [
"SwiftAgentMacros"
],
"type" : {
"macro" : null
}
}
],
"targets" : [
{
"c99name" : "SwiftAgentTests",
"module_type" : "SwiftTarget",
"name" : "SwiftAgentTests",
"path" : "Tests/SwiftAgentTests",
"product_dependencies" : [
"MetricsTestKit"
],
"sources" : [
"AgentSessionRunnerTests.swift",
"AgentSessionTests.swift",
"AgentTaskEnvelopeTests.swift",
"AgentTests.swift",
"AgentWorkflowE2ETests.swift",
"AgentWorkflowExecutorTests.swift",
"AnyStepTests.swift",
"ContextTests.swift",
"DispatchToolTests.swift",
"EventTests.swift",
"FoundationModelsTests.swift",
"FoundationModelsToolSearchE2ETests.swift",
"GatePipelineTests.swift",
"GenerateRetryTests.swift",
"LoopTests.swift",
"MapReduceTests.swift",
"MemoryRelayTests.swift",
"MetricsEmittingMiddlewareTests.swift",
"MockTransport.swift",
"MonitorTests.swift",
"ParallelTests.swift",
"PluginHookRuntimeTests.swift",
"PluginManagerTests.swift",
"PluginPermissionRuntimeTests.swift",
"PluginStateTests.swift",
"RaceTests.swift",
"RunEventLifecycleTests.swift",
"SecurityTests.swift",
"SessionTests.swift",
"StepTests.swift",
"SwiftAgentTests.swift",
"ToolPipelineCompatibilityTests.swift",
"ToolSearchE2ETests.swift",
"ToolSearchToolTests.swift",
"TurnCancellationTokenTests.swift",
"TurnGateTests.swift"
],
"target_dependencies" : [
"SwiftAgent",
"SwiftAgentPlugins",
"AgentTools"
],
"type" : "test"
},
{
"c99name" : "SwiftAgentSymbioTests",
"module_type" : "SwiftTarget",
"name" : "SwiftAgentSymbioTests",
"path" : "Tests/SwiftAgentSymbioTests",
"sources" : [
"SymbioE2ETests.swift",
"SymbioParticipantModelTests.swift",
"SymbioRuntimeTests.swift"
],
"target_dependencies" : [
"SwiftAgent",
"SwiftAgentSymbio"
],
"type" : "test"
},
{
"c99name" : "SwiftAgentSymbioPeerConnectivityTests",
"module_type" : "SwiftTarget",
"name" : "SwiftAgentSymbioPeerConnectivityTests",
"path" : "Tests/SwiftAgentSymbioPeerConnectivityTests",
"product_dependencies" : [
"PeerConnectivity",
"NIOCore"
],
"sources" : [
"PeerConnectivitySymbioTransportTests.swift"
],
"target_dependencies" : [
"SwiftAgentSymbio",
"SwiftAgentSymbioPeerConnectivity"
],
"type" : "test"
},
{
"c99name" : "SwiftAgentSymbioPeerConnectivity",
"module_type" : "SwiftTarget",
"name" : "SwiftAgentSymbioPeerConnectivity",
"path" : "Sources/SwiftAgentSymbioPeerConnectivity",
"product_dependencies" : [
"PeerConnectivity",
"NIOCore"
],
"product_memberships" : [
"SwiftAgentSymbioPeerConnectivity"
],
"sources" : [
"PeerConnectivitySymbioTransport.swift"
],
"target_dependencies" : [
"SwiftAgentSymbio"
],
"type" : "library"
},
{
"c99name" : "SwiftAgentSymbio",
"module_type" : "SwiftTarget",
"name" : "SwiftAgentSymbio",
"path" : "Sources/SwiftAgentSymbio",
"product_dependencies" : [
"ActorRuntime"
],
"product_memberships" : [
"SwiftAgentSymbio",
"SwiftAgentSymbioPeerConnectivity"
],
"sources" : [
"Address.swift",
"Affordance.swift",
"AggregateParticipantDescriptor.swift",
"Availability.swift",
"CapabilityContract.swift",
"Claim.swift",
"Communicable.swift",
"CoordinationSurface.swift",
"DeliveryOption.swift",
"Evidence.swift",
"MeshScoring.swift",
"Message.swift",
"MessageRepresentation.swift",
"ParticipantDescriptor.swift",
"ParticipantID.swift",
"ParticipantRecord.swift",
"ParticipantView.swift",
"PeerLocation.swift",
"PeerObservation.swift",
"PolicyAuthorization.swift",
"ReplicateTool.swift",
"RoutePlan.swift",
"SemanticAssertion.swift",
"SymbioActorSystem.swift",
"SymbioError.swift",
"SymbioInvocationDecoder.swift",
"SymbioInvocationEncoder.swift",
"SymbioResultHandler.swift",
"SymbioRuntime.swift",
"SymbioTransport.swift",
"TrustView.swift"
],
"target_dependencies" : [
"SwiftAgent"
],
"type" : "library"
},
{
"c99name" : "SwiftAgentSkillsTests",
"module_type" : "SwiftTarget",
"name" : "SwiftAgentSkillsTests",
"path" : "Tests/SwiftAgentSkillsTests",
"sources" : [
"SkillRuntimeTests.swift"
],
"target_dependencies" : [
"SwiftAgent",
"SwiftAgentSkills"
],
"type" : "test"
},
{
"c99name" : "SwiftAgentSkills",
"module_type" : "SwiftTarget",
"name" : "SwiftAgentSkills",
"path" : "Sources/SwiftAgentSkills",
"product_dependencies" : [
"SwiftSkill"
],
"product_memberships" : [
"SwiftAgentSkills"
],
"sources" : [
"AgentSession+Skills.swift",
"AgentSessionRunnerConfiguration+Skills.swift",
"Skill.swift",
"SkillDiscovery.swift",
"SkillDiscoveryRoot.swift",
"SkillError.swift",
"SkillLoader.swift",
"SkillMetadata.swift",
"SkillOrigin.swift",
"SkillPermissions.swift",
"SkillRegistry.swift",
"SkillRuntime.swift",
"SkillTool.swift",
"SkillsConfiguration.swift"
],
"target_dependencies" : [
"SwiftAgent"
],
"type" : "library"
},
{
"c99name" : "SwiftAgentPlugins",
"module_type" : "SwiftTarget",
"name" : "SwiftAgentPlugins",
"path" : "Sources/SwiftAgentPlugins",
"product_memberships" : [
"SwiftAgentPlugins"
],
"sources" : [
"AgentSession+SwiftAgentPlugins.swift",
"InstalledPluginRecord.swift",
"PluginDefinition.swift",
"PluginError.swift",
"PluginHookError.swift",
"PluginHookEvent.swift",
"PluginHookMiddleware.swift",
"PluginHookRunResult.swift",
"PluginHookRunner.swift",
"PluginHooks.swift",
"PluginInstallOutcome.swift",
"PluginInstallSource.swift",
"PluginJSONValue.swift",
"PluginKind.swift",
"PluginLifecycle.swift",
"PluginManager.swift",
"PluginManagerConfig.swift",
"PluginManifest.swift",
"PluginManifestValidationError.swift",
"PluginMetadata.swift",
"PluginPermission.swift",
"PluginRegistry.swift",
"PluginTool.swift",
"PluginToolAdapter.swift",
"PluginToolDefinition.swift",
"PluginToolPermission.swift",
"PluginUpdateOutcome.swift",
"ToolPipeline+SwiftAgentPlugins.swift",
"ToolRuntimeConfiguration+SwiftAgentPlugins.swift"
],
"target_dependencies" : [
"SwiftAgent"
],
"type" : "library"
},
{
"c99name" : "SwiftAgentMacros",
"module_type" : "SwiftTarget",
"name" : "SwiftAgentMacros",
"path" : "Sources/SwiftAgentMacros",
"product_dependencies" : [
"SwiftSyntax",
"SwiftSyntaxMacros",
"SwiftCompilerPlugin"
],
"product_memberships" : [
"SwiftAgent",
"SwiftAgentSkills",
"SwiftAgentSymbio",
"SwiftAgentSymbioPeerConnectivity",
"SwiftAgentMCP",
"SwiftAgentPlugins",
"AgentTools",
"SwiftAgentMacros"
],
"sources" : [
"ContextableMacro.swift"
],
"type" : "macro"
},
{
"c99name" : "SwiftAgentMCP",
"module_type" : "SwiftTarget",
"name" : "SwiftAgentMCP",
"path" : "Sources/SwiftAgentMCP",
"product_dependencies" : [
"MCP"
],
"product_memberships" : [
"SwiftAgentMCP"
],
"sources" : [
"AgentMCP.swift",
"MCPAuth.swift",
"MCPClient.swift",
"MCPClientManager+ToolRuntime.swift",
"MCPClientManager.swift",
"MCPConfiguration.swift",
"MCPDiscoveredTool.swift",
"MCPServer.swift",
"MCPToolAdapter.swift"
],
"target_dependencies" : [
"SwiftAgent"
],
"type" : "library"
},
{
"c99name" : "SwiftAgent",
"module_type" : "SwiftTarget",
"name" : "SwiftAgent",
"path" : "Sources/SwiftAgent",
"product_dependencies" : [
"Tracing",
"Instrumentation",
"Metrics",
"ActorRuntime"
],
"product_memberships" : [
"SwiftAgent",
"SwiftAgentSkills",
"SwiftAgentSymbio",
"SwiftAgentSymbioPeerConnectivity",
"SwiftAgentMCP",
"SwiftAgentPlugins",
"AgentTools"
],
"sources" : [
"Agent.swift",
"AgentError.swift",
"AgentResponse.swift",
"AnyStep.swift",
"Checkpoint/CheckpointManager.swift",
"Context.swift",
"Context/CompactionStrategies.swift",
"Context/CompactionStrategy.swift",
"Context/ContextConfiguration.swift",
"Context/ContextManager.swift",
"Context/ContextUsage.swift",
"Context/Contextable.swift",
"Context/ContextableMacro.swift",
"Conversation.swift",
"DeferredTool.swift",
"ErrorHandling/MapErrorStep.swift",
"ErrorHandling/RetryStep.swift",
"ErrorHandling/Step+ErrorHandling.swift",
"ErrorHandling/StepTimeoutError.swift",
"ErrorHandling/TimedStep.swift",
"ErrorHandling/Try.swift",
"Event.swift",
"Gate.swift",
"Generate.swift",
"Guardrail/GuardedStep.swift",
"Guardrail/Guardrail.swift",
"Guardrail/GuardrailBuilder.swift",
"Guardrail/GuardrailConfiguration.swift",
"Guardrail/GuardrailContext.swift",
"Guardrail/GuardrailRule.swift",
"Guardrail/Step+Guardrail.swift",
"IO/AgentSession.swift",
"IO/AgentSessionContext.swift",
"IO/AgentTransport.swift",
"IO/AgentTurnExecutor.swift",
"IO/AgentTurnExecutorError.swift",
"IO/ApprovalBridgeHandler.swift",
"IO/ApprovalHandler.swift",
"IO/EventSink.swift",
"IO/PermissionHandlerContext.swift",
"IO/RunEvent.swift",
"IO/RunRequest.swift",
"IO/RunResult.swift",
"IO/TurnCancellationToken.swift",
"Join.swift",
"Loop.swift",
"Map.swift",
"Memory.swift",
"Middleware/BasicMiddleware.swift",
"Middleware/EventEmittingMiddleware.swift",
"Middleware/ToolContextMetadataProvider.swift",
"Middleware/ToolMiddleware.swift",
"Middleware/ToolPipeline.swift",
"Monitor.swift",
"Parallel.swift",
"Perception.swift",
"Pipeline.swift",
"Presence.swift",
"PromptTemplates.swift",
"Race.swift",
"Reduce.swift",
"Runtime/ToolExecutor.swift",
"Runtime/ToolRuntime.swift",
"Runtime/ToolRuntimeConfiguration.swift",
"Security/PermissionConfiguration.swift",
"Security/PermissionHandler.swift",
"Security/PermissionMiddleware.swift",
"Security/PermissionMode.swift",
"Security/PermissionRule.swift",
"Security/SandboxContext.swift",
"Security/SandboxExecutor.swift",
"Security/SandboxMiddleware.swift",
"Security/SecurityConfiguration.swift",
"Security/ToolAuthorizationDecision.swift",
"Security/ToolAuthorizationMetadata.swift",
"Session.swift",
"SessionStore.swift",
"Step.swift",
"StepModifier.swift",
"SwiftAgent.swift",
"SwiftAgentSpanAttributes.swift",
"SystemInfo.swift",
"Tasks/AgentAssignee.swift",
"Tasks/AgentSessionRunner.swift",
"Tasks/AgentSessionRunnerConfiguration.swift",
"Tasks/AgentSessionRunnerError.swift",
"Tasks/AgentTaskCompleted.swift",
"Tasks/AgentTaskEnvelope.swift",
"Tasks/AgentTaskEvent.swift",
"Tasks/AgentTaskPolicy.swift",
"Tasks/AgentTaskPriority.swift",
"Tasks/AgentTaskRelation.swift",
"Tasks/AgentTaskResult.swift",
"Tasks/AgentTaskRunEvent.swift",
"Tasks/AgentTaskStarted.swift",
"Tasks/AgentToolScope.swift",
"Tasks/AgentWorkflowAccess.swift",
"Tasks/AgentWorkflowExecutor.swift",
"Tasks/AgentWorkflowExecutorError.swift",
"Tasks/AgentWorkflowPlan.swift",
"Tasks/AgentWorkflowPolicy.swift",
"Tasks/AgentWorkflowResult.swift",
"Tasks/AgentWorkflowStatus.swift",
"Tasks/AgentWorkflowStep.swift",
"Tasks/AgentWorkflowStepError.swift",
"Tasks/AgentWorkflowStepResult.swift",
"Tasks/AgentWorkflowStepRole.swift",
"Telemetry/MetricsEmittingMiddleware.swift",
"Telemetry/SwiftAgentMetrics.swift",
"Tool+Step.swift",
"ToolSearchTool.swift",
"ToolsBuilder.swift",
"Tracing.swift",
"TranscriptExtensions.swift",
"Transform.swift",
"Transport/HTTPSSETransport.swift",
"Transport/StdioTransport.swift",
"Transport/WebSocketTransport.swift",
"WaitForInput.swift"
],
"target_dependencies" : [
"SwiftAgentMacros"
],
"type" : "library"
},
{
"c99name" : "AgentsTests",
"module_type" : "SwiftTarget",
"name" : "AgentsTests",
"path" : "Tests/AgentsTests",
"sources" : [
"AgentsTests.swift"
],
"target_dependencies" : [
"SwiftAgent",
"AgentTools"
],
"type" : "test"
},
{
"c99name" : "AgentTools",
"module_type" : "SwiftTarget",
"name" : "AgentTools",
"path" : "Sources/AgentTools",
"product_memberships" : [
"AgentTools"
],
"sources" : [
"DispatchTool.swift",
"EditTool.swift",
"ExecuteCommandTool.swift",
"FileSystemActor.swift",
"GitTool.swift",
"GlobTool.swift",
"GrepTool.swift",
"MultiEditTool.swift",
"NotebookStorage.swift",
"NotebookTool.swift",
"ReadTool.swift",
"URLFetchTool.swift",
"WebSearchTool.swift",
"WriteTool.swift"
],
"target_dependencies" : [
"SwiftAgent"
],
"type" : "library"
}
],
"tools_version" : "6.2"
}
{
"workspace" : {
"name" : "SwiftAgent",
"schemes" : [
"AgentTools",
"SwiftAgent",
"SwiftAgent-Package",
"SwiftAgentMCP",
"SwiftAgentPlugins",
"SwiftAgentSkills",
"SwiftAgentSymbio",
"SwiftAgentSymbioPeerConnectivity"
]
}
}
2026-09-26 18:19:17.399 xcodebuild[2997:15505] [MT] IDERunDestination: Supported platforms for the buildables in the current scheme is empty.
{
"workspace" : {
"name" : "SwiftAgent",
"schemes" : [
"AgentTools",
"SwiftAgent",
"SwiftAgent-Package",
"SwiftAgentMCP",
"SwiftAgentPlugins",
"SwiftAgentSkills",
"SwiftAgentSymbio",
"SwiftAgentSymbioPeerConnectivity"
]
}
}
2026-09-26 18:19:27.091 xcodebuild[3058:15936] [MT] IDERunDestination: Supported platforms for the buildables in the current scheme is empty.
Running build ...
env DEVELOPER_DIR=/Applications/Xcode-27.0.0-Release.Candidate.app xcrun xcodebuild -IDEClonedSourcePackagesDirPathOverride=$PWD/.dependencies -skipMacroValidation -skipPackagePluginValidation -derivedDataPath $PWD/.derivedData build -scheme SwiftAgent-Package -destination generic/platform=xrOS
Command line invocation:
/Applications/Xcode-27.0.0-Release.Candidate.app/Contents/Developer/usr/bin/xcodebuild -IDEClonedSourcePackagesDirPathOverride=/Users/admin/builder/spi-builder-workspace/.dependencies -skipMacroValidation -skipPackagePluginValidation -derivedDataPath /Users/admin/builder/spi-builder-workspace/.derivedData build -scheme SwiftAgent-Package -destination generic/platform=xrOS
Resolve Package Graph
Resolved source packages:
swift-webrtc: https://github.com/1amageek/swift-webrtc.git @ 3.0.0
mcp-swift-sdk: https://github.com/modelcontextprotocol/swift-sdk.git @ 0.12.1
swift-networking: https://github.com/1amageek/swift-networking.git @ 0.1.0
swift-argument-parser: https://github.com/apple/swift-argument-parser.git @ 1.8.2
swift-service-context: https://github.com/apple/swift-service-context.git @ 1.3.0
swift-SWIM: https://github.com/1amageek/swift-SWIM.git @ 2.0.0
swift-distributed-tracing: https://github.com/apple/swift-distributed-tracing.git @ 1.5.0
SymbolKit: https://github.com/swiftlang/swift-docc-symbolkit @ 1.0.0
swift-tls: https://github.com/1amageek/swift-tls.git @ 2.1.0
swift-system: https://github.com/apple/swift-system.git @ 1.8.1
SwiftDocCPlugin: https://github.com/swiftlang/swift-docc-plugin.git @ 1.5.0
swift-yaml: https://github.com/1amageek/swift-yaml.git @ 1.0.1
SwiftSkill: https://github.com/1amageek/swift-skills.git @ 0.2.1
swift-ssl: https://github.com/1amageek/swift-ssl.git @ 0.4.0
swift-metrics: https://github.com/apple/swift-metrics.git @ 2.11.0
swift-crypto: https://github.com/1amageek/swift-crypto.git @ 4.5.4
swift-log: https://github.com/apple/swift-log.git @ 1.15.1
swift-quic: https://github.com/1amageek/swift-quic.git @ 2.0.2
SwiftAgent: /Users/admin/builder/spi-builder-workspace
swift-nio: https://github.com/apple/swift-nio.git @ 2.103.0
EventSource: https://github.com/mattt/eventsource.git @ 1.5.1
swift-peer-connectivity: https://github.com/1amageek/swift-peer-connectivity.git @ 0.3.0
swift-actor-runtime: https://github.com/1amageek/swift-actor-runtime.git @ 0.6.1
swift-atomics: https://github.com/apple/swift-atomics.git @ 1.3.1
swift-nio-udp: https://github.com/1amageek/swift-nio-udp.git @ 1.1.5
swift-syntax: https://github.com/swiftlang/swift-syntax.git @ 602.0.0
swift-mDNS: https://github.com/1amageek/swift-mDNS.git @ 2.0.0
swift-libp2p: https://github.com/1amageek/swift-libp2p.git @ 0.5.0
swift-collections: https://github.com/apple/swift-collections.git @ 1.7.1
ComputePackagePrebuildTargetDependencyGraph
Prepare packages
CreateBuildRequest
SendProjectDescription
CreateBuildOperation
ComputeTargetDependencyGraph
note: Building targets in dependency order
note: Target dependency graph (60 targets)
Target 'AgentTools-product' in project 'SwiftAgent'
➜ Explicit dependency on target 'AgentTools' in project 'SwiftAgent'
➜ Explicit dependency on target 'SwiftAgentMacros' in project 'SwiftAgent'
➜ Explicit dependency on target 'SwiftAgent' in project 'SwiftAgent'
➜ Explicit dependency on target 'Tracing-product' in project 'swift-distributed-tracing'
➜ Explicit dependency on target 'Instrumentation-product' in project 'swift-distributed-tracing'
➜ Explicit dependency on target 'Metrics-product' in project 'swift-metrics'
➜ Explicit dependency on target 'ActorRuntime-product' in project 'swift-actor-runtime'
Target 'AgentTools' in project 'SwiftAgent'
➜ Explicit dependency on target 'SwiftAgentMacros' in project 'SwiftAgent'
➜ Explicit dependency on target 'SwiftAgent' in project 'SwiftAgent'
➜ Explicit dependency on target 'Tracing-product' in project 'swift-distributed-tracing'
➜ Explicit dependency on target 'Instrumentation-product' in project 'swift-distributed-tracing'
➜ Explicit dependency on target 'Metrics-product' in project 'swift-metrics'
➜ Explicit dependency on target 'ActorRuntime-product' in project 'swift-actor-runtime'
Target 'SwiftAgentPlugins-product' in project 'SwiftAgent'
➜ Explicit dependency on target 'SwiftAgentPlugins' in project 'SwiftAgent'
➜ Explicit dependency on target 'SwiftAgentMacros' in project 'SwiftAgent'
➜ Explicit dependency on target 'SwiftAgent' in project 'SwiftAgent'
➜ Explicit dependency on target 'Tracing-product' in project 'swift-distributed-tracing'
➜ Explicit dependency on target 'Instrumentation-product' in project 'swift-distributed-tracing'
➜ Explicit dependency on target 'Metrics-product' in project 'swift-metrics'
➜ Explicit dependency on target 'ActorRuntime-product' in project 'swift-actor-runtime'
Target 'SwiftAgentPlugins' in project 'SwiftAgent'
➜ Explicit dependency on target 'SwiftAgentMacros' in project 'SwiftAgent'
➜ Explicit dependency on target 'SwiftAgent' in project 'SwiftAgent'
➜ Explicit dependency on target 'Tracing-product' in project 'swift-distributed-tracing'
➜ Explicit dependency on target 'Instrumentation-product' in project 'swift-distributed-tracing'
➜ Explicit dependency on target 'Metrics-product' in project 'swift-metrics'
➜ Explicit dependency on target 'ActorRuntime-product' in project 'swift-actor-runtime'
Target 'SwiftAgentMCP-product' in project 'SwiftAgent'
➜ Explicit dependency on target 'SwiftAgentMCP' in project 'SwiftAgent'
➜ Explicit dependency on target 'SwiftAgentMacros' in project 'SwiftAgent'
➜ Explicit dependency on target 'SwiftAgent' in project 'SwiftAgent'
➜ Explicit dependency on target 'Tracing-product' in project 'swift-distributed-tracing'
➜ Explicit dependency on target 'Instrumentation-product' in project 'swift-distributed-tracing'
➜ Explicit dependency on target 'Metrics-product' in project 'swift-metrics'
➜ Explicit dependency on target 'ActorRuntime-product' in project 'swift-actor-runtime'
➜ Explicit dependency on target 'MCP-product' in project 'mcp-swift-sdk'
Target 'SwiftAgentMCP' in project 'SwiftAgent'
➜ Explicit dependency on target 'SwiftAgentMacros' in project 'SwiftAgent'
➜ Explicit dependency on target 'SwiftAgent' in project 'SwiftAgent'
➜ Explicit dependency on target 'Tracing-product' in project 'swift-distributed-tracing'
➜ Explicit dependency on target 'Instrumentation-product' in project 'swift-distributed-tracing'
➜ Explicit dependency on target 'Metrics-product' in project 'swift-metrics'
➜ Explicit dependency on target 'ActorRuntime-product' in project 'swift-actor-runtime'
➜ Explicit dependency on target 'MCP-product' in project 'mcp-swift-sdk'
Target 'MCP-product' in project 'mcp-swift-sdk'
➜ Explicit dependency on target 'MCP' in project 'mcp-swift-sdk'
➜ Explicit dependency on target 'SystemPackage-product' in project 'swift-system'
➜ Explicit dependency on target 'Logging-product' in project 'swift-log'
➜ Explicit dependency on target 'EventSource-product' in project 'EventSource'
Target 'MCP' in project 'mcp-swift-sdk'
➜ Explicit dependency on target 'SystemPackage-product' in project 'swift-system'
➜ Explicit dependency on target 'Logging-product' in project 'swift-log'
➜ Explicit dependency on target 'EventSource-product' in project 'EventSource'
Target 'EventSource-product' in project 'EventSource'
➜ Explicit dependency on target 'EventSource' in project 'EventSource'
Target 'EventSource' in project 'EventSource' (no dependencies)
Target 'Logging-product' in project 'swift-log'
➜ Explicit dependency on target 'Logging' in project 'swift-log'
Target 'Logging' in project 'swift-log' (no dependencies)
Target 'SystemPackage-product' in project 'swift-system'
➜ Explicit dependency on target 'SystemPackage' in project 'swift-system'
➜ Explicit dependency on target 'CSystem' in project 'swift-system'
Target 'SystemPackage' in project 'swift-system'
➜ Explicit dependency on target 'CSystem' in project 'swift-system'
Target 'CSystem' in project 'swift-system' (no dependencies)
Target 'SwiftAgentSymbioPeerConnectivity-product' in project 'SwiftAgent'
➜ Explicit dependency on target 'SwiftAgentSymbioPeerConnectivity' in project 'SwiftAgent'
➜ Explicit dependency on target 'SwiftAgentMacros' in project 'SwiftAgent'
➜ Explicit dependency on target 'SwiftAgent' in project 'SwiftAgent'
➜ Explicit dependency on target 'SwiftAgentSymbio' in project 'SwiftAgent'
➜ Explicit dependency on target 'Tracing-product' in project 'swift-distributed-tracing'
➜ Explicit dependency on target 'Instrumentation-product' in project 'swift-distributed-tracing'
➜ Explicit dependency on target 'Metrics-product' in project 'swift-metrics'
➜ Explicit dependency on target 'ActorRuntime-product' in project 'swift-actor-runtime'
➜ Explicit dependency on target 'PeerConnectivity-product' in project 'swift-peer-connectivity'
➜ Explicit dependency on target 'NIOCore-product' in project 'swift-nio'
Target 'SwiftAgentSymbioPeerConnectivity' in project 'SwiftAgent'
➜ Explicit dependency on target 'SwiftAgentMacros' in project 'SwiftAgent'
➜ Explicit dependency on target 'SwiftAgent' in project 'SwiftAgent'
➜ Explicit dependency on target 'SwiftAgentSymbio' in project 'SwiftAgent'
➜ Explicit dependency on target 'Tracing-product' in project 'swift-distributed-tracing'
➜ Explicit dependency on target 'Instrumentation-product' in project 'swift-distributed-tracing'
➜ Explicit dependency on target 'Metrics-product' in project 'swift-metrics'
➜ Explicit dependency on target 'ActorRuntime-product' in project 'swift-actor-runtime'
➜ Explicit dependency on target 'PeerConnectivity-product' in project 'swift-peer-connectivity'
➜ Explicit dependency on target 'NIOCore-product' in project 'swift-nio'
Target 'PeerConnectivity-product' in project 'swift-peer-connectivity'
➜ Explicit dependency on target 'PeerConnectivity' in project 'swift-peer-connectivity'
➜ Explicit dependency on target 'NIOCore-product' in project 'swift-nio'
Target 'PeerConnectivity' in project 'swift-peer-connectivity'
➜ Explicit dependency on target 'NIOCore-product' in project 'swift-nio'
Target 'NIOCore-product' in project 'swift-nio'
➜ Explicit dependency on target 'NIOCore' in project 'swift-nio'
➜ Explicit dependency on target 'CNIOAtomics' in project 'swift-nio'
➜ Explicit dependency on target 'NIOConcurrencyHelpers' in project 'swift-nio'
➜ Explicit dependency on target '_NIOBase64' in project 'swift-nio'
➜ Explicit dependency on target 'CNIOOpenBSD' in project 'swift-nio'
➜ Explicit dependency on target 'CNIOFreeBSD' in project 'swift-nio'
➜ Explicit dependency on target 'CNIODarwin' in project 'swift-nio'
➜ Explicit dependency on target 'CNIOLinux' in project 'swift-nio'
➜ Explicit dependency on target 'CNIOWindows' in project 'swift-nio'
➜ Explicit dependency on target 'CNIOWASI' in project 'swift-nio'
➜ Explicit dependency on target '_NIODataStructures' in project 'swift-nio'
➜ Explicit dependency on target 'DequeModule-product' in project 'swift-collections'
➜ Explicit dependency on target 'Atomics-product' in project 'swift-atomics'
Target 'NIOCore' in project 'swift-nio'
➜ Explicit dependency on target 'CNIOAtomics' in project 'swift-nio'
➜ Explicit dependency on target 'NIOConcurrencyHelpers' in project 'swift-nio'
➜ Explicit dependency on target '_NIOBase64' in project 'swift-nio'
➜ Explicit dependency on target 'CNIOOpenBSD' in project 'swift-nio'
➜ Explicit dependency on target 'CNIOFreeBSD' in project 'swift-nio'
➜ Explicit dependency on target 'CNIODarwin' in project 'swift-nio'
➜ Explicit dependency on target 'CNIOLinux' in project 'swift-nio'
➜ Explicit dependency on target 'CNIOWindows' in project 'swift-nio'
➜ Explicit dependency on target 'CNIOWASI' in project 'swift-nio'
➜ Explicit dependency on target '_NIODataStructures' in project 'swift-nio'
➜ Explicit dependency on target 'DequeModule-product' in project 'swift-collections'
➜ Explicit dependency on target 'Atomics-product' in project 'swift-atomics'
Target 'Atomics-product' in project 'swift-atomics'
➜ Explicit dependency on target 'Atomics' in project 'swift-atomics'
➜ Explicit dependency on target '_AtomicsShims' in project 'swift-atomics'
Target 'Atomics' in project 'swift-atomics'
➜ Explicit dependency on target '_AtomicsShims' in project 'swift-atomics'
Target '_AtomicsShims' in project 'swift-atomics' (no dependencies)
Target 'DequeModule-product' in project 'swift-collections'
➜ Explicit dependency on target 'DequeModule' in project 'swift-collections'
➜ Explicit dependency on target 'InternalCollectionsUtilities' in project 'swift-collections'
➜ Explicit dependency on target 'SpanPreview' in project 'swift-collections'
Target 'DequeModule' in project 'swift-collections'
➜ Explicit dependency on target 'InternalCollectionsUtilities' in project 'swift-collections'
➜ Explicit dependency on target 'SpanPreview' in project 'swift-collections'
Target 'SpanPreview' in project 'swift-collections'
➜ Explicit dependency on target 'InternalCollectionsUtilities' in project 'swift-collections'
Target 'InternalCollectionsUtilities' in project 'swift-collections' (no dependencies)
Target '_NIODataStructures' in project 'swift-nio' (no dependencies)
Target 'CNIOWASI' in project 'swift-nio' (no dependencies)
Target 'CNIOWindows' in project 'swift-nio' (no dependencies)
Target 'CNIOLinux' in project 'swift-nio' (no dependencies)
Target 'CNIODarwin' in project 'swift-nio' (no dependencies)
Target 'CNIOFreeBSD' in project 'swift-nio' (no dependencies)
Target 'CNIOOpenBSD' in project 'swift-nio' (no dependencies)
Target '_NIOBase64' in project 'swift-nio' (no dependencies)
Target 'NIOConcurrencyHelpers' in project 'swift-nio'
➜ Explicit dependency on target 'CNIOAtomics' in project 'swift-nio'
Target 'CNIOAtomics' in project 'swift-nio' (no dependencies)
Target 'SwiftAgentSymbio-product' in project 'SwiftAgent'
➜ Explicit dependency on target 'SwiftAgentSymbio' in project 'SwiftAgent'
➜ Explicit dependency on target 'SwiftAgentMacros' in project 'SwiftAgent'
➜ Explicit dependency on target 'SwiftAgent' in project 'SwiftAgent'
➜ Explicit dependency on target 'Tracing-product' in project 'swift-distributed-tracing'
➜ Explicit dependency on target 'Instrumentation-product' in project 'swift-distributed-tracing'
➜ Explicit dependency on target 'Metrics-product' in project 'swift-metrics'
➜ Explicit dependency on target 'ActorRuntime-product' in project 'swift-actor-runtime'
Target 'SwiftAgentSymbio' in project 'SwiftAgent'
➜ Explicit dependency on target 'SwiftAgentMacros' in project 'SwiftAgent'
➜ Explicit dependency on target 'SwiftAgent' in project 'SwiftAgent'
➜ Explicit dependency on target 'Tracing-product' in project 'swift-distributed-tracing'
➜ Explicit dependency on target 'Instrumentation-product' in project 'swift-distributed-tracing'
➜ Explicit dependency on target 'Metrics-product' in project 'swift-metrics'
➜ Explicit dependency on target 'ActorRuntime-product' in project 'swift-actor-runtime'
Target 'SwiftAgentSkills-product' in project 'SwiftAgent'
➜ Explicit dependency on target 'SwiftAgentSkills' in project 'SwiftAgent'
➜ Explicit dependency on target 'SwiftAgentMacros' in project 'SwiftAgent'
➜ Explicit dependency on target 'SwiftAgent' in project 'SwiftAgent'
➜ Explicit dependency on target 'Tracing-product' in project 'swift-distributed-tracing'
➜ Explicit dependency on target 'Instrumentation-product' in project 'swift-distributed-tracing'
➜ Explicit dependency on target 'Metrics-product' in project 'swift-metrics'
➜ Explicit dependency on target 'ActorRuntime-product' in project 'swift-actor-runtime'
➜ Explicit dependency on target 'SwiftSkill-product' in project 'SwiftSkill'
Target 'SwiftAgentSkills' in project 'SwiftAgent'
➜ Explicit dependency on target 'SwiftAgentMacros' in project 'SwiftAgent'
➜ Explicit dependency on target 'SwiftAgent' in project 'SwiftAgent'
➜ Explicit dependency on target 'Tracing-product' in project 'swift-distributed-tracing'
➜ Explicit dependency on target 'Instrumentation-product' in project 'swift-distributed-tracing'
➜ Explicit dependency on target 'Metrics-product' in project 'swift-metrics'
➜ Explicit dependency on target 'ActorRuntime-product' in project 'swift-actor-runtime'
➜ Explicit dependency on target 'SwiftSkill-product' in project 'SwiftSkill'
Target 'SwiftSkill-product' in project 'SwiftSkill'
➜ Explicit dependency on target 'SwiftSkill' in project 'SwiftSkill'
➜ Explicit dependency on target 'YAML-product' in project 'swift-yaml'
Target 'SwiftSkill' in project 'SwiftSkill'
➜ Explicit dependency on target 'YAML-product' in project 'swift-yaml'
Target 'YAML-product' in project 'swift-yaml'
➜ Explicit dependency on target 'YAML' in project 'swift-yaml'
Target 'YAML' in project 'swift-yaml' (no dependencies)
Target 'SwiftAgent-product' in project 'SwiftAgent'
➜ Explicit dependency on target 'SwiftAgent' in project 'SwiftAgent'
➜ Explicit dependency on target 'SwiftAgentMacros' in project 'SwiftAgent'
➜ Explicit dependency on target 'Tracing-product' in project 'swift-distributed-tracing'
➜ Explicit dependency on target 'Instrumentation-product' in project 'swift-distributed-tracing'
➜ Explicit dependency on target 'Metrics-product' in project 'swift-metrics'
➜ Explicit dependency on target 'ActorRuntime-product' in project 'swift-actor-runtime'
Target 'SwiftAgent' in project 'SwiftAgent'
➜ Explicit dependency on target 'SwiftAgentMacros' in project 'SwiftAgent'
➜ Explicit dependency on target 'Tracing-product' in project 'swift-distributed-tracing'
➜ Explicit dependency on target 'Instrumentation-product' in project 'swift-distributed-tracing'
➜ Explicit dependency on target 'Metrics-product' in project 'swift-metrics'
➜ Explicit dependency on target 'ActorRuntime-product' in project 'swift-actor-runtime'
Target 'ActorRuntime-product' in project 'swift-actor-runtime'
➜ Explicit dependency on target 'ActorRuntime' in project 'swift-actor-runtime'
Target 'ActorRuntime' in project 'swift-actor-runtime' (no dependencies)
Target 'Metrics-product' in project 'swift-metrics'
➜ Explicit dependency on target 'Metrics' in project 'swift-metrics'
➜ Explicit dependency on target 'CoreMetrics' in project 'swift-metrics'
Target 'Metrics' in project 'swift-metrics'
➜ Explicit dependency on target 'CoreMetrics' in project 'swift-metrics'
Target 'CoreMetrics' in project 'swift-metrics' (no dependencies)
Target 'Instrumentation-product' in project 'swift-distributed-tracing'
➜ Explicit dependency on target 'Instrumentation' in project 'swift-distributed-tracing'
➜ Explicit dependency on target 'ServiceContextModule-product' in project 'swift-service-context'
Target 'Tracing-product' in project 'swift-distributed-tracing'
➜ Explicit dependency on target 'Tracing' in project 'swift-distributed-tracing'
➜ Explicit dependency on target 'Instrumentation' in project 'swift-distributed-tracing'
➜ Explicit dependency on target 'ServiceContextModule-product' in project 'swift-service-context'
Target 'Tracing' in project 'swift-distributed-tracing'
➜ Explicit dependency on target 'Instrumentation' in project 'swift-distributed-tracing'
➜ Explicit dependency on target 'ServiceContextModule-product' in project 'swift-service-context'
Target 'Instrumentation' in project 'swift-distributed-tracing'
➜ Explicit dependency on target 'ServiceContextModule-product' in project 'swift-service-context'
Target 'ServiceContextModule-product' in project 'swift-service-context'
➜ Explicit dependency on target 'ServiceContextModule' in project 'swift-service-context'
Target 'ServiceContextModule' in project 'swift-service-context' (no dependencies)
Target 'SwiftAgentMacros' in project 'SwiftAgent' (no dependencies)
GatherProvisioningInputs
CreateBuildDescription
ClangStatCache /Applications/Xcode-27.0.0-Release.Candidate.app/Contents/Developer/Toolchains/XcodeDefault.xctoolchain/usr/bin/clang-stat-cache /Applications/Xcode-27.0.0-Release.Candidate.app/Contents/Developer/Platforms/XROS.platform/Developer/SDKs/XROS27.0.sdk /Users/admin/builder/spi-builder-workspace/.derivedData/SDKStatCaches.noindex/xros27.0-24M361-e829b21a6f8c9b70876ba0858053c044735bd543db762f57723cac368afd1ce4.sdkstatcache
cd /Users/admin/builder/spi-builder-workspace/.swiftpm/xcode
/Applications/Xcode-27.0.0-Release.Candidate.app/Contents/Developer/Toolchains/XcodeDefault.xctoolchain/usr/bin/clang-stat-cache /Applications/Xcode-27.0.0-Release.Candidate.app/Contents/Developer/Platforms/XROS.platform/Developer/SDKs/XROS27.0.sdk -o /Users/admin/builder/spi-builder-workspace/.derivedData/SDKStatCaches.noindex/xros27.0-24M361-e829b21a6f8c9b70876ba0858053c044735bd543db762f57723cac368afd1ce4.sdkstatcache
ClangStatCache /Applications/Xcode-27.0.0-Release.Candidate.app/Contents/Developer/Toolchains/XcodeDefault.xctoolchain/usr/bin/clang-stat-cache /Applications/Xcode-27.0.0-Release.Candidate.app/Contents/Developer/Platforms/MacOSX.platform/Developer/SDKs/MacOSX27.0.sdk /Users/admin/builder/spi-builder-workspace/.derivedData/SDKStatCaches.noindex/macosx27.0-26A425-e829b21a6f8c9b70876ba0858053c0446a22442a12e9d48fe1a705f55a1adfc4.sdkstatcache
cd /Users/admin/builder/spi-builder-workspace/.swiftpm/xcode
/Applications/Xcode-27.0.0-Release.Candidate.app/Contents/Developer/Toolchains/XcodeDefault.xctoolchain/usr/bin/clang-stat-cache /Applications/Xcode-27.0.0-Release.Candidate.app/Contents/Developer/Platforms/MacOSX.platform/Developer/SDKs/MacOSX27.0.sdk -o /Users/admin/builder/spi-builder-workspace/.derivedData/SDKStatCaches.noindex/macosx27.0-26A425-e829b21a6f8c9b70876ba0858053c0446a22442a12e9d48fe1a705f55a1adfc4.sdkstatcache
SwiftDriver PeerConnectivity normal arm64 com.apple.xcode.tools.swift.compiler (in target 'PeerConnectivity' from project 'swift-peer-connectivity')
cd /Users/admin/builder/spi-builder-workspace/.swiftpm/xcode
builtin-SwiftDriver -- /Applications/Xcode-27.0.0-Release.Candidate.app/Contents/Developer/Toolchains/XcodeDefault.xctoolchain/usr/bin/swiftc -parse-as-library -module-name PeerConnectivity -Onone @/Users/admin/builder/spi-builder-workspace/.derivedData/Build/Intermediates.noindex/swift-peer-connectivity.build/Debug-xros/PeerConnectivity-t.build/Objects-normal/arm64/PeerConnectivity.SwiftFileList -DSWIFT_PACKAGE -DDEBUG -DSWIFT_MODULE_RESOURCE_BUNDLE_UNAVAILABLE -Xcc -fmodule-map-file\=/Users/admin/builder/spi-builder-workspace/.dependencies/checkouts/swift-atomics/Sources/_AtomicsShims/include/module.modulemap -Xcc -fmodule-map-file\=/Users/admin/builder/spi-builder-workspace/.derivedData/Build/Intermediates.noindex/GeneratedModuleMaps-xros/CNIOWASI.modulemap -Xcc -fmodule-map-file\=/Users/admin/builder/spi-builder-workspace/.dependencies/checkouts/swift-nio/Sources/CNIOWindows/include/module.modulemap -Xcc -fmodule-map-file\=/Users/admin/builder/spi-builder-workspace/.derivedData/Build/Intermediates.noindex/GeneratedModuleMaps-xros/CNIOLinux.modulemap -Xcc -fmodule-map-file\=/Users/admin/builder/spi-builder-workspace/.derivedData/Build/Intermediates.noindex/GeneratedModuleMaps-xros/CNIODarwin.modulemap -Xcc -fmodule-map-file\=/Users/admin/builder/spi-builder-workspace/.derivedData/Build/Intermediates.noindex/GeneratedModuleMaps-xros/CNIOFreeBSD.modulemap -Xcc -fmodule-map-file\=/Users/admin/builder/spi-builder-workspace/.derivedData/Build/Intermediates.noindex/GeneratedModuleMaps-xros/CNIOOpenBSD.modulemap -Xcc -fmodule-map-file\=/Users/admin/builder/spi-builder-workspace/.derivedData/Build/Intermediates.noindex/GeneratedModuleMaps-xros/CNIOAtomics.modulemap -DXcode -plugin-path /Applications/Xcode-27.0.0-Release.Candidate.app/Contents/Developer/Toolchains/XcodeDefault.xctoolchain/usr/lib/swift/host/plugins/testing -enable-experimental-feature DebugDescriptionMacro -sdk /Applications/Xcode-27.0.0-Release.Candidate.app/Contents/Developer/Platforms/XROS.platform/Developer/SDKs/XROS27.0.sdk -target arm64-apple-xros26.0 -g -module-cache-path /Users/admin/builder/spi-builder-workspace/.derivedData/ModuleCache.noindex -Xfrontend -serialize-debugging-options -profile-coverage-mapping -profile-generate -enable-testing -suppress-warnings -index-store-path /Users/admin/builder/spi-builder-workspace/.derivedData/Index.noindex/DataStore -Xcc -D_LIBCPP_HARDENING_MODE\=_LIBCPP_HARDENING_MODE_DEBUG -swift-version 6 -I /Users/admin/builder/spi-builder-workspace/.derivedData/Build/Products/Debug-xros -Isystem /Applications/Xcode-27.0.0-Release.Candidate.app/Contents/Developer/Platforms/XROS.platform/Developer/usr/lib -F /Users/admin/builder/spi-builder-workspace/.derivedData/Build/Products/Debug-xros/PackageFrameworks -F /Users/admin/builder/spi-builder-workspace/.derivedData/Build/Products/Debug-xros -F /Applications/Xcode-27.0.0-Release.Candidate.app/Contents/Developer/Platforms/XROS.platform/Developer/Library/Frameworks -F /Applications/Xcode-27.0.0-Release.Candidate.app/Contents/Developer/Platforms/XROS.platform/Developer/SDKs/XROS27.0.sdk/Developer/Library/Frameworks -c -j10 -enable-batch-mode -incremental -Xcc -ivfsstatcache -Xcc /Users/admin/builder/spi-builder-workspace/.derivedData/SDKStatCaches.noindex/xros27.0-24M361-e829b21a6f8c9b70876ba0858053c044735bd543db762f57723cac368afd1ce4.sdkstatcache -output-file-map /Users/admin/builder/spi-builder-workspace/.derivedData/Build/Intermediates.noindex/swift-peer-connectivity.build/Debug-xros/PeerConnectivity-t.build/Objects-normal/arm64/PeerConnectivity-OutputFileMap.json -save-temps -no-color-diagnostics -explicit-module-build -module-cache-path /Users/admin/builder/spi-builder-workspace/.derivedData/Build/Intermediates.noindex/SwiftExplicitPrecompiledModules -clang-scanner-module-cache-path /Users/admin/builder/spi-builder-workspace/.derivedData/ModuleCache.noindex -sdk-module-cache-path /Users/admin/builder/spi-builder-workspace/.derivedData/SDKExplicitPrecompiledModules -emit-dependencies -emit-module -emit-module-path /Users/admin/builder/spi-builder-workspace/.derivedData/Build/Intermediates.noindex/swift-peer-connectivity.build/Debug-xros/PeerConnectivity-t.build/Objects-normal/arm64/PeerConnectivity.swiftmodule -serialize-diagnostics -dependency-scan-serialize-diagnostics-path /Users/admin/builder/spi-builder-workspace/.derivedData/Build/Intermediates.noindex/swift-peer-connectivity.build/Debug-xros/PeerConnectivity-t.build/Objects-normal/arm64/PeerConnectivity-dependency-scan.dia -user-module-version 0.3.0 -validate-clang-modules-once -clang-build-session-file /Users/admin/builder/spi-builder-workspace/.derivedData/ModuleCache.noindex/Session.modulevalidation -Xcc -fmodules-prune-interval\=86400 -Xcc -fmodules-prune-after\=345600 -package-name swift_peer_connectivity -emit-const-values -const-gather-protocols-list /Users/admin/builder/spi-builder-workspace/.derivedData/Build/Intermediates.noindex/swift-peer-connectivity.build/Debug-xros/PeerConnectivity-t.build/Objects-normal/arm64/PeerConnectivity_const_extract_protocols.json -Xcc -I/Users/admin/builder/spi-builder-workspace/.dependencies/checkouts/swift-atomics/Sources/_AtomicsShims/include -Xcc -I/Users/admin/builder/spi-builder-workspace/.dependencies/checkouts/swift-nio/Sources/CNIOWASI/include -Xcc -I/Users/admin/builder/spi-builder-workspace/.dependencies/checkouts/swift-nio/Sources/CNIOWindows/include -Xcc -I/Users/admin/builder/spi-builder-workspace/.dependencies/checkouts/swift-nio/Sources/CNIOLinux/include -Xcc -I/Users/admin/builder/spi-builder-workspace/.dependencies/checkouts/swift-nio/Sources/CNIODarwin/include -Xcc -I/Users/admin/builder/spi-builder-workspace/.dependencies/checkouts/swift-nio/Sources/CNIOFreeBSD/include -Xcc -I/Users/admin/builder/spi-builder-workspace/.dependencies/checkouts/swift-nio/Sources/CNIOOpenBSD/include -Xcc -I/Users/admin/builder/spi-builder-workspace/.dependencies/checkouts/swift-nio/Sources/CNIOAtomics/include -Xcc -I/Users/admin/builder/spi-builder-workspace/.derivedData/Build/Products/Debug-xros/include -Xcc -I/Users/admin/builder/spi-builder-workspace/.derivedData/Build/Intermediates.noindex/swift-peer-connectivity.build/Debug-xros/PeerConnectivity-t.build/DerivedSources-normal/arm64 -Xcc -I/Users/admin/builder/spi-builder-workspace/.derivedData/Build/Intermediates.noindex/swift-peer-connectivity.build/Debug-xros/PeerConnectivity-t.build/DerivedSources/arm64 -Xcc -I/Users/admin/builder/spi-builder-workspace/.derivedData/Build/Intermediates.noindex/swift-peer-connectivity.build/Debug-xros/PeerConnectivity-t.build/DerivedSources -Xcc -DSWIFT_PACKAGE -Xcc -DDEBUG\=1 -emit-objc-header -emit-objc-header-path /Users/admin/builder/spi-builder-workspace/.derivedData/Build/Intermediates.noindex/swift-peer-connectivity.build/Debug-xros/PeerConnectivity-t.build/Objects-normal/arm64/PeerConnectivity-Swift.h -working-directory /Users/admin/builder/spi-builder-workspace/.swiftpm/xcode -experimental-emit-module-separately -disable-cmo
SwiftDriver SwiftAgentSymbio normal arm64 com.apple.xcode.tools.swift.compiler (in target 'SwiftAgentSymbio' from project 'SwiftAgent')
cd /Users/admin/builder/spi-builder-workspace/.swiftpm/xcode
builtin-SwiftDriver -- /Applications/Xcode-27.0.0-Release.Candidate.app/Contents/Developer/Toolchains/XcodeDefault.xctoolchain/usr/bin/swiftc -parse-as-library -module-name SwiftAgentSymbio -Onone @/Users/admin/builder/spi-builder-workspace/.derivedData/Build/Intermediates.noindex/SwiftAgent.build/Debug-xros/SwiftAgentSymbio-t.build/Objects-normal/arm64/SwiftAgentSymbio.SwiftFileList -DSWIFT_PACKAGE -DDEBUG -DSWIFT_MODULE_RESOURCE_BUNDLE_UNAVAILABLE -DXcode -plugin-path /Applications/Xcode-27.0.0-Release.Candidate.app/Contents/Developer/Toolchains/XcodeDefault.xctoolchain/usr/lib/swift/host/plugins/testing -enable-experimental-feature DebugDescriptionMacro -sdk /Applications/Xcode-27.0.0-Release.Candidate.app/Contents/Developer/Platforms/XROS.platform/Developer/SDKs/XROS27.0.sdk -target arm64-apple-xros26.0 -g -module-cache-path /Users/admin/builder/spi-builder-workspace/.derivedData/ModuleCache.noindex -Xfrontend -serialize-debugging-options -profile-coverage-mapping -profile-generate -enable-testing -index-store-path /Users/admin/builder/spi-builder-workspace/.derivedData/Index.noindex/DataStore -Xcc -D_LIBCPP_HARDENING_MODE\=_LIBCPP_HARDENING_MODE_DEBUG -swift-version 6 -I /Users/admin/builder/spi-builder-workspace/.derivedData/Build/Products/Debug-xros -Isystem /Applications/Xcode-27.0.0-Release.Candidate.app/Contents/Developer/Platforms/XROS.platform/Developer/usr/lib -F /Users/admin/builder/spi-builder-workspace/.derivedData/Build/Products/Debug-xros/PackageFrameworks -F /Users/admin/builder/spi-builder-workspace/.derivedData/Build/Products/Debug-xros -F /Applications/Xcode-27.0.0-Release.Candidate.app/Contents/Developer/Platforms/XROS.platform/Developer/Library/Frameworks -F /Applications/Xcode-27.0.0-Release.Candidate.app/Contents/Developer/Platforms/XROS.platform/Developer/SDKs/XROS27.0.sdk/Developer/Library/Frameworks -Xfrontend -load-plugin-executable -Xfrontend /Users/admin/builder/spi-builder-workspace/.derivedData/Build/Products/Debug/SwiftAgentMacros\#SwiftAgentMacros -c -j10 -enable-batch-mode -incremental -Xcc -ivfsstatcache -Xcc /Users/admin/builder/spi-builder-workspace/.derivedData/SDKStatCaches.noindex/xros27.0-24M361-e829b21a6f8c9b70876ba0858053c044735bd543db762f57723cac368afd1ce4.sdkstatcache -output-file-map /Users/admin/builder/spi-builder-workspace/.derivedData/Build/Intermediates.noindex/SwiftAgent.build/Debug-xros/SwiftAgentSymbio-t.build/Objects-normal/arm64/SwiftAgentSymbio-OutputFileMap.json -save-temps -no-color-diagnostics -explicit-module-build -module-cache-path /Users/admin/builder/spi-builder-workspace/.derivedData/Build/Intermediates.noindex/SwiftExplicitPrecompiledModules -clang-scanner-module-cache-path /Users/admin/builder/spi-builder-workspace/.derivedData/ModuleCache.noindex -sdk-module-cache-path /Users/admin/builder/spi-builder-workspace/.derivedData/SDKExplicitPrecompiledModules -emit-dependencies -emit-module -emit-module-path /Users/admin/builder/spi-builder-workspace/.derivedData/Build/Intermediates.noindex/SwiftAgent.build/Debug-xros/SwiftAgentSymbio-t.build/Objects-normal/arm64/SwiftAgentSymbio.swiftmodule -serialize-diagnostics -dependency-scan-serialize-diagnostics-path /Users/admin/builder/spi-builder-workspace/.derivedData/Build/Intermediates.noindex/SwiftAgent.build/Debug-xros/SwiftAgentSymbio-t.build/Objects-normal/arm64/SwiftAgentSymbio-dependency-scan.dia -validate-clang-modules-once -clang-build-session-file /Users/admin/builder/spi-builder-workspace/.derivedData/ModuleCache.noindex/Session.modulevalidation -Xcc -fmodules-prune-interval\=86400 -Xcc -fmodules-prune-after\=345600 -package-name spi_builder_workspace -emit-const-values -const-gather-protocols-list /Users/admin/builder/spi-builder-workspace/.derivedData/Build/Intermediates.noindex/SwiftAgent.build/Debug-xros/SwiftAgentSymbio-t.build/Objects-normal/arm64/SwiftAgentSymbio_const_extract_protocols.json -Xcc -I/Users/admin/builder/spi-builder-workspace/.derivedData/Build/Products/Debug-xros/include -Xcc -I/Users/admin/builder/spi-builder-workspace/.derivedData/Build/Intermediates.noindex/SwiftAgent.build/Debug-xros/SwiftAgentSymbio-t.build/DerivedSources-normal/arm64 -Xcc -I/Users/admin/builder/spi-builder-workspace/.derivedData/Build/Intermediates.noindex/SwiftAgent.build/Debug-xros/SwiftAgentSymbio-t.build/DerivedSources/arm64 -Xcc -I/Users/admin/builder/spi-builder-workspace/.derivedData/Build/Intermediates.noindex/SwiftAgent.build/Debug-xros/SwiftAgentSymbio-t.build/DerivedSources -Xcc -DSWIFT_PACKAGE -Xcc -DDEBUG\=1 -emit-objc-header -emit-objc-header-path /Users/admin/builder/spi-builder-workspace/.derivedData/Build/Intermediates.noindex/SwiftAgent.build/Debug-xros/SwiftAgentSymbio-t.build/Objects-normal/arm64/SwiftAgentSymbio-Swift.h -working-directory /Users/admin/builder/spi-builder-workspace/.swiftpm/xcode -experimental-emit-module-separately -disable-cmo
SwiftDriver SwiftAgentPlugins normal arm64 com.apple.xcode.tools.swift.compiler (in target 'SwiftAgentPlugins' from project 'SwiftAgent')
cd /Users/admin/builder/spi-builder-workspace/.swiftpm/xcode
builtin-SwiftDriver -- /Applications/Xcode-27.0.0-Release.Candidate.app/Contents/Developer/Toolchains/XcodeDefault.xctoolchain/usr/bin/swiftc -parse-as-library -module-name SwiftAgentPlugins -Onone @/Users/admin/builder/spi-builder-workspace/.derivedData/Build/Intermediates.noindex/SwiftAgent.build/Debug-xros/SwiftAgentPlugins-t.build/Objects-normal/arm64/SwiftAgentPlugins.SwiftFileList -DSWIFT_PACKAGE -DDEBUG -DSWIFT_MODULE_RESOURCE_BUNDLE_UNAVAILABLE -DXcode -plugin-path /Applications/Xcode-27.0.0-Release.Candidate.app/Contents/Developer/Toolchains/XcodeDefault.xctoolchain/usr/lib/swift/host/plugins/testing -enable-experimental-feature DebugDescriptionMacro -sdk /Applications/Xcode-27.0.0-Release.Candidate.app/Contents/Developer/Platforms/XROS.platform/Developer/SDKs/XROS27.0.sdk -target arm64-apple-xros26.0 -g -module-cache-path /Users/admin/builder/spi-builder-workspace/.derivedData/ModuleCache.noindex -Xfrontend -serialize-debugging-options -profile-coverage-mapping -profile-generate -enable-testing -index-store-path /Users/admin/builder/spi-builder-workspace/.derivedData/Index.noindex/DataStore -Xcc -D_LIBCPP_HARDENING_MODE\=_LIBCPP_HARDENING_MODE_DEBUG -swift-version 6 -I /Users/admin/builder/spi-builder-workspace/.derivedData/Build/Products/Debug-xros -Isystem /Applications/Xcode-27.0.0-Release.Candidate.app/Contents/Developer/Platforms/XROS.platform/Developer/usr/lib -F /Users/admin/builder/spi-builder-workspace/.derivedData/Build/Products/Debug-xros/PackageFrameworks -F /Users/admin/builder/spi-builder-workspace/.derivedData/Build/Products/Debug-xros -F /Applications/Xcode-27.0.0-Release.Candidate.app/Contents/Developer/Platforms/XROS.platform/Developer/Library/Frameworks -F /Applications/Xcode-27.0.0-Release.Candidate.app/Contents/Developer/Platforms/XROS.platform/Developer/SDKs/XROS27.0.sdk/Developer/Library/Frameworks -Xfrontend -load-plugin-executable -Xfrontend /Users/admin/builder/spi-builder-workspace/.derivedData/Build/Products/Debug/SwiftAgentMacros\#SwiftAgentMacros -c -j10 -enable-batch-mode -incremental -Xcc -ivfsstatcache -Xcc /Users/admin/builder/spi-builder-workspace/.derivedData/SDKStatCaches.noindex/xros27.0-24M361-e829b21a6f8c9b70876ba0858053c044735bd543db762f57723cac368afd1ce4.sdkstatcache -output-file-map /Users/admin/builder/spi-builder-workspace/.derivedData/Build/Intermediates.noindex/SwiftAgent.build/Debug-xros/SwiftAgentPlugins-t.build/Objects-normal/arm64/SwiftAgentPlugins-OutputFileMap.json -save-temps -no-color-diagnostics -explicit-module-build -module-cache-path /Users/admin/builder/spi-builder-workspace/.derivedData/Build/Intermediates.noindex/SwiftExplicitPrecompiledModules -clang-scanner-module-cache-path /Users/admin/builder/spi-builder-workspace/.derivedData/ModuleCache.noindex -sdk-module-cache-path /Users/admin/builder/spi-builder-workspace/.derivedData/SDKExplicitPrecompiledModules -emit-dependencies -emit-module -emit-module-path /Users/admin/builder/spi-builder-workspace/.derivedData/Build/Intermediates.noindex/SwiftAgent.build/Debug-xros/SwiftAgentPlugins-t.build/Objects-normal/arm64/SwiftAgentPlugins.swiftmodule -serialize-diagnostics -dependency-scan-serialize-diagnostics-path /Users/admin/builder/spi-builder-workspace/.derivedData/Build/Intermediates.noindex/SwiftAgent.build/Debug-xros/SwiftAgentPlugins-t.build/Objects-normal/arm64/SwiftAgentPlugins-dependency-scan.dia -validate-clang-modules-once -clang-build-session-file /Users/admin/builder/spi-builder-workspace/.derivedData/ModuleCache.noindex/Session.modulevalidation -Xcc -fmodules-prune-interval\=86400 -Xcc -fmodules-prune-after\=345600 -package-name spi_builder_workspace -emit-const-values -const-gather-protocols-list /Users/admin/builder/spi-builder-workspace/.derivedData/Build/Intermediates.noindex/SwiftAgent.build/Debug-xros/SwiftAgentPlugins-t.build/Objects-normal/arm64/SwiftAgentPlugins_const_extract_protocols.json -Xcc -I/Users/admin/builder/spi-builder-workspace/.derivedData/Build/Products/Debug-xros/include -Xcc -I/Users/admin/builder/spi-builder-workspace/.derivedData/Build/Intermediates.noindex/SwiftAgent.build/Debug-xros/SwiftAgentPlugins-t.build/DerivedSources-normal/arm64 -Xcc -I/Users/admin/builder/spi-builder-workspace/.derivedData/Build/Intermediates.noindex/SwiftAgent.build/Debug-xros/SwiftAgentPlugins-t.build/DerivedSources/arm64 -Xcc -I/Users/admin/builder/spi-builder-workspace/.derivedData/Build/Intermediates.noindex/SwiftAgent.build/Debug-xros/SwiftAgentPlugins-t.build/DerivedSources -Xcc -DSWIFT_PACKAGE -Xcc -DDEBUG\=1 -emit-objc-header -emit-objc-header-path /Users/admin/builder/spi-builder-workspace/.derivedData/Build/Intermediates.noindex/SwiftAgent.build/Debug-xros/SwiftAgentPlugins-t.build/Objects-normal/arm64/SwiftAgentPlugins-Swift.h -working-directory /Users/admin/builder/spi-builder-workspace/.swiftpm/xcode -experimental-emit-module-separately -disable-cmo
SwiftDriver SwiftAgentMCP normal arm64 com.apple.xcode.tools.swift.compiler (in target 'SwiftAgentMCP' from project 'SwiftAgent')
cd /Users/admin/builder/spi-builder-workspace/.swiftpm/xcode
builtin-SwiftDriver -- /Applications/Xcode-27.0.0-Release.Candidate.app/Contents/Developer/Toolchains/XcodeDefault.xctoolchain/usr/bin/swiftc -parse-as-library -module-name SwiftAgentMCP -Onone @/Users/admin/builder/spi-builder-workspace/.derivedData/Build/Intermediates.noindex/SwiftAgent.build/Debug-xros/SwiftAgentMCP-t.build/Objects-normal/arm64/SwiftAgentMCP.SwiftFileList -DSWIFT_PACKAGE -DDEBUG -DSWIFT_MODULE_RESOURCE_BUNDLE_UNAVAILABLE -Xcc -fmodule-map-file\=/Users/admin/builder/spi-builder-workspace/.dependencies/checkouts/swift-system/Sources/CSystem/include/module.modulemap -DXcode -plugin-path /Applications/Xcode-27.0.0-Release.Candidate.app/Contents/Developer/Toolchains/XcodeDefault.xctoolchain/usr/lib/swift/host/plugins/testing -enable-experimental-feature DebugDescriptionMacro -sdk /Applications/Xcode-27.0.0-Release.Candidate.app/Contents/Developer/Platforms/XROS.platform/Developer/SDKs/XROS27.0.sdk -target arm64-apple-xros26.0 -g -module-cache-path /Users/admin/builder/spi-builder-workspace/.derivedData/ModuleCache.noindex -Xfrontend -serialize-debugging-options -profile-coverage-mapping -profile-generate -enable-testing -index-store-path /Users/admin/builder/spi-builder-workspace/.derivedData/Index.noindex/DataStore -Xcc -D_LIBCPP_HARDENING_MODE\=_LIBCPP_HARDENING_MODE_DEBUG -swift-version 6 -I /Users/admin/builder/spi-builder-workspace/.derivedData/Build/Products/Debug-xros -Isystem /Applications/Xcode-27.0.0-Release.Candidate.app/Contents/Developer/Platforms/XROS.platform/Developer/usr/lib -F /Users/admin/builder/spi-builder-workspace/.derivedData/Build/Products/Debug-xros/PackageFrameworks -F /Users/admin/builder/spi-builder-workspace/.derivedData/Build/Products/Debug-xros -F /Applications/Xcode-27.0.0-Release.Candidate.app/Contents/Developer/Platforms/XROS.platform/Developer/Library/Frameworks -F /Applications/Xcode-27.0.0-Release.Candidate.app/Contents/Developer/Platforms/XROS.platform/Developer/SDKs/XROS27.0.sdk/Developer/Library/Frameworks -Xfrontend -load-plugin-executable -Xfrontend /Users/admin/builder/spi-builder-workspace/.derivedData/Build/Products/Debug/SwiftAgentMacros\#SwiftAgentMacros -c -j10 -enable-batch-mode -incremental -Xcc -ivfsstatcache -Xcc /Users/admin/builder/spi-builder-workspace/.derivedData/SDKStatCaches.noindex/xros27.0-24M361-e829b21a6f8c9b70876ba0858053c044735bd543db762f57723cac368afd1ce4.sdkstatcache -output-file-map /Users/admin/builder/spi-builder-workspace/.derivedData/Build/Intermediates.noindex/SwiftAgent.build/Debug-xros/SwiftAgentMCP-t.build/Objects-normal/arm64/SwiftAgentMCP-OutputFileMap.json -save-temps -no-color-diagnostics -explicit-module-build -module-cache-path /Users/admin/builder/spi-builder-workspace/.derivedData/Build/Intermediates.noindex/SwiftExplicitPrecompiledModules -clang-scanner-module-cache-path /Users/admin/builder/spi-builder-workspace/.derivedData/ModuleCache.noindex -sdk-module-cache-path /Users/admin/builder/spi-builder-workspace/.derivedData/SDKExplicitPrecompiledModules -emit-dependencies -emit-module -emit-module-path /Users/admin/builder/spi-builder-workspace/.derivedData/Build/Intermediates.noindex/SwiftAgent.build/Debug-xros/SwiftAgentMCP-t.build/Objects-normal/arm64/SwiftAgentMCP.swiftmodule -serialize-diagnostics -dependency-scan-serialize-diagnostics-path /Users/admin/builder/spi-builder-workspace/.derivedData/Build/Intermediates.noindex/SwiftAgent.build/Debug-xros/SwiftAgentMCP-t.build/Objects-normal/arm64/SwiftAgentMCP-dependency-scan.dia -validate-clang-modules-once -clang-build-session-file /Users/admin/builder/spi-builder-workspace/.derivedData/ModuleCache.noindex/Session.modulevalidation -Xcc -fmodules-prune-interval\=86400 -Xcc -fmodules-prune-after\=345600 -package-name spi_builder_workspace -emit-const-values -const-gather-protocols-list /Users/admin/builder/spi-builder-workspace/.derivedData/Build/Intermediates.noindex/SwiftAgent.build/Debug-xros/SwiftAgentMCP-t.build/Objects-normal/arm64/SwiftAgentMCP_const_extract_protocols.json -Xcc -I/Users/admin/builder/spi-builder-workspace/.dependencies/checkouts/swift-system/Sources/CSystem/include -Xcc -I/Users/admin/builder/spi-builder-workspace/.derivedData/Build/Products/Debug-xros/include -Xcc -I/Users/admin/builder/spi-builder-workspace/.derivedData/Build/Intermediates.noindex/SwiftAgent.build/Debug-xros/SwiftAgentMCP-t.build/DerivedSources-normal/arm64 -Xcc -I/Users/admin/builder/spi-builder-workspace/.derivedData/Build/Intermediates.noindex/SwiftAgent.build/Debug-xros/SwiftAgentMCP-t.build/DerivedSources/arm64 -Xcc -I/Users/admin/builder/spi-builder-workspace/.derivedData/Build/Intermediates.noindex/SwiftAgent.build/Debug-xros/SwiftAgentMCP-t.build/DerivedSources -Xcc -DSWIFT_PACKAGE -Xcc -DDEBUG\=1 -emit-objc-header -emit-objc-header-path /Users/admin/builder/spi-builder-workspace/.derivedData/Build/Intermediates.noindex/SwiftAgent.build/Debug-xros/SwiftAgentMCP-t.build/Objects-normal/arm64/SwiftAgentMCP-Swift.h -working-directory /Users/admin/builder/spi-builder-workspace/.swiftpm/xcode -experimental-emit-module-separately -disable-cmo
SwiftDriver SwiftAgent normal arm64 com.apple.xcode.tools.swift.compiler (in target 'SwiftAgent' from project 'SwiftAgent')
cd /Users/admin/builder/spi-builder-workspace/.swiftpm/xcode
builtin-SwiftDriver -- /Applications/Xcode-27.0.0-Release.Candidate.app/Contents/Developer/Toolchains/XcodeDefault.xctoolchain/usr/bin/swiftc -parse-as-library -module-name SwiftAgent -Onone @/Users/admin/builder/spi-builder-workspace/.derivedData/Build/Intermediates.noindex/SwiftAgent.build/Debug-xros/SwiftAgent-t.build/Objects-normal/arm64/SwiftAgent.SwiftFileList -DSWIFT_PACKAGE -DDEBUG -DSWIFT_MODULE_RESOURCE_BUNDLE_UNAVAILABLE -DXcode -plugin-path /Applications/Xcode-27.0.0-Release.Candidate.app/Contents/Developer/Toolchains/XcodeDefault.xctoolchain/usr/lib/swift/host/plugins/testing -enable-experimental-feature DebugDescriptionMacro -sdk /Applications/Xcode-27.0.0-Release.Candidate.app/Contents/Developer/Platforms/XROS.platform/Developer/SDKs/XROS27.0.sdk -target arm64-apple-xros26.0 -g -module-cache-path /Users/admin/builder/spi-builder-workspace/.derivedData/ModuleCache.noindex -Xfrontend -serialize-debugging-options -profile-coverage-mapping -profile-generate -enable-testing -index-store-path /Users/admin/builder/spi-builder-workspace/.derivedData/Index.noindex/DataStore -Xcc -D_LIBCPP_HARDENING_MODE\=_LIBCPP_HARDENING_MODE_DEBUG -swift-version 6 -I /Users/admin/builder/spi-builder-workspace/.derivedData/Build/Products/Debug-xros -Isystem /Applications/Xcode-27.0.0-Release.Candidate.app/Contents/Developer/Platforms/XROS.platform/Developer/usr/lib -F /Users/admin/builder/spi-builder-workspace/.derivedData/Build/Products/Debug-xros/PackageFrameworks -F /Users/admin/builder/spi-builder-workspace/.derivedData/Build/Products/Debug-xros -F /Applications/Xcode-27.0.0-Release.Candidate.app/Contents/Developer/Platforms/XROS.platform/Developer/Library/Frameworks -F /Applications/Xcode-27.0.0-Release.Candidate.app/Contents/Developer/Platforms/XROS.platform/Developer/SDKs/XROS27.0.sdk/Developer/Library/Frameworks -Xfrontend -load-plugin-executable -Xfrontend /Users/admin/builder/spi-builder-workspace/.derivedData/Build/Products/Debug/SwiftAgentMacros\#SwiftAgentMacros -c -j10 -enable-batch-mode -incremental -Xcc -ivfsstatcache -Xcc /Users/admin/builder/spi-builder-workspace/.derivedData/SDKStatCaches.noindex/xros27.0-24M361-e829b21a6f8c9b70876ba0858053c044735bd543db762f57723cac368afd1ce4.sdkstatcache -output-file-map /Users/admin/builder/spi-builder-workspace/.derivedData/Build/Intermediates.noindex/SwiftAgent.build/Debug-xros/SwiftAgent-t.build/Objects-normal/arm64/SwiftAgent-OutputFileMap.json -save-temps -no-color-diagnostics -explicit-module-build -module-cache-path /Users/admin/builder/spi-builder-workspace/.derivedData/Build/Intermediates.noindex/SwiftExplicitPrecompiledModules -clang-scanner-module-cache-path /Users/admin/builder/spi-builder-workspace/.derivedData/ModuleCache.noindex -sdk-module-cache-path /Users/admin/builder/spi-builder-workspace/.derivedData/SDKExplicitPrecompiledModules -emit-dependencies -emit-module -emit-module-path /Users/admin/builder/spi-builder-workspace/.derivedData/Build/Intermediates.noindex/SwiftAgent.build/Debug-xros/SwiftAgent-t.build/Objects-normal/arm64/SwiftAgent.swiftmodule -serialize-diagnostics -dependency-scan-serialize-diagnostics-path /Users/admin/builder/spi-builder-workspace/.derivedData/Build/Intermediates.noindex/SwiftAgent.build/Debug-xros/SwiftAgent-t.build/Objects-normal/arm64/SwiftAgent-dependency-scan.dia -validate-clang-modules-once -clang-build-session-file /Users/admin/builder/spi-builder-workspace/.derivedData/ModuleCache.noindex/Session.modulevalidation -Xcc -fmodules-prune-interval\=86400 -Xcc -fmodules-prune-after\=345600 -package-name spi_builder_workspace -emit-const-values -const-gather-protocols-list /Users/admin/builder/spi-builder-workspace/.derivedData/Build/Intermediates.noindex/SwiftAgent.build/Debug-xros/SwiftAgent-t.build/Objects-normal/arm64/SwiftAgent_const_extract_protocols.json -Xcc -I/Users/admin/builder/spi-builder-workspace/.derivedData/Build/Products/Debug-xros/include -Xcc -I/Users/admin/builder/spi-builder-workspace/.derivedData/Build/Intermediates.noindex/SwiftAgent.build/Debug-xros/SwiftAgent-t.build/DerivedSources-normal/arm64 -Xcc -I/Users/admin/builder/spi-builder-workspace/.derivedData/Build/Intermediates.noindex/SwiftAgent.build/Debug-xros/SwiftAgent-t.build/DerivedSources/arm64 -Xcc -I/Users/admin/builder/spi-builder-workspace/.derivedData/Build/Intermediates.noindex/SwiftAgent.build/Debug-xros/SwiftAgent-t.build/DerivedSources -Xcc -DSWIFT_PACKAGE -Xcc -DDEBUG\=1 -emit-objc-header -emit-objc-header-path /Users/admin/builder/spi-builder-workspace/.derivedData/Build/Intermediates.noindex/SwiftAgent.build/Debug-xros/SwiftAgent-t.build/Objects-normal/arm64/SwiftAgent-Swift.h -working-directory /Users/admin/builder/spi-builder-workspace/.swiftpm/xcode -experimental-emit-module-separately -disable-cmo
SwiftDriver AgentTools normal arm64 com.apple.xcode.tools.swift.compiler (in target 'AgentTools' from project 'SwiftAgent')
cd /Users/admin/builder/spi-builder-workspace/.swiftpm/xcode
builtin-SwiftDriver -- /Applications/Xcode-27.0.0-Release.Candidate.app/Contents/Developer/Toolchains/XcodeDefault.xctoolchain/usr/bin/swiftc -parse-as-library -module-name AgentTools -Onone @/Users/admin/builder/spi-builder-workspace/.derivedData/Build/Intermediates.noindex/SwiftAgent.build/Debug-xros/AgentTools-t.build/Objects-normal/arm64/AgentTools.SwiftFileList -DSWIFT_PACKAGE -DDEBUG -DSWIFT_MODULE_RESOURCE_BUNDLE_UNAVAILABLE -DXcode -plugin-path /Applications/Xcode-27.0.0-Release.Candidate.app/Contents/Developer/Toolchains/XcodeDefault.xctoolchain/usr/lib/swift/host/plugins/testing -enable-experimental-feature DebugDescriptionMacro -sdk /Applications/Xcode-27.0.0-Release.Candidate.app/Contents/Developer/Platforms/XROS.platform/Developer/SDKs/XROS27.0.sdk -target arm64-apple-xros26.0 -g -module-cache-path /Users/admin/builder/spi-builder-workspace/.derivedData/ModuleCache.noindex -Xfrontend -serialize-debugging-options -profile-coverage-mapping -profile-generate -enable-testing -index-store-path /Users/admin/builder/spi-builder-workspace/.derivedData/Index.noindex/DataStore -Xcc -D_LIBCPP_HARDENING_MODE\=_LIBCPP_HARDENING_MODE_DEBUG -swift-version 6 -I /Users/admin/builder/spi-builder-workspace/.derivedData/Build/Products/Debug-xros -Isystem /Applications/Xcode-27.0.0-Release.Candidate.app/Contents/Developer/Platforms/XROS.platform/Developer/usr/lib -F /Users/admin/builder/spi-builder-workspace/.derivedData/Build/Products/Debug-xros/PackageFrameworks -F /Users/admin/builder/spi-builder-workspace/.derivedData/Build/Products/Debug-xros -F /Applications/Xcode-27.0.0-Release.Candidate.app/Contents/Developer/Platforms/XROS.platform/Developer/Library/Frameworks -F /Applications/Xcode-27.0.0-Release.Candidate.app/Contents/Developer/Platforms/XROS.platform/Developer/SDKs/XROS27.0.sdk/Developer/Library/Frameworks -Xfrontend -load-plugin-executable -Xfrontend /Users/admin/builder/spi-builder-workspace/.derivedData/Build/Products/Debug/SwiftAgentMacros\#SwiftAgentMacros -c -j10 -enable-batch-mode -incremental -Xcc -ivfsstatcache -Xcc /Users/admin/builder/spi-builder-workspace/.derivedData/SDKStatCaches.noindex/xros27.0-24M361-e829b21a6f8c9b70876ba0858053c044735bd543db762f57723cac368afd1ce4.sdkstatcache -output-file-map /Users/admin/builder/spi-builder-workspace/.derivedData/Build/Intermediates.noindex/SwiftAgent.build/Debug-xros/AgentTools-t.build/Objects-normal/arm64/AgentTools-OutputFileMap.json -save-temps -no-color-diagnostics -explicit-module-build -module-cache-path /Users/admin/builder/spi-builder-workspace/.derivedData/Build/Intermediates.noindex/SwiftExplicitPrecompiledModules -clang-scanner-module-cache-path /Users/admin/builder/spi-builder-workspace/.derivedData/ModuleCache.noindex -sdk-module-cache-path /Users/admin/builder/spi-builder-workspace/.derivedData/SDKExplicitPrecompiledModules -emit-dependencies -emit-module -emit-module-path /Users/admin/builder/spi-builder-workspace/.derivedData/Build/Intermediates.noindex/SwiftAgent.build/Debug-xros/AgentTools-t.build/Objects-normal/arm64/AgentTools.swiftmodule -serialize-diagnostics -dependency-scan-serialize-diagnostics-path /Users/admin/builder/spi-builder-workspace/.derivedData/Build/Intermediates.noindex/SwiftAgent.build/Debug-xros/AgentTools-t.build/Objects-normal/arm64/AgentTools-dependency-scan.dia -validate-clang-modules-once -clang-build-session-file /Users/admin/builder/spi-builder-workspace/.derivedData/ModuleCache.noindex/Session.modulevalidation -Xcc -fmodules-prune-interval\=86400 -Xcc -fmodules-prune-after\=345600 -package-name spi_builder_workspace -emit-const-values -const-gather-protocols-list /Users/admin/builder/spi-builder-workspace/.derivedData/Build/Intermediates.noindex/SwiftAgent.build/Debug-xros/AgentTools-t.build/Objects-normal/arm64/AgentTools_const_extract_protocols.json -Xcc -I/Users/admin/builder/spi-builder-workspace/.derivedData/Build/Products/Debug-xros/include -Xcc -I/Users/admin/builder/spi-builder-workspace/.derivedData/Build/Intermediates.noindex/SwiftAgent.build/Debug-xros/AgentTools-t.build/DerivedSources-normal/arm64 -Xcc -I/Users/admin/builder/spi-builder-workspace/.derivedData/Build/Intermediates.noindex/SwiftAgent.build/Debug-xros/AgentTools-t.build/DerivedSources/arm64 -Xcc -I/Users/admin/builder/spi-builder-workspace/.derivedData/Build/Intermediates.noindex/SwiftAgent.build/Debug-xros/AgentTools-t.build/DerivedSources -Xcc -DSWIFT_PACKAGE -Xcc -DDEBUG\=1 -emit-objc-header -emit-objc-header-path /Users/admin/builder/spi-builder-workspace/.derivedData/Build/Intermediates.noindex/SwiftAgent.build/Debug-xros/AgentTools-t.build/Objects-normal/arm64/AgentTools-Swift.h -working-directory /Users/admin/builder/spi-builder-workspace/.swiftpm/xcode -experimental-emit-module-separately -disable-cmo
SwiftDriver SwiftAgentSymbioPeerConnectivity normal arm64 com.apple.xcode.tools.swift.compiler (in target 'SwiftAgentSymbioPeerConnectivity' from project 'SwiftAgent')
cd /Users/admin/builder/spi-builder-workspace/.swiftpm/xcode
builtin-SwiftDriver -- /Applications/Xcode-27.0.0-Release.Candidate.app/Contents/Developer/Toolchains/XcodeDefault.xctoolchain/usr/bin/swiftc -parse-as-library -module-name SwiftAgentSymbioPeerConnectivity -Onone @/Users/admin/builder/spi-builder-workspace/.derivedData/Build/Intermediates.noindex/SwiftAgent.build/Debug-xros/SwiftAgentSymbioPeerConnectivity-t.build/Objects-normal/arm64/SwiftAgentSymbioPeerConnectivity.SwiftFileList -DSWIFT_PACKAGE -DDEBUG -DSWIFT_MODULE_RESOURCE_BUNDLE_UNAVAILABLE -Xcc -fmodule-map-file\=/Users/admin/builder/spi-builder-workspace/.dependencies/checkouts/swift-atomics/Sources/_AtomicsShims/include/module.modulemap -Xcc -fmodule-map-file\=/Users/admin/builder/spi-builder-workspace/.derivedData/Build/Intermediates.noindex/GeneratedModuleMaps-xros/CNIOWASI.modulemap -Xcc -fmodule-map-file\=/Users/admin/builder/spi-builder-workspace/.dependencies/checkouts/swift-nio/Sources/CNIOWindows/include/module.modulemap -Xcc -fmodule-map-file\=/Users/admin/builder/spi-builder-workspace/.derivedData/Build/Intermediates.noindex/GeneratedModuleMaps-xros/CNIOLinux.modulemap -Xcc -fmodule-map-file\=/Users/admin/builder/spi-builder-workspace/.derivedData/Build/Intermediates.noindex/GeneratedModuleMaps-xros/CNIODarwin.modulemap -Xcc -fmodule-map-file\=/Users/admin/builder/spi-builder-workspace/.derivedData/Build/Intermediates.noindex/GeneratedModuleMaps-xros/CNIOFreeBSD.modulemap -Xcc -fmodule-map-file\=/Users/admin/builder/spi-builder-workspace/.derivedData/Build/Intermediates.noindex/GeneratedModuleMaps-xros/CNIOOpenBSD.modulemap -Xcc -fmodule-map-file\=/Users/admin/builder/spi-builder-workspace/.derivedData/Build/Intermediates.noindex/GeneratedModuleMaps-xros/CNIOAtomics.modulemap -DXcode -plugin-path /Applications/Xcode-27.0.0-Release.Candidate.app/Contents/Developer/Toolchains/XcodeDefault.xctoolchain/usr/lib/swift/host/plugins/testing -enable-experimental-feature DebugDescriptionMacro -sdk /Applications/Xcode-27.0.0-Release.Candidate.app/Contents/Developer/Platforms/XROS.platform/Developer/SDKs/XROS27.0.sdk -target arm64-apple-xros26.0 -g -module-cache-path /Users/admin/builder/spi-builder-workspace/.derivedData/ModuleCache.noindex -Xfrontend -serialize-debugging-options -profile-coverage-mapping -profile-generate -enable-testing -index-store-path /Users/admin/builder/spi-builder-workspace/.derivedData/Index.noindex/DataStore -Xcc -D_LIBCPP_HARDENING_MODE\=_LIBCPP_HARDENING_MODE_DEBUG -swift-version 6 -I /Users/admin/builder/spi-builder-workspace/.derivedData/Build/Products/Debug-xros -Isystem /Applications/Xcode-27.0.0-Release.Candidate.app/Contents/Developer/Platforms/XROS.platform/Developer/usr/lib -F /Users/admin/builder/spi-builder-workspace/.derivedData/Build/Products/Debug-xros/PackageFrameworks -F /Users/admin/builder/spi-builder-workspace/.derivedData/Build/Products/Debug-xros -F /Applications/Xcode-27.0.0-Release.Candidate.app/Contents/Developer/Platforms/XROS.platform/Developer/Library/Frameworks -F /Applications/Xcode-27.0.0-Release.Candidate.app/Contents/Developer/Platforms/XROS.platform/Developer/SDKs/XROS27.0.sdk/Developer/Library/Frameworks -Xfrontend -load-plugin-executable -Xfrontend /Users/admin/builder/spi-builder-workspace/.derivedData/Build/Products/Debug/SwiftAgentMacros\#SwiftAgentMacros -c -j10 -enable-batch-mode -incremental -Xcc -ivfsstatcache -Xcc /Users/admin/builder/spi-builder-workspace/.derivedData/SDKStatCaches.noindex/xros27.0-24M361-e829b21a6f8c9b70876ba0858053c044735bd543db762f57723cac368afd1ce4.sdkstatcache -output-file-map /Users/admin/builder/spi-builder-workspace/.derivedData/Build/Intermediates.noindex/SwiftAgent.build/Debug-xros/SwiftAgentSymbioPeerConnectivity-t.build/Objects-normal/arm64/SwiftAgentSymbioPeerConnectivity-OutputFileMap.json -save-temps -no-color-diagnostics -explicit-module-build -module-cache-path /Users/admin/builder/spi-builder-workspace/.derivedData/Build/Intermediates.noindex/SwiftExplicitPrecompiledModules -clang-scanner-module-cache-path /Users/admin/builder/spi-builder-workspace/.derivedData/ModuleCache.noindex -sdk-module-cache-path /Users/admin/builder/spi-builder-workspace/.derivedData/SDKExplicitPrecompiledModules -emit-dependencies -emit-module -emit-module-path /Users/admin/builder/spi-builder-workspace/.derivedData/Build/Intermediates.noindex/SwiftAgent.build/Debug-xros/SwiftAgentSymbioPeerConnectivity-t.build/Objects-normal/arm64/SwiftAgentSymbioPeerConnectivity.swiftmodule -serialize-diagnostics -dependency-scan-serialize-diagnostics-path /Users/admin/builder/spi-builder-workspace/.derivedData/Build/Intermediates.noindex/SwiftAgent.build/Debug-xros/SwiftAgentSymbioPeerConnectivity-t.build/Objects-normal/arm64/SwiftAgentSymbioPeerConnectivity-dependency-scan.dia -validate-clang-modules-once -clang-build-session-file /Users/admin/builder/spi-builder-workspace/.derivedData/ModuleCache.noindex/Session.modulevalidation -Xcc -fmodules-prune-interval\=86400 -Xcc -fmodules-prune-after\=345600 -package-name spi_builder_workspace -emit-const-values -const-gather-protocols-list /Users/admin/builder/spi-builder-workspace/.derivedData/Build/Intermediates.noindex/SwiftAgent.build/Debug-xros/SwiftAgentSymbioPeerConnectivity-t.build/Objects-normal/arm64/SwiftAgentSymbioPeerConnectivity_const_extract_protocols.json -Xcc -I/Users/admin/builder/spi-builder-workspace/.dependencies/checkouts/swift-atomics/Sources/_AtomicsShims/include -Xcc -I/Users/admin/builder/spi-builder-workspace/.dependencies/checkouts/swift-nio/Sources/CNIOWASI/include -Xcc -I/Users/admin/builder/spi-builder-workspace/.dependencies/checkouts/swift-nio/Sources/CNIOWindows/include -Xcc -I/Users/admin/builder/spi-builder-workspace/.dependencies/checkouts/swift-nio/Sources/CNIOLinux/include -Xcc -I/Users/admin/builder/spi-builder-workspace/.dependencies/checkouts/swift-nio/Sources/CNIODarwin/include -Xcc -I/Users/admin/builder/spi-builder-workspace/.dependencies/checkouts/swift-nio/Sources/CNIOFreeBSD/include -Xcc -I/Users/admin/builder/spi-builder-workspace/.dependencies/checkouts/swift-nio/Sources/CNIOOpenBSD/include -Xcc -I/Users/admin/builder/spi-builder-workspace/.dependencies/checkouts/swift-nio/Sources/CNIOAtomics/include -Xcc -I/Users/admin/builder/spi-builder-workspace/.derivedData/Build/Products/Debug-xros/include -Xcc -I/Users/admin/builder/spi-builder-workspace/.derivedData/Build/Intermediates.noindex/SwiftAgent.build/Debug-xros/SwiftAgentSymbioPeerConnectivity-t.build/DerivedSources-normal/arm64 -Xcc -I/Users/admin/builder/spi-builder-workspace/.derivedData/Build/Intermediates.noindex/SwiftAgent.build/Debug-xros/SwiftAgentSymbioPeerConnectivity-t.build/DerivedSources/arm64 -Xcc -I/Users/admin/builder/spi-builder-workspace/.derivedData/Build/Intermediates.noindex/SwiftAgent.build/Debug-xros/SwiftAgentSymbioPeerConnectivity-t.build/DerivedSources -Xcc -DSWIFT_PACKAGE -Xcc -DDEBUG\=1 -emit-objc-header -emit-objc-header-path /Users/admin/builder/spi-builder-workspace/.derivedData/Build/Intermediates.noindex/SwiftAgent.build/Debug-xros/SwiftAgentSymbioPeerConnectivity-t.build/Objects-normal/arm64/SwiftAgentSymbioPeerConnectivity-Swift.h -working-directory /Users/admin/builder/spi-builder-workspace/.swiftpm/xcode -experimental-emit-module-separately -disable-cmo
SwiftCompile normal arm64 Compiling\ MCPAuth.swift /Users/admin/builder/spi-builder-workspace/Sources/SwiftAgentMCP/MCPAuth.swift (in target 'SwiftAgentMCP' from project 'SwiftAgent')
SwiftCompile normal arm64 /Users/admin/builder/spi-builder-workspace/Sources/SwiftAgentMCP/MCPAuth.swift (in target 'SwiftAgentMCP' from project 'SwiftAgent')
cd /Users/admin/builder/spi-builder-workspace/.swiftpm/xcode
builtin-SwiftPerFileCompile MCPAuth.swift
SwiftCompile normal arm64 Compiling\ MCPClientManager.swift /Users/admin/builder/spi-builder-workspace/Sources/SwiftAgentMCP/MCPClientManager.swift (in target 'SwiftAgentMCP' from project 'SwiftAgent')
SwiftCompile normal arm64 /Users/admin/builder/spi-builder-workspace/Sources/SwiftAgentMCP/MCPClientManager.swift (in target 'SwiftAgentMCP' from project 'SwiftAgent')
cd /Users/admin/builder/spi-builder-workspace/.swiftpm/xcode
builtin-SwiftPerFileCompile MCPClientManager.swift
SwiftCompile normal arm64 Compiling\ AgentMCP.swift /Users/admin/builder/spi-builder-workspace/Sources/SwiftAgentMCP/AgentMCP.swift (in target 'SwiftAgentMCP' from project 'SwiftAgent')
SwiftCompile normal arm64 /Users/admin/builder/spi-builder-workspace/Sources/SwiftAgentMCP/AgentMCP.swift (in target 'SwiftAgentMCP' from project 'SwiftAgent')
cd /Users/admin/builder/spi-builder-workspace/.swiftpm/xcode
builtin-SwiftPerFileCompile AgentMCP.swift
SwiftCompile normal arm64 Compiling\ MCPClientManager+ToolRuntime.swift /Users/admin/builder/spi-builder-workspace/Sources/SwiftAgentMCP/MCPClientManager+ToolRuntime.swift (in target 'SwiftAgentMCP' from project 'SwiftAgent')
SwiftCompile normal arm64 /Users/admin/builder/spi-builder-workspace/Sources/SwiftAgentMCP/MCPClientManager+ToolRuntime.swift (in target 'SwiftAgentMCP' from project 'SwiftAgent')
cd /Users/admin/builder/spi-builder-workspace/.swiftpm/xcode
builtin-SwiftPerFileCompile MCPClientManager+ToolRuntime.swift
SwiftCompile normal arm64 Compiling\ MCPClient.swift /Users/admin/builder/spi-builder-workspace/Sources/SwiftAgentMCP/MCPClient.swift (in target 'SwiftAgentMCP' from project 'SwiftAgent')
SwiftCompile normal arm64 /Users/admin/builder/spi-builder-workspace/Sources/SwiftAgentMCP/MCPClient.swift (in target 'SwiftAgentMCP' from project 'SwiftAgent')
cd /Users/admin/builder/spi-builder-workspace/.swiftpm/xcode
builtin-SwiftPerFileCompile MCPClient.swift
SwiftEmitModule normal arm64 Emitting\ module\ for\ SwiftAgentMCP (in target 'SwiftAgentMCP' from project 'SwiftAgent')
SwiftCompile normal arm64 (in target 'SwiftAgentMCP' from project 'SwiftAgent')
cd /Users/admin/builder/spi-builder-workspace/.swiftpm/xcode
SwiftEmitModule normal arm64 Emitting\ module\ for\ SwiftAgentSymbioPeerConnectivity (in target 'SwiftAgentSymbioPeerConnectivity' from project 'SwiftAgent')
SwiftCompile normal arm64 (in target 'SwiftAgentSymbioPeerConnectivity' from project 'SwiftAgent')
cd /Users/admin/builder/spi-builder-workspace/.swiftpm/xcode
SwiftDriverJobDiscovery normal arm64 Compiling AgentMCP.swift (in target 'SwiftAgentMCP' from project 'SwiftAgent')
SwiftEmitModule normal arm64 Emitting\ module\ for\ AgentTools (in target 'AgentTools' from project 'SwiftAgent')
SwiftCompile normal arm64 (in target 'AgentTools' from project 'SwiftAgent')
cd /Users/admin/builder/spi-builder-workspace/.swiftpm/xcode
SwiftEmitModule normal arm64 Emitting\ module\ for\ SwiftAgentPlugins (in target 'SwiftAgentPlugins' from project 'SwiftAgent')
SwiftCompile normal arm64 (in target 'SwiftAgentPlugins' from project 'SwiftAgent')
cd /Users/admin/builder/spi-builder-workspace/.swiftpm/xcode
SwiftDriverJobDiscovery normal arm64 Compiling MCPClientManager+ToolRuntime.swift (in target 'SwiftAgentMCP' from project 'SwiftAgent')
SwiftCompile normal arm64 Compiling\ PeerConnectivitySymbioTransport.swift /Users/admin/builder/spi-builder-workspace/Sources/SwiftAgentSymbioPeerConnectivity/PeerConnectivitySymbioTransport.swift (in target 'SwiftAgentSymbioPeerConnectivity' from project 'SwiftAgent')
SwiftCompile normal arm64 /Users/admin/builder/spi-builder-workspace/Sources/SwiftAgentSymbioPeerConnectivity/PeerConnectivitySymbioTransport.swift (in target 'SwiftAgentSymbioPeerConnectivity' from project 'SwiftAgent')
cd /Users/admin/builder/spi-builder-workspace/.swiftpm/xcode
builtin-SwiftPerFileCompile PeerConnectivitySymbioTransport.swift
SwiftCompile normal arm64 Compiling\ PluginHooks.swift,\ PluginInstallOutcome.swift /Users/admin/builder/spi-builder-workspace/Sources/SwiftAgentPlugins/PluginHooks.swift /Users/admin/builder/spi-builder-workspace/Sources/SwiftAgentPlugins/PluginInstallOutcome.swift (in target 'SwiftAgentPlugins' from project 'SwiftAgent')
SwiftCompile normal arm64 /Users/admin/builder/spi-builder-workspace/Sources/SwiftAgentPlugins/PluginHooks.swift (in target 'SwiftAgentPlugins' from project 'SwiftAgent')
cd /Users/admin/builder/spi-builder-workspace/.swiftpm/xcode
builtin-SwiftPerFileCompile PluginHooks.swift
SwiftCompile normal arm64 /Users/admin/builder/spi-builder-workspace/Sources/SwiftAgentPlugins/PluginInstallOutcome.swift (in target 'SwiftAgentPlugins' from project 'SwiftAgent')
cd /Users/admin/builder/spi-builder-workspace/.swiftpm/xcode
builtin-SwiftPerFileCompile PluginInstallOutcome.swift
SwiftDriverJobDiscovery normal arm64 Emitting module for SwiftAgentSymbioPeerConnectivity (in target 'SwiftAgentSymbioPeerConnectivity' from project 'SwiftAgent')
SwiftDriver\ Compilation\ Requirements SwiftAgentSymbioPeerConnectivity normal arm64 com.apple.xcode.tools.swift.compiler (in target 'SwiftAgentSymbioPeerConnectivity' from project 'SwiftAgent')
cd /Users/admin/builder/spi-builder-workspace/.swiftpm/xcode
builtin-Swift-Compilation-Requirements -- /Applications/Xcode-27.0.0-Release.Candidate.app/Contents/Developer/Toolchains/XcodeDefault.xctoolchain/usr/bin/swiftc -parse-as-library -module-name SwiftAgentSymbioPeerConnectivity -Onone @/Users/admin/builder/spi-builder-workspace/.derivedData/Build/Intermediates.noindex/SwiftAgent.build/Debug-xros/SwiftAgentSymbioPeerConnectivity-t.build/Objects-normal/arm64/SwiftAgentSymbioPeerConnectivity.SwiftFileList -DSWIFT_PACKAGE -DDEBUG -DSWIFT_MODULE_RESOURCE_BUNDLE_UNAVAILABLE -Xcc -fmodule-map-file\=/Users/admin/builder/spi-builder-workspace/.dependencies/checkouts/swift-atomics/Sources/_AtomicsShims/include/module.modulemap -Xcc -fmodule-map-file\=/Users/admin/builder/spi-builder-workspace/.derivedData/Build/Intermediates.noindex/GeneratedModuleMaps-xros/CNIOWASI.modulemap -Xcc -fmodule-map-file\=/Users/admin/builder/spi-builder-workspace/.dependencies/checkouts/swift-nio/Sources/CNIOWindows/include/module.modulemap -Xcc -fmodule-map-file\=/Users/admin/builder/spi-builder-workspace/.derivedData/Build/Intermediates.noindex/GeneratedModuleMaps-xros/CNIOLinux.modulemap -Xcc -fmodule-map-file\=/Users/admin/builder/spi-builder-workspace/.derivedData/Build/Intermediates.noindex/GeneratedModuleMaps-xros/CNIODarwin.modulemap -Xcc -fmodule-map-file\=/Users/admin/builder/spi-builder-workspace/.derivedData/Build/Intermediates.noindex/GeneratedModuleMaps-xros/CNIOFreeBSD.modulemap -Xcc -fmodule-map-file\=/Users/admin/builder/spi-builder-workspace/.derivedData/Build/Intermediates.noindex/GeneratedModuleMaps-xros/CNIOOpenBSD.modulemap -Xcc -fmodule-map-file\=/Users/admin/builder/spi-builder-workspace/.derivedData/Build/Intermediates.noindex/GeneratedModuleMaps-xros/CNIOAtomics.modulemap -DXcode -plugin-path /Applications/Xcode-27.0.0-Release.Candidate.app/Contents/Developer/Toolchains/XcodeDefault.xctoolchain/usr/lib/swift/host/plugins/testing -enable-experimental-feature DebugDescriptionMacro -sdk /Applications/Xcode-27.0.0-Release.Candidate.app/Contents/Developer/Platforms/XROS.platform/Developer/SDKs/XROS27.0.sdk -target arm64-apple-xros26.0 -g -module-cache-path /Users/admin/builder/spi-builder-workspace/.derivedData/ModuleCache.noindex -Xfrontend -serialize-debugging-options -profile-coverage-mapping -profile-generate -enable-testing -index-store-path /Users/admin/builder/spi-builder-workspace/.derivedData/Index.noindex/DataStore -Xcc -D_LIBCPP_HARDENING_MODE\=_LIBCPP_HARDENING_MODE_DEBUG -swift-version 6 -I /Users/admin/builder/spi-builder-workspace/.derivedData/Build/Products/Debug-xros -Isystem /Applications/Xcode-27.0.0-Release.Candidate.app/Contents/Developer/Platforms/XROS.platform/Developer/usr/lib -F /Users/admin/builder/spi-builder-workspace/.derivedData/Build/Products/Debug-xros/PackageFrameworks -F /Users/admin/builder/spi-builder-workspace/.derivedData/Build/Products/Debug-xros -F /Applications/Xcode-27.0.0-Release.Candidate.app/Contents/Developer/Platforms/XROS.platform/Developer/Library/Frameworks -F /Applications/Xcode-27.0.0-Release.Candidate.app/Contents/Developer/Platforms/XROS.platform/Developer/SDKs/XROS27.0.sdk/Developer/Library/Frameworks -Xfrontend -load-plugin-executable -Xfrontend /Users/admin/builder/spi-builder-workspace/.derivedData/Build/Products/Debug/SwiftAgentMacros\#SwiftAgentMacros -c -j10 -enable-batch-mode -incremental -Xcc -ivfsstatcache -Xcc /Users/admin/builder/spi-builder-workspace/.derivedData/SDKStatCaches.noindex/xros27.0-24M361-e829b21a6f8c9b70876ba0858053c044735bd543db762f57723cac368afd1ce4.sdkstatcache -output-file-map /Users/admin/builder/spi-builder-workspace/.derivedData/Build/Intermediates.noindex/SwiftAgent.build/Debug-xros/SwiftAgentSymbioPeerConnectivity-t.build/Objects-normal/arm64/SwiftAgentSymbioPeerConnectivity-OutputFileMap.json -save-temps -no-color-diagnostics -explicit-module-build -module-cache-path /Users/admin/builder/spi-builder-workspace/.derivedData/Build/Intermediates.noindex/SwiftExplicitPrecompiledModules -clang-scanner-module-cache-path /Users/admin/builder/spi-builder-workspace/.derivedData/ModuleCache.noindex -sdk-module-cache-path /Users/admin/builder/spi-builder-workspace/.derivedData/SDKExplicitPrecompiledModules -emit-dependencies -emit-module -emit-module-path /Users/admin/builder/spi-builder-workspace/.derivedData/Build/Intermediates.noindex/SwiftAgent.build/Debug-xros/SwiftAgentSymbioPeerConnectivity-t.build/Objects-normal/arm64/SwiftAgentSymbioPeerConnectivity.swiftmodule -serialize-diagnostics -dependency-scan-serialize-diagnostics-path /Users/admin/builder/spi-builder-workspace/.derivedData/Build/Intermediates.noindex/SwiftAgent.build/Debug-xros/SwiftAgentSymbioPeerConnectivity-t.build/Objects-normal/arm64/SwiftAgentSymbioPeerConnectivity-dependency-scan.dia -validate-clang-modules-once -clang-build-session-file /Users/admin/builder/spi-builder-workspace/.derivedData/ModuleCache.noindex/Session.modulevalidation -Xcc -fmodules-prune-interval\=86400 -Xcc -fmodules-prune-after\=345600 -package-name spi_builder_workspace -emit-const-values -const-gather-protocols-list /Users/admin/builder/spi-builder-workspace/.derivedData/Build/Intermediates.noindex/SwiftAgent.build/Debug-xros/SwiftAgentSymbioPeerConnectivity-t.build/Objects-normal/arm64/SwiftAgentSymbioPeerConnectivity_const_extract_protocols.json -Xcc -I/Users/admin/builder/spi-builder-workspace/.dependencies/checkouts/swift-atomics/Sources/_AtomicsShims/include -Xcc -I/Users/admin/builder/spi-builder-workspace/.dependencies/checkouts/swift-nio/Sources/CNIOWASI/include -Xcc -I/Users/admin/builder/spi-builder-workspace/.dependencies/checkouts/swift-nio/Sources/CNIOWindows/include -Xcc -I/Users/admin/builder/spi-builder-workspace/.dependencies/checkouts/swift-nio/Sources/CNIOLinux/include -Xcc -I/Users/admin/builder/spi-builder-workspace/.dependencies/checkouts/swift-nio/Sources/CNIODarwin/include -Xcc -I/Users/admin/builder/spi-builder-workspace/.dependencies/checkouts/swift-nio/Sources/CNIOFreeBSD/include -Xcc -I/Users/admin/builder/spi-builder-workspace/.dependencies/checkouts/swift-nio/Sources/CNIOOpenBSD/include -Xcc -I/Users/admin/builder/spi-builder-workspace/.dependencies/checkouts/swift-nio/Sources/CNIOAtomics/include -Xcc -I/Users/admin/builder/spi-builder-workspace/.derivedData/Build/Products/Debug-xros/include -Xcc -I/Users/admin/builder/spi-builder-workspace/.derivedData/Build/Intermediates.noindex/SwiftAgent.build/Debug-xros/SwiftAgentSymbioPeerConnectivity-t.build/DerivedSources-normal/arm64 -Xcc -I/Users/admin/builder/spi-builder-workspace/.derivedData/Build/Intermediates.noindex/SwiftAgent.build/Debug-xros/SwiftAgentSymbioPeerConnectivity-t.build/DerivedSources/arm64 -Xcc -I/Users/admin/builder/spi-builder-workspace/.derivedData/Build/Intermediates.noindex/SwiftAgent.build/Debug-xros/SwiftAgentSymbioPeerConnectivity-t.build/DerivedSources -Xcc -DSWIFT_PACKAGE -Xcc -DDEBUG\=1 -emit-objc-header -emit-objc-header-path /Users/admin/builder/spi-builder-workspace/.derivedData/Build/Intermediates.noindex/SwiftAgent.build/Debug-xros/SwiftAgentSymbioPeerConnectivity-t.build/Objects-normal/arm64/SwiftAgentSymbioPeerConnectivity-Swift.h -working-directory /Users/admin/builder/spi-builder-workspace/.swiftpm/xcode -experimental-emit-module-separately -disable-cmo
SwiftEmitModule normal arm64 Emitting\ module\ for\ SwiftAgentSymbio (in target 'SwiftAgentSymbio' from project 'SwiftAgent')
SwiftCompile normal arm64 (in target 'SwiftAgentSymbio' from project 'SwiftAgent')
cd /Users/admin/builder/spi-builder-workspace/.swiftpm/xcode
SwiftMergeGeneratedHeaders /Users/admin/builder/spi-builder-workspace/.derivedData/Build/Intermediates.noindex/GeneratedModuleMaps-xros/SwiftAgentSymbioPeerConnectivity-Swift.h /Users/admin/builder/spi-builder-workspace/.derivedData/Build/Intermediates.noindex/SwiftAgent.build/Debug-xros/SwiftAgentSymbioPeerConnectivity-t.build/Objects-normal/arm64/SwiftAgentSymbioPeerConnectivity-Swift.h (in target 'SwiftAgentSymbioPeerConnectivity' from project 'SwiftAgent')
cd /Users/admin/builder/spi-builder-workspace
builtin-swiftHeaderTool -arch arm64 /Users/admin/builder/spi-builder-workspace/.derivedData/Build/Intermediates.noindex/SwiftAgent.build/Debug-xros/SwiftAgentSymbioPeerConnectivity-t.build/Objects-normal/arm64/SwiftAgentSymbioPeerConnectivity-Swift.h -o /Users/admin/builder/spi-builder-workspace/.derivedData/Build/Intermediates.noindex/GeneratedModuleMaps-xros/SwiftAgentSymbioPeerConnectivity-Swift.h
Copy /Users/admin/builder/spi-builder-workspace/.derivedData/Build/Products/Debug-xros/SwiftAgentSymbioPeerConnectivity.swiftmodule/arm64-apple-xros.swiftmodule /Users/admin/builder/spi-builder-workspace/.derivedData/Build/Intermediates.noindex/SwiftAgent.build/Debug-xros/SwiftAgentSymbioPeerConnectivity-t.build/Objects-normal/arm64/SwiftAgentSymbioPeerConnectivity.swiftmodule (in target 'SwiftAgentSymbioPeerConnectivity' from project 'SwiftAgent')
cd /Users/admin/builder/spi-builder-workspace
builtin-copy -exclude .DS_Store -exclude CVS -exclude .svn -exclude .git -exclude .hg -resolve-src-symlinks -rename /Users/admin/builder/spi-builder-workspace/.derivedData/Build/Intermediates.noindex/SwiftAgent.build/Debug-xros/SwiftAgentSymbioPeerConnectivity-t.build/Objects-normal/arm64/SwiftAgentSymbioPeerConnectivity.swiftmodule /Users/admin/builder/spi-builder-workspace/.derivedData/Build/Products/Debug-xros/SwiftAgentSymbioPeerConnectivity.swiftmodule/arm64-apple-xros.swiftmodule
Copy /Users/admin/builder/spi-builder-workspace/.derivedData/Build/Products/Debug-xros/SwiftAgentSymbioPeerConnectivity.swiftmodule/arm64-apple-xros.swiftdoc /Users/admin/builder/spi-builder-workspace/.derivedData/Build/Intermediates.noindex/SwiftAgent.build/Debug-xros/SwiftAgentSymbioPeerConnectivity-t.build/Objects-normal/arm64/SwiftAgentSymbioPeerConnectivity.swiftdoc (in target 'SwiftAgentSymbioPeerConnectivity' from project 'SwiftAgent')
cd /Users/admin/builder/spi-builder-workspace
builtin-copy -exclude .DS_Store -exclude CVS -exclude .svn -exclude .git -exclude .hg -resolve-src-symlinks -rename /Users/admin/builder/spi-builder-workspace/.derivedData/Build/Intermediates.noindex/SwiftAgent.build/Debug-xros/SwiftAgentSymbioPeerConnectivity-t.build/Objects-normal/arm64/SwiftAgentSymbioPeerConnectivity.swiftdoc /Users/admin/builder/spi-builder-workspace/.derivedData/Build/Products/Debug-xros/SwiftAgentSymbioPeerConnectivity.swiftmodule/arm64-apple-xros.swiftdoc
Copy /Users/admin/builder/spi-builder-workspace/.derivedData/Build/Products/Debug-xros/SwiftAgentSymbioPeerConnectivity.swiftmodule/arm64-apple-xros.abi.json /Users/admin/builder/spi-builder-workspace/.derivedData/Build/Intermediates.noindex/SwiftAgent.build/Debug-xros/SwiftAgentSymbioPeerConnectivity-t.build/Objects-normal/arm64/SwiftAgentSymbioPeerConnectivity.abi.json (in target 'SwiftAgentSymbioPeerConnectivity' from project 'SwiftAgent')
cd /Users/admin/builder/spi-builder-workspace
builtin-copy -exclude .DS_Store -exclude CVS -exclude .svn -exclude .git -exclude .hg -resolve-src-symlinks -rename /Users/admin/builder/spi-builder-workspace/.derivedData/Build/Intermediates.noindex/SwiftAgent.build/Debug-xros/SwiftAgentSymbioPeerConnectivity-t.build/Objects-normal/arm64/SwiftAgentSymbioPeerConnectivity.abi.json /Users/admin/builder/spi-builder-workspace/.derivedData/Build/Products/Debug-xros/SwiftAgentSymbioPeerConnectivity.swiftmodule/arm64-apple-xros.abi.json
Copy /Users/admin/builder/spi-builder-workspace/.derivedData/Build/Products/Debug-xros/SwiftAgentSymbioPeerConnectivity.swiftmodule/Project/arm64-apple-xros.swiftsourceinfo /Users/admin/builder/spi-builder-workspace/.derivedData/Build/Intermediates.noindex/SwiftAgent.build/Debug-xros/SwiftAgentSymbioPeerConnectivity-t.build/Objects-normal/arm64/SwiftAgentSymbioPeerConnectivity.swiftsourceinfo (in target 'SwiftAgentSymbioPeerConnectivity' from project 'SwiftAgent')
cd /Users/admin/builder/spi-builder-workspace
builtin-copy -exclude .DS_Store -exclude CVS -exclude .svn -exclude .git -exclude .hg -resolve-src-symlinks -rename /Users/admin/builder/spi-builder-workspace/.derivedData/Build/Intermediates.noindex/SwiftAgent.build/Debug-xros/SwiftAgentSymbioPeerConnectivity-t.build/Objects-normal/arm64/SwiftAgentSymbioPeerConnectivity.swiftsourceinfo /Users/admin/builder/spi-builder-workspace/.derivedData/Build/Products/Debug-xros/SwiftAgentSymbioPeerConnectivity.swiftmodule/Project/arm64-apple-xros.swiftsourceinfo
SwiftCompile normal arm64 Compiling\ SymbioTransport.swift /Users/admin/builder/spi-builder-workspace/Sources/SwiftAgentSymbio/SymbioTransport.swift (in target 'SwiftAgentSymbio' from project 'SwiftAgent')
SwiftCompile normal arm64 /Users/admin/builder/spi-builder-workspace/Sources/SwiftAgentSymbio/SymbioTransport.swift (in target 'SwiftAgentSymbio' from project 'SwiftAgent')
cd /Users/admin/builder/spi-builder-workspace/.swiftpm/xcode
builtin-SwiftPerFileCompile SymbioTransport.swift
SwiftDriverJobDiscovery normal arm64 Compiling MCPClientManager.swift (in target 'SwiftAgentMCP' from project 'SwiftAgent')
SwiftCompile normal arm64 Compiling\ SymbioRuntime.swift /Users/admin/builder/spi-builder-workspace/Sources/SwiftAgentSymbio/SymbioRuntime.swift (in target 'SwiftAgentSymbio' from project 'SwiftAgent')
SwiftCompile normal arm64 /Users/admin/builder/spi-builder-workspace/Sources/SwiftAgentSymbio/SymbioRuntime.swift (in target 'SwiftAgentSymbio' from project 'SwiftAgent')
cd /Users/admin/builder/spi-builder-workspace/.swiftpm/xcode
builtin-SwiftPerFileCompile SymbioRuntime.swift
SwiftDriverJobDiscovery normal arm64 Compiling MCPAuth.swift (in target 'SwiftAgentMCP' from project 'SwiftAgent')
SwiftCompile normal arm64 Compiling\ TrustView.swift /Users/admin/builder/spi-builder-workspace/Sources/SwiftAgentSymbio/TrustView.swift (in target 'SwiftAgentSymbio' from project 'SwiftAgent')
SwiftCompile normal arm64 /Users/admin/builder/spi-builder-workspace/Sources/SwiftAgentSymbio/TrustView.swift (in target 'SwiftAgentSymbio' from project 'SwiftAgent')
cd /Users/admin/builder/spi-builder-workspace/.swiftpm/xcode
builtin-SwiftPerFileCompile TrustView.swift
SwiftCompile normal arm64 Compiling\ PluginUpdateOutcome.swift /Users/admin/builder/spi-builder-workspace/Sources/SwiftAgentPlugins/PluginUpdateOutcome.swift (in target 'SwiftAgentPlugins' from project 'SwiftAgent')
SwiftCompile normal arm64 /Users/admin/builder/spi-builder-workspace/Sources/SwiftAgentPlugins/PluginUpdateOutcome.swift (in target 'SwiftAgentPlugins' from project 'SwiftAgent')
cd /Users/admin/builder/spi-builder-workspace/.swiftpm/xcode
builtin-SwiftPerFileCompile PluginUpdateOutcome.swift
SwiftCompile normal arm64 Compiling\ AgentSession+SwiftAgentPlugins.swift,\ InstalledPluginRecord.swift /Users/admin/builder/spi-builder-workspace/Sources/SwiftAgentPlugins/AgentSession+SwiftAgentPlugins.swift /Users/admin/builder/spi-builder-workspace/Sources/SwiftAgentPlugins/InstalledPluginRecord.swift (in target 'SwiftAgentPlugins' from project 'SwiftAgent')
SwiftCompile normal arm64 /Users/admin/builder/spi-builder-workspace/Sources/SwiftAgentPlugins/AgentSession+SwiftAgentPlugins.swift (in target 'SwiftAgentPlugins' from project 'SwiftAgent')
cd /Users/admin/builder/spi-builder-workspace/.swiftpm/xcode
builtin-SwiftPerFileCompile AgentSession+SwiftAgentPlugins.swift
SwiftCompile normal arm64 /Users/admin/builder/spi-builder-workspace/Sources/SwiftAgentPlugins/InstalledPluginRecord.swift (in target 'SwiftAgentPlugins' from project 'SwiftAgent')
cd /Users/admin/builder/spi-builder-workspace/.swiftpm/xcode
builtin-SwiftPerFileCompile InstalledPluginRecord.swift
SwiftDriverJobDiscovery normal arm64 Compiling MCPClient.swift (in target 'SwiftAgentMCP' from project 'SwiftAgent')
SwiftCompile normal arm64 Compiling\ PluginRegistry.swift,\ PluginTool.swift /Users/admin/builder/spi-builder-workspace/Sources/SwiftAgentPlugins/PluginRegistry.swift /Users/admin/builder/spi-builder-workspace/Sources/SwiftAgentPlugins/PluginTool.swift (in target 'SwiftAgentPlugins' from project 'SwiftAgent')
SwiftCompile normal arm64 /Users/admin/builder/spi-builder-workspace/Sources/SwiftAgentPlugins/PluginRegistry.swift (in target 'SwiftAgentPlugins' from project 'SwiftAgent')
cd /Users/admin/builder/spi-builder-workspace/.swiftpm/xcode
builtin-SwiftPerFileCompile PluginRegistry.swift
SwiftCompile normal arm64 /Users/admin/builder/spi-builder-workspace/Sources/SwiftAgentPlugins/PluginTool.swift (in target 'SwiftAgentPlugins' from project 'SwiftAgent')
cd /Users/admin/builder/spi-builder-workspace/.swiftpm/xcode
builtin-SwiftPerFileCompile PluginTool.swift
SwiftCompile normal arm64 Compiling\ PluginDefinition.swift,\ PluginHookMiddleware.swift /Users/admin/builder/spi-builder-workspace/Sources/SwiftAgentPlugins/PluginDefinition.swift /Users/admin/builder/spi-builder-workspace/Sources/SwiftAgentPlugins/PluginHookMiddleware.swift (in target 'SwiftAgentPlugins' from project 'SwiftAgent')
/Users/admin/builder/spi-builder-workspace/Sources/SwiftAgentPlugins/PluginDefinition.swift:76:27: error: cannot find 'Process' in scope
74 |
75 | for command in commands {
76 | let process = Process()
| `- error: cannot find 'Process' in scope
77 |
78 | if Self.isLiteralCommand(command) {
Failed frontend command:
/Applications/Xcode-27.0.0-Release.Candidate.app/Contents/Developer/Toolchains/XcodeDefault.xctoolchain/usr/bin/swift-frontend -frontend -c /Users/admin/builder/spi-builder-workspace/Sources/SwiftAgentPlugins/AgentSession+SwiftAgentPlugins.swift /Users/admin/builder/spi-builder-workspace/Sources/SwiftAgentPlugins/InstalledPluginRecord.swift -primary-file /Users/admin/builder/spi-builder-workspace/Sources/SwiftAgentPlugins/PluginDefinition.swift /Users/admin/builder/spi-builder-workspace/Sources/SwiftAgentPlugins/PluginError.swift /Users/admin/builder/spi-builder-workspace/Sources/SwiftAgentPlugins/PluginHookError.swift /Users/admin/builder/spi-builder-workspace/Sources/SwiftAgentPlugins/PluginHookEvent.swift -primary-file /Users/admin/builder/spi-builder-workspace/Sources/SwiftAgentPlugins/PluginHookMiddleware.swift /Users/admin/builder/spi-builder-workspace/Sources/SwiftAgentPlugins/PluginHookRunResult.swift /Users/admin/builder/spi-builder-workspace/Sources/SwiftAgentPlugins/PluginHookRunner.swift /Users/admin/builder/spi-builder-workspace/Sources/SwiftAgentPlugins/PluginHooks.swift /Users/admin/builder/spi-builder-workspace/Sources/SwiftAgentPlugins/PluginInstallOutcome.swift /Users/admin/builder/spi-builder-workspace/Sources/SwiftAgentPlugins/PluginInstallSource.swift /Users/admin/builder/spi-builder-workspace/Sources/SwiftAgentPlugins/PluginJSONValue.swift /Users/admin/builder/spi-builder-workspace/Sources/SwiftAgentPlugins/PluginKind.swift /Users/admin/builder/spi-builder-workspace/Sources/SwiftAgentPlugins/PluginLifecycle.swift /Users/admin/builder/spi-builder-workspace/Sources/SwiftAgentPlugins/PluginManager.swift /Users/admin/builder/spi-builder-workspace/Sources/SwiftAgentPlugins/PluginManagerConfig.swift /Users/admin/builder/spi-builder-workspace/Sources/SwiftAgentPlugins/PluginManifest.swift /Users/admin/builder/spi-builder-workspace/Sources/SwiftAgentPlugins/PluginManifestValidationError.swift /Users/admin/builder/spi-builder-workspace/Sources/SwiftAgentPlugins/PluginMetadata.swift /Users/admin/builder/spi-builder-workspace/Sources/SwiftAgentPlugins/PluginPermission.swift /Users/admin/builder/spi-builder-workspace/Sources/SwiftAgentPlugins/PluginRegistry.swift /Users/admin/builder/spi-builder-workspace/Sources/SwiftAgentPlugins/PluginTool.swift /Users/admin/builder/spi-builder-workspace/Sources/SwiftAgentPlugins/PluginToolAdapter.swift /Users/admin/builder/spi-builder-workspace/Sources/SwiftAgentPlugins/PluginToolDefinition.swift /Users/admin/builder/spi-builder-workspace/Sources/SwiftAgentPlugins/PluginToolPermission.swift /Users/admin/builder/spi-builder-workspace/Sources/SwiftAgentPlugins/PluginUpdateOutcome.swift /Users/admin/builder/spi-builder-workspace/Sources/SwiftAgentPlugins/ToolPipeline+SwiftAgentPlugins.swift /Users/admin/builder/spi-builder-workspace/Sources/SwiftAgentPlugins/ToolRuntimeConfiguration+SwiftAgentPlugins.swift -emit-dependencies-path /Users/admin/builder/spi-builder-workspace/.derivedData/Build/Intermediates.noindex/SwiftAgent.build/Debug-xros/SwiftAgentPlugins-t.build/Objects-normal/arm64/PluginDefinition.d -emit-const-values-path /Users/admin/builder/spi-builder-workspace/.derivedData/Build/Intermediates.noindex/SwiftAgent.build/Debug-xros/SwiftAgentPlugins-t.build/Objects-normal/arm64/PluginDefinition.swiftconstvalues -emit-reference-dependencies-path /Users/admin/builder/spi-builder-workspace/.derivedData/Build/Intermediates.noindex/SwiftAgent.build/Debug-xros/SwiftAgentPlugins-t.build/Objects-normal/arm64/PluginDefinition.swiftdeps -serialize-diagnostics-path /Users/admin/builder/spi-builder-workspace/.derivedData/Build/Intermediates.noindex/SwiftAgent.build/Debug-xros/SwiftAgentPlugins-t.build/Objects-normal/arm64/PluginDefinition.dia -emit-dependencies-path /Users/admin/builder/spi-builder-workspace/.derivedData/Build/Intermediates.noindex/SwiftAgent.build/Debug-xros/SwiftAgentPlugins-t.build/Objects-normal/arm64/PluginHookMiddleware.d -emit-const-values-path /Users/admin/builder/spi-builder-workspace/.derivedData/Build/Intermediates.noindex/SwiftAgent.build/Debug-xros/SwiftAgentPlugins-t.build/Objects-normal/arm64/PluginHookMiddleware.swiftconstvalues -emit-reference-dependencies-path /Users/admin/builder/spi-builder-workspace/.derivedData/Build/Intermediates.noindex/SwiftAgent.build/Debug-xros/SwiftAgentPlugins-t.build/Objects-normal/arm64/PluginHookMiddleware.swiftdeps -serialize-diagnostics-path /Users/admin/builder/spi-builder-workspace/.derivedData/Build/Intermediates.noindex/SwiftAgent.build/Debug-xros/SwiftAgentPlugins-t.build/Objects-normal/arm64/PluginHookMiddleware.dia -target arm64-apple-xros26.0 -disable-cross-import-overlay-search -swift-module-cross-import FoundationModels /Applications/Xcode-27.0.0-Release.Candidate.app/Contents/Developer/Platforms/XROS.platform/Developer/SDKs/XROS27.0.sdk/System/Library/Frameworks/FoundationModels.framework/Modules/FoundationModels.swiftcrossimport/SwiftUI.swiftoverlay -swift-module-cross-import FoundationModels /Applications/Xcode-27.0.0-Release.Candidate.app/Contents/Developer/Platforms/XROS.platform/Developer/SDKs/XROS27.0.sdk/System/Library/Frameworks/FoundationModels.framework/Modules/FoundationModels.swiftcrossimport/UIKit.swiftoverlay -load-resolved-plugin /Applications/Xcode-27.0.0-Release.Candidate.app/Contents/Developer/Platforms/XROS.platform/Developer/usr/lib/swift/host/plugins/libFoundationMacros.dylib\#/Applications/Xcode-27.0.0-Release.Candidate.app/Contents/Developer/Platforms/XROS.platform/Developer/usr/bin/swift-plugin-server\#FoundationMacros -load-resolved-plugin /Applications/Xcode-27.0.0-Release.Candidate.app/Contents/Developer/Platforms/XROS.platform/Developer/usr/lib/swift/host/plugins/libFoundationModelsMacros.dylib\#/Applications/Xcode-27.0.0-Release.Candidate.app/Contents/Developer/Platforms/XROS.platform/Developer/usr/bin/swift-plugin-server\#FoundationModelsMacros -load-resolved-plugin /Applications/Xcode-27.0.0-Release.Candidate.app/Contents/Developer/Platforms/XROS.platform/Developer/usr/lib/swift/host/plugins/libObservationMacros.dylib\#/Applications/Xcode-27.0.0-Release.Candidate.app/Contents/Developer/Platforms/XROS.platform/Developer/usr/bin/swift-plugin-server\#ObservationMacros -load-resolved-plugin \#/Users/admin/builder/spi-builder-workspace/.derivedData/Build/Products/Debug/SwiftAgentMacros\#SwiftAgentMacros -load-resolved-plugin /Applications/Xcode-27.0.0-Release.Candidate.app/Contents/Developer/Platforms/XROS.platform/Developer/usr/lib/swift/host/plugins/libSwiftMacros.dylib\#/Applications/Xcode-27.0.0-Release.Candidate.app/Contents/Developer/Platforms/XROS.platform/Developer/usr/bin/swift-plugin-server\#SwiftMacros -disable-implicit-swift-modules -Xcc -fno-implicit-modules -Xcc -fno-implicit-module-maps -explicit-swift-module-map-file /Users/admin/builder/spi-builder-workspace/.derivedData/Build/Intermediates.noindex/SwiftAgent.build/Debug-xros/SwiftAgentPlugins-t.build/Objects-normal/arm64/SwiftAgentPlugins-dependencies-1.json -Xllvm -aarch64-use-tbi -enable-objc-interop -stack-check -sdk /Applications/Xcode-27.0.0-Release.Candidate.app/Contents/Developer/Platforms/XROS.platform/Developer/SDKs/XROS27.0.sdk -I /Users/admin/builder/spi-builder-workspace/.derivedData/Build/Products/Debug-xros -Isystem /Applications/Xcode-27.0.0-Release.Candidate.app/Contents/Developer/Platforms/XROS.platform/Developer/usr/lib -F /Users/admin/builder/spi-builder-workspace/.derivedData/Build/Products/Debug-xros/PackageFrameworks -F /Users/admin/builder/spi-builder-workspace/.derivedData/Build/Products/Debug-xros -F /Applications/Xcode-27.0.0-Release.Candidate.app/Contents/Developer/Platforms/XROS.platform/Developer/Library/Frameworks -F /Applications/Xcode-27.0.0-Release.Candidate.app/Contents/Developer/Platforms/XROS.platform/Developer/SDKs/XROS27.0.sdk/Developer/Library/Frameworks -module-cache-path /Users/admin/builder/spi-builder-workspace/.derivedData/Build/Intermediates.noindex/SwiftExplicitPrecompiledModules -no-color-diagnostics -Xcc -fno-color-diagnostics -enable-testing -g -debug-info-format\=dwarf -dwarf-version\=5 -profile-generate -profile-coverage-mapping -swift-version 6 -Onone -D SWIFT_PACKAGE -D DEBUG -D SWIFT_MODULE_RESOURCE_BUNDLE_UNAVAILABLE -D Xcode -serialize-debugging-options -load-plugin-executable /Users/admin/builder/spi-builder-workspace/.derivedData/Build/Products/Debug/SwiftAgentMacros\#SwiftAgentMacros -enable-experimental-feature DebugDescriptionMacro -empty-abi-descriptor -validate-clang-modules-once -clang-build-session-file /Users/admin/builder/spi-builder-workspace/.derivedData/ModuleCache.noindex/Session.modulevalidation -Xcc -working-directory -Xcc /Users/admin/builder/spi-builder-workspace/.swiftpm/xcode -enable-anonymous-context-mangled-names -file-compilation-dir /Users/admin/builder/spi-builder-workspace/.swiftpm/xcode -Xcc -D_LIBCPP_HARDENING_MODE\=_LIBCPP_HARDENING_MODE_DEBUG -Xcc -ivfsstatcache -Xcc /Users/admin/builder/spi-builder-workspace/.derivedData/SDKStatCaches.noindex/xros27.0-24M361-e829b21a6f8c9b70876ba0858053c044735bd543db762f57723cac368afd1ce4.sdkstatcache -Xcc -fmodules-prune-interval\=86400 -Xcc -fmodules-prune-after\=345600 -Xcc -I/Users/admin/builder/spi-builder-workspace/.derivedData/Build/Products/Debug-xros/include -Xcc -I/Users/admin/builder/spi-builder-workspace/.derivedData/Build/Intermediates.noindex/SwiftAgent.build/Debug-xros/SwiftAgentPlugins-t.build/DerivedSources-normal/arm64 -Xcc -I/Users/admin/builder/spi-builder-workspace/.derivedData/Build/Intermediates.noindex/SwiftAgent.build/Debug-xros/SwiftAgentPlugins-t.build/DerivedSources/arm64 -Xcc -I/Users/admin/builder/spi-builder-workspace/.derivedData/Build/Intermediates.noindex/SwiftAgent.build/Debug-xros/SwiftAgentPlugins-t.build/DerivedSources -Xcc -DSWIFT_PACKAGE -Xcc -DDEBUG\=1 -no-auto-bridging-header-chaining -module-name SwiftAgentPlugins -package-name spi_builder_workspace -const-gather-protocols-file /Users/admin/builder/spi-builder-workspace/.derivedData/Build/Intermediates.noindex/SwiftAgent.build/Debug-xros/SwiftAgentPlugins-t.build/Objects-normal/arm64/SwiftAgentPlugins_const_extract_protocols.json -disable-clang-spi -clang-target arm64-apple-xros27.0 -target-sdk-version 27.0 -target-sdk-name xros27.0 -in-process-plugin-server-path /Applications/Xcode-27.0.0-Release.Candidate.app/Contents/Developer/Toolchains/XcodeDefault.xctoolchain/usr/lib/swift/host/libSwiftInProcPluginServer.dylib -parse-as-library -o /Users/admin/builder/spi-builder-workspace/.derivedData/Build/Intermediates.noindex/SwiftAgent.build/Debug-xros/SwiftAgentPlugins-t.build/Objects-normal/arm64/PluginDefinition.o -o /Users/admin/builder/spi-builder-workspace/.derivedData/Build/Intermediates.noindex/SwiftAgent.build/Debug-xros/SwiftAgentPlugins-t.build/Objects-normal/arm64/PluginHookMiddleware.o -debug-module-path /Users/admin/builder/spi-builder-workspace/.derivedData/Build/Intermediates.noindex/SwiftAgent.build/Debug-xros/SwiftAgentPlugins-t.build/Objects-normal/arm64/SwiftAgentPlugins.swiftmodule -index-unit-output-path /SwiftAgent.build/Debug-xros/SwiftAgentPlugins-t.build/Objects-normal/arm64/PluginDefinition.o -index-unit-output-path /SwiftAgent.build/Debug-xros/SwiftAgentPlugins-t.build/Objects-normal/arm64/PluginHookMiddleware.o -index-store-path /Users/admin/builder/spi-builder-workspace/.derivedData/Index.noindex/DataStore -index-system-modules
SwiftCompile normal arm64 /Users/admin/builder/spi-builder-workspace/Sources/SwiftAgentPlugins/PluginDefinition.swift (in target 'SwiftAgentPlugins' from project 'SwiftAgent')
cd /Users/admin/builder/spi-builder-workspace/.swiftpm/xcode
builtin-SwiftPerFileCompile PluginDefinition.swift
SwiftCompile normal arm64 /Users/admin/builder/spi-builder-workspace/Sources/SwiftAgentPlugins/PluginHookMiddleware.swift (in target 'SwiftAgentPlugins' from project 'SwiftAgent')
cd /Users/admin/builder/spi-builder-workspace/.swiftpm/xcode
builtin-SwiftPerFileCompile PluginHookMiddleware.swift
SwiftDriverJobDiscovery normal arm64 Compiling PluginHooks.swift, PluginInstallOutcome.swift (in target 'SwiftAgentPlugins' from project 'SwiftAgent')
SwiftCompile normal arm64 Compiling\ ToolRuntimeConfiguration+SwiftAgentPlugins.swift /Users/admin/builder/spi-builder-workspace/Sources/SwiftAgentPlugins/ToolRuntimeConfiguration+SwiftAgentPlugins.swift (in target 'SwiftAgentPlugins' from project 'SwiftAgent')
SwiftCompile normal arm64 /Users/admin/builder/spi-builder-workspace/Sources/SwiftAgentPlugins/ToolRuntimeConfiguration+SwiftAgentPlugins.swift (in target 'SwiftAgentPlugins' from project 'SwiftAgent')
cd /Users/admin/builder/spi-builder-workspace/.swiftpm/xcode
builtin-SwiftPerFileCompile ToolRuntimeConfiguration+SwiftAgentPlugins.swift
SwiftDriverJobDiscovery normal arm64 Compiling PluginUpdateOutcome.swift (in target 'SwiftAgentPlugins' from project 'SwiftAgent')
SwiftCompile normal arm64 Compiling\ PluginHookRunResult.swift,\ PluginHookRunner.swift /Users/admin/builder/spi-builder-workspace/Sources/SwiftAgentPlugins/PluginHookRunResult.swift /Users/admin/builder/spi-builder-workspace/Sources/SwiftAgentPlugins/PluginHookRunner.swift (in target 'SwiftAgentPlugins' from project 'SwiftAgent')
SwiftCompile normal arm64 /Users/admin/builder/spi-builder-workspace/Sources/SwiftAgentPlugins/PluginHookRunResult.swift (in target 'SwiftAgentPlugins' from project 'SwiftAgent')
cd /Users/admin/builder/spi-builder-workspace/.swiftpm/xcode
builtin-SwiftPerFileCompile PluginHookRunResult.swift
SwiftCompile normal arm64 /Users/admin/builder/spi-builder-workspace/Sources/SwiftAgentPlugins/PluginHookRunner.swift (in target 'SwiftAgentPlugins' from project 'SwiftAgent')
cd /Users/admin/builder/spi-builder-workspace/.swiftpm/xcode
builtin-SwiftPerFileCompile PluginHookRunner.swift
SwiftDriverJobDiscovery normal arm64 Compiling TrustView.swift (in target 'SwiftAgentSymbio' from project 'SwiftAgent')
SwiftCompile normal arm64 Compiling\ ParticipantRecord.swift /Users/admin/builder/spi-builder-workspace/Sources/SwiftAgentSymbio/ParticipantRecord.swift (in target 'SwiftAgentSymbio' from project 'SwiftAgent')
SwiftCompile normal arm64 /Users/admin/builder/spi-builder-workspace/Sources/SwiftAgentSymbio/ParticipantRecord.swift (in target 'SwiftAgentSymbio' from project 'SwiftAgent')
cd /Users/admin/builder/spi-builder-workspace/.swiftpm/xcode
builtin-SwiftPerFileCompile ParticipantRecord.swift
SwiftDriverJobDiscovery normal arm64 Compiling SymbioTransport.swift (in target 'SwiftAgentSymbio' from project 'SwiftAgent')
SwiftCompile normal arm64 Compiling\ Communicable.swift /Users/admin/builder/spi-builder-workspace/Sources/SwiftAgentSymbio/Communicable.swift (in target 'SwiftAgentSymbio' from project 'SwiftAgent')
SwiftCompile normal arm64 /Users/admin/builder/spi-builder-workspace/Sources/SwiftAgentSymbio/Communicable.swift (in target 'SwiftAgentSymbio' from project 'SwiftAgent')
cd /Users/admin/builder/spi-builder-workspace/.swiftpm/xcode
builtin-SwiftPerFileCompile Communicable.swift
SwiftDriverJobDiscovery normal arm64 Compiling ToolRuntimeConfiguration+SwiftAgentPlugins.swift (in target 'SwiftAgentPlugins' from project 'SwiftAgent')
SwiftCompile normal arm64 Compiling\ MeshScoring.swift /Users/admin/builder/spi-builder-workspace/Sources/SwiftAgentSymbio/MeshScoring.swift (in target 'SwiftAgentSymbio' from project 'SwiftAgent')
SwiftCompile normal arm64 /Users/admin/builder/spi-builder-workspace/Sources/SwiftAgentSymbio/MeshScoring.swift (in target 'SwiftAgentSymbio' from project 'SwiftAgent')
cd /Users/admin/builder/spi-builder-workspace/.swiftpm/xcode
builtin-SwiftPerFileCompile MeshScoring.swift
SwiftCompile normal arm64 Compiling\ ParticipantView.swift /Users/admin/builder/spi-builder-workspace/Sources/SwiftAgentSymbio/ParticipantView.swift (in target 'SwiftAgentSymbio' from project 'SwiftAgent')
SwiftCompile normal arm64 /Users/admin/builder/spi-builder-workspace/Sources/SwiftAgentSymbio/ParticipantView.swift (in target 'SwiftAgentSymbio' from project 'SwiftAgent')
cd /Users/admin/builder/spi-builder-workspace/.swiftpm/xcode
builtin-SwiftPerFileCompile ParticipantView.swift
PruneExplicitPrecompiledModules /Users/admin/builder/spi-builder-workspace/.derivedData/Build/Intermediates.noindex/ExplicitPrecompiledModules
PruneExplicitPrecompiledModules /Users/admin/builder/spi-builder-workspace/.derivedData/SDKExplicitPrecompiledModules
PruneExplicitPrecompiledModules /Users/admin/builder/spi-builder-workspace/.derivedData/Build/Intermediates.noindex/SwiftExplicitPrecompiledModules
2026-09-26 18:19:36.654 xcodebuild[3118:16362] [MT] IDERunDestination: Supported platforms for the buildables in the current scheme is empty.
** BUILD FAILED **
The following build commands failed:
SwiftCompile normal arm64 Compiling\ PluginDefinition.swift,\ PluginHookMiddleware.swift /Users/admin/builder/spi-builder-workspace/Sources/SwiftAgentPlugins/PluginDefinition.swift /Users/admin/builder/spi-builder-workspace/Sources/SwiftAgentPlugins/PluginHookMiddleware.swift (in target 'SwiftAgentPlugins' from project 'SwiftAgent')
SwiftCompile normal arm64 /Users/admin/builder/spi-builder-workspace/Sources/SwiftAgentPlugins/PluginDefinition.swift (in target 'SwiftAgentPlugins' from project 'SwiftAgent')
Building workspace SwiftAgent with scheme SwiftAgent-Package
(3 failures)
BUILD FAILURE 6.4 visionOS