The Swift Package Index logo.Swift Package Index

Build Information

Failed to build OAuthSwiftAlamofire, reference master (460d13), with Swift 6.4 for Linux on 15 Sep 2026 21:52:14 UTC.

Build Command

bash -c docker run --pull=always --rm -v "checkouts-53886769-0":/host -w "$PWD" -e JAVA_HOME="/root/.sdkman/candidates/java/current" -e SPI_BUILD="1" -e SPI_PROCESSING="1" registry.gitlab.com/saguaro1/spi-images:basic-6.4-latest swift build --triple x86_64-unknown-linux-gnu 2>&1

Build Log

========================================
RunAll
========================================
Builder version: 5.1.0
Interrupt handler set up.
========================================
Checkout
========================================
Clone URL: https://github.com/OAuthSwift/OAuthSwiftAlamofire.git
Reference: master
Initialized empty Git repository in /host/spi-builder-workspace/.git/
hint: Using 'master' as the name for the initial branch. This default branch name
hint: is subject to change. To configure the initial branch name to use in all
hint: of your new repositories, which will suppress this warning, call:
hint:
hint: 	git config --global init.defaultBranch <name>
hint:
hint: Names commonly chosen instead of 'master' are 'main', 'trunk' and
hint: 'development'. The just-created branch can be renamed via this command:
hint:
hint: 	git branch -m <name>
From https://github.com/OAuthSwift/OAuthSwiftAlamofire
 * branch            master     -> FETCH_HEAD
 * [new branch]      master     -> origin/master
HEAD is now at 460d135 Update README.md
Cloned https://github.com/OAuthSwift/OAuthSwiftAlamofire.git
Revision (git rev-parse @):
460d13516b2bb7e85e735b06a2f46045a5b30d79
SUCCESS checkout https://github.com/OAuthSwift/OAuthSwiftAlamofire.git at master
========================================
Build
========================================
Selected platform:         linux
Swift version:             6.4
Building package at path:  $PWD
https://github.com/OAuthSwift/OAuthSwiftAlamofire.git
Running build ...
bash -c docker run --pull=always --rm -v "checkouts-53886769-0":/host -w "$PWD" -e JAVA_HOME="/root/.sdkman/candidates/java/current" -e SPI_BUILD="1" -e SPI_PROCESSING="1" registry.gitlab.com/saguaro1/spi-images:basic-6.4-latest swift build --triple x86_64-unknown-linux-gnu 2>&1
basic-6.4-latest: Pulling from saguaro1/spi-images
Digest: sha256:c77fcce225e223ac0fafed844619173fc6de8d62dd560eeb28db3182af6a282b
Status: Image is up to date for registry.gitlab.com/saguaro1/spi-images:basic-6.4-latest
Fetching https://github.com/OAuthSwift/OAuthSwift.git
Fetching https://github.com/Alamofire/Alamofire.git
[1/5147] Fetching oauthswift
Fetched https://github.com/OAuthSwift/OAuthSwift.git (0.56s)
[1/32894] Fetching alamofire
Fetched https://github.com/Alamofire/Alamofire.git (1.89s)
Computing version for https://github.com/OAuthSwift/OAuthSwift.git
Computed https://github.com/OAuthSwift/OAuthSwift.git at 2.2.0 (2.11s)
Fetching https://github.com/httpswift/swifter.git
Fetching https://github.com/tid-kijyun/Kanna.git
Fetching https://github.com/apple/swift-crypto.git
Fetching https://github.com/phimage/Erik.git
[1/18529] Fetching swift-crypto
[1113/19171] Fetching swift-crypto, erik
[1319/25221] Fetching swift-crypto, erik, swifter
[4432/27739] Fetching swift-crypto, erik, swifter, kanna
Fetched https://github.com/tid-kijyun/Kanna.git (1.13s)
Fetched https://github.com/phimage/Erik.git (1.13s)
Fetched https://github.com/httpswift/swifter.git (1.14s)
Fetched https://github.com/apple/swift-crypto.git (1.15s)
Computing version for https://github.com/httpswift/swifter.git
Computed https://github.com/httpswift/swifter.git at 1.5.0 (1.34s)
Computing version for https://github.com/phimage/Erik.git
Computed https://github.com/phimage/Erik.git at 5.1.0 (0.18s)
Fetching https://github.com/nvzqz/FileKit.git
Fetching https://github.com/Thomvis/BrightFutures.git
[1/4068] Fetching brightfutures
[2158/7195] Fetching brightfutures, filekit
Fetched https://github.com/nvzqz/FileKit.git (0.62s)
[3743/4068] Fetching brightfutures
Fetched https://github.com/Thomvis/BrightFutures.git (0.78s)
Computing version for https://github.com/nvzqz/FileKit.git
Computed https://github.com/nvzqz/FileKit.git at 6.1.0 (0.97s)
Computing version for https://github.com/Thomvis/BrightFutures.git
Computed https://github.com/Thomvis/BrightFutures.git at 8.2.0 (0.17s)
Computing version for https://github.com/tid-kijyun/Kanna.git
Computed https://github.com/tid-kijyun/Kanna.git at 5.3.0 (0.18s)
Computing version for https://github.com/apple/swift-crypto.git
Computed https://github.com/apple/swift-crypto.git at 1.1.7 (0.18s)
Computing version for https://github.com/Alamofire/Alamofire.git
Computed https://github.com/Alamofire/Alamofire.git at 5.12.2 (0.17s)
Creating working copy for https://github.com/apple/swift-crypto.git
Working copy of https://github.com/apple/swift-crypto.git resolved at 1.1.7
Creating working copy for https://github.com/OAuthSwift/OAuthSwift.git
Working copy of https://github.com/OAuthSwift/OAuthSwift.git resolved at 2.2.0
Creating working copy for https://github.com/httpswift/swifter.git
Working copy of https://github.com/httpswift/swifter.git resolved at 1.5.0
Creating working copy for https://github.com/Alamofire/Alamofire.git
Working copy of https://github.com/Alamofire/Alamofire.git resolved at 5.12.2
Creating working copy for https://github.com/tid-kijyun/Kanna.git
Working copy of https://github.com/tid-kijyun/Kanna.git resolved at 5.3.0
Creating working copy for https://github.com/Thomvis/BrightFutures.git
Working copy of https://github.com/Thomvis/BrightFutures.git resolved at 8.2.0
Creating working copy for https://github.com/phimage/Erik.git
Working copy of https://github.com/phimage/Erik.git resolved at 5.1.0
Creating working copy for https://github.com/nvzqz/FileKit.git
Working copy of https://github.com/nvzqz/FileKit.git resolved at 6.1.0
Building for debugging...
[Computing dependencies]
[Pre-planning 1 / 245]
[Planning deferred tasks]
[56 / 486] Alamofire
[65 / 503] CCryptoBoringSSL
[73 / 503] CCryptoBoringSSL
[81 / 503] CCryptoBoringSSL
[87 / 503] CCryptoBoringSSL
[94 / 503] CCryptoBoringSSL
[110 / 503] CCryptoBoringSSL
[116 / 503] CCryptoBoringSSL
[123 / 503] CCryptoBoringSSL
[129 / 503] CCryptoBoringSSL
[140 / 503] CCryptoBoringSSL
[150 / 503] CCryptoBoringSSL
[161 / 503] CCryptoBoringSSL
[184 / 503] CCryptoBoringSSL
[201 / 503] CCryptoBoringSSL
[213 / 503] CCryptoBoringSSL
[223 / 503] CCryptoBoringSSL
[230 / 503] CCryptoBoringSSL
[235 / 503] CCryptoBoringSSL
[243 / 503] CCryptoBoringSSL
[257 / 503] CCryptoBoringSSL
[265 / 503] CCryptoBoringSSL
[277 / 503] CCryptoBoringSSL
[295 / 503] Alamofire
[315 / 503] CCryptoBoringSSL
[329 / 503] CCryptoBoringSSL
[341 / 503] CCryptoBoringSSL
[356 / 503] Crypto
[372 / 503] CCryptoBoringSSL
[392 / 503] CCryptoBoringSSL
[410 / 503] CCryptoBoringSSL
[429 / 503] CCryptoBoringSSL
[448 / 503] CCryptoBoringSSL
[460 / 503] CCryptoBoringSSL
[473 / 503] Crypto
[476 / 503] CCryptoBoringSSL
[483 / 504] Crypto
[490 / 514] OAuthSwift
error: SwiftCompile normal x86_64 /host/spi-builder-workspace/.build/checkouts/OAuthSwift/Sources/OAuthSwiftURLHandlerType.swift failed with a nonzero exit code. Command line:     cd /host
    builtin-SwiftPerFileCompile OAuthSwiftURLHandlerType.swift
error: SwiftCompile normal x86_64 /host/spi-builder-workspace/.build/checkouts/OAuthSwift/Sources/String+OAuthSwift.swift failed with a nonzero exit code. Command line:     cd /host
    builtin-SwiftPerFileCompile String+OAuthSwift.swift
/host/spi-builder-workspace/.build/checkouts/OAuthSwift/Sources/OAuthSwiftURLHandlerType.swift:21:2: error: Objective-C interoperability is disabled
19 | /// Protocol to defined how to open the url.
20 | /// You could choose to open using an external browser, a safari controller, an internal webkit view controller, etc...
21 | @objc public protocol OAuthSwiftURLHandlerType {
   |  `- error: Objective-C interoperability is disabled
22 |     func handle(_ url: URL)
23 | }
/host/spi-builder-workspace/.build/checkouts/OAuthSwift/Sources/String+OAuthSwift.swift:83:59: error: cannot convert value of type 'NSString?' to expected argument type 'String?'
 81 |             } else {
 82 |                 var key: NSString?
 83 |                 scanner.scanUpTo(keyValueSeparator, into: &key)
    |                                                           |- error: cannot convert value of type 'NSString?' to expected argument type 'String?'
    |                                                           `- note: arguments to generic parameter 'Wrapped' ('NSString' and 'String') are expected to be equal
 84 |                 scanner.scanString(keyValueSeparator, into: nil)
 85 |
/host/spi-builder-workspace/.build/checkouts/OAuthSwift/Sources/String+OAuthSwift.swift:87:58: error: cannot convert value of type 'NSString?' to expected argument type 'String?'
 85 |
 86 |                 var value: NSString?
 87 |                 scanner.scanUpTo(elementSeparator, into: &value)
    |                                                          |- error: cannot convert value of type 'NSString?' to expected argument type 'String?'
    |                                                          `- note: arguments to generic parameter 'Wrapped' ('NSString' and 'String') are expected to be equal
 88 |                 scanner.scanString(elementSeparator, into: nil)
 89 |                 if let key = key as String? {
/host/spi-builder-workspace/.build/checkouts/OAuthSwift/Sources/String+OAuthSwift.swift:140:23: error: cannot find 'CFStringConvertEncodingToIANACharSetName' in scope
138 |
139 |     var charset: String {
140 |         let charset = CFStringConvertEncodingToIANACharSetName(CFStringConvertNSStringEncodingToEncoding(self.rawValue))
    |                       `- error: cannot find 'CFStringConvertEncodingToIANACharSetName' in scope
141 |          // swiftlint:disable:next force_cast superfluous_disable_command
142 |         return charset! as String
/host/spi-builder-workspace/.build/checkouts/OAuthSwift/Sources/String+OAuthSwift.swift:140:64: error: cannot find 'CFStringConvertNSStringEncodingToEncoding' in scope
138 |
139 |     var charset: String {
140 |         let charset = CFStringConvertEncodingToIANACharSetName(CFStringConvertNSStringEncodingToEncoding(self.rawValue))
    |                                                                `- error: cannot find 'CFStringConvertNSStringEncodingToEncoding' in scope
141 |          // swiftlint:disable:next force_cast superfluous_disable_command
142 |         return charset! as String
Failed frontend command:
/usr/bin/swift-frontend -frontend -c /host/spi-builder-workspace/.build/checkouts/OAuthSwift/Sources/Collection+OAuthSwift.swift /host/spi-builder-workspace/.build/checkouts/OAuthSwift/Sources/Data+OAuthSwift.swift /host/spi-builder-workspace/.build/checkouts/OAuthSwift/Sources/Dictionary+OAuthSwift.swift /host/spi-builder-workspace/.build/checkouts/OAuthSwift/Sources/HMAC.swift /host/spi-builder-workspace/.build/checkouts/OAuthSwift/Sources/Handler/ASWebAuthenticationURLHandler.swift /host/spi-builder-workspace/.build/checkouts/OAuthSwift/Sources/Handler/ExtensionContextURLHandler.swift /host/spi-builder-workspace/.build/checkouts/OAuthSwift/Sources/Handler/OAuthSwiftOpenURLExternally.swift /host/spi-builder-workspace/.build/checkouts/OAuthSwift/Sources/Handler/OAuthSwiftURLHandlerProxy.swift /host/spi-builder-workspace/.build/checkouts/OAuthSwift/Sources/Handler/OAuthWebViewController.swift /host/spi-builder-workspace/.build/checkouts/OAuthSwift/Sources/Handler/SFAuthenticationURLHandler.swift /host/spi-builder-workspace/.build/checkouts/OAuthSwift/Sources/Handler/SafariURLHandler.swift /host/spi-builder-workspace/.build/checkouts/OAuthSwift/Sources/Int+OAuthSwift.swift /host/spi-builder-workspace/.build/checkouts/OAuthSwift/Sources/NSError+OAuthSwift.swift /host/spi-builder-workspace/.build/checkouts/OAuthSwift/Sources/NotificationCenter+OAuthSwift.swift /host/spi-builder-workspace/.build/checkouts/OAuthSwift/Sources/OAuth1Swift.swift /host/spi-builder-workspace/.build/checkouts/OAuthSwift/Sources/OAuth2Swift.swift /host/spi-builder-workspace/.build/checkouts/OAuthSwift/Sources/OAuthLogProtocol.swift /host/spi-builder-workspace/.build/checkouts/OAuthSwift/Sources/OAuthSwift.swift /host/spi-builder-workspace/.build/checkouts/OAuthSwift/Sources/OAuthSwiftClient.swift /host/spi-builder-workspace/.build/checkouts/OAuthSwift/Sources/OAuthSwiftCredential.swift /host/spi-builder-workspace/.build/checkouts/OAuthSwift/Sources/OAuthSwiftError.swift /host/spi-builder-workspace/.build/checkouts/OAuthSwift/Sources/OAuthSwiftHTTPRequest.swift /host/spi-builder-workspace/.build/checkouts/OAuthSwift/Sources/OAuthSwiftMultipartData.swift /host/spi-builder-workspace/.build/checkouts/OAuthSwift/Sources/OAuthSwiftResponse.swift -primary-file /host/spi-builder-workspace/.build/checkouts/OAuthSwift/Sources/OAuthSwiftURLHandlerType.swift -primary-file /host/spi-builder-workspace/.build/checkouts/OAuthSwift/Sources/SHA1.swift -primary-file /host/spi-builder-workspace/.build/checkouts/OAuthSwift/Sources/String+OAuthSwift.swift -primary-file /host/spi-builder-workspace/.build/checkouts/OAuthSwift/Sources/UIApplication+OAuthSwift.swift /host/spi-builder-workspace/.build/checkouts/OAuthSwift/Sources/URL+OAuthSwift.swift /host/spi-builder-workspace/.build/checkouts/OAuthSwift/Sources/URLConvertible.swift /host/spi-builder-workspace/.build/checkouts/OAuthSwift/Sources/Utils.swift -supplementary-output-file-map /host/spi-builder-workspace/.build/out/Intermediates.noindex/OAuthSwift.build/Debug-linux-x86_64/OAuthSwift-t.build/Objects-normal/x86_64/supplementaryOutputs-23 -target x86_64-unknown-linux-gnu -disable-objc-interop -I /host/spi-builder-workspace/.build/out/Products/Debug-linux-x86_64 -module-cache-path /host/spi-builder-workspace/.build/out/ModuleCache.noindex -color-diagnostics -Xcc -fcolor-diagnostics -enable-testing -g -debug-info-format\=dwarf -dwarf-version\=4 -suppress-warnings -swift-version 5 -Onone -D SWIFT_PACKAGE -D DEBUG -D SWIFT_MODULE_RESOURCE_BUNDLE_UNAVAILABLE -D Xcode -serialize-debugging-options -enable-experimental-feature DebugDescriptionMacro -empty-abi-descriptor -external-plugin-path /usr/lib/swift/host/plugins/testing\#/usr/bin/swift-plugin-server -validate-clang-modules-once -clang-build-session-file /host/spi-builder-workspace/.build/out/ModuleCache.noindex/Session.modulevalidation -Xcc -working-directory -Xcc /host -enable-anonymous-context-mangled-names -file-compilation-dir /host -Xcc -fmodule-map-file\=/host/spi-builder-workspace/.build/checkouts/swift-crypto/Sources/CCryptoBoringSSLShims/include/module.modulemap -Xcc -fmodule-map-file\=/host/spi-builder-workspace/.build/checkouts/swift-crypto/Sources/CCryptoBoringSSL/include/module.modulemap -Xcc -fno-omit-frame-pointer -Xcc -D_LIBCPP_HARDENING_MODE\=_LIBCPP_HARDENING_MODE_DEBUG -Xcc -fmodules-prune-interval\=86400 -Xcc -fmodules-prune-after\=345600 -Xcc -I/host/spi-builder-workspace/.build/checkouts/swift-crypto/Sources/CCryptoBoringSSLShims/include -Xcc -I/host/spi-builder-workspace/.build/checkouts/swift-crypto/Sources/CCryptoBoringSSL/include -Xcc -I/host/spi-builder-workspace/.build/out/Products/Debug-linux-x86_64/include -Xcc -I/host/spi-builder-workspace/.build/out/Intermediates.noindex/OAuthSwift.build/Debug-linux-x86_64/OAuthSwift-t.build/DerivedSources-normal/x86_64 -Xcc -I/host/spi-builder-workspace/.build/out/Intermediates.noindex/OAuthSwift.build/Debug-linux-x86_64/OAuthSwift-t.build/DerivedSources/x86_64 -Xcc -I/host/spi-builder-workspace/.build/out/Intermediates.noindex/OAuthSwift.build/Debug-linux-x86_64/OAuthSwift-t.build/DerivedSources -Xcc -DSWIFT_PACKAGE -Xcc -DDEBUG\=1 -no-auto-bridging-header-chaining -module-name OAuthSwift -const-gather-protocols-file /host/spi-builder-workspace/.build/out/Intermediates.noindex/OAuthSwift.build/Debug-linux-x86_64/OAuthSwift-t.build/Objects-normal/x86_64/OAuthSwift_const_extract_protocols.json -in-process-plugin-server-path /usr/lib/swift/host/libSwiftInProcPluginServer.so -plugin-path /usr/lib/swift/host/plugins -plugin-path /usr/local/lib/swift/host/plugins -parse-as-library -o /host/spi-builder-workspace/.build/out/Intermediates.noindex/OAuthSwift.build/Debug-linux-x86_64/OAuthSwift-t.build/Objects-normal/x86_64/OAuthSwiftURLHandlerType.o -o /host/spi-builder-workspace/.build/out/Intermediates.noindex/OAuthSwift.build/Debug-linux-x86_64/OAuthSwift-t.build/Objects-normal/x86_64/SHA1.o -o /host/spi-builder-workspace/.build/out/Intermediates.noindex/OAuthSwift.build/Debug-linux-x86_64/OAuthSwift-t.build/Objects-normal/x86_64/String+OAuthSwift.o -o /host/spi-builder-workspace/.build/out/Intermediates.noindex/OAuthSwift.build/Debug-linux-x86_64/OAuthSwift-t.build/Objects-normal/x86_64/UIApplication+OAuthSwift.o -index-unit-output-path /OAuthSwift.build/Debug-linux-x86_64/OAuthSwift-t.build/Objects-normal/x86_64/OAuthSwiftURLHandlerType.o -index-unit-output-path /OAuthSwift.build/Debug-linux-x86_64/OAuthSwift-t.build/Objects-normal/x86_64/SHA1.o -index-unit-output-path /OAuthSwift.build/Debug-linux-x86_64/OAuthSwift-t.build/Objects-normal/x86_64/String+OAuthSwift.o -index-unit-output-path /OAuthSwift.build/Debug-linux-x86_64/OAuthSwift-t.build/Objects-normal/x86_64/UIApplication+OAuthSwift.o -index-store-path /host/spi-builder-workspace/.build/out -index-system-modules
error: Build failed
BUILD FAILURE 6.4 linux