The Swift Package Index logo.Swift Package Index

Build Information

Failed to build RandomFactory, reference master (c4f486), with Swift 6.4 for macOS (Xcode) using Xcode 27.0 on 18 Sep 2026 00:16:32 UTC.

Build Command

env DEVELOPER_DIR=/Applications/Xcode-27.0.0-Release.Candidate.app xcrun xcodebuild -IDEClonedSourcePackagesDirPathOverride=$PWD/.dependencies -skipMacroValidation -skipPackagePluginValidation -derivedDataPath $PWD/.derivedData build -scheme RandomFactory-Package -destination platform=macOS,arch=arm64

Build Log

========================================
RunAll
========================================
Builder version: 5.1.0
Interrupt handler set up.
========================================
Checkout
========================================
Clone URL: https://github.com/Appsaurus/RandomFactory.git
Reference: master
Initialized empty Git repository in /Users/admin/builder/spi-builder-workspace/.git/
From https://github.com/Appsaurus/RandomFactory
 * branch            master     -> FETCH_HEAD
 * [new branch]      master     -> origin/master
HEAD is now at c4f4864 Updated RuntimeExtensions.
Cloned https://github.com/Appsaurus/RandomFactory.git
Revision (git rev-parse @):
c4f4864b91aaba728824e6bc087caf4d437a8236
SUCCESS checkout https://github.com/Appsaurus/RandomFactory.git at master
========================================
Build
========================================
Selected platform:         macosXcodebuild
Swift version:             6.4
Building package at path:  $PWD
https://github.com/Appsaurus/RandomFactory.git
Command line invocation:
    /Applications/Xcode-27.0.0-Release.Candidate.app/Contents/Developer/usr/bin/xcodebuild -IDEClonedSourcePackagesDirPathOverride=/Users/admin/builder/spi-builder-workspace/.dependencies -resolvePackageDependencies
resolved source packages:
{
  "dependencies" : [
    {
      "identity" : "fakery",
      "requirement" : {
        "exact" : [
          "5.1.0"
        ]
      },
      "type" : "sourceControl",
      "url" : "https://github.com/vadymmarkov/Fakery"
    },
    {
      "identity" : "avatars",
      "requirement" : {
        "range" : [
          {
            "lower_bound" : "1.0.0",
            "upper_bound" : "2.0.0"
          }
        ]
      },
      "type" : "sourceControl",
      "url" : "https://github.com/Appsaurus/Avatars"
    },
    {
      "identity" : "placeholderimages",
      "requirement" : {
        "range" : [
          {
            "lower_bound" : "1.0.0",
            "upper_bound" : "2.0.0"
          }
        ]
      },
      "type" : "sourceControl",
      "url" : "https://github.com/Appsaurus/PlaceholderImages"
    },
    {
      "identity" : "codableextensions",
      "requirement" : {
        "range" : [
          {
            "lower_bound" : "1.0.0",
            "upper_bound" : "2.0.0"
          }
        ]
      },
      "type" : "sourceControl",
      "url" : "https://github.com/Appsaurus/CodableExtensions"
    }
  ],
  "manifest_display_name" : "RandomFactory",
  "name" : "RandomFactory",
  "path" : "/Users/admin/builder/spi-builder-workspace",
  "platforms" : [
    {
      "name" : "macos",
      "version" : "10.15"
    },
    {
      "name" : "ios",
      "version" : "13.0"
    },
    {
      "name" : "tvos",
      "version" : "13.0"
    },
    {
      "name" : "watchos",
      "version" : "6.0"
    }
  ],
  "products" : [
    {
      "name" : "RandomFactory",
      "targets" : [
        "RandomFactory"
      ],
      "type" : {
        "library" : [
          "automatic"
        ]
      }
    }
  ],
  "targets" : [
    {
      "c99name" : "RandomFactoryTests",
      "module_type" : "SwiftTarget",
      "name" : "RandomFactoryTests",
      "path" : "RandomFactoryTests/Shared",
      "sources" : [
        "SharedTests.swift"
      ],
      "target_dependencies" : [
        "RandomFactory"
      ],
      "type" : "test"
    },
    {
      "c99name" : "RandomFactory",
      "module_type" : "SwiftTarget",
      "name" : "RandomFactory",
      "path" : "Sources/Shared",
      "product_dependencies" : [
        "Fakery",
        "Avatars",
        "PlaceholderImages",
        "CodableExtensions"
      ],
      "product_memberships" : [
        "RandomFactory"
      ],
      "sources" : [
        "ContentKeywords.swift",
        "FakeryExtensions.swift",
        "RandomInitializable.swift"
      ],
      "type" : "library"
    }
  ],
  "tools_version" : "5.3"
}
{
  "project" : {
    "configurations" : [
      "Debug",
      "Release"
    ],
    "name" : "RandomFactory",
    "schemes" : [
      "RandomFactory-Package"
    ],
    "targets" : [
      "Avatars",
      "AvatarsPackageDescription",
      "Codability",
      "CodabilityPackageDescription",
      "CodableExtensions",
      "CodableExtensionsPackageDescription",
      "Fakery",
      "FakeryPackageDescription",
      "PlaceholderImages",
      "PlaceholderImagesPackageDescription",
      "RandomFactory",
      "RandomFactoryPackageDescription",
      "RandomFactoryPackageTests",
      "RandomFactoryTests",
      "Runtime",
      "RuntimeExtensions",
      "RuntimeExtensionsPackageDescription",
      "RuntimePackageDescription",
      "SwiftTestUtils",
      "SwiftTestUtilsPackageDescription"
    ]
  }
}
Running build ...
env DEVELOPER_DIR=/Applications/Xcode-27.0.0-Release.Candidate.app xcrun xcodebuild -IDEClonedSourcePackagesDirPathOverride=$PWD/.dependencies -skipMacroValidation -skipPackagePluginValidation -derivedDataPath $PWD/.derivedData build -scheme RandomFactory-Package -destination platform=macOS,arch=arm64
Command line invocation:
    /Applications/Xcode-27.0.0-Release.Candidate.app/Contents/Developer/usr/bin/xcodebuild -IDEClonedSourcePackagesDirPathOverride=/Users/admin/builder/spi-builder-workspace/.dependencies -skipMacroValidation -skipPackagePluginValidation -derivedDataPath /Users/admin/builder/spi-builder-workspace/.derivedData build -scheme RandomFactory-Package -destination platform=macOS,arch=arm64
ComputePackagePrebuildTargetDependencyGraph
Prepare packages
CreateBuildRequest
SendProjectDescription
CreateBuildOperation
ComputeTargetDependencyGraph
note: Building targets in dependency order
note: Target dependency graph (8 targets)
    Target 'RandomFactory' in project 'RandomFactory'
        ➜ Explicit dependency on target 'CodableExtensions' in project 'RandomFactory'
        ➜ Explicit dependency on target 'Codability' in project 'RandomFactory'
        ➜ Explicit dependency on target 'RuntimeExtensions' in project 'RandomFactory'
        ➜ Explicit dependency on target 'Runtime' in project 'RandomFactory'
        ➜ Explicit dependency on target 'PlaceholderImages' in project 'RandomFactory'
        ➜ Explicit dependency on target 'Avatars' in project 'RandomFactory'
        ➜ Explicit dependency on target 'Fakery' in project 'RandomFactory'
    Target 'Fakery' in project 'RandomFactory' (no dependencies)
    Target 'Avatars' in project 'RandomFactory' (no dependencies)
    Target 'PlaceholderImages' in project 'RandomFactory' (no dependencies)
    Target 'CodableExtensions' in project 'RandomFactory'
        ➜ Explicit dependency on target 'Codability' in project 'RandomFactory'
        ➜ Explicit dependency on target 'RuntimeExtensions' in project 'RandomFactory'
        ➜ Explicit dependency on target 'Runtime' in project 'RandomFactory'
    Target 'RuntimeExtensions' in project 'RandomFactory'
        ➜ Explicit dependency on target 'Runtime' in project 'RandomFactory'
    Target 'Runtime' in project 'RandomFactory' (no dependencies)
    Target 'Codability' in project 'RandomFactory' (no dependencies)
GatherProvisioningInputs
CreateBuildDescription
ExecuteExternalTool /Applications/Xcode-27.0.0-Release.Candidate.app/Contents/Developer/Toolchains/XcodeDefault.xctoolchain/usr/bin/swiftc --version
ExecuteExternalTool /Applications/Xcode-27.0.0-Release.Candidate.app/Contents/Developer/Toolchains/XcodeDefault.xctoolchain/usr/bin/clang -v -E -dM -isysroot /Applications/Xcode-27.0.0-Release.Candidate.app/Contents/Developer/Platforms/MacOSX.platform/Developer/SDKs/MacOSX27.0.sdk -x c -c /dev/null
ExecuteExternalTool /Applications/Xcode-27.0.0-Release.Candidate.app/Contents/Developer/Toolchains/XcodeDefault.xctoolchain/usr/bin/ld -version_details
Build description signature: 6626e2b04364fb7cd608f7e166bc5379
Build description path: /Users/admin/builder/spi-builder-workspace/.derivedData/Build/Intermediates.noindex/XCBuildData/6626e2b04364fb7cd608f7e166bc5379.xcbuilddata
/Users/admin/builder/spi-builder-workspace/RandomFactory.xcodeproj: error: The macOS deployment target 'MACOSX_DEPLOYMENT_TARGET' is set to 10.10, but the range of supported deployment target versions is 12.0 to 27.0.x. (in target 'CodableExtensions' from project 'RandomFactory')
/Users/admin/builder/spi-builder-workspace/RandomFactory.xcodeproj: error: The macOS deployment target 'MACOSX_DEPLOYMENT_TARGET' is set to 10.10, but the range of supported deployment target versions is 12.0 to 27.0.x. (in target 'Fakery' from project 'RandomFactory')
/Users/admin/builder/spi-builder-workspace/RandomFactory.xcodeproj: error: The macOS deployment target 'MACOSX_DEPLOYMENT_TARGET' is set to 10.10, but the range of supported deployment target versions is 12.0 to 27.0.x. (in target 'Codability' from project 'RandomFactory')
/Users/admin/builder/spi-builder-workspace/RandomFactory.xcodeproj: error: The macOS deployment target 'MACOSX_DEPLOYMENT_TARGET' is set to 10.10, but the range of supported deployment target versions is 12.0 to 27.0.x. (in target 'Avatars' from project 'RandomFactory')
/Users/admin/builder/spi-builder-workspace/RandomFactory.xcodeproj: error: The macOS deployment target 'MACOSX_DEPLOYMENT_TARGET' is set to 10.10, but the range of supported deployment target versions is 12.0 to 27.0.x. (in target 'RandomFactory' from project 'RandomFactory')
/Users/admin/builder/spi-builder-workspace/RandomFactory.xcodeproj: error: The macOS deployment target 'MACOSX_DEPLOYMENT_TARGET' is set to 10.10, but the range of supported deployment target versions is 12.0 to 27.0.x. (in target 'PlaceholderImages' from project 'RandomFactory')
/Users/admin/builder/spi-builder-workspace/RandomFactory.xcodeproj: error: The macOS deployment target 'MACOSX_DEPLOYMENT_TARGET' is set to 10.10, but the range of supported deployment target versions is 12.0 to 27.0.x. (in target 'Runtime' from project 'RandomFactory')
/Users/admin/builder/spi-builder-workspace/RandomFactory.xcodeproj: error: The macOS deployment target 'MACOSX_DEPLOYMENT_TARGET' is set to 10.10, but the range of supported deployment target versions is 12.0 to 27.0.x. (in target 'RuntimeExtensions' from project 'RandomFactory')
** BUILD FAILED **
The following build commands failed:
	Building project RandomFactory with scheme RandomFactory-Package
(1 failure)
Command line invocation:
    /Applications/Xcode-27.0.0-Release.Candidate.app/Contents/Developer/usr/bin/xcodebuild -IDEClonedSourcePackagesDirPathOverride=/Users/admin/builder/spi-builder-workspace/.dependencies -resolvePackageDependencies
resolved source packages:
{
  "dependencies" : [
    {
      "identity" : "fakery",
      "requirement" : {
        "exact" : [
          "5.1.0"
        ]
      },
      "type" : "sourceControl",
      "url" : "https://github.com/vadymmarkov/Fakery"
    },
    {
      "identity" : "avatars",
      "requirement" : {
        "range" : [
          {
            "lower_bound" : "1.0.0",
            "upper_bound" : "2.0.0"
          }
        ]
      },
      "type" : "sourceControl",
      "url" : "https://github.com/Appsaurus/Avatars"
    },
    {
      "identity" : "placeholderimages",
      "requirement" : {
        "range" : [
          {
            "lower_bound" : "1.0.0",
            "upper_bound" : "2.0.0"
          }
        ]
      },
      "type" : "sourceControl",
      "url" : "https://github.com/Appsaurus/PlaceholderImages"
    },
    {
      "identity" : "codableextensions",
      "requirement" : {
        "range" : [
          {
            "lower_bound" : "1.0.0",
            "upper_bound" : "2.0.0"
          }
        ]
      },
      "type" : "sourceControl",
      "url" : "https://github.com/Appsaurus/CodableExtensions"
    }
  ],
  "manifest_display_name" : "RandomFactory",
  "name" : "RandomFactory",
  "path" : "/Users/admin/builder/spi-builder-workspace",
  "platforms" : [
    {
      "name" : "macos",
      "version" : "10.15"
    },
    {
      "name" : "ios",
      "version" : "13.0"
    },
    {
      "name" : "tvos",
      "version" : "13.0"
    },
    {
      "name" : "watchos",
      "version" : "6.0"
    }
  ],
  "products" : [
    {
      "name" : "RandomFactory",
      "targets" : [
        "RandomFactory"
      ],
      "type" : {
        "library" : [
          "automatic"
        ]
      }
    }
  ],
  "targets" : [
    {
      "c99name" : "RandomFactoryTests",
      "module_type" : "SwiftTarget",
      "name" : "RandomFactoryTests",
      "path" : "RandomFactoryTests/Shared",
      "sources" : [
        "SharedTests.swift"
      ],
      "target_dependencies" : [
        "RandomFactory"
      ],
      "type" : "test"
    },
    {
      "c99name" : "RandomFactory",
      "module_type" : "SwiftTarget",
      "name" : "RandomFactory",
      "path" : "Sources/Shared",
      "product_dependencies" : [
        "Fakery",
        "Avatars",
        "PlaceholderImages",
        "CodableExtensions"
      ],
      "product_memberships" : [
        "RandomFactory"
      ],
      "sources" : [
        "ContentKeywords.swift",
        "FakeryExtensions.swift",
        "RandomInitializable.swift"
      ],
      "type" : "library"
    }
  ],
  "tools_version" : "5.3"
}
{
  "project" : {
    "configurations" : [
      "Debug",
      "Release"
    ],
    "name" : "RandomFactory",
    "schemes" : [
      "RandomFactory-Package"
    ],
    "targets" : [
      "Avatars",
      "AvatarsPackageDescription",
      "Codability",
      "CodabilityPackageDescription",
      "CodableExtensions",
      "CodableExtensionsPackageDescription",
      "Fakery",
      "FakeryPackageDescription",
      "PlaceholderImages",
      "PlaceholderImagesPackageDescription",
      "RandomFactory",
      "RandomFactoryPackageDescription",
      "RandomFactoryPackageTests",
      "RandomFactoryTests",
      "Runtime",
      "RuntimeExtensions",
      "RuntimeExtensionsPackageDescription",
      "RuntimePackageDescription",
      "SwiftTestUtils",
      "SwiftTestUtilsPackageDescription"
    ]
  }
}
Running build ...
env DEVELOPER_DIR=/Applications/Xcode-27.0.0-Release.Candidate.app xcrun xcodebuild -IDEClonedSourcePackagesDirPathOverride=$PWD/.dependencies -skipMacroValidation -skipPackagePluginValidation -derivedDataPath $PWD/.derivedData build -scheme RandomFactory-Package -destination platform=macOS,arch=arm64
Command line invocation:
    /Applications/Xcode-27.0.0-Release.Candidate.app/Contents/Developer/usr/bin/xcodebuild -IDEClonedSourcePackagesDirPathOverride=/Users/admin/builder/spi-builder-workspace/.dependencies -skipMacroValidation -skipPackagePluginValidation -derivedDataPath /Users/admin/builder/spi-builder-workspace/.derivedData build -scheme RandomFactory-Package -destination platform=macOS,arch=arm64
ComputePackagePrebuildTargetDependencyGraph
Prepare packages
CreateBuildRequest
SendProjectDescription
CreateBuildOperation
ComputeTargetDependencyGraph
note: Building targets in dependency order
note: Target dependency graph (8 targets)
    Target 'RandomFactory' in project 'RandomFactory'
        ➜ Explicit dependency on target 'CodableExtensions' in project 'RandomFactory'
        ➜ Explicit dependency on target 'Codability' in project 'RandomFactory'
        ➜ Explicit dependency on target 'RuntimeExtensions' in project 'RandomFactory'
        ➜ Explicit dependency on target 'Runtime' in project 'RandomFactory'
        ➜ Explicit dependency on target 'PlaceholderImages' in project 'RandomFactory'
        ➜ Explicit dependency on target 'Avatars' in project 'RandomFactory'
        ➜ Explicit dependency on target 'Fakery' in project 'RandomFactory'
    Target 'Fakery' in project 'RandomFactory' (no dependencies)
    Target 'Avatars' in project 'RandomFactory' (no dependencies)
    Target 'PlaceholderImages' in project 'RandomFactory' (no dependencies)
    Target 'CodableExtensions' in project 'RandomFactory'
        ➜ Explicit dependency on target 'Codability' in project 'RandomFactory'
        ➜ Explicit dependency on target 'RuntimeExtensions' in project 'RandomFactory'
        ➜ Explicit dependency on target 'Runtime' in project 'RandomFactory'
    Target 'RuntimeExtensions' in project 'RandomFactory'
        ➜ Explicit dependency on target 'Runtime' in project 'RandomFactory'
    Target 'Runtime' in project 'RandomFactory' (no dependencies)
    Target 'Codability' in project 'RandomFactory' (no dependencies)
GatherProvisioningInputs
CreateBuildDescription
/Users/admin/builder/spi-builder-workspace/RandomFactory.xcodeproj: error: The macOS deployment target 'MACOSX_DEPLOYMENT_TARGET' is set to 10.10, but the range of supported deployment target versions is 12.0 to 27.0.x. (in target 'RuntimeExtensions' from project 'RandomFactory')
/Users/admin/builder/spi-builder-workspace/RandomFactory.xcodeproj: error: The macOS deployment target 'MACOSX_DEPLOYMENT_TARGET' is set to 10.10, but the range of supported deployment target versions is 12.0 to 27.0.x. (in target 'RandomFactory' from project 'RandomFactory')
/Users/admin/builder/spi-builder-workspace/RandomFactory.xcodeproj: error: The macOS deployment target 'MACOSX_DEPLOYMENT_TARGET' is set to 10.10, but the range of supported deployment target versions is 12.0 to 27.0.x. (in target 'Codability' from project 'RandomFactory')
/Users/admin/builder/spi-builder-workspace/RandomFactory.xcodeproj: error: The macOS deployment target 'MACOSX_DEPLOYMENT_TARGET' is set to 10.10, but the range of supported deployment target versions is 12.0 to 27.0.x. (in target 'Fakery' from project 'RandomFactory')
/Users/admin/builder/spi-builder-workspace/RandomFactory.xcodeproj: error: The macOS deployment target 'MACOSX_DEPLOYMENT_TARGET' is set to 10.10, but the range of supported deployment target versions is 12.0 to 27.0.x. (in target 'Runtime' from project 'RandomFactory')
/Users/admin/builder/spi-builder-workspace/RandomFactory.xcodeproj: error: The macOS deployment target 'MACOSX_DEPLOYMENT_TARGET' is set to 10.10, but the range of supported deployment target versions is 12.0 to 27.0.x. (in target 'Avatars' from project 'RandomFactory')
/Users/admin/builder/spi-builder-workspace/RandomFactory.xcodeproj: error: The macOS deployment target 'MACOSX_DEPLOYMENT_TARGET' is set to 10.10, but the range of supported deployment target versions is 12.0 to 27.0.x. (in target 'CodableExtensions' from project 'RandomFactory')
/Users/admin/builder/spi-builder-workspace/RandomFactory.xcodeproj: error: The macOS deployment target 'MACOSX_DEPLOYMENT_TARGET' is set to 10.10, but the range of supported deployment target versions is 12.0 to 27.0.x. (in target 'PlaceholderImages' from project 'RandomFactory')
** BUILD FAILED **
The following build commands failed:
	Building project RandomFactory with scheme RandomFactory-Package
(1 failure)
BUILD FAILURE 6.4 macosXcodebuild