Build Information
Failed to build PinLayout, reference master (72f530), with Swift 6.4 for watchOS using Xcode 27.0 on 22 Sep 2026 17:21:15 UTC.
Build Command
env DEVELOPER_DIR=/Applications/Xcode-27.0.0-Release.Candidate.app xcrun xcodebuild -IDEClonedSourcePackagesDirPathOverride=$PWD/.dependencies -skipMacroValidation -skipPackagePluginValidation -derivedDataPath $PWD/.derivedData build -scheme PinLayout -destination generic/platform=watchOSBuild Log
========================================
RunAll
========================================
Builder version: 5.1.0
Interrupt handler set up.
========================================
Checkout
========================================
Clone URL: https://github.com/layoutBox/PinLayout.git
Reference: master
Initialized empty Git repository in /Users/admin/builder/spi-builder-workspace/.git/
From https://github.com/layoutBox/PinLayout
* branch master -> FETCH_HEAD
* [new branch] master -> origin/master
HEAD is now at 72f5300 update version to 1.10.6
Cloned https://github.com/layoutBox/PinLayout.git
Revision (git rev-parse @):
72f5300042618340df21500f6c4ce71bb78b93e1
SUCCESS checkout https://github.com/layoutBox/PinLayout.git at master
========================================
Build
========================================
Selected platform: watchOS
Swift version: 6.4
Building package at path: $PWD
https://github.com/layoutBox/PinLayout.git
Command line invocation:
/Applications/Xcode-27.0.0-Release.Candidate.app/Contents/Developer/usr/bin/xcodebuild -IDEClonedSourcePackagesDirPathOverride=/Users/admin/builder/spi-builder-workspace/.dependencies -resolvePackageDependencies
resolved source packages:
{
"dependencies" : [
],
"manifest_display_name" : "PinLayout",
"name" : "PinLayout",
"path" : "/Users/admin/builder/spi-builder-workspace",
"platforms" : [
],
"products" : [
{
"name" : "PinLayout",
"targets" : [
"PinLayout"
],
"type" : {
"library" : [
"automatic"
]
}
}
],
"targets" : [
{
"c99name" : "PinLayout",
"module_type" : "SwiftTarget",
"name" : "PinLayout",
"path" : "Sources",
"product_memberships" : [
"PinLayout"
],
"sources" : [
"AutoSizeCalculable.swift",
"Extensions/CALayer+PinLayout.swift",
"Extensions/NSView+PinLayout.swift",
"Extensions/PEdgeInsets+Operators.swift",
"Extensions/UIView+PinLayout.swift",
"Filters.swift",
"Impl/Coordinates.swift",
"Impl/Percent.swift",
"Impl/PinLayout+Coordinates.swift",
"Impl/PinLayout+Layouting.swift",
"Impl/PinLayout+Warning.swift",
"Impl/PinSafeArea.swift",
"Impl/TypesImpl.swift",
"Layoutable+PinLayout.swift",
"Layoutable.swift",
"ObjectiveC/PinLayoutObjC.swift",
"ObjectiveC/PinLayoutObjCImpl.swift",
"Pin.swift",
"PinLayout+Between.swift",
"PinLayout+Relative.swift",
"PinLayout+Size.swift",
"PinLayout+WrapContent.swift",
"PinLayout.swift",
"SizeCalculable.swift",
"Types+Description.swift",
"Types.swift"
],
"type" : "library"
}
],
"tools_version" : "5.4"
}
{
"project" : {
"configurations" : [
"Debug",
"Release"
],
"name" : "PinLayout",
"schemes" : [
"PinLayout-iOS",
"PinLayout-macOS",
"PinLayout-tvOS"
],
"targets" : [
"PinLayout-iOS",
"PinLayout-macOS",
"PinLayout-tvOS",
"PinLayoutTests-iOS",
"PinLayoutTests-macOS",
"PinLayoutTests-tvOS"
]
}
}
{
"workspace" : {
"name" : "PinLayout",
"schemes" : [
"PinLayout"
]
}
}
2026-09-22 13:21:08.493 xcodebuild[699:4381] [MT] IDERunDestination: Supported platforms for the buildables in the current scheme is empty.
Running build ...
env DEVELOPER_DIR=/Applications/Xcode-27.0.0-Release.Candidate.app xcrun xcodebuild -IDEClonedSourcePackagesDirPathOverride=$PWD/.dependencies -skipMacroValidation -skipPackagePluginValidation -derivedDataPath $PWD/.derivedData build -scheme PinLayout -destination generic/platform=watchOS
Command line invocation:
/Applications/Xcode-27.0.0-Release.Candidate.app/Contents/Developer/usr/bin/xcodebuild -IDEClonedSourcePackagesDirPathOverride=/Users/admin/builder/spi-builder-workspace/.dependencies -skipMacroValidation -skipPackagePluginValidation -derivedDataPath /Users/admin/builder/spi-builder-workspace/.derivedData build -scheme PinLayout -destination generic/platform=watchOS
Resolve Package Graph
Resolved source packages:
PinLayout: /Users/admin/builder/spi-builder-workspace
ComputePackagePrebuildTargetDependencyGraph
Prepare packages
CreateBuildRequest
SendProjectDescription
CreateBuildOperation
ComputeTargetDependencyGraph
note: Building targets in dependency order
note: Target dependency graph (2 targets)
Target 'PinLayout-product' in project 'PinLayout'
➜ Explicit dependency on target 'PinLayout' in project 'PinLayout'
Target 'PinLayout' in project 'PinLayout' (no dependencies)
GatherProvisioningInputs
CreateBuildDescription
ExecuteExternalTool /Applications/Xcode-27.0.0-Release.Candidate.app/Contents/Developer/Toolchains/XcodeDefault.xctoolchain/usr/bin/clang -v -E -dM -isysroot /Applications/Xcode-27.0.0-Release.Candidate.app/Contents/Developer/Platforms/WatchOS.platform/Developer/SDKs/WatchOS27.0.sdk -x c -c /dev/null
ExecuteExternalTool /Applications/Xcode-27.0.0-Release.Candidate.app/Contents/Developer/Toolchains/XcodeDefault.xctoolchain/usr/bin/swiftc --version
ExecuteExternalTool /Applications/Xcode-27.0.0-Release.Candidate.app/Contents/Developer/Toolchains/XcodeDefault.xctoolchain/usr/bin/ld -version_details
Build description signature: b3df815f49a9d53bd4e71c0af4e2c62b
Build description path: /Users/admin/builder/spi-builder-workspace/.derivedData/Build/Intermediates.noindex/XCBuildData/b3df815f49a9d53bd4e71c0af4e2c62b.xcbuilddata
CreateBuildDirectory /Users/admin/builder/spi-builder-workspace/.derivedData/ModuleCache.noindex
cd /Users/admin/builder/spi-builder-workspace/.swiftpm/xcode
builtin-create-build-directory /Users/admin/builder/spi-builder-workspace/.derivedData/ModuleCache.noindex
CreateBuildDirectory /Users/admin/builder/spi-builder-workspace/.derivedData/CompilationCache.noindex
cd /Users/admin/builder/spi-builder-workspace/.swiftpm/xcode
builtin-create-build-directory /Users/admin/builder/spi-builder-workspace/.derivedData/CompilationCache.noindex
CreateBuildDirectory /Users/admin/builder/spi-builder-workspace/.derivedData/SDKExplicitPrecompiledModules
cd /Users/admin/builder/spi-builder-workspace/.swiftpm/xcode
builtin-create-build-directory /Users/admin/builder/spi-builder-workspace/.derivedData/SDKExplicitPrecompiledModules
ClangStatCache /Applications/Xcode-27.0.0-Release.Candidate.app/Contents/Developer/Toolchains/XcodeDefault.xctoolchain/usr/bin/clang-stat-cache /Applications/Xcode-27.0.0-Release.Candidate.app/Contents/Developer/Platforms/WatchOS.platform/Developer/SDKs/WatchOS27.0.sdk /Users/admin/builder/spi-builder-workspace/.derivedData/SDKStatCaches.noindex/watchos27.0-24R360-e829b21a6f8c9b70876ba0858053c04477534ef55a1706bf4c1112bbb242f0a2.sdkstatcache
cd /Users/admin/builder/spi-builder-workspace/.swiftpm/xcode
/Applications/Xcode-27.0.0-Release.Candidate.app/Contents/Developer/Toolchains/XcodeDefault.xctoolchain/usr/bin/clang-stat-cache /Applications/Xcode-27.0.0-Release.Candidate.app/Contents/Developer/Platforms/WatchOS.platform/Developer/SDKs/WatchOS27.0.sdk -o /Users/admin/builder/spi-builder-workspace/.derivedData/SDKStatCaches.noindex/watchos27.0-24R360-e829b21a6f8c9b70876ba0858053c04477534ef55a1706bf4c1112bbb242f0a2.sdkstatcache
CreateBuildDirectory /Users/admin/builder/spi-builder-workspace/.derivedData/Build/Intermediates.noindex
cd /Users/admin/builder/spi-builder-workspace/.swiftpm/xcode
builtin-create-build-directory /Users/admin/builder/spi-builder-workspace/.derivedData/Build/Intermediates.noindex
CreateBuildDirectory /Users/admin/builder/spi-builder-workspace/.derivedData/Build/Products
cd /Users/admin/builder/spi-builder-workspace/.swiftpm/xcode
builtin-create-build-directory /Users/admin/builder/spi-builder-workspace/.derivedData/Build/Products
CreateBuildDirectory /Users/admin/builder/spi-builder-workspace/.derivedData/Build/Intermediates.noindex/SwiftExplicitPrecompiledModules
cd /Users/admin/builder/spi-builder-workspace/.swiftpm/xcode
builtin-create-build-directory /Users/admin/builder/spi-builder-workspace/.derivedData/Build/Intermediates.noindex/SwiftExplicitPrecompiledModules
CreateBuildDirectory /Users/admin/builder/spi-builder-workspace/.derivedData/Build/Intermediates.noindex/PrecompiledHeaders
cd /Users/admin/builder/spi-builder-workspace/.swiftpm/xcode
builtin-create-build-directory /Users/admin/builder/spi-builder-workspace/.derivedData/Build/Intermediates.noindex/PrecompiledHeaders
CreateBuildDirectory /Users/admin/builder/spi-builder-workspace/.derivedData/Build/Intermediates.noindex/ExplicitPrecompiledModules
cd /Users/admin/builder/spi-builder-workspace/.swiftpm/xcode
builtin-create-build-directory /Users/admin/builder/spi-builder-workspace/.derivedData/Build/Intermediates.noindex/ExplicitPrecompiledModules
CreateBuildDirectory /Users/admin/builder/spi-builder-workspace/.derivedData/Build/Intermediates.noindex/EagerLinkingTBDs/Debug-watchos
cd /Users/admin/builder/spi-builder-workspace/.swiftpm/xcode
builtin-create-build-directory /Users/admin/builder/spi-builder-workspace/.derivedData/Build/Intermediates.noindex/EagerLinkingTBDs/Debug-watchos
CreateBuildDirectory /Users/admin/builder/spi-builder-workspace/.derivedData/Build/Products/Debug-watchos
cd /Users/admin/builder/spi-builder-workspace/.swiftpm/xcode
builtin-create-build-directory /Users/admin/builder/spi-builder-workspace/.derivedData/Build/Products/Debug-watchos
CreateBuildDirectory /Users/admin/builder/spi-builder-workspace/.derivedData/Build/Products/Debug-watchos/PackageFrameworks
cd /Users/admin/builder/spi-builder-workspace/.swiftpm/xcode
builtin-create-build-directory /Users/admin/builder/spi-builder-workspace/.derivedData/Build/Products/Debug-watchos/PackageFrameworks
WriteAuxiliaryFile /Users/admin/builder/spi-builder-workspace/.derivedData/Build/Intermediates.noindex/PinLayout.build/Debug-watchos/PinLayout-t.build/PinLayout.modulemap (in target 'PinLayout' from project 'PinLayout')
cd /Users/admin/builder/spi-builder-workspace
write-file /Users/admin/builder/spi-builder-workspace/.derivedData/Build/Intermediates.noindex/PinLayout.build/Debug-watchos/PinLayout-t.build/PinLayout.modulemap
WriteAuxiliaryFile /Users/admin/builder/spi-builder-workspace/.derivedData/Build/Intermediates.noindex/PinLayout.build/Debug-watchos/PinLayout-t.build/PinLayout.DependencyStaticMetadataFileList (in target 'PinLayout' from project 'PinLayout')
cd /Users/admin/builder/spi-builder-workspace
write-file /Users/admin/builder/spi-builder-workspace/.derivedData/Build/Intermediates.noindex/PinLayout.build/Debug-watchos/PinLayout-t.build/PinLayout.DependencyStaticMetadataFileList
WriteAuxiliaryFile /Users/admin/builder/spi-builder-workspace/.derivedData/Build/Intermediates.noindex/PinLayout.build/Debug-watchos/PinLayout-t.build/PinLayout.DependencyMetadataFileList (in target 'PinLayout' from project 'PinLayout')
cd /Users/admin/builder/spi-builder-workspace
write-file /Users/admin/builder/spi-builder-workspace/.derivedData/Build/Intermediates.noindex/PinLayout.build/Debug-watchos/PinLayout-t.build/PinLayout.DependencyMetadataFileList
WriteAuxiliaryFile /Users/admin/builder/spi-builder-workspace/.derivedData/Build/Intermediates.noindex/PinLayout.build/Debug-watchos/PinLayout-t.build/Objects-normal/arm64_32/PinLayout-OutputFileMap.json (in target 'PinLayout' from project 'PinLayout')
cd /Users/admin/builder/spi-builder-workspace
write-file /Users/admin/builder/spi-builder-workspace/.derivedData/Build/Intermediates.noindex/PinLayout.build/Debug-watchos/PinLayout-t.build/Objects-normal/arm64_32/PinLayout-OutputFileMap.json
WriteAuxiliaryFile /Users/admin/builder/spi-builder-workspace/.derivedData/Build/Intermediates.noindex/PinLayout.build/Debug-watchos/PinLayout-t.build/Objects-normal/arm64_32/PinLayout_const_extract_protocols.json (in target 'PinLayout' from project 'PinLayout')
cd /Users/admin/builder/spi-builder-workspace
write-file /Users/admin/builder/spi-builder-workspace/.derivedData/Build/Intermediates.noindex/PinLayout.build/Debug-watchos/PinLayout-t.build/Objects-normal/arm64_32/PinLayout_const_extract_protocols.json
WriteAuxiliaryFile /Users/admin/builder/spi-builder-workspace/.derivedData/Build/Intermediates.noindex/PinLayout.build/Debug-watchos/PinLayout-t.build/Objects-normal/arm64/PinLayout_const_extract_protocols.json (in target 'PinLayout' from project 'PinLayout')
cd /Users/admin/builder/spi-builder-workspace
write-file /Users/admin/builder/spi-builder-workspace/.derivedData/Build/Intermediates.noindex/PinLayout.build/Debug-watchos/PinLayout-t.build/Objects-normal/arm64/PinLayout_const_extract_protocols.json
WriteAuxiliaryFile /Users/admin/builder/spi-builder-workspace/.derivedData/Build/Intermediates.noindex/PinLayout.build/Debug-watchos/PinLayout-t.build/Objects-normal/arm64/PinLayout.LinkFileList (in target 'PinLayout' from project 'PinLayout')
cd /Users/admin/builder/spi-builder-workspace
write-file /Users/admin/builder/spi-builder-workspace/.derivedData/Build/Intermediates.noindex/PinLayout.build/Debug-watchos/PinLayout-t.build/Objects-normal/arm64/PinLayout.LinkFileList
WriteAuxiliaryFile /Users/admin/builder/spi-builder-workspace/.derivedData/Build/Intermediates.noindex/PinLayout.build/Debug-watchos/PinLayout-t.build/Objects-normal/arm64_32/PinLayout.LinkFileList (in target 'PinLayout' from project 'PinLayout')
cd /Users/admin/builder/spi-builder-workspace
write-file /Users/admin/builder/spi-builder-workspace/.derivedData/Build/Intermediates.noindex/PinLayout.build/Debug-watchos/PinLayout-t.build/Objects-normal/arm64_32/PinLayout.LinkFileList
WriteAuxiliaryFile /Users/admin/builder/spi-builder-workspace/.derivedData/Build/Intermediates.noindex/PinLayout.build/Debug-watchos/PinLayout-t.build/Objects-normal/arm64/PinLayout-OutputFileMap.json (in target 'PinLayout' from project 'PinLayout')
cd /Users/admin/builder/spi-builder-workspace
write-file /Users/admin/builder/spi-builder-workspace/.derivedData/Build/Intermediates.noindex/PinLayout.build/Debug-watchos/PinLayout-t.build/Objects-normal/arm64/PinLayout-OutputFileMap.json
WriteAuxiliaryFile /Users/admin/builder/spi-builder-workspace/.derivedData/Build/Intermediates.noindex/PinLayout.build/Debug-watchos/PinLayout-t.build/Objects-normal/arm64_32/PinLayout.SwiftFileList (in target 'PinLayout' from project 'PinLayout')
cd /Users/admin/builder/spi-builder-workspace
write-file /Users/admin/builder/spi-builder-workspace/.derivedData/Build/Intermediates.noindex/PinLayout.build/Debug-watchos/PinLayout-t.build/Objects-normal/arm64_32/PinLayout.SwiftFileList
WriteAuxiliaryFile /Users/admin/builder/spi-builder-workspace/.derivedData/Build/Intermediates.noindex/PinLayout.build/Debug-watchos/PinLayout-t.build/Objects-normal/arm64_32/PinLayout.SwiftConstValuesFileList (in target 'PinLayout' from project 'PinLayout')
cd /Users/admin/builder/spi-builder-workspace
write-file /Users/admin/builder/spi-builder-workspace/.derivedData/Build/Intermediates.noindex/PinLayout.build/Debug-watchos/PinLayout-t.build/Objects-normal/arm64_32/PinLayout.SwiftConstValuesFileList
WriteAuxiliaryFile /Users/admin/builder/spi-builder-workspace/.derivedData/Build/Intermediates.noindex/PinLayout.build/Debug-watchos/PinLayout-t.build/Objects-normal/arm64/PinLayout.SwiftFileList (in target 'PinLayout' from project 'PinLayout')
cd /Users/admin/builder/spi-builder-workspace
write-file /Users/admin/builder/spi-builder-workspace/.derivedData/Build/Intermediates.noindex/PinLayout.build/Debug-watchos/PinLayout-t.build/Objects-normal/arm64/PinLayout.SwiftFileList
WriteAuxiliaryFile /Users/admin/builder/spi-builder-workspace/.derivedData/Build/Intermediates.noindex/PinLayout.build/Debug-watchos/PinLayout-t.build/Objects-normal/arm64/PinLayout.SwiftConstValuesFileList (in target 'PinLayout' from project 'PinLayout')
cd /Users/admin/builder/spi-builder-workspace
write-file /Users/admin/builder/spi-builder-workspace/.derivedData/Build/Intermediates.noindex/PinLayout.build/Debug-watchos/PinLayout-t.build/Objects-normal/arm64/PinLayout.SwiftConstValuesFileList
Copy /Users/admin/builder/spi-builder-workspace/.derivedData/Build/Intermediates.noindex/GeneratedModuleMaps-watchos/PinLayout.modulemap /Users/admin/builder/spi-builder-workspace/.derivedData/Build/Intermediates.noindex/PinLayout.build/Debug-watchos/PinLayout-t.build/PinLayout.modulemap (in target 'PinLayout' from project 'PinLayout')
cd /Users/admin/builder/spi-builder-workspace
builtin-copy -exclude .DS_Store -exclude CVS -exclude .svn -exclude .git -exclude .hg -resolve-src-symlinks /Users/admin/builder/spi-builder-workspace/.derivedData/Build/Intermediates.noindex/PinLayout.build/Debug-watchos/PinLayout-t.build/PinLayout.modulemap /Users/admin/builder/spi-builder-workspace/.derivedData/Build/Intermediates.noindex/GeneratedModuleMaps-watchos
SwiftDriver PinLayout normal arm64_32 com.apple.xcode.tools.swift.compiler (in target 'PinLayout' from project 'PinLayout')
cd /Users/admin/builder/spi-builder-workspace/.swiftpm/xcode
builtin-SwiftDriver -- /Applications/Xcode-27.0.0-Release.Candidate.app/Contents/Developer/Toolchains/XcodeDefault.xctoolchain/usr/bin/swiftc -parse-as-library -module-name PinLayout -Onone @/Users/admin/builder/spi-builder-workspace/.derivedData/Build/Intermediates.noindex/PinLayout.build/Debug-watchos/PinLayout-t.build/Objects-normal/arm64_32/PinLayout.SwiftFileList -DSWIFT_PACKAGE -DDEBUG -DSWIFT_MODULE_RESOURCE_BUNDLE_UNAVAILABLE -DXcode -plugin-path /Applications/Xcode-27.0.0-Release.Candidate.app/Contents/Developer/Toolchains/XcodeDefault.xctoolchain/usr/lib/swift/host/plugins/testing -enable-experimental-feature DebugDescriptionMacro -sdk /Applications/Xcode-27.0.0-Release.Candidate.app/Contents/Developer/Platforms/WatchOS.platform/Developer/SDKs/WatchOS27.0.sdk -target arm64_32-apple-watchos9.0 -g -module-cache-path /Users/admin/builder/spi-builder-workspace/.derivedData/ModuleCache.noindex -Xfrontend -serialize-debugging-options -enable-testing -index-store-path /Users/admin/builder/spi-builder-workspace/.derivedData/Index.noindex/DataStore -Xcc -D_LIBCPP_HARDENING_MODE\=_LIBCPP_HARDENING_MODE_DEBUG -swift-version 5 -I /Users/admin/builder/spi-builder-workspace/.derivedData/Build/Products/Debug-watchos -Isystem /Applications/Xcode-27.0.0-Release.Candidate.app/Contents/Developer/Platforms/WatchOS.platform/Developer/usr/lib -F /Users/admin/builder/spi-builder-workspace/.derivedData/Build/Products/Debug-watchos -F /Applications/Xcode-27.0.0-Release.Candidate.app/Contents/Developer/Platforms/WatchOS.platform/Developer/Library/Frameworks -F /Applications/Xcode-27.0.0-Release.Candidate.app/Contents/Developer/Platforms/WatchOS.platform/Developer/SDKs/WatchOS27.0.sdk/Developer/Library/Frameworks -c -j10 -enable-batch-mode -incremental -Xcc -ivfsstatcache -Xcc /Users/admin/builder/spi-builder-workspace/.derivedData/SDKStatCaches.noindex/watchos27.0-24R360-e829b21a6f8c9b70876ba0858053c04477534ef55a1706bf4c1112bbb242f0a2.sdkstatcache -output-file-map /Users/admin/builder/spi-builder-workspace/.derivedData/Build/Intermediates.noindex/PinLayout.build/Debug-watchos/PinLayout-t.build/Objects-normal/arm64_32/PinLayout-OutputFileMap.json -save-temps -no-color-diagnostics -explicit-module-build -module-cache-path /Users/admin/builder/spi-builder-workspace/.derivedData/Build/Intermediates.noindex/SwiftExplicitPrecompiledModules -clang-scanner-module-cache-path /Users/admin/builder/spi-builder-workspace/.derivedData/ModuleCache.noindex -sdk-module-cache-path /Users/admin/builder/spi-builder-workspace/.derivedData/SDKExplicitPrecompiledModules -emit-dependencies -emit-module -emit-module-path /Users/admin/builder/spi-builder-workspace/.derivedData/Build/Intermediates.noindex/PinLayout.build/Debug-watchos/PinLayout-t.build/Objects-normal/arm64_32/PinLayout.swiftmodule -serialize-diagnostics -dependency-scan-serialize-diagnostics-path /Users/admin/builder/spi-builder-workspace/.derivedData/Build/Intermediates.noindex/PinLayout.build/Debug-watchos/PinLayout-t.build/Objects-normal/arm64_32/PinLayout-dependency-scan.dia -validate-clang-modules-once -clang-build-session-file /Users/admin/builder/spi-builder-workspace/.derivedData/ModuleCache.noindex/Session.modulevalidation -Xcc -fmodules-prune-interval\=86400 -Xcc -fmodules-prune-after\=345600 -emit-const-values -const-gather-protocols-list /Users/admin/builder/spi-builder-workspace/.derivedData/Build/Intermediates.noindex/PinLayout.build/Debug-watchos/PinLayout-t.build/Objects-normal/arm64_32/PinLayout_const_extract_protocols.json -Xcc -I/Users/admin/builder/spi-builder-workspace/.derivedData/Build/Products/Debug-watchos/include -Xcc -I/Users/admin/builder/spi-builder-workspace/.derivedData/Build/Intermediates.noindex/PinLayout.build/Debug-watchos/PinLayout-t.build/DerivedSources-normal/arm64_32 -Xcc -I/Users/admin/builder/spi-builder-workspace/.derivedData/Build/Intermediates.noindex/PinLayout.build/Debug-watchos/PinLayout-t.build/DerivedSources/arm64_32 -Xcc -I/Users/admin/builder/spi-builder-workspace/.derivedData/Build/Intermediates.noindex/PinLayout.build/Debug-watchos/PinLayout-t.build/DerivedSources -Xcc -DSWIFT_PACKAGE -Xcc -DDEBUG\=1 -emit-objc-header -emit-objc-header-path /Users/admin/builder/spi-builder-workspace/.derivedData/Build/Intermediates.noindex/PinLayout.build/Debug-watchos/PinLayout-t.build/Objects-normal/arm64_32/PinLayout-Swift.h -working-directory /Users/admin/builder/spi-builder-workspace/.swiftpm/xcode -experimental-emit-module-separately -disable-cmo
/Users/admin/builder/spi-builder-workspace/Sources/AutoSizeCalculable.swift:4:8: error: Unable to resolve module dependency: 'AppKit' (in target 'PinLayout' from project 'PinLayout')
note: A dependency of main module 'PinLayout'
/Users/admin/builder/spi-builder-workspace/Sources/Extensions/PEdgeInsets+Operators.swift:4:8: note: Also imported here
/Users/admin/builder/spi-builder-workspace/Sources/Impl/Coordinates.swift:23:8: note: Also imported here
/Users/admin/builder/spi-builder-workspace/Sources/Impl/Percent.swift:23:12: note: Also imported here
/Users/admin/builder/spi-builder-workspace/Sources/Impl/PinLayout+Coordinates.swift:23:12: note: Also imported here
/Users/admin/builder/spi-builder-workspace/Sources/Impl/PinLayout+Layouting.swift:23:12: note: Also imported here
/Users/admin/builder/spi-builder-workspace/Sources/Impl/PinLayout+Warning.swift:23:12: note: Also imported here
/Users/admin/builder/spi-builder-workspace/Sources/Impl/TypesImpl.swift:25:12: note: Also imported here
/Users/admin/builder/spi-builder-workspace/Sources/Layoutable.swift:23:8: note: Also imported here
/Users/admin/builder/spi-builder-workspace/Sources/ObjectiveC/PinLayoutObjC.swift:25:8: note: Also imported here
/Users/admin/builder/spi-builder-workspace/Sources/ObjectiveC/PinLayoutObjCImpl.swift:23:8: note: Also imported here
/Users/admin/builder/spi-builder-workspace/Sources/PinLayout+Between.swift:23:12: note: Also imported here
/Users/admin/builder/spi-builder-workspace/Sources/PinLayout+Relative.swift:23:12: note: Also imported here
/Users/admin/builder/spi-builder-workspace/Sources/PinLayout+Size.swift:23:8: note: Also imported here
/Users/admin/builder/spi-builder-workspace/Sources/PinLayout+WrapContent.swift:23:8: note: Also imported here
/Users/admin/builder/spi-builder-workspace/Sources/PinLayout.swift:26:12: note: Also imported here
/Users/admin/builder/spi-builder-workspace/Sources/SizeCalculable.swift:23:8: note: Also imported here
/Users/admin/builder/spi-builder-workspace/Sources/Types+Description.swift:23:8: note: Also imported here
/Users/admin/builder/spi-builder-workspace/Sources/AutoSizeCalculable.swift:4:8: note: A dependency of main module 'PinLayout'
import AppKit
^ (in target 'PinLayout' from project 'PinLayout')
/Users/admin/builder/spi-builder-workspace/Sources/Extensions/PEdgeInsets+Operators.swift:4:8: note: Also imported here
import AppKit
^ (in target 'PinLayout' from project 'PinLayout')
/Users/admin/builder/spi-builder-workspace/Sources/Impl/Coordinates.swift:23:8: note: Also imported here
import AppKit
^ (in target 'PinLayout' from project 'PinLayout')
/Users/admin/builder/spi-builder-workspace/Sources/Impl/Percent.swift:23:12: note: Also imported here
import AppKit
^ (in target 'PinLayout' from project 'PinLayout')
/Users/admin/builder/spi-builder-workspace/Sources/Impl/PinLayout+Coordinates.swift:23:12: note: Also imported here
import AppKit
^ (in target 'PinLayout' from project 'PinLayout')
/Users/admin/builder/spi-builder-workspace/Sources/Impl/PinLayout+Layouting.swift:23:12: note: Also imported here
import AppKit
^ (in target 'PinLayout' from project 'PinLayout')
/Users/admin/builder/spi-builder-workspace/Sources/Impl/PinLayout+Warning.swift:23:12: note: Also imported here
import AppKit
^ (in target 'PinLayout' from project 'PinLayout')
/Users/admin/builder/spi-builder-workspace/Sources/Impl/TypesImpl.swift:25:12: note: Also imported here
import AppKit
^ (in target 'PinLayout' from project 'PinLayout')
/Users/admin/builder/spi-builder-workspace/Sources/Layoutable.swift:23:8: note: Also imported here
import AppKit
^ (in target 'PinLayout' from project 'PinLayout')
/Users/admin/builder/spi-builder-workspace/Sources/ObjectiveC/PinLayoutObjC.swift:25:8: note: Also imported here
import AppKit
^ (in target 'PinLayout' from project 'PinLayout')
/Users/admin/builder/spi-builder-workspace/Sources/ObjectiveC/PinLayoutObjCImpl.swift:23:8: note: Also imported here
import AppKit
^ (in target 'PinLayout' from project 'PinLayout')
/Users/admin/builder/spi-builder-workspace/Sources/PinLayout+Between.swift:23:12: note: Also imported here
import AppKit
^ (in target 'PinLayout' from project 'PinLayout')
/Users/admin/builder/spi-builder-workspace/Sources/PinLayout+Relative.swift:23:12: note: Also imported here
import AppKit
^ (in target 'PinLayout' from project 'PinLayout')
/Users/admin/builder/spi-builder-workspace/Sources/PinLayout+Size.swift:23:8: note: Also imported here
import AppKit
^ (in target 'PinLayout' from project 'PinLayout')
/Users/admin/builder/spi-builder-workspace/Sources/PinLayout+WrapContent.swift:23:8: note: Also imported here
import AppKit
^ (in target 'PinLayout' from project 'PinLayout')
/Users/admin/builder/spi-builder-workspace/Sources/PinLayout.swift:26:12: note: Also imported here
import AppKit
^ (in target 'PinLayout' from project 'PinLayout')
/Users/admin/builder/spi-builder-workspace/Sources/SizeCalculable.swift:23:8: note: Also imported here
import AppKit
^ (in target 'PinLayout' from project 'PinLayout')
/Users/admin/builder/spi-builder-workspace/Sources/Types+Description.swift:23:8: note: Also imported here
import AppKit
^ (in target 'PinLayout' from project 'PinLayout')
SwiftDriver PinLayout normal arm64 com.apple.xcode.tools.swift.compiler (in target 'PinLayout' from project 'PinLayout')
cd /Users/admin/builder/spi-builder-workspace/.swiftpm/xcode
builtin-SwiftDriver -- /Applications/Xcode-27.0.0-Release.Candidate.app/Contents/Developer/Toolchains/XcodeDefault.xctoolchain/usr/bin/swiftc -parse-as-library -module-name PinLayout -Onone @/Users/admin/builder/spi-builder-workspace/.derivedData/Build/Intermediates.noindex/PinLayout.build/Debug-watchos/PinLayout-t.build/Objects-normal/arm64/PinLayout.SwiftFileList -DSWIFT_PACKAGE -DDEBUG -DSWIFT_MODULE_RESOURCE_BUNDLE_UNAVAILABLE -DXcode -plugin-path /Applications/Xcode-27.0.0-Release.Candidate.app/Contents/Developer/Toolchains/XcodeDefault.xctoolchain/usr/lib/swift/host/plugins/testing -enable-experimental-feature DebugDescriptionMacro -sdk /Applications/Xcode-27.0.0-Release.Candidate.app/Contents/Developer/Platforms/WatchOS.platform/Developer/SDKs/WatchOS27.0.sdk -target arm64-apple-watchos9.0 -g -module-cache-path /Users/admin/builder/spi-builder-workspace/.derivedData/ModuleCache.noindex -Xfrontend -serialize-debugging-options -enable-testing -index-store-path /Users/admin/builder/spi-builder-workspace/.derivedData/Index.noindex/DataStore -Xcc -D_LIBCPP_HARDENING_MODE\=_LIBCPP_HARDENING_MODE_DEBUG -swift-version 5 -I /Users/admin/builder/spi-builder-workspace/.derivedData/Build/Products/Debug-watchos -Isystem /Applications/Xcode-27.0.0-Release.Candidate.app/Contents/Developer/Platforms/WatchOS.platform/Developer/usr/lib -F /Users/admin/builder/spi-builder-workspace/.derivedData/Build/Products/Debug-watchos -F /Applications/Xcode-27.0.0-Release.Candidate.app/Contents/Developer/Platforms/WatchOS.platform/Developer/Library/Frameworks -F /Applications/Xcode-27.0.0-Release.Candidate.app/Contents/Developer/Platforms/WatchOS.platform/Developer/SDKs/WatchOS27.0.sdk/Developer/Library/Frameworks -c -j10 -enable-batch-mode -incremental -Xcc -ivfsstatcache -Xcc /Users/admin/builder/spi-builder-workspace/.derivedData/SDKStatCaches.noindex/watchos27.0-24R360-e829b21a6f8c9b70876ba0858053c04477534ef55a1706bf4c1112bbb242f0a2.sdkstatcache -output-file-map /Users/admin/builder/spi-builder-workspace/.derivedData/Build/Intermediates.noindex/PinLayout.build/Debug-watchos/PinLayout-t.build/Objects-normal/arm64/PinLayout-OutputFileMap.json -save-temps -no-color-diagnostics -explicit-module-build -module-cache-path /Users/admin/builder/spi-builder-workspace/.derivedData/Build/Intermediates.noindex/SwiftExplicitPrecompiledModules -clang-scanner-module-cache-path /Users/admin/builder/spi-builder-workspace/.derivedData/ModuleCache.noindex -sdk-module-cache-path /Users/admin/builder/spi-builder-workspace/.derivedData/SDKExplicitPrecompiledModules -emit-dependencies -emit-module -emit-module-path /Users/admin/builder/spi-builder-workspace/.derivedData/Build/Intermediates.noindex/PinLayout.build/Debug-watchos/PinLayout-t.build/Objects-normal/arm64/PinLayout.swiftmodule -serialize-diagnostics -dependency-scan-serialize-diagnostics-path /Users/admin/builder/spi-builder-workspace/.derivedData/Build/Intermediates.noindex/PinLayout.build/Debug-watchos/PinLayout-t.build/Objects-normal/arm64/PinLayout-dependency-scan.dia -validate-clang-modules-once -clang-build-session-file /Users/admin/builder/spi-builder-workspace/.derivedData/ModuleCache.noindex/Session.modulevalidation -Xcc -fmodules-prune-interval\=86400 -Xcc -fmodules-prune-after\=345600 -emit-const-values -const-gather-protocols-list /Users/admin/builder/spi-builder-workspace/.derivedData/Build/Intermediates.noindex/PinLayout.build/Debug-watchos/PinLayout-t.build/Objects-normal/arm64/PinLayout_const_extract_protocols.json -Xcc -I/Users/admin/builder/spi-builder-workspace/.derivedData/Build/Products/Debug-watchos/include -Xcc -I/Users/admin/builder/spi-builder-workspace/.derivedData/Build/Intermediates.noindex/PinLayout.build/Debug-watchos/PinLayout-t.build/DerivedSources-normal/arm64 -Xcc -I/Users/admin/builder/spi-builder-workspace/.derivedData/Build/Intermediates.noindex/PinLayout.build/Debug-watchos/PinLayout-t.build/DerivedSources/arm64 -Xcc -I/Users/admin/builder/spi-builder-workspace/.derivedData/Build/Intermediates.noindex/PinLayout.build/Debug-watchos/PinLayout-t.build/DerivedSources -Xcc -DSWIFT_PACKAGE -Xcc -DDEBUG\=1 -emit-objc-header -emit-objc-header-path /Users/admin/builder/spi-builder-workspace/.derivedData/Build/Intermediates.noindex/PinLayout.build/Debug-watchos/PinLayout-t.build/Objects-normal/arm64/PinLayout-Swift.h -working-directory /Users/admin/builder/spi-builder-workspace/.swiftpm/xcode -experimental-emit-module-separately -disable-cmo
/Users/admin/builder/spi-builder-workspace/Sources/AutoSizeCalculable.swift:4:8: error: Unable to resolve module dependency: 'AppKit' (in target 'PinLayout' from project 'PinLayout')
note: A dependency of main module 'PinLayout'
/Users/admin/builder/spi-builder-workspace/Sources/Extensions/PEdgeInsets+Operators.swift:4:8: note: Also imported here
/Users/admin/builder/spi-builder-workspace/Sources/Impl/Coordinates.swift:23:8: note: Also imported here
/Users/admin/builder/spi-builder-workspace/Sources/Impl/Percent.swift:23:12: note: Also imported here
/Users/admin/builder/spi-builder-workspace/Sources/Impl/PinLayout+Coordinates.swift:23:12: note: Also imported here
/Users/admin/builder/spi-builder-workspace/Sources/Impl/PinLayout+Layouting.swift:23:12: note: Also imported here
/Users/admin/builder/spi-builder-workspace/Sources/Impl/PinLayout+Warning.swift:23:12: note: Also imported here
/Users/admin/builder/spi-builder-workspace/Sources/Impl/TypesImpl.swift:25:12: note: Also imported here
/Users/admin/builder/spi-builder-workspace/Sources/Layoutable.swift:23:8: note: Also imported here
/Users/admin/builder/spi-builder-workspace/Sources/ObjectiveC/PinLayoutObjC.swift:25:8: note: Also imported here
/Users/admin/builder/spi-builder-workspace/Sources/ObjectiveC/PinLayoutObjCImpl.swift:23:8: note: Also imported here
/Users/admin/builder/spi-builder-workspace/Sources/PinLayout+Between.swift:23:12: note: Also imported here
/Users/admin/builder/spi-builder-workspace/Sources/PinLayout+Relative.swift:23:12: note: Also imported here
/Users/admin/builder/spi-builder-workspace/Sources/PinLayout+Size.swift:23:8: note: Also imported here
/Users/admin/builder/spi-builder-workspace/Sources/PinLayout+WrapContent.swift:23:8: note: Also imported here
/Users/admin/builder/spi-builder-workspace/Sources/PinLayout.swift:26:12: note: Also imported here
/Users/admin/builder/spi-builder-workspace/Sources/SizeCalculable.swift:23:8: note: Also imported here
/Users/admin/builder/spi-builder-workspace/Sources/Types+Description.swift:23:8: note: Also imported here
/Users/admin/builder/spi-builder-workspace/Sources/AutoSizeCalculable.swift:4:8: note: A dependency of main module 'PinLayout'
import AppKit
^ (in target 'PinLayout' from project 'PinLayout')
/Users/admin/builder/spi-builder-workspace/Sources/Extensions/PEdgeInsets+Operators.swift:4:8: note: Also imported here
import AppKit
^ (in target 'PinLayout' from project 'PinLayout')
/Users/admin/builder/spi-builder-workspace/Sources/Impl/Coordinates.swift:23:8: note: Also imported here
import AppKit
^ (in target 'PinLayout' from project 'PinLayout')
/Users/admin/builder/spi-builder-workspace/Sources/Impl/Percent.swift:23:12: note: Also imported here
import AppKit
^ (in target 'PinLayout' from project 'PinLayout')
/Users/admin/builder/spi-builder-workspace/Sources/Impl/PinLayout+Coordinates.swift:23:12: note: Also imported here
import AppKit
^ (in target 'PinLayout' from project 'PinLayout')
/Users/admin/builder/spi-builder-workspace/Sources/Impl/PinLayout+Layouting.swift:23:12: note: Also imported here
import AppKit
^ (in target 'PinLayout' from project 'PinLayout')
/Users/admin/builder/spi-builder-workspace/Sources/Impl/PinLayout+Warning.swift:23:12: note: Also imported here
import AppKit
^ (in target 'PinLayout' from project 'PinLayout')
/Users/admin/builder/spi-builder-workspace/Sources/Impl/TypesImpl.swift:25:12: note: Also imported here
import AppKit
^ (in target 'PinLayout' from project 'PinLayout')
/Users/admin/builder/spi-builder-workspace/Sources/Layoutable.swift:23:8: note: Also imported here
import AppKit
^ (in target 'PinLayout' from project 'PinLayout')
/Users/admin/builder/spi-builder-workspace/Sources/ObjectiveC/PinLayoutObjC.swift:25:8: note: Also imported here
import AppKit
^ (in target 'PinLayout' from project 'PinLayout')
/Users/admin/builder/spi-builder-workspace/Sources/ObjectiveC/PinLayoutObjCImpl.swift:23:8: note: Also imported here
import AppKit
^ (in target 'PinLayout' from project 'PinLayout')
/Users/admin/builder/spi-builder-workspace/Sources/PinLayout+Between.swift:23:12: note: Also imported here
import AppKit
^ (in target 'PinLayout' from project 'PinLayout')
/Users/admin/builder/spi-builder-workspace/Sources/PinLayout+Relative.swift:23:12: note: Also imported here
import AppKit
^ (in target 'PinLayout' from project 'PinLayout')
/Users/admin/builder/spi-builder-workspace/Sources/PinLayout+Size.swift:23:8: note: Also imported here
import AppKit
^ (in target 'PinLayout' from project 'PinLayout')
/Users/admin/builder/spi-builder-workspace/Sources/PinLayout+WrapContent.swift:23:8: note: Also imported here
import AppKit
^ (in target 'PinLayout' from project 'PinLayout')
/Users/admin/builder/spi-builder-workspace/Sources/PinLayout.swift:26:12: note: Also imported here
import AppKit
^ (in target 'PinLayout' from project 'PinLayout')
/Users/admin/builder/spi-builder-workspace/Sources/SizeCalculable.swift:23:8: note: Also imported here
import AppKit
^ (in target 'PinLayout' from project 'PinLayout')
/Users/admin/builder/spi-builder-workspace/Sources/Types+Description.swift:23:8: note: Also imported here
import AppKit
^ (in target 'PinLayout' from project 'PinLayout')
PruneExplicitPrecompiledModules /Users/admin/builder/spi-builder-workspace/.derivedData/Build/Intermediates.noindex/ExplicitPrecompiledModules
PruneExplicitPrecompiledModules /Users/admin/builder/spi-builder-workspace/.derivedData/Build/Intermediates.noindex/SwiftExplicitPrecompiledModules
PruneExplicitPrecompiledModules /Users/admin/builder/spi-builder-workspace/.derivedData/SDKExplicitPrecompiledModules
2026-09-22 13:21:10.084 xcodebuild[708:4550] [MT] IDERunDestination: Supported platforms for the buildables in the current scheme is empty.
** BUILD FAILED **
The following build commands failed:
SwiftDriver PinLayout normal arm64_32 com.apple.xcode.tools.swift.compiler (in target 'PinLayout' from project 'PinLayout')
SwiftDriver PinLayout normal arm64 com.apple.xcode.tools.swift.compiler (in target 'PinLayout' from project 'PinLayout')
Building workspace PinLayout with scheme PinLayout
(3 failures)
Command line invocation:
/Applications/Xcode-27.0.0-Release.Candidate.app/Contents/Developer/usr/bin/xcodebuild -IDEClonedSourcePackagesDirPathOverride=/Users/admin/builder/spi-builder-workspace/.dependencies -resolvePackageDependencies
Resolve Package Graph
Resolved source packages:
PinLayout: /Users/admin/builder/spi-builder-workspace
resolved source packages: PinLayout
2026-09-22 13:21:13.013 xcodebuild[723:4756] [MT] IDERunDestination: Supported platforms for the buildables in the current scheme is empty.
{
"dependencies" : [
],
"manifest_display_name" : "PinLayout",
"name" : "PinLayout",
"path" : "/Users/admin/builder/spi-builder-workspace",
"platforms" : [
],
"products" : [
{
"name" : "PinLayout",
"targets" : [
"PinLayout"
],
"type" : {
"library" : [
"automatic"
]
}
}
],
"targets" : [
{
"c99name" : "PinLayout",
"module_type" : "SwiftTarget",
"name" : "PinLayout",
"path" : "Sources",
"product_memberships" : [
"PinLayout"
],
"sources" : [
"AutoSizeCalculable.swift",
"Extensions/CALayer+PinLayout.swift",
"Extensions/NSView+PinLayout.swift",
"Extensions/PEdgeInsets+Operators.swift",
"Extensions/UIView+PinLayout.swift",
"Filters.swift",
"Impl/Coordinates.swift",
"Impl/Percent.swift",
"Impl/PinLayout+Coordinates.swift",
"Impl/PinLayout+Layouting.swift",
"Impl/PinLayout+Warning.swift",
"Impl/PinSafeArea.swift",
"Impl/TypesImpl.swift",
"Layoutable+PinLayout.swift",
"Layoutable.swift",
"ObjectiveC/PinLayoutObjC.swift",
"ObjectiveC/PinLayoutObjCImpl.swift",
"Pin.swift",
"PinLayout+Between.swift",
"PinLayout+Relative.swift",
"PinLayout+Size.swift",
"PinLayout+WrapContent.swift",
"PinLayout.swift",
"SizeCalculable.swift",
"Types+Description.swift",
"Types.swift"
],
"type" : "library"
}
],
"tools_version" : "5.4"
}
{
"workspace" : {
"name" : "PinLayout",
"schemes" : [
"PinLayout"
]
}
}
2026-09-22 13:21:14.217 xcodebuild[731:4812] [MT] IDERunDestination: Supported platforms for the buildables in the current scheme is empty.
Running build ...
env DEVELOPER_DIR=/Applications/Xcode-27.0.0-Release.Candidate.app xcrun xcodebuild -IDEClonedSourcePackagesDirPathOverride=$PWD/.dependencies -skipMacroValidation -skipPackagePluginValidation -derivedDataPath $PWD/.derivedData build -scheme PinLayout -destination generic/platform=watchOS
Command line invocation:
/Applications/Xcode-27.0.0-Release.Candidate.app/Contents/Developer/usr/bin/xcodebuild -IDEClonedSourcePackagesDirPathOverride=/Users/admin/builder/spi-builder-workspace/.dependencies -skipMacroValidation -skipPackagePluginValidation -derivedDataPath /Users/admin/builder/spi-builder-workspace/.derivedData build -scheme PinLayout -destination generic/platform=watchOS
Resolve Package Graph
Resolved source packages:
PinLayout: /Users/admin/builder/spi-builder-workspace
ComputePackagePrebuildTargetDependencyGraph
Prepare packages
CreateBuildRequest
SendProjectDescription
CreateBuildOperation
ComputeTargetDependencyGraph
note: Building targets in dependency order
note: Target dependency graph (2 targets)
Target 'PinLayout-product' in project 'PinLayout'
➜ Explicit dependency on target 'PinLayout' in project 'PinLayout'
Target 'PinLayout' in project 'PinLayout' (no dependencies)
GatherProvisioningInputs
CreateBuildDescription
ClangStatCache /Applications/Xcode-27.0.0-Release.Candidate.app/Contents/Developer/Toolchains/XcodeDefault.xctoolchain/usr/bin/clang-stat-cache /Applications/Xcode-27.0.0-Release.Candidate.app/Contents/Developer/Platforms/WatchOS.platform/Developer/SDKs/WatchOS27.0.sdk /Users/admin/builder/spi-builder-workspace/.derivedData/SDKStatCaches.noindex/watchos27.0-24R360-e829b21a6f8c9b70876ba0858053c04477534ef55a1706bf4c1112bbb242f0a2.sdkstatcache
cd /Users/admin/builder/spi-builder-workspace/.swiftpm/xcode
/Applications/Xcode-27.0.0-Release.Candidate.app/Contents/Developer/Toolchains/XcodeDefault.xctoolchain/usr/bin/clang-stat-cache /Applications/Xcode-27.0.0-Release.Candidate.app/Contents/Developer/Platforms/WatchOS.platform/Developer/SDKs/WatchOS27.0.sdk -o /Users/admin/builder/spi-builder-workspace/.derivedData/SDKStatCaches.noindex/watchos27.0-24R360-e829b21a6f8c9b70876ba0858053c04477534ef55a1706bf4c1112bbb242f0a2.sdkstatcache
SwiftDriver PinLayout normal arm64_32 com.apple.xcode.tools.swift.compiler (in target 'PinLayout' from project 'PinLayout')
cd /Users/admin/builder/spi-builder-workspace/.swiftpm/xcode
builtin-SwiftDriver -- /Applications/Xcode-27.0.0-Release.Candidate.app/Contents/Developer/Toolchains/XcodeDefault.xctoolchain/usr/bin/swiftc -parse-as-library -module-name PinLayout -Onone @/Users/admin/builder/spi-builder-workspace/.derivedData/Build/Intermediates.noindex/PinLayout.build/Debug-watchos/PinLayout-t.build/Objects-normal/arm64_32/PinLayout.SwiftFileList -DSWIFT_PACKAGE -DDEBUG -DSWIFT_MODULE_RESOURCE_BUNDLE_UNAVAILABLE -DXcode -plugin-path /Applications/Xcode-27.0.0-Release.Candidate.app/Contents/Developer/Toolchains/XcodeDefault.xctoolchain/usr/lib/swift/host/plugins/testing -enable-experimental-feature DebugDescriptionMacro -sdk /Applications/Xcode-27.0.0-Release.Candidate.app/Contents/Developer/Platforms/WatchOS.platform/Developer/SDKs/WatchOS27.0.sdk -target arm64_32-apple-watchos9.0 -g -module-cache-path /Users/admin/builder/spi-builder-workspace/.derivedData/ModuleCache.noindex -Xfrontend -serialize-debugging-options -enable-testing -index-store-path /Users/admin/builder/spi-builder-workspace/.derivedData/Index.noindex/DataStore -Xcc -D_LIBCPP_HARDENING_MODE\=_LIBCPP_HARDENING_MODE_DEBUG -swift-version 5 -I /Users/admin/builder/spi-builder-workspace/.derivedData/Build/Products/Debug-watchos -Isystem /Applications/Xcode-27.0.0-Release.Candidate.app/Contents/Developer/Platforms/WatchOS.platform/Developer/usr/lib -F /Users/admin/builder/spi-builder-workspace/.derivedData/Build/Products/Debug-watchos -F /Applications/Xcode-27.0.0-Release.Candidate.app/Contents/Developer/Platforms/WatchOS.platform/Developer/Library/Frameworks -F /Applications/Xcode-27.0.0-Release.Candidate.app/Contents/Developer/Platforms/WatchOS.platform/Developer/SDKs/WatchOS27.0.sdk/Developer/Library/Frameworks -c -j10 -enable-batch-mode -incremental -Xcc -ivfsstatcache -Xcc /Users/admin/builder/spi-builder-workspace/.derivedData/SDKStatCaches.noindex/watchos27.0-24R360-e829b21a6f8c9b70876ba0858053c04477534ef55a1706bf4c1112bbb242f0a2.sdkstatcache -output-file-map /Users/admin/builder/spi-builder-workspace/.derivedData/Build/Intermediates.noindex/PinLayout.build/Debug-watchos/PinLayout-t.build/Objects-normal/arm64_32/PinLayout-OutputFileMap.json -save-temps -no-color-diagnostics -explicit-module-build -module-cache-path /Users/admin/builder/spi-builder-workspace/.derivedData/Build/Intermediates.noindex/SwiftExplicitPrecompiledModules -clang-scanner-module-cache-path /Users/admin/builder/spi-builder-workspace/.derivedData/ModuleCache.noindex -sdk-module-cache-path /Users/admin/builder/spi-builder-workspace/.derivedData/SDKExplicitPrecompiledModules -emit-dependencies -emit-module -emit-module-path /Users/admin/builder/spi-builder-workspace/.derivedData/Build/Intermediates.noindex/PinLayout.build/Debug-watchos/PinLayout-t.build/Objects-normal/arm64_32/PinLayout.swiftmodule -serialize-diagnostics -dependency-scan-serialize-diagnostics-path /Users/admin/builder/spi-builder-workspace/.derivedData/Build/Intermediates.noindex/PinLayout.build/Debug-watchos/PinLayout-t.build/Objects-normal/arm64_32/PinLayout-dependency-scan.dia -validate-clang-modules-once -clang-build-session-file /Users/admin/builder/spi-builder-workspace/.derivedData/ModuleCache.noindex/Session.modulevalidation -Xcc -fmodules-prune-interval\=86400 -Xcc -fmodules-prune-after\=345600 -emit-const-values -const-gather-protocols-list /Users/admin/builder/spi-builder-workspace/.derivedData/Build/Intermediates.noindex/PinLayout.build/Debug-watchos/PinLayout-t.build/Objects-normal/arm64_32/PinLayout_const_extract_protocols.json -Xcc -I/Users/admin/builder/spi-builder-workspace/.derivedData/Build/Products/Debug-watchos/include -Xcc -I/Users/admin/builder/spi-builder-workspace/.derivedData/Build/Intermediates.noindex/PinLayout.build/Debug-watchos/PinLayout-t.build/DerivedSources-normal/arm64_32 -Xcc -I/Users/admin/builder/spi-builder-workspace/.derivedData/Build/Intermediates.noindex/PinLayout.build/Debug-watchos/PinLayout-t.build/DerivedSources/arm64_32 -Xcc -I/Users/admin/builder/spi-builder-workspace/.derivedData/Build/Intermediates.noindex/PinLayout.build/Debug-watchos/PinLayout-t.build/DerivedSources -Xcc -DSWIFT_PACKAGE -Xcc -DDEBUG\=1 -emit-objc-header -emit-objc-header-path /Users/admin/builder/spi-builder-workspace/.derivedData/Build/Intermediates.noindex/PinLayout.build/Debug-watchos/PinLayout-t.build/Objects-normal/arm64_32/PinLayout-Swift.h -working-directory /Users/admin/builder/spi-builder-workspace/.swiftpm/xcode -experimental-emit-module-separately -disable-cmo
/Users/admin/builder/spi-builder-workspace/Sources/AutoSizeCalculable.swift:4:8: error: Unable to resolve module dependency: 'AppKit' (in target 'PinLayout' from project 'PinLayout')
note: A dependency of main module 'PinLayout'
/Users/admin/builder/spi-builder-workspace/Sources/Extensions/PEdgeInsets+Operators.swift:4:8: note: Also imported here
/Users/admin/builder/spi-builder-workspace/Sources/Impl/Coordinates.swift:23:8: note: Also imported here
/Users/admin/builder/spi-builder-workspace/Sources/Impl/Percent.swift:23:12: note: Also imported here
/Users/admin/builder/spi-builder-workspace/Sources/Impl/PinLayout+Coordinates.swift:23:12: note: Also imported here
/Users/admin/builder/spi-builder-workspace/Sources/Impl/PinLayout+Layouting.swift:23:12: note: Also imported here
/Users/admin/builder/spi-builder-workspace/Sources/Impl/PinLayout+Warning.swift:23:12: note: Also imported here
/Users/admin/builder/spi-builder-workspace/Sources/Impl/TypesImpl.swift:25:12: note: Also imported here
/Users/admin/builder/spi-builder-workspace/Sources/Layoutable.swift:23:8: note: Also imported here
/Users/admin/builder/spi-builder-workspace/Sources/ObjectiveC/PinLayoutObjC.swift:25:8: note: Also imported here
/Users/admin/builder/spi-builder-workspace/Sources/ObjectiveC/PinLayoutObjCImpl.swift:23:8: note: Also imported here
/Users/admin/builder/spi-builder-workspace/Sources/PinLayout+Between.swift:23:12: note: Also imported here
/Users/admin/builder/spi-builder-workspace/Sources/PinLayout+Relative.swift:23:12: note: Also imported here
/Users/admin/builder/spi-builder-workspace/Sources/PinLayout+Size.swift:23:8: note: Also imported here
/Users/admin/builder/spi-builder-workspace/Sources/PinLayout+WrapContent.swift:23:8: note: Also imported here
/Users/admin/builder/spi-builder-workspace/Sources/PinLayout.swift:26:12: note: Also imported here
/Users/admin/builder/spi-builder-workspace/Sources/SizeCalculable.swift:23:8: note: Also imported here
/Users/admin/builder/spi-builder-workspace/Sources/Types+Description.swift:23:8: note: Also imported here
/Users/admin/builder/spi-builder-workspace/Sources/AutoSizeCalculable.swift:4:8: note: A dependency of main module 'PinLayout'
import AppKit
^ (in target 'PinLayout' from project 'PinLayout')
/Users/admin/builder/spi-builder-workspace/Sources/Extensions/PEdgeInsets+Operators.swift:4:8: note: Also imported here
import AppKit
^ (in target 'PinLayout' from project 'PinLayout')
/Users/admin/builder/spi-builder-workspace/Sources/Impl/Coordinates.swift:23:8: note: Also imported here
import AppKit
^ (in target 'PinLayout' from project 'PinLayout')
/Users/admin/builder/spi-builder-workspace/Sources/Impl/Percent.swift:23:12: note: Also imported here
import AppKit
^ (in target 'PinLayout' from project 'PinLayout')
/Users/admin/builder/spi-builder-workspace/Sources/Impl/PinLayout+Coordinates.swift:23:12: note: Also imported here
import AppKit
^ (in target 'PinLayout' from project 'PinLayout')
/Users/admin/builder/spi-builder-workspace/Sources/Impl/PinLayout+Layouting.swift:23:12: note: Also imported here
import AppKit
^ (in target 'PinLayout' from project 'PinLayout')
/Users/admin/builder/spi-builder-workspace/Sources/Impl/PinLayout+Warning.swift:23:12: note: Also imported here
import AppKit
^ (in target 'PinLayout' from project 'PinLayout')
/Users/admin/builder/spi-builder-workspace/Sources/Impl/TypesImpl.swift:25:12: note: Also imported here
import AppKit
^ (in target 'PinLayout' from project 'PinLayout')
/Users/admin/builder/spi-builder-workspace/Sources/Layoutable.swift:23:8: note: Also imported here
import AppKit
^ (in target 'PinLayout' from project 'PinLayout')
/Users/admin/builder/spi-builder-workspace/Sources/ObjectiveC/PinLayoutObjC.swift:25:8: note: Also imported here
import AppKit
^ (in target 'PinLayout' from project 'PinLayout')
/Users/admin/builder/spi-builder-workspace/Sources/ObjectiveC/PinLayoutObjCImpl.swift:23:8: note: Also imported here
import AppKit
^ (in target 'PinLayout' from project 'PinLayout')
/Users/admin/builder/spi-builder-workspace/Sources/PinLayout+Between.swift:23:12: note: Also imported here
import AppKit
^ (in target 'PinLayout' from project 'PinLayout')
/Users/admin/builder/spi-builder-workspace/Sources/PinLayout+Relative.swift:23:12: note: Also imported here
import AppKit
^ (in target 'PinLayout' from project 'PinLayout')
/Users/admin/builder/spi-builder-workspace/Sources/PinLayout+Size.swift:23:8: note: Also imported here
import AppKit
^ (in target 'PinLayout' from project 'PinLayout')
/Users/admin/builder/spi-builder-workspace/Sources/PinLayout+WrapContent.swift:23:8: note: Also imported here
import AppKit
^ (in target 'PinLayout' from project 'PinLayout')
/Users/admin/builder/spi-builder-workspace/Sources/PinLayout.swift:26:12: note: Also imported here
import AppKit
^ (in target 'PinLayout' from project 'PinLayout')
/Users/admin/builder/spi-builder-workspace/Sources/SizeCalculable.swift:23:8: note: Also imported here
import AppKit
^ (in target 'PinLayout' from project 'PinLayout')
/Users/admin/builder/spi-builder-workspace/Sources/Types+Description.swift:23:8: note: Also imported here
import AppKit
^ (in target 'PinLayout' from project 'PinLayout')
SwiftDriver PinLayout normal arm64 com.apple.xcode.tools.swift.compiler (in target 'PinLayout' from project 'PinLayout')
cd /Users/admin/builder/spi-builder-workspace/.swiftpm/xcode
builtin-SwiftDriver -- /Applications/Xcode-27.0.0-Release.Candidate.app/Contents/Developer/Toolchains/XcodeDefault.xctoolchain/usr/bin/swiftc -parse-as-library -module-name PinLayout -Onone @/Users/admin/builder/spi-builder-workspace/.derivedData/Build/Intermediates.noindex/PinLayout.build/Debug-watchos/PinLayout-t.build/Objects-normal/arm64/PinLayout.SwiftFileList -DSWIFT_PACKAGE -DDEBUG -DSWIFT_MODULE_RESOURCE_BUNDLE_UNAVAILABLE -DXcode -plugin-path /Applications/Xcode-27.0.0-Release.Candidate.app/Contents/Developer/Toolchains/XcodeDefault.xctoolchain/usr/lib/swift/host/plugins/testing -enable-experimental-feature DebugDescriptionMacro -sdk /Applications/Xcode-27.0.0-Release.Candidate.app/Contents/Developer/Platforms/WatchOS.platform/Developer/SDKs/WatchOS27.0.sdk -target arm64-apple-watchos9.0 -g -module-cache-path /Users/admin/builder/spi-builder-workspace/.derivedData/ModuleCache.noindex -Xfrontend -serialize-debugging-options -enable-testing -index-store-path /Users/admin/builder/spi-builder-workspace/.derivedData/Index.noindex/DataStore -Xcc -D_LIBCPP_HARDENING_MODE\=_LIBCPP_HARDENING_MODE_DEBUG -swift-version 5 -I /Users/admin/builder/spi-builder-workspace/.derivedData/Build/Products/Debug-watchos -Isystem /Applications/Xcode-27.0.0-Release.Candidate.app/Contents/Developer/Platforms/WatchOS.platform/Developer/usr/lib -F /Users/admin/builder/spi-builder-workspace/.derivedData/Build/Products/Debug-watchos -F /Applications/Xcode-27.0.0-Release.Candidate.app/Contents/Developer/Platforms/WatchOS.platform/Developer/Library/Frameworks -F /Applications/Xcode-27.0.0-Release.Candidate.app/Contents/Developer/Platforms/WatchOS.platform/Developer/SDKs/WatchOS27.0.sdk/Developer/Library/Frameworks -c -j10 -enable-batch-mode -incremental -Xcc -ivfsstatcache -Xcc /Users/admin/builder/spi-builder-workspace/.derivedData/SDKStatCaches.noindex/watchos27.0-24R360-e829b21a6f8c9b70876ba0858053c04477534ef55a1706bf4c1112bbb242f0a2.sdkstatcache -output-file-map /Users/admin/builder/spi-builder-workspace/.derivedData/Build/Intermediates.noindex/PinLayout.build/Debug-watchos/PinLayout-t.build/Objects-normal/arm64/PinLayout-OutputFileMap.json -save-temps -no-color-diagnostics -explicit-module-build -module-cache-path /Users/admin/builder/spi-builder-workspace/.derivedData/Build/Intermediates.noindex/SwiftExplicitPrecompiledModules -clang-scanner-module-cache-path /Users/admin/builder/spi-builder-workspace/.derivedData/ModuleCache.noindex -sdk-module-cache-path /Users/admin/builder/spi-builder-workspace/.derivedData/SDKExplicitPrecompiledModules -emit-dependencies -emit-module -emit-module-path /Users/admin/builder/spi-builder-workspace/.derivedData/Build/Intermediates.noindex/PinLayout.build/Debug-watchos/PinLayout-t.build/Objects-normal/arm64/PinLayout.swiftmodule -serialize-diagnostics -dependency-scan-serialize-diagnostics-path /Users/admin/builder/spi-builder-workspace/.derivedData/Build/Intermediates.noindex/PinLayout.build/Debug-watchos/PinLayout-t.build/Objects-normal/arm64/PinLayout-dependency-scan.dia -validate-clang-modules-once -clang-build-session-file /Users/admin/builder/spi-builder-workspace/.derivedData/ModuleCache.noindex/Session.modulevalidation -Xcc -fmodules-prune-interval\=86400 -Xcc -fmodules-prune-after\=345600 -emit-const-values -const-gather-protocols-list /Users/admin/builder/spi-builder-workspace/.derivedData/Build/Intermediates.noindex/PinLayout.build/Debug-watchos/PinLayout-t.build/Objects-normal/arm64/PinLayout_const_extract_protocols.json -Xcc -I/Users/admin/builder/spi-builder-workspace/.derivedData/Build/Products/Debug-watchos/include -Xcc -I/Users/admin/builder/spi-builder-workspace/.derivedData/Build/Intermediates.noindex/PinLayout.build/Debug-watchos/PinLayout-t.build/DerivedSources-normal/arm64 -Xcc -I/Users/admin/builder/spi-builder-workspace/.derivedData/Build/Intermediates.noindex/PinLayout.build/Debug-watchos/PinLayout-t.build/DerivedSources/arm64 -Xcc -I/Users/admin/builder/spi-builder-workspace/.derivedData/Build/Intermediates.noindex/PinLayout.build/Debug-watchos/PinLayout-t.build/DerivedSources -Xcc -DSWIFT_PACKAGE -Xcc -DDEBUG\=1 -emit-objc-header -emit-objc-header-path /Users/admin/builder/spi-builder-workspace/.derivedData/Build/Intermediates.noindex/PinLayout.build/Debug-watchos/PinLayout-t.build/Objects-normal/arm64/PinLayout-Swift.h -working-directory /Users/admin/builder/spi-builder-workspace/.swiftpm/xcode -experimental-emit-module-separately -disable-cmo
/Users/admin/builder/spi-builder-workspace/Sources/AutoSizeCalculable.swift:4:8: error: Unable to resolve module dependency: 'AppKit' (in target 'PinLayout' from project 'PinLayout')
note: A dependency of main module 'PinLayout'
/Users/admin/builder/spi-builder-workspace/Sources/Extensions/PEdgeInsets+Operators.swift:4:8: note: Also imported here
/Users/admin/builder/spi-builder-workspace/Sources/Impl/Coordinates.swift:23:8: note: Also imported here
/Users/admin/builder/spi-builder-workspace/Sources/Impl/Percent.swift:23:12: note: Also imported here
/Users/admin/builder/spi-builder-workspace/Sources/Impl/PinLayout+Coordinates.swift:23:12: note: Also imported here
/Users/admin/builder/spi-builder-workspace/Sources/Impl/PinLayout+Layouting.swift:23:12: note: Also imported here
/Users/admin/builder/spi-builder-workspace/Sources/Impl/PinLayout+Warning.swift:23:12: note: Also imported here
/Users/admin/builder/spi-builder-workspace/Sources/Impl/TypesImpl.swift:25:12: note: Also imported here
/Users/admin/builder/spi-builder-workspace/Sources/Layoutable.swift:23:8: note: Also imported here
/Users/admin/builder/spi-builder-workspace/Sources/ObjectiveC/PinLayoutObjC.swift:25:8: note: Also imported here
/Users/admin/builder/spi-builder-workspace/Sources/ObjectiveC/PinLayoutObjCImpl.swift:23:8: note: Also imported here
/Users/admin/builder/spi-builder-workspace/Sources/PinLayout+Between.swift:23:12: note: Also imported here
/Users/admin/builder/spi-builder-workspace/Sources/PinLayout+Relative.swift:23:12: note: Also imported here
/Users/admin/builder/spi-builder-workspace/Sources/PinLayout+Size.swift:23:8: note: Also imported here
/Users/admin/builder/spi-builder-workspace/Sources/PinLayout+WrapContent.swift:23:8: note: Also imported here
/Users/admin/builder/spi-builder-workspace/Sources/PinLayout.swift:26:12: note: Also imported here
/Users/admin/builder/spi-builder-workspace/Sources/SizeCalculable.swift:23:8: note: Also imported here
/Users/admin/builder/spi-builder-workspace/Sources/Types+Description.swift:23:8: note: Also imported here
/Users/admin/builder/spi-builder-workspace/Sources/AutoSizeCalculable.swift:4:8: note: A dependency of main module 'PinLayout'
import AppKit
^ (in target 'PinLayout' from project 'PinLayout')
/Users/admin/builder/spi-builder-workspace/Sources/Extensions/PEdgeInsets+Operators.swift:4:8: note: Also imported here
import AppKit
^ (in target 'PinLayout' from project 'PinLayout')
/Users/admin/builder/spi-builder-workspace/Sources/Impl/Coordinates.swift:23:8: note: Also imported here
import AppKit
^ (in target 'PinLayout' from project 'PinLayout')
/Users/admin/builder/spi-builder-workspace/Sources/Impl/Percent.swift:23:12: note: Also imported here
import AppKit
^ (in target 'PinLayout' from project 'PinLayout')
/Users/admin/builder/spi-builder-workspace/Sources/Impl/PinLayout+Coordinates.swift:23:12: note: Also imported here
import AppKit
^ (in target 'PinLayout' from project 'PinLayout')
/Users/admin/builder/spi-builder-workspace/Sources/Impl/PinLayout+Layouting.swift:23:12: note: Also imported here
import AppKit
^ (in target 'PinLayout' from project 'PinLayout')
/Users/admin/builder/spi-builder-workspace/Sources/Impl/PinLayout+Warning.swift:23:12: note: Also imported here
import AppKit
^ (in target 'PinLayout' from project 'PinLayout')
/Users/admin/builder/spi-builder-workspace/Sources/Impl/TypesImpl.swift:25:12: note: Also imported here
import AppKit
^ (in target 'PinLayout' from project 'PinLayout')
/Users/admin/builder/spi-builder-workspace/Sources/Layoutable.swift:23:8: note: Also imported here
import AppKit
^ (in target 'PinLayout' from project 'PinLayout')
/Users/admin/builder/spi-builder-workspace/Sources/ObjectiveC/PinLayoutObjC.swift:25:8: note: Also imported here
import AppKit
^ (in target 'PinLayout' from project 'PinLayout')
/Users/admin/builder/spi-builder-workspace/Sources/ObjectiveC/PinLayoutObjCImpl.swift:23:8: note: Also imported here
import AppKit
^ (in target 'PinLayout' from project 'PinLayout')
/Users/admin/builder/spi-builder-workspace/Sources/PinLayout+Between.swift:23:12: note: Also imported here
import AppKit
^ (in target 'PinLayout' from project 'PinLayout')
/Users/admin/builder/spi-builder-workspace/Sources/PinLayout+Relative.swift:23:12: note: Also imported here
import AppKit
^ (in target 'PinLayout' from project 'PinLayout')
/Users/admin/builder/spi-builder-workspace/Sources/PinLayout+Size.swift:23:8: note: Also imported here
import AppKit
^ (in target 'PinLayout' from project 'PinLayout')
/Users/admin/builder/spi-builder-workspace/Sources/PinLayout+WrapContent.swift:23:8: note: Also imported here
import AppKit
^ (in target 'PinLayout' from project 'PinLayout')
/Users/admin/builder/spi-builder-workspace/Sources/PinLayout.swift:26:12: note: Also imported here
import AppKit
^ (in target 'PinLayout' from project 'PinLayout')
/Users/admin/builder/spi-builder-workspace/Sources/SizeCalculable.swift:23:8: note: Also imported here
import AppKit
^ (in target 'PinLayout' from project 'PinLayout')
/Users/admin/builder/spi-builder-workspace/Sources/Types+Description.swift:23:8: note: Also imported here
import AppKit
^ (in target 'PinLayout' from project 'PinLayout')
PruneExplicitPrecompiledModules /Users/admin/builder/spi-builder-workspace/.derivedData/Build/Intermediates.noindex/ExplicitPrecompiledModules
PruneExplicitPrecompiledModules /Users/admin/builder/spi-builder-workspace/.derivedData/Build/Intermediates.noindex/SwiftExplicitPrecompiledModules
PruneExplicitPrecompiledModules /Users/admin/builder/spi-builder-workspace/.derivedData/SDKExplicitPrecompiledModules
2026-09-22 13:21:15.165 xcodebuild[732:4838] [MT] IDERunDestination: Supported platforms for the buildables in the current scheme is empty.
** BUILD FAILED **
The following build commands failed:
SwiftDriver PinLayout normal arm64_32 com.apple.xcode.tools.swift.compiler (in target 'PinLayout' from project 'PinLayout')
SwiftDriver PinLayout normal arm64 com.apple.xcode.tools.swift.compiler (in target 'PinLayout' from project 'PinLayout')
Building workspace PinLayout with scheme PinLayout
(3 failures)
BUILD FAILURE 6.4 watchOS