Build Information
Failed to build ThirdPartyMailer, reference main (aa0272), with Swift 6.4 for macOS (Xcode) using Xcode 27.0 on 18 Sep 2026 07:57:00 UTC.
Build Command
env DEVELOPER_DIR=/Applications/Xcode-27.0.0-Release.Candidate.app xcrun xcodebuild -IDEClonedSourcePackagesDirPathOverride=$PWD/.dependencies -skipMacroValidation -skipPackagePluginValidation -derivedDataPath $PWD/.derivedData build -scheme ThirdPartyMailer -destination platform=macOS,arch=arm64Build Log
========================================
RunAll
========================================
Builder version: 5.1.0
Interrupt handler set up.
========================================
Checkout
========================================
Clone URL: https://github.com/vtourraine/thirdpartymailer.git
Reference: main
Initialized empty Git repository in /Users/admin/builder/spi-builder-workspace/.git/
From https://github.com/vtourraine/thirdpartymailer
* branch main -> FETCH_HEAD
* [new branch] main -> origin/main
HEAD is now at aa02726 Remove .swift-version
Cloned https://github.com/vtourraine/thirdpartymailer.git
Revision (git rev-parse @):
aa027261d40d97a1e2bfd33ec021f96daa316f65
SUCCESS checkout https://github.com/vtourraine/thirdpartymailer.git at main
========================================
Build
========================================
Selected platform: macosXcodebuild
Swift version: 6.4
Building package at path: $PWD
https://github.com/vtourraine/thirdpartymailer.git
Command line invocation:
/Applications/Xcode-27.0.0-Release.Candidate.app/Contents/Developer/usr/bin/xcodebuild -IDEClonedSourcePackagesDirPathOverride=/Users/admin/builder/spi-builder-workspace/.dependencies -resolvePackageDependencies
resolved source packages:
{
"dependencies" : [
],
"manifest_display_name" : "ThirdPartyMailer",
"name" : "ThirdPartyMailer",
"path" : "/Users/admin/builder/spi-builder-workspace",
"platforms" : [
{
"name" : "macos",
"version" : "10.13"
},
{
"name" : "ios",
"version" : "12.0"
},
{
"name" : "tvos",
"version" : "12.0"
},
{
"name" : "watchos",
"version" : "4.0"
},
{
"name" : "visionos",
"version" : "1.0"
}
],
"products" : [
{
"name" : "ThirdPartyMailer",
"targets" : [
"ThirdPartyMailer"
],
"type" : {
"library" : [
"automatic"
]
}
}
],
"targets" : [
{
"c99name" : "ThirdPartyMailerTests",
"module_type" : "SwiftTarget",
"name" : "ThirdPartyMailerTests",
"path" : "Tests/ThirdPartyMailerTests",
"sources" : [
"ThirdPartyMailClientsTests.swift"
],
"target_dependencies" : [
"ThirdPartyMailer"
],
"type" : "test"
},
{
"c99name" : "ThirdPartyMailer",
"module_type" : "SwiftTarget",
"name" : "ThirdPartyMailer",
"path" : "Sources/ThirdPartyMailer",
"product_memberships" : [
"ThirdPartyMailer"
],
"sources" : [
"ThirdPartyMailClient.swift",
"ThirdPartyMailer.swift"
],
"type" : "library"
}
],
"tools_version" : "6.0"
}
warning: 'spi-builder-workspace': /Users/admin/builder/spi-builder-workspace/Package.swift:11:19: warning: 'v4' is deprecated: watchOS 9.0 is the oldest supported version [#DeprecatedDeclaration]
9 | .iOS(.v12),
10 | .tvOS(.v12),
11 | .watchOS(.v4),
| `- warning: 'v4' is deprecated: watchOS 9.0 is the oldest supported version [#DeprecatedDeclaration]
12 | .visionOS(.v1)
13 | ],
[#DeprecatedDeclaration]: <https://docs.swift.org/compiler/documentation/diagnostics/deprecated-declaration>
{
"project" : {
"configurations" : [
"Debug",
"Release"
],
"name" : "ThirdPartyMailer",
"schemes" : [
"ThirdPartyMailer"
],
"targets" : [
"ThirdPartyMailer",
"ThirdPartyMailerTests"
]
}
}
Running build ...
env DEVELOPER_DIR=/Applications/Xcode-27.0.0-Release.Candidate.app xcrun xcodebuild -IDEClonedSourcePackagesDirPathOverride=$PWD/.dependencies -skipMacroValidation -skipPackagePluginValidation -derivedDataPath $PWD/.derivedData build -scheme ThirdPartyMailer -destination platform=macOS,arch=arm64
Command line invocation:
/Applications/Xcode-27.0.0-Release.Candidate.app/Contents/Developer/usr/bin/xcodebuild -IDEClonedSourcePackagesDirPathOverride=/Users/admin/builder/spi-builder-workspace/.dependencies -skipMacroValidation -skipPackagePluginValidation -derivedDataPath /Users/admin/builder/spi-builder-workspace/.derivedData build -scheme ThirdPartyMailer -destination platform=macOS,arch=arm64
ComputePackagePrebuildTargetDependencyGraph
Prepare packages
CreateBuildRequest
SendProjectDescription
CreateBuildOperation
ComputeTargetDependencyGraph
note: Building targets in dependency order
note: Target dependency graph (1 target)
Target 'ThirdPartyMailer' in project 'ThirdPartyMailer' (no dependencies)
GatherProvisioningInputs
CreateBuildDescription
ExecuteExternalTool /Applications/Xcode-27.0.0-Release.Candidate.app/Contents/Developer/Toolchains/XcodeDefault.xctoolchain/usr/bin/clang -v -E -dM -isysroot /Applications/Xcode-27.0.0-Release.Candidate.app/Contents/Developer/Platforms/MacOSX.platform/Developer/SDKs/MacOSX27.0.sdk -x c -c /dev/null
ExecuteExternalTool /Applications/Xcode-27.0.0-Release.Candidate.app/Contents/Developer/Toolchains/XcodeDefault.xctoolchain/usr/bin/clang -v -E -dM -arch arm64 -isysroot /Applications/Xcode-27.0.0-Release.Candidate.app/Contents/Developer/Platforms/MacOSX.platform/Developer/SDKs/MacOSX27.0.sdk -x c -c /dev/null
ExecuteExternalTool /Applications/Xcode-27.0.0-Release.Candidate.app/Contents/Developer/Toolchains/XcodeDefault.xctoolchain/usr/bin/swiftc --version
ExecuteExternalTool /Applications/Xcode-27.0.0-Release.Candidate.app/Contents/Developer/Toolchains/XcodeDefault.xctoolchain/usr/bin/ld -version_details
Build description signature: ea850c41a6f647f71009a8f7a49a2fc2
Build description path: /Users/admin/builder/spi-builder-workspace/.derivedData/Build/Intermediates.noindex/XCBuildData/ea850c41a6f647f71009a8f7a49a2fc2.xcbuilddata
/Users/admin/builder/spi-builder-workspace/ThirdPartyMailer.xcodeproj: error: The macOS deployment target 'MACOSX_DEPLOYMENT_TARGET' is set to 10.15, but the range of supported deployment target versions is 12.0 to 27.0.x. (in target 'ThirdPartyMailer' from project 'ThirdPartyMailer')
--- xcodebuild: WARNING: Using the first of multiple matching destinations:
{ platform:macOS, arch:arm64, variant:Mac Catalyst, id:2cd864cae249edc1034a429edc31b4a0e9055581, name:My Mac }
{ platform:macOS, arch:arm64, variant:Designed for [iPad,iPhone], id:2cd864cae249edc1034a429edc31b4a0e9055581, name:My Mac }
** BUILD FAILED **
The following build commands failed:
Building project ThirdPartyMailer with scheme ThirdPartyMailer
(1 failure)
Command line invocation:
/Applications/Xcode-27.0.0-Release.Candidate.app/Contents/Developer/usr/bin/xcodebuild -IDEClonedSourcePackagesDirPathOverride=/Users/admin/builder/spi-builder-workspace/.dependencies -resolvePackageDependencies
resolved source packages:
{
"dependencies" : [
],
"manifest_display_name" : "ThirdPartyMailer",
"name" : "ThirdPartyMailer",
"path" : "/Users/admin/builder/spi-builder-workspace",
"platforms" : [
{
"name" : "macos",
"version" : "10.13"
},
{
"name" : "ios",
"version" : "12.0"
},
{
"name" : "tvos",
"version" : "12.0"
},
{
"name" : "watchos",
"version" : "4.0"
},
{
"name" : "visionos",
"version" : "1.0"
}
],
"products" : [
{
"name" : "ThirdPartyMailer",
"targets" : [
"ThirdPartyMailer"
],
"type" : {
"library" : [
"automatic"
]
}
}
],
"targets" : [
{
"c99name" : "ThirdPartyMailerTests",
"module_type" : "SwiftTarget",
"name" : "ThirdPartyMailerTests",
"path" : "Tests/ThirdPartyMailerTests",
"sources" : [
"ThirdPartyMailClientsTests.swift"
],
"target_dependencies" : [
"ThirdPartyMailer"
],
"type" : "test"
},
{
"c99name" : "ThirdPartyMailer",
"module_type" : "SwiftTarget",
"name" : "ThirdPartyMailer",
"path" : "Sources/ThirdPartyMailer",
"product_memberships" : [
"ThirdPartyMailer"
],
"sources" : [
"ThirdPartyMailClient.swift",
"ThirdPartyMailer.swift"
],
"type" : "library"
}
],
"tools_version" : "6.0"
}
{
"project" : {
"configurations" : [
"Debug",
"Release"
],
"name" : "ThirdPartyMailer",
"schemes" : [
"ThirdPartyMailer"
],
"targets" : [
"ThirdPartyMailer",
"ThirdPartyMailerTests"
]
}
}
Running build ...
env DEVELOPER_DIR=/Applications/Xcode-27.0.0-Release.Candidate.app xcrun xcodebuild -IDEClonedSourcePackagesDirPathOverride=$PWD/.dependencies -skipMacroValidation -skipPackagePluginValidation -derivedDataPath $PWD/.derivedData build -scheme ThirdPartyMailer -destination platform=macOS,arch=arm64
Command line invocation:
/Applications/Xcode-27.0.0-Release.Candidate.app/Contents/Developer/usr/bin/xcodebuild -IDEClonedSourcePackagesDirPathOverride=/Users/admin/builder/spi-builder-workspace/.dependencies -skipMacroValidation -skipPackagePluginValidation -derivedDataPath /Users/admin/builder/spi-builder-workspace/.derivedData build -scheme ThirdPartyMailer -destination platform=macOS,arch=arm64
ComputePackagePrebuildTargetDependencyGraph
Prepare packages
CreateBuildRequest
SendProjectDescription
CreateBuildOperation
ComputeTargetDependencyGraph
note: Building targets in dependency order
note: Target dependency graph (1 target)
Target 'ThirdPartyMailer' in project 'ThirdPartyMailer' (no dependencies)
GatherProvisioningInputs
CreateBuildDescription
/Users/admin/builder/spi-builder-workspace/ThirdPartyMailer.xcodeproj: error: The macOS deployment target 'MACOSX_DEPLOYMENT_TARGET' is set to 10.15, but the range of supported deployment target versions is 12.0 to 27.0.x. (in target 'ThirdPartyMailer' from project 'ThirdPartyMailer')
--- xcodebuild: WARNING: Using the first of multiple matching destinations:
{ platform:macOS, arch:arm64, variant:Mac Catalyst, id:2cd864cae249edc1034a429edc31b4a0e9055581, name:My Mac }
{ platform:macOS, arch:arm64, variant:Designed for [iPad,iPhone], id:2cd864cae249edc1034a429edc31b4a0e9055581, name:My Mac }
** BUILD FAILED **
The following build commands failed:
Building project ThirdPartyMailer with scheme ThirdPartyMailer
(1 failure)
BUILD FAILURE 6.4 macosXcodebuild