The Swift Package Index logo.Swift Package Index

Build Information

Failed to build AppAuth, reference master (812a9a), with Swift 6.4 for Linux on 31 Oct 2026 21:54:29 UTC.

Build Command

bash -c docker run --pull=always --rm -v "checkouts-54344847-1":/host -w "$PWD" -e JAVA_HOME="/root/.sdkman/candidates/java/current" -e SPI_BUILD="1" -e SPI_PROCESSING="1" registry.gitlab.com/saguaro1/spi-images:linux-6.4-latest swift build --triple x86_64-unknown-linux-gnu 2>&1

Build Log

========================================
RunAll
========================================
Builder version: 5.1.4
Interrupt handler set up.
========================================
Checkout
========================================
Clone URL: https://github.com/openid/AppAuth-iOS.git
Reference: master
Initialized empty Git repository in /host/spi-builder-workspace/.git/
hint: Using 'master' as the name for the initial branch. This default branch name
hint: is subject to change. To configure the initial branch name to use in all
hint: of your new repositories, which will suppress this warning, call:
hint:
hint: 	git config --global init.defaultBranch <name>
hint:
hint: Names commonly chosen instead of 'master' are 'main', 'trunk' and
hint: 'development'. The just-created branch can be renamed via this command:
hint:
hint: 	git branch -m <name>
From https://github.com/openid/AppAuth-iOS
 * branch            master     -> FETCH_HEAD
 * [new branch]      master     -> origin/master
HEAD is now at 812a9ac Stop raising exceptions for optional discovery fields (#983)
Cloned https://github.com/openid/AppAuth-iOS.git
Revision (git rev-parse @):
812a9ac1e4518f7e1ab83d4a601386983680ea7a
SUCCESS checkout https://github.com/openid/AppAuth-iOS.git at master
========================================
Build
========================================
Selected platform:         linux
Swift version:             6.4
Building package at path:  $PWD
https://github.com/openid/AppAuth-iOS.git
Running build ...
bash -c docker run --pull=always --rm -v "checkouts-54344847-1":/host -w "$PWD" -e JAVA_HOME="/root/.sdkman/candidates/java/current" -e SPI_BUILD="1" -e SPI_PROCESSING="1" registry.gitlab.com/saguaro1/spi-images:linux-6.4-latest swift build --triple x86_64-unknown-linux-gnu 2>&1
linux-6.4-latest: Pulling from saguaro1/spi-images
Digest: sha256:ad3afec1d6cff9a88dbd06b5b923cd7d46d6f55cc44d4c49fe48cde94ee812a7
Status: Image is up to date for registry.gitlab.com/saguaro1/spi-images:linux-6.4-latest
warning: 'spi-builder-workspace': ignoring target 'AppAuthTVTests' in package 'spi-builder-workspace'; C language in tests is not yet supported
warning: 'spi-builder-workspace': ignoring target 'AppAuthCoreTests' in package 'spi-builder-workspace'; C language in tests is not yet supported
warning: 'spi-builder-workspace': ignoring target 'AppAuthTVTests' in package 'spi-builder-workspace'; C language in tests is not yet supported
warning: 'spi-builder-workspace': ignoring target 'AppAuthCoreTests' in package 'spi-builder-workspace'; C language in tests is not yet supported
warning: 'spi-builder-workspace': found 23 file(s) which are unhandled; explicitly declare them as resources or exclude from the target
    /host/spi-builder-workspace/UnitTests/AppAuthTV/OIDTVAuthorizationRequestTests.m
    /host/spi-builder-workspace/UnitTests/AppAuthTV/OIDTVAuthorizationResponseTests.m
    /host/spi-builder-workspace/UnitTests/AppAuthTV/OIDTVTokenRequestTests.m
    /host/spi-builder-workspace/UnitTests/OIDAuthStateTests.m
    /host/spi-builder-workspace/UnitTests/OIDAuthorizationRequestTests.m
    /host/spi-builder-workspace/UnitTests/OIDAuthorizationResponseTests.m
    /host/spi-builder-workspace/UnitTests/OIDEndSessionRequestTests.m
    /host/spi-builder-workspace/UnitTests/OIDExternalUserAgentIOSTests.m
    /host/spi-builder-workspace/UnitTests/OIDGrantTypesTests.m
    /host/spi-builder-workspace/UnitTests/OIDRPProfileCode.m
    /host/spi-builder-workspace/UnitTests/OIDRegistrationRequestTests.m
    /host/spi-builder-workspace/UnitTests/OIDRegistrationResponseTests.m
    /host/spi-builder-workspace/UnitTests/OIDResponseTypesTests.m
    /host/spi-builder-workspace/UnitTests/OIDScopesTests.m
    /host/spi-builder-workspace/UnitTests/OIDServiceConfigurationTests.m
    /host/spi-builder-workspace/UnitTests/OIDServiceDiscoveryTests.m
    /host/spi-builder-workspace/UnitTests/OIDTokenRequestTests.m
    /host/spi-builder-workspace/UnitTests/OIDTokenResponseTests.m
    /host/spi-builder-workspace/UnitTests/OIDTokenUtilitiesTests.m
    /host/spi-builder-workspace/UnitTests/OIDURLQueryComponentTests.m
    /host/spi-builder-workspace/UnitTests/OIDURLQueryComponentTestsIOS7.m
    /host/spi-builder-workspace/UnitTests/OIDURLSessionProviderTests.m
    /host/spi-builder-workspace/UnitTests/UnitTestsInfo.plist
Building for debugging...
[Provisioning 6 / 10]
[Planning 52 / 272]
In file included from <built-in>:1:
/host/spi-builder-workspace/.build/out/Intermediates.noindex/AppAuth.build/Debug-linux-x86_64/AppAuthCore-t.build/DerivedSources/resource_bundle_accessor.h:1:9: fatal error: 'Foundation/Foundation.h' file not found
    1 | #import <Foundation/Foundation.h>
      |         ^~~~~~~~~~~~~~~~~~~~~~~~~
1 error generated.
error: CompileC /host/spi-builder-workspace/.build/out/Intermediates.noindex/AppAuth.build/Debug-linux-x86_64/AppAuthCore-t.build/Objects-normal/x86_64/OIDTokenUtilities.o /host/spi-builder-workspace/Sources/AppAuthCore/OIDTokenUtilities.m normal x86_64 objective-c com.apple.compilers.llvm.clang.1_0.compiler failed with a nonzero exit code. Command line:     cd /host

    Using response file: /host/spi-builder-workspace/.build/out/Intermediates.noindex/AppAuth.build/Debug-linux-x86_64/AppAuthCore-t.build/Objects-normal/x86_64/6f95552a3397ee1cec971b90cf334075d5f321c3a3b0689ad55c3d1e24702600-common-args.resp

    /usr/bin/clang -x objective-c -target x86_64-unknown-linux-gnu -fmessage-length\=0 -fdiagnostics-show-note-include-stack -fmacro-backtrace-limit\=0 -fcolor-diagnostics -Wno-trigraphs -Wno-missing-field-initializers -Wno-missing-prototypes -Wno-return-type -Wno-implicit-atomic-properties -Wno-objc-interface-ivars -Wno-arc-repeated-use-of-weak -Wno-missing-braces -Wparentheses -Wswitch -Wno-unused-function -Wno-unused-label -Wno-unused-parameter -Wno-unused-variable -Wunused-value -Wno-empty-body -Wno-uninitialized -Wno-unknown-pragmas -Wno-shadow -Wno-four-char-constants -Wno-conversion -Wno-constant-conversion -Wno-int-conversion -Wno-bool-conversion -Wno-enum-conversion -Wno-float-conversion -Wno-non-literal-null-conversion -Wno-objc-literal-conversion -Wno-shorten-64-to-32 -Wpointer-sign -Wno-newline-eof -Wno-selector -Wno-strict-selector-match -Wno-undeclared-selector -Wno-deprecated-implementations -Wno-implicit-fallthrough -fstrict-aliasing -Wprotocol -Wdeprecated-declarations -Wno-sign-conversion -Wno-infinite-recursion -Wno-comma -Wno-block-capture-autoreleasing -Wno-strict-prototypes -Wno-semicolon-before-method-body --sysroot / @/host/spi-builder-workspace/.build/out/Intermediates.noindex/AppAuth.build/Debug-linux-x86_64/AppAuthCore-t.build/Objects-normal/x86_64/6f95552a3397ee1cec971b90cf334075d5f321c3a3b0689ad55c3d1e24702600-common-args.resp -include /host/spi-builder-workspace/.build/out/Intermediates.noindex/AppAuth.build/Debug-linux-x86_64/AppAuthCore-t.build/DerivedSources/resource_bundle_accessor.h -MMD -MT dependencies -MF /host/spi-builder-workspace/.build/out/Intermediates.noindex/AppAuth.build/Debug-linux-x86_64/AppAuthCore-t.build/Objects-normal/x86_64/OIDTokenUtilities.d --serialize-diagnostics /host/spi-builder-workspace/.build/out/Intermediates.noindex/AppAuth.build/Debug-linux-x86_64/AppAuthCore-t.build/Objects-normal/x86_64/OIDTokenUtilities.dia -c /host/spi-builder-workspace/Sources/AppAuthCore/OIDTokenUtilities.m -o /host/spi-builder-workspace/.build/out/Intermediates.noindex/AppAuth.build/Debug-linux-x86_64/AppAuthCore-t.build/Objects-normal/x86_64/OIDTokenUtilities.o
In file included from <built-in>:1:
/host/spi-builder-workspace/.build/out/Intermediates.noindex/AppAuth.build/Debug-linux-x86_64/AppAuthCore-t.build/DerivedSources/resource_bundle_accessor.h:1:9: fatal error: 'Foundation/Foundation.h' file not found
    1 | #import <Foundation/Foundation.h>
      |         ^~~~~~~~~~~~~~~~~~~~~~~~~
1 error generated.
error: CompileC /host/spi-builder-workspace/.build/out/Intermediates.noindex/AppAuth.build/Debug-linux-x86_64/AppAuthCore-t.build/Objects-normal/x86_64/OIDURLQueryComponent.o /host/spi-builder-workspace/Sources/AppAuthCore/OIDURLQueryComponent.m normal x86_64 objective-c com.apple.compilers.llvm.clang.1_0.compiler failed with a nonzero exit code. Command line:     cd /host

    Using response file: /host/spi-builder-workspace/.build/out/Intermediates.noindex/AppAuth.build/Debug-linux-x86_64/AppAuthCore-t.build/Objects-normal/x86_64/6f95552a3397ee1cec971b90cf334075d5f321c3a3b0689ad55c3d1e24702600-common-args.resp

    /usr/bin/clang -x objective-c -target x86_64-unknown-linux-gnu -fmessage-length\=0 -fdiagnostics-show-note-include-stack -fmacro-backtrace-limit\=0 -fcolor-diagnostics -Wno-trigraphs -Wno-missing-field-initializers -Wno-missing-prototypes -Wno-return-type -Wno-implicit-atomic-properties -Wno-objc-interface-ivars -Wno-arc-repeated-use-of-weak -Wno-missing-braces -Wparentheses -Wswitch -Wno-unused-function -Wno-unused-label -Wno-unused-parameter -Wno-unused-variable -Wunused-value -Wno-empty-body -Wno-uninitialized -Wno-unknown-pragmas -Wno-shadow -Wno-four-char-constants -Wno-conversion -Wno-constant-conversion -Wno-int-conversion -Wno-bool-conversion -Wno-enum-conversion -Wno-float-conversion -Wno-non-literal-null-conversion -Wno-objc-literal-conversion -Wno-shorten-64-to-32 -Wpointer-sign -Wno-newline-eof -Wno-selector -Wno-strict-selector-match -Wno-undeclared-selector -Wno-deprecated-implementations -Wno-implicit-fallthrough -fstrict-aliasing -Wprotocol -Wdeprecated-declarations -Wno-sign-conversion -Wno-infinite-recursion -Wno-comma -Wno-block-capture-autoreleasing -Wno-strict-prototypes -Wno-semicolon-before-method-body --sysroot / @/host/spi-builder-workspace/.build/out/Intermediates.noindex/AppAuth.build/Debug-linux-x86_64/AppAuthCore-t.build/Objects-normal/x86_64/6f95552a3397ee1cec971b90cf334075d5f321c3a3b0689ad55c3d1e24702600-common-args.resp -include /host/spi-builder-workspace/.build/out/Intermediates.noindex/AppAuth.build/Debug-linux-x86_64/AppAuthCore-t.build/DerivedSources/resource_bundle_accessor.h -MMD -MT dependencies -MF /host/spi-builder-workspace/.build/out/Intermediates.noindex/AppAuth.build/Debug-linux-x86_64/AppAuthCore-t.build/Objects-normal/x86_64/OIDURLQueryComponent.d --serialize-diagnostics /host/spi-builder-workspace/.build/out/Intermediates.noindex/AppAuth.build/Debug-linux-x86_64/AppAuthCore-t.build/Objects-normal/x86_64/OIDURLQueryComponent.dia -c /host/spi-builder-workspace/Sources/AppAuthCore/OIDURLQueryComponent.m -o /host/spi-builder-workspace/.build/out/Intermediates.noindex/AppAuth.build/Debug-linux-x86_64/AppAuthCore-t.build/Objects-normal/x86_64/OIDURLQueryComponent.o
In file included from <built-in>:1:
/host/spi-builder-workspace/.build/out/Intermediates.noindex/AppAuth.build/Debug-linux-x86_64/AppAuthCore-t.build/DerivedSources/resource_bundle_accessor.h:1:9: fatal error: 'Foundation/Foundation.h' file not found
    1 | #import <Foundation/Foundation.h>
      |         ^~~~~~~~~~~~~~~~~~~~~~~~~
1 error generated.
error: CompileC /host/spi-builder-workspace/.build/out/Intermediates.noindex/AppAuth.build/Debug-linux-x86_64/AppAuthCore-t.build/Objects-normal/x86_64/OIDURLSessionProvider.o /host/spi-builder-workspace/Sources/AppAuthCore/OIDURLSessionProvider.m normal x86_64 objective-c com.apple.compilers.llvm.clang.1_0.compiler failed with a nonzero exit code. Command line:     cd /host

    Using response file: /host/spi-builder-workspace/.build/out/Intermediates.noindex/AppAuth.build/Debug-linux-x86_64/AppAuthCore-t.build/Objects-normal/x86_64/6f95552a3397ee1cec971b90cf334075d5f321c3a3b0689ad55c3d1e24702600-common-args.resp

    /usr/bin/clang -x objective-c -target x86_64-unknown-linux-gnu -fmessage-length\=0 -fdiagnostics-show-note-include-stack -fmacro-backtrace-limit\=0 -fcolor-diagnostics -Wno-trigraphs -Wno-missing-field-initializers -Wno-missing-prototypes -Wno-return-type -Wno-implicit-atomic-properties -Wno-objc-interface-ivars -Wno-arc-repeated-use-of-weak -Wno-missing-braces -Wparentheses -Wswitch -Wno-unused-function -Wno-unused-label -Wno-unused-parameter -Wno-unused-variable -Wunused-value -Wno-empty-body -Wno-uninitialized -Wno-unknown-pragmas -Wno-shadow -Wno-four-char-constants -Wno-conversion -Wno-constant-conversion -Wno-int-conversion -Wno-bool-conversion -Wno-enum-conversion -Wno-float-conversion -Wno-non-literal-null-conversion -Wno-objc-literal-conversion -Wno-shorten-64-to-32 -Wpointer-sign -Wno-newline-eof -Wno-selector -Wno-strict-selector-match -Wno-undeclared-selector -Wno-deprecated-implementations -Wno-implicit-fallthrough -fstrict-aliasing -Wprotocol -Wdeprecated-declarations -Wno-sign-conversion -Wno-infinite-recursion -Wno-comma -Wno-block-capture-autoreleasing -Wno-strict-prototypes -Wno-semicolon-before-method-body --sysroot / @/host/spi-builder-workspace/.build/out/Intermediates.noindex/AppAuth.build/Debug-linux-x86_64/AppAuthCore-t.build/Objects-normal/x86_64/6f95552a3397ee1cec971b90cf334075d5f321c3a3b0689ad55c3d1e24702600-common-args.resp -include /host/spi-builder-workspace/.build/out/Intermediates.noindex/AppAuth.build/Debug-linux-x86_64/AppAuthCore-t.build/DerivedSources/resource_bundle_accessor.h -MMD -MT dependencies -MF /host/spi-builder-workspace/.build/out/Intermediates.noindex/AppAuth.build/Debug-linux-x86_64/AppAuthCore-t.build/Objects-normal/x86_64/OIDURLSessionProvider.d --serialize-diagnostics /host/spi-builder-workspace/.build/out/Intermediates.noindex/AppAuth.build/Debug-linux-x86_64/AppAuthCore-t.build/Objects-normal/x86_64/OIDURLSessionProvider.dia -c /host/spi-builder-workspace/Sources/AppAuthCore/OIDURLSessionProvider.m -o /host/spi-builder-workspace/.build/out/Intermediates.noindex/AppAuth.build/Debug-linux-x86_64/AppAuthCore-t.build/Objects-normal/x86_64/OIDURLSessionProvider.o
In file included from <built-in>:1:
/host/spi-builder-workspace/.build/out/Intermediates.noindex/AppAuth.build/Debug-linux-x86_64/AppAuthCore-t.build/DerivedSources/resource_bundle_accessor.h:1:9: fatal error: 'Foundation/Foundation.h' file not found
    1 | #import <Foundation/Foundation.h>
      |         ^~~~~~~~~~~~~~~~~~~~~~~~~
1 error generated.
error: CompileC /host/spi-builder-workspace/.build/out/Intermediates.noindex/AppAuth.build/Debug-linux-x86_64/AppAuthCore-t.build/Objects-normal/x86_64/OIDTokenResponse.o /host/spi-builder-workspace/Sources/AppAuthCore/OIDTokenResponse.m normal x86_64 objective-c com.apple.compilers.llvm.clang.1_0.compiler failed with a nonzero exit code. Command line:     cd /host

    Using response file: /host/spi-builder-workspace/.build/out/Intermediates.noindex/AppAuth.build/Debug-linux-x86_64/AppAuthCore-t.build/Objects-normal/x86_64/6f95552a3397ee1cec971b90cf334075d5f321c3a3b0689ad55c3d1e24702600-common-args.resp

    /usr/bin/clang -x objective-c -target x86_64-unknown-linux-gnu -fmessage-length\=0 -fdiagnostics-show-note-include-stack -fmacro-backtrace-limit\=0 -fcolor-diagnostics -Wno-trigraphs -Wno-missing-field-initializers -Wno-missing-prototypes -Wno-return-type -Wno-implicit-atomic-properties -Wno-objc-interface-ivars -Wno-arc-repeated-use-of-weak -Wno-missing-braces -Wparentheses -Wswitch -Wno-unused-function -Wno-unused-label -Wno-unused-parameter -Wno-unused-variable -Wunused-value -Wno-empty-body -Wno-uninitialized -Wno-unknown-pragmas -Wno-shadow -Wno-four-char-constants -Wno-conversion -Wno-constant-conversion -Wno-int-conversion -Wno-bool-conversion -Wno-enum-conversion -Wno-float-conversion -Wno-non-literal-null-conversion -Wno-objc-literal-conversion -Wno-shorten-64-to-32 -Wpointer-sign -Wno-newline-eof -Wno-selector -Wno-strict-selector-match -Wno-undeclared-selector -Wno-deprecated-implementations -Wno-implicit-fallthrough -fstrict-aliasing -Wprotocol -Wdeprecated-declarations -Wno-sign-conversion -Wno-infinite-recursion -Wno-comma -Wno-block-capture-autoreleasing -Wno-strict-prototypes -Wno-semicolon-before-method-body --sysroot / @/host/spi-builder-workspace/.build/out/Intermediates.noindex/AppAuth.build/Debug-linux-x86_64/AppAuthCore-t.build/Objects-normal/x86_64/6f95552a3397ee1cec971b90cf334075d5f321c3a3b0689ad55c3d1e24702600-common-args.resp -include /host/spi-builder-workspace/.build/out/Intermediates.noindex/AppAuth.build/Debug-linux-x86_64/AppAuthCore-t.build/DerivedSources/resource_bundle_accessor.h -MMD -MT dependencies -MF /host/spi-builder-workspace/.build/out/Intermediates.noindex/AppAuth.build/Debug-linux-x86_64/AppAuthCore-t.build/Objects-normal/x86_64/OIDTokenResponse.d --serialize-diagnostics /host/spi-builder-workspace/.build/out/Intermediates.noindex/AppAuth.build/Debug-linux-x86_64/AppAuthCore-t.build/Objects-normal/x86_64/OIDTokenResponse.dia -c /host/spi-builder-workspace/Sources/AppAuthCore/OIDTokenResponse.m -o /host/spi-builder-workspace/.build/out/Intermediates.noindex/AppAuth.build/Debug-linux-x86_64/AppAuthCore-t.build/Objects-normal/x86_64/OIDTokenResponse.o
In file included from <built-in>:1:
/host/spi-builder-workspace/.build/out/Intermediates.noindex/AppAuth.build/Debug-linux-x86_64/AppAuthCore-t.build/DerivedSources/resource_bundle_accessor.h:1:9: fatal error: 'Foundation/Foundation.h' file not found
    1 | #import <Foundation/Foundation.h>
      |         ^~~~~~~~~~~~~~~~~~~~~~~~~
1 error generated.
error: CompileC /host/spi-builder-workspace/.build/out/Intermediates.noindex/AppAuth.build/Debug-linux-x86_64/AppAuthCore-t.build/Objects-normal/x86_64/resource_bundle_accessor.o /host/spi-builder-workspace/.build/out/Intermediates.noindex/AppAuth.build/Debug-linux-x86_64/AppAuthCore-t.build/DerivedSources/resource_bundle_accessor.m normal x86_64 objective-c com.apple.compilers.llvm.clang.1_0.compiler failed with a nonzero exit code. Command line:     cd /host

    Using response file: /host/spi-builder-workspace/.build/out/Intermediates.noindex/AppAuth.build/Debug-linux-x86_64/AppAuthCore-t.build/Objects-normal/x86_64/6f95552a3397ee1cec971b90cf334075d5f321c3a3b0689ad55c3d1e24702600-common-args.resp

    /usr/bin/clang -x objective-c -target x86_64-unknown-linux-gnu -fmessage-length\=0 -fdiagnostics-show-note-include-stack -fmacro-backtrace-limit\=0 -fcolor-diagnostics -Wno-trigraphs -Wno-missing-field-initializers -Wno-missing-prototypes -Wno-return-type -Wno-implicit-atomic-properties -Wno-objc-interface-ivars -Wno-arc-repeated-use-of-weak -Wno-missing-braces -Wparentheses -Wswitch -Wno-unused-function -Wno-unused-label -Wno-unused-parameter -Wno-unused-variable -Wunused-value -Wno-empty-body -Wno-uninitialized -Wno-unknown-pragmas -Wno-shadow -Wno-four-char-constants -Wno-conversion -Wno-constant-conversion -Wno-int-conversion -Wno-bool-conversion -Wno-enum-conversion -Wno-float-conversion -Wno-non-literal-null-conversion -Wno-objc-literal-conversion -Wno-shorten-64-to-32 -Wpointer-sign -Wno-newline-eof -Wno-selector -Wno-strict-selector-match -Wno-undeclared-selector -Wno-deprecated-implementations -Wno-implicit-fallthrough -fstrict-aliasing -Wprotocol -Wdeprecated-declarations -Wno-sign-conversion -Wno-infinite-recursion -Wno-comma -Wno-block-capture-autoreleasing -Wno-strict-prototypes -Wno-semicolon-before-method-body --sysroot / @/host/spi-builder-workspace/.build/out/Intermediates.noindex/AppAuth.build/Debug-linux-x86_64/AppAuthCore-t.build/Objects-normal/x86_64/6f95552a3397ee1cec971b90cf334075d5f321c3a3b0689ad55c3d1e24702600-common-args.resp -include /host/spi-builder-workspace/.build/out/Intermediates.noindex/AppAuth.build/Debug-linux-x86_64/AppAuthCore-t.build/DerivedSources/resource_bundle_accessor.h -MMD -MT dependencies -MF /host/spi-builder-workspace/.build/out/Intermediates.noindex/AppAuth.build/Debug-linux-x86_64/AppAuthCore-t.build/Objects-normal/x86_64/resource_bundle_accessor.d --serialize-diagnostics /host/spi-builder-workspace/.build/out/Intermediates.noindex/AppAuth.build/Debug-linux-x86_64/AppAuthCore-t.build/Objects-normal/x86_64/resource_bundle_accessor.dia -c /host/spi-builder-workspace/.build/out/Intermediates.noindex/AppAuth.build/Debug-linux-x86_64/AppAuthCore-t.build/DerivedSources/resource_bundle_accessor.m -o /host/spi-builder-workspace/.build/out/Intermediates.noindex/AppAuth.build/Debug-linux-x86_64/AppAuthCore-t.build/Objects-normal/x86_64/resource_bundle_accessor.o
In file included from <built-in>:1:
/host/spi-builder-workspace/.build/out/Intermediates.noindex/AppAuth.build/Debug-linux-x86_64/AppAuthCore-t.build/DerivedSources/resource_bundle_accessor.h:1:9: fatal error: 'Foundation/Foundation.h' file not found
    1 | #import <Foundation/Foundation.h>
      |         ^~~~~~~~~~~~~~~~~~~~~~~~~
1 error generated.
error: CompileC /host/spi-builder-workspace/.build/out/Intermediates.noindex/AppAuth.build/Debug-linux-x86_64/AppAuthCore-t.build/Objects-normal/x86_64/OIDTokenRequest.o /host/spi-builder-workspace/Sources/AppAuthCore/OIDTokenRequest.m normal x86_64 objective-c com.apple.compilers.llvm.clang.1_0.compiler failed with a nonzero exit code. Command line:     cd /host

    Using response file: /host/spi-builder-workspace/.build/out/Intermediates.noindex/AppAuth.build/Debug-linux-x86_64/AppAuthCore-t.build/Objects-normal/x86_64/6f95552a3397ee1cec971b90cf334075d5f321c3a3b0689ad55c3d1e24702600-common-args.resp

    /usr/bin/clang -x objective-c -target x86_64-unknown-linux-gnu -fmessage-length\=0 -fdiagnostics-show-note-include-stack -fmacro-backtrace-limit\=0 -fcolor-diagnostics -Wno-trigraphs -Wno-missing-field-initializers -Wno-missing-prototypes -Wno-return-type -Wno-implicit-atomic-properties -Wno-objc-interface-ivars -Wno-arc-repeated-use-of-weak -Wno-missing-braces -Wparentheses -Wswitch -Wno-unused-function -Wno-unused-label -Wno-unused-parameter -Wno-unused-variable -Wunused-value -Wno-empty-body -Wno-uninitialized -Wno-unknown-pragmas -Wno-shadow -Wno-four-char-constants -Wno-conversion -Wno-constant-conversion -Wno-int-conversion -Wno-bool-conversion -Wno-enum-conversion -Wno-float-conversion -Wno-non-literal-null-conversion -Wno-objc-literal-conversion -Wno-shorten-64-to-32 -Wpointer-sign -Wno-newline-eof -Wno-selector -Wno-strict-selector-match -Wno-undeclared-selector -Wno-deprecated-implementations -Wno-implicit-fallthrough -fstrict-aliasing -Wprotocol -Wdeprecated-declarations -Wno-sign-conversion -Wno-infinite-recursion -Wno-comma -Wno-block-capture-autoreleasing -Wno-strict-prototypes -Wno-semicolon-before-method-body --sysroot / @/host/spi-builder-workspace/.build/out/Intermediates.noindex/AppAuth.build/Debug-linux-x86_64/AppAuthCore-t.build/Objects-normal/x86_64/6f95552a3397ee1cec971b90cf334075d5f321c3a3b0689ad55c3d1e24702600-common-args.resp -include /host/spi-builder-workspace/.build/out/Intermediates.noindex/AppAuth.build/Debug-linux-x86_64/AppAuthCore-t.build/DerivedSources/resource_bundle_accessor.h -MMD -MT dependencies -MF /host/spi-builder-workspace/.build/out/Intermediates.noindex/AppAuth.build/Debug-linux-x86_64/AppAuthCore-t.build/Objects-normal/x86_64/OIDTokenRequest.d --serialize-diagnostics /host/spi-builder-workspace/.build/out/Intermediates.noindex/AppAuth.build/Debug-linux-x86_64/AppAuthCore-t.build/Objects-normal/x86_64/OIDTokenRequest.dia -c /host/spi-builder-workspace/Sources/AppAuthCore/OIDTokenRequest.m -o /host/spi-builder-workspace/.build/out/Intermediates.noindex/AppAuth.build/Debug-linux-x86_64/AppAuthCore-t.build/Objects-normal/x86_64/OIDTokenRequest.o
In file included from <built-in>:1:
/host/spi-builder-workspace/.build/out/Intermediates.noindex/AppAuth.build/Debug-linux-x86_64/AppAuthCore-t.build/DerivedSources/resource_bundle_accessor.h:1:9: fatal error: 'Foundation/Foundation.h' file not found
    1 | #import <Foundation/Foundation.h>
      |         ^~~~~~~~~~~~~~~~~~~~~~~~~
1 error generated.
error: CompileC /host/spi-builder-workspace/.build/out/Intermediates.noindex/AppAuth.build/Debug-linux-x86_64/AppAuthCore-t.build/Objects-normal/x86_64/OIDServiceDiscovery.o /host/spi-builder-workspace/Sources/AppAuthCore/OIDServiceDiscovery.m normal x86_64 objective-c com.apple.compilers.llvm.clang.1_0.compiler failed with a nonzero exit code. Command line:     cd /host

    Using response file: /host/spi-builder-workspace/.build/out/Intermediates.noindex/AppAuth.build/Debug-linux-x86_64/AppAuthCore-t.build/Objects-normal/x86_64/6f95552a3397ee1cec971b90cf334075d5f321c3a3b0689ad55c3d1e24702600-common-args.resp

    /usr/bin/clang -x objective-c -target x86_64-unknown-linux-gnu -fmessage-length\=0 -fdiagnostics-show-note-include-stack -fmacro-backtrace-limit\=0 -fcolor-diagnostics -Wno-trigraphs -Wno-missing-field-initializers -Wno-missing-prototypes -Wno-return-type -Wno-implicit-atomic-properties -Wno-objc-interface-ivars -Wno-arc-repeated-use-of-weak -Wno-missing-braces -Wparentheses -Wswitch -Wno-unused-function -Wno-unused-label -Wno-unused-parameter -Wno-unused-variable -Wunused-value -Wno-empty-body -Wno-uninitialized -Wno-unknown-pragmas -Wno-shadow -Wno-four-char-constants -Wno-conversion -Wno-constant-conversion -Wno-int-conversion -Wno-bool-conversion -Wno-enum-conversion -Wno-float-conversion -Wno-non-literal-null-conversion -Wno-objc-literal-conversion -Wno-shorten-64-to-32 -Wpointer-sign -Wno-newline-eof -Wno-selector -Wno-strict-selector-match -Wno-undeclared-selector -Wno-deprecated-implementations -Wno-implicit-fallthrough -fstrict-aliasing -Wprotocol -Wdeprecated-declarations -Wno-sign-conversion -Wno-infinite-recursion -Wno-comma -Wno-block-capture-autoreleasing -Wno-strict-prototypes -Wno-semicolon-before-method-body --sysroot / @/host/spi-builder-workspace/.build/out/Intermediates.noindex/AppAuth.build/Debug-linux-x86_64/AppAuthCore-t.build/Objects-normal/x86_64/6f95552a3397ee1cec971b90cf334075d5f321c3a3b0689ad55c3d1e24702600-common-args.resp -include /host/spi-builder-workspace/.build/out/Intermediates.noindex/AppAuth.build/Debug-linux-x86_64/AppAuthCore-t.build/DerivedSources/resource_bundle_accessor.h -MMD -MT dependencies -MF /host/spi-builder-workspace/.build/out/Intermediates.noindex/AppAuth.build/Debug-linux-x86_64/AppAuthCore-t.build/Objects-normal/x86_64/OIDServiceDiscovery.d --serialize-diagnostics /host/spi-builder-workspace/.build/out/Intermediates.noindex/AppAuth.build/Debug-linux-x86_64/AppAuthCore-t.build/Objects-normal/x86_64/OIDServiceDiscovery.dia -c /host/spi-builder-workspace/Sources/AppAuthCore/OIDServiceDiscovery.m -o /host/spi-builder-workspace/.build/out/Intermediates.noindex/AppAuth.build/Debug-linux-x86_64/AppAuthCore-t.build/Objects-normal/x86_64/OIDServiceDiscovery.o
error: Build failed
BUILD FAILURE 6.4 linux