The Swift Package Index logo.Swift Package Index

Build Information

Failed to build swift-extract, reference main (9a4211), with Swift 6.4 for Wasm on 30 Sep 2026 18:36:21 UTC.

Build Command

bash -c docker run --pull=always --rm -v "checkouts-54344843-1":/host -w "$PWD" -e JAVA_HOME="/root/.sdkman/candidates/java/current" -e SPI_BUILD="1" -e SPI_PROCESSING="1" registry.gitlab.com/saguaro1/spi-images:wasm-6.4-latest swift build --swift-sdk swift-6.4.x-DEVELOPMENT-SNAPSHOT-2026-09-04-a_wasm 2>&1

Build Log

========================================
RunAll
========================================
Builder version: 5.1.1
Interrupt handler set up.
========================================
Checkout
========================================
Clone URL: https://github.com/asaptf/swift-extract.git
Reference: main
Initialized empty Git repository in /host/spi-builder-workspace/.git/
hint: Using 'master' as the name for the initial branch. This default branch name
hint: is subject to change. To configure the initial branch name to use in all
hint: of your new repositories, which will suppress this warning, call:
hint:
hint: 	git config --global init.defaultBranch <name>
hint:
hint: Names commonly chosen instead of 'master' are 'main', 'trunk' and
hint: 'development'. The just-created branch can be renamed via this command:
hint:
hint: 	git branch -m <name>
From https://github.com/asaptf/swift-extract
 * branch            main       -> FETCH_HEAD
 * [new branch]      main       -> origin/main
HEAD is now at 9a4211d Record 0.16.0: a line of Chinese, Japanese or Korean is read as its words.
Cloned https://github.com/asaptf/swift-extract.git
Revision (git rev-parse @):
9a4211d3d0d04e109fec80d93521f3f8e82efbd8
SUCCESS checkout https://github.com/asaptf/swift-extract.git at main
========================================
Build
========================================
Selected platform:         wasm
Swift version:             6.4
Building package at path:  $PWD
https://github.com/asaptf/swift-extract.git
Running build ...
bash -c docker run --pull=always --rm -v "checkouts-54344843-1":/host -w "$PWD" -e JAVA_HOME="/root/.sdkman/candidates/java/current" -e SPI_BUILD="1" -e SPI_PROCESSING="1" registry.gitlab.com/saguaro1/spi-images:wasm-6.4-latest swift build --swift-sdk swift-6.4.x-DEVELOPMENT-SNAPSHOT-2026-09-04-a_wasm 2>&1
wasm-6.4-latest: Pulling from saguaro1/spi-images
Digest: sha256:4328fdb43c680d205c1d6761b1e3267aa38277eefdda9ddfb17b6a0f1a77857a
Status: Image is up to date for registry.gitlab.com/saguaro1/spi-images:wasm-6.4-latest
Fetching https://github.com/swiftlang/swift-syntax
Fetching https://github.com/huggingface/AnyLanguageModel.git
[1/5599] Fetching anylanguagemodel
Fetched https://github.com/huggingface/AnyLanguageModel.git (1.10s)
[1/80093] Fetching swift-syntax
Fetched https://github.com/swiftlang/swift-syntax (4.63s)
Computing version for https://github.com/swiftlang/swift-syntax
Computed https://github.com/swiftlang/swift-syntax at 600.0.1 (5.89s)
Computing version for https://github.com/huggingface/AnyLanguageModel.git
Computed https://github.com/huggingface/AnyLanguageModel.git at 0.8.0 (0.21s)
Fetching https://github.com/mattt/JSONSchema
Fetching https://github.com/mattt/PartialJSONDecoder
Fetching https://github.com/mattt/EventSource
[1/303] Fetching eventsource
[304/510] Fetching eventsource, jsonschema
Fetched https://github.com/mattt/JSONSchema (0.47s)
[1/82] Fetching partialjsondecoder
Fetched https://github.com/mattt/EventSource (0.50s)
Fetched https://github.com/mattt/PartialJSONDecoder (0.50s)
Computing version for https://github.com/mattt/PartialJSONDecoder
Computed https://github.com/mattt/PartialJSONDecoder at 1.0.1 (0.66s)
Computing version for https://github.com/mattt/JSONSchema
Computed https://github.com/mattt/JSONSchema at 1.3.1 (0.15s)
Fetching https://github.com/apple/swift-collections.git
[1/28069] Fetching swift-collections
Fetched https://github.com/apple/swift-collections.git (1.74s)
Computing version for https://github.com/mattt/EventSource
Computed https://github.com/mattt/EventSource at 1.5.1 (1.95s)
Computing version for https://github.com/apple/swift-collections.git
Computed https://github.com/apple/swift-collections.git at 1.7.1 (0.30s)
Creating working copy for https://github.com/huggingface/AnyLanguageModel.git
Working copy of https://github.com/huggingface/AnyLanguageModel.git resolved at 0.8.0
Creating working copy for https://github.com/mattt/EventSource
Working copy of https://github.com/mattt/EventSource resolved at 1.5.1
Creating working copy for https://github.com/apple/swift-collections.git
Working copy of https://github.com/apple/swift-collections.git resolved at 1.7.1
Creating working copy for https://github.com/mattt/PartialJSONDecoder
Working copy of https://github.com/mattt/PartialJSONDecoder resolved at 1.0.1
Creating working copy for https://github.com/mattt/JSONSchema
Working copy of https://github.com/mattt/JSONSchema resolved at 1.3.1
Creating working copy for https://github.com/swiftlang/swift-syntax
Working copy of https://github.com/swiftlang/swift-syntax resolved at 600.0.1
Building for debugging...
[Computing dependencies]
[Pre-planning 1 / 802]
[Planning deferred tasks]
[Starting]
[69 / 314] SwiftParser
[160 / 336] InternalCollectionsUtilities
[163 / 345] SwiftSyntax510
[175 / 345] PartialJSONDecoder
[182 / 345] PartialJSONDecoder
error: SwiftCompile normal wasm32 failed with a nonzero exit code. Command line:     cd /host

/host/spi-builder-workspace/.build/checkouts/EventSource/Sources/EventSource/EventSource.swift:346:25: error: cannot find type 'URLRequest' in scope
344 |
345 |     /// The request used for the event source connection.
346 |     public let request: URLRequest
    |                         `- error: cannot find type 'URLRequest' in scope
347 |
348 |     /// The URL session for the event source connection.
/host/spi-builder-workspace/.build/checkouts/EventSource/Sources/EventSource/EventSource.swift:349:26: error: 'URLSession' is unavailable: This type has moved to the FoundationNetworking module. Import that module to use it.
347 |
348 |     /// The URL session for the event source connection.
349 |     private let session: URLSession
    |                          `- error: 'URLSession' is unavailable: This type has moved to the FoundationNetworking module. Import that module to use it.
350 |
351 |     /// The task managing the connection loop.
Foundation.URLSession:2:18: note: 'URLSession' has been explicitly marked unavailable here
1 | @available(*, unavailable, message: "This type has moved to the FoundationNetworking module. Import that module to use it.")
2 | public typealias URLSession = AnyObject
  |                  `- note: 'URLSession' has been explicitly marked unavailable here
/host/spi-builder-workspace/.build/checkouts/EventSource/Sources/EventSource/EventSource.swift:498:18: error: cannot find type 'URLRequest' in scope
496 |     ///                    Defaults to `.default`.
497 |     public init(
498 |         request: URLRequest,
    |                  `- error: cannot find type 'URLRequest' in scope
499 |         configuration: URLSessionConfiguration = .default
500 |     ) {
/host/spi-builder-workspace/.build/checkouts/EventSource/Sources/EventSource/EventSource.swift:499:24: error: 'URLSessionConfiguration' is unavailable: This type has moved to the FoundationNetworking module. Import that module to use it.
497 |     public init(
498 |         request: URLRequest,
499 |         configuration: URLSessionConfiguration = .default
    |                        `- error: 'URLSessionConfiguration' is unavailable: This type has moved to the FoundationNetworking module. Import that module to use it.
500 |     ) {
501 |         self.session = URLSession(configuration: configuration)
Foundation.URLSessionConfiguration:2:18: note: 'URLSessionConfiguration' has been explicitly marked unavailable here
1 | @available(*, unavailable, message: "This type has moved to the FoundationNetworking module. Import that module to use it.")
2 | public typealias URLSessionConfiguration = AnyObject
  |                  `- note: 'URLSessionConfiguration' has been explicitly marked unavailable here
/host/spi-builder-workspace/.build/checkouts/EventSource/Sources/EventSource/EventSource.swift:499:51: error: value of type '_' expected to be instance of class or class-constrained type
497 |     public init(
498 |         request: URLRequest,
499 |         configuration: URLSessionConfiguration = .default
    |                                                   `- error: value of type '_' expected to be instance of class or class-constrained type
500 |     ) {
501 |         self.session = URLSession(configuration: configuration)
/host/spi-builder-workspace/.build/checkouts/EventSource/Sources/EventSource/EventSource.swift:499:51: error: type 'URLSessionConfiguration' (aka 'AnyObject') has no member 'default'
497 |     public init(
498 |         request: URLRequest,
499 |         configuration: URLSessionConfiguration = .default
    |                                                   `- error: type 'URLSessionConfiguration' (aka 'AnyObject') has no member 'default'
500 |     ) {
501 |         self.session = URLSession(configuration: configuration)
/host/spi-builder-workspace/.build/checkouts/EventSource/Sources/EventSource/EventSource.swift:740:55: error: 'HTTPURLResponse' is unavailable: This type has moved to the FoundationNetworking module. Import that module to use it.
738 |     #endif
739 |
740 |     private func validateHTTPResponse(_ httpResponse: HTTPURLResponse) throws {
    |                                                       `- error: 'HTTPURLResponse' is unavailable: This type has moved to the FoundationNetworking module. Import that module to use it.
741 |         let status = httpResponse.statusCode
742 |         if status != 200 {
Foundation.HTTPURLResponse:2:18: note: 'HTTPURLResponse' has been explicitly marked unavailable here
1 | @available(*, unavailable, message: "This type has moved to the FoundationNetworking module. Import that module to use it.")
2 | public typealias HTTPURLResponse = AnyObject
  |                  `- note: 'HTTPURLResponse' has been explicitly marked unavailable here
/host/spi-builder-workspace/.build/checkouts/EventSource/Sources/EventSource/EventSource.swift:482:23: error: cannot find 'URLRequest' in scope
480 |     /// - Parameter url: The URL to open the SSE connection to.
481 |     public init(url: URL) {
482 |         var request = URLRequest(url: url)
    |                       `- error: cannot find 'URLRequest' in scope
483 |         request.setValue("text/event-stream", forHTTPHeaderField: "Accept")
484 |         request.setValue("no-cache", forHTTPHeaderField: "Cache-Control")
/host/spi-builder-workspace/.build/checkouts/EventSource/Sources/EventSource/EventSource.swift:485:18: error: incorrect argument label in call (have 'request:', expected 'url:')
483 |         request.setValue("text/event-stream", forHTTPHeaderField: "Accept")
484 |         request.setValue("no-cache", forHTTPHeaderField: "Cache-Control")
485 |         self.init(request: request)
    |                  `- error: incorrect argument label in call (have 'request:', expected 'url:')
486 |     }
487 |
/host/spi-builder-workspace/.build/checkouts/EventSource/Sources/EventSource/EventSource.swift:501:24: error: value of type '_' expected to be an instance of a class or class-constrained type in assignment
499 |         configuration: URLSessionConfiguration = .default
500 |     ) {
501 |         self.session = URLSession(configuration: configuration)
    |                        `- error: value of type '_' expected to be an instance of a class or class-constrained type in assignment
502 |         self.request = request
503 |         Task { [weak self] in
/host/spi-builder-workspace/.build/checkouts/EventSource/Sources/EventSource/EventSource.swift:501:24: error: 'URLSession' (aka 'AnyObject') cannot be constructed because it has no accessible initializers
499 |         configuration: URLSessionConfiguration = .default
500 |     ) {
501 |         self.session = URLSession(configuration: configuration)
    |                        `- error: 'URLSession' (aka 'AnyObject') cannot be constructed because it has no accessible initializers
502 |         self.request = request
503 |         Task { [weak self] in
Failed frontend command:
/usr/bin/swift-frontend -frontend -emit-module -experimental-skip-non-inlinable-function-bodies-without-types /host/spi-builder-workspace/.build/checkouts/EventSource/Sources/EventSource/AsyncEventsSequence.swift /host/spi-builder-workspace/.build/checkouts/EventSource/Sources/EventSource/AsyncSequence+Events.swift /host/spi-builder-workspace/.build/checkouts/EventSource/Sources/EventSource/EventSource+AsyncHTTPClient.swift /host/spi-builder-workspace/.build/checkouts/EventSource/Sources/EventSource/EventSource.swift -target wasm32-unknown-wasip1 -disable-objc-interop -sdk /root/.swiftpm/swift-sdks/swift-6.4.x-DEVELOPMENT-SNAPSHOT-2026-09-04-a_wasm.artifactbundle/swift-6.4.x-DEVELOPMENT-SNAPSHOT-2026-09-04-a_wasm/wasm32-unknown-wasip1/WASI.sdk -sysroot /root/.swiftpm/swift-sdks/swift-6.4.x-DEVELOPMENT-SNAPSHOT-2026-09-04-a_wasm.artifactbundle/swift-6.4.x-DEVELOPMENT-SNAPSHOT-2026-09-04-a_wasm/wasm32-unknown-wasip1/WASI.sdk -I /host/spi-builder-workspace/.build/out/Products/Debug-webassembly-wasm32 -module-cache-path /host/spi-builder-workspace/.build/out/ModuleCache.noindex -color-diagnostics -Xcc -fcolor-diagnostics -enable-testing -g -debug-info-format\=dwarf -dwarf-version\=4 -suppress-warnings -swift-version 6 -Onone -D SWIFT_PACKAGE -D DEBUG -D SWIFT_MODULE_RESOURCE_BUNDLE_UNAVAILABLE -D Xcode -serialize-debugging-options -enable-experimental-feature DebugDescriptionMacro -empty-abi-descriptor -external-plugin-path /usr/lib/swift/host/plugins/testing\#/usr/bin/swift-plugin-server -user-module-version 1.5.1 -validate-clang-modules-once -clang-build-session-file /host/spi-builder-workspace/.build/out/ModuleCache.noindex/Session.modulevalidation -Xcc -working-directory -Xcc /host -resource-dir /root/.swiftpm/swift-sdks/swift-6.4.x-DEVELOPMENT-SNAPSHOT-2026-09-04-a_wasm.artifactbundle/swift-6.4.x-DEVELOPMENT-SNAPSHOT-2026-09-04-a_wasm/wasm32-unknown-wasip1/swift.xctoolchain/usr/lib/swift_static -use-static-resource-dir -enable-anonymous-context-mangled-names -file-compilation-dir /host -Xcc -resource-dir -Xcc /root/.swiftpm/swift-sdks/swift-6.4.x-DEVELOPMENT-SNAPSHOT-2026-09-04-a_wasm.artifactbundle/swift-6.4.x-DEVELOPMENT-SNAPSHOT-2026-09-04-a_wasm/wasm32-unknown-wasip1/swift.xctoolchain/usr/lib/swift_static/clang -Xcc -D_LIBCPP_HARDENING_MODE\=_LIBCPP_HARDENING_MODE_DEBUG -Xcc -fmodules-prune-interval\=86400 -Xcc -fmodules-prune-after\=345600 -Xcc -I/host/spi-builder-workspace/.build/out/Products/Debug-webassembly-wasm32/include -Xcc -I/host/spi-builder-workspace/.build/out/Intermediates.noindex/EventSource.build/Debug-webassembly-wasm32/EventSource-t.build/DerivedSources-normal/wasm32 -Xcc -I/host/spi-builder-workspace/.build/out/Intermediates.noindex/EventSource.build/Debug-webassembly-wasm32/EventSource-t.build/DerivedSources/wasm32 -Xcc -I/host/spi-builder-workspace/.build/out/Intermediates.noindex/EventSource.build/Debug-webassembly-wasm32/EventSource-t.build/DerivedSources -Xcc -DSWIFT_PACKAGE -Xcc -DDEBUG\=1 -no-auto-bridging-header-chaining -module-name EventSource -package-name eventsource -const-gather-protocols-file /host/spi-builder-workspace/.build/out/Intermediates.noindex/EventSource.build/Debug-webassembly-wasm32/EventSource-t.build/Objects-normal/wasm32/EventSource_const_extract_protocols.json -in-process-plugin-server-path /usr/lib/swift/host/libSwiftInProcPluginServer.so -plugin-path /usr/lib/swift/host/plugins -plugin-path /usr/local/lib/swift/host/plugins -emit-module-doc-path /host/spi-builder-workspace/.build/out/Intermediates.noindex/EventSource.build/Debug-webassembly-wasm32/EventSource-t.build/Objects-normal/wasm32/Modules/EventSource.swiftdoc -emit-module-source-info-path /host/spi-builder-workspace/.build/out/Intermediates.noindex/EventSource.build/Debug-webassembly-wasm32/EventSource-t.build/Objects-normal/wasm32/Modules/EventSource.swiftsourceinfo -emit-objc-header-path /host/spi-builder-workspace/.build/out/Intermediates.noindex/EventSource.build/Debug-webassembly-wasm32/EventSource-t.build/Objects-normal/wasm32/EventSource-Swift.h -serialize-diagnostics-path /host/spi-builder-workspace/.build/out/Intermediates.noindex/EventSource.build/Debug-webassembly-wasm32/EventSource-t.build/Objects-normal/wasm32/EventSource-primary-emit-module.dia -emit-dependencies-path /host/spi-builder-workspace/.build/out/Intermediates.noindex/EventSource.build/Debug-webassembly-wasm32/EventSource-t.build/Objects-normal/wasm32/EventSource-primary-emit-module.d -parse-as-library -o /host/spi-builder-workspace/.build/out/Intermediates.noindex/EventSource.build/Debug-webassembly-wasm32/EventSource-t.build/Objects-normal/wasm32/Modules/EventSource.swiftmodule
error: Build failed
BUILD FAILURE 6.4 wasm