The Swift Package Index logo.Swift Package Index

Build Information

Failed to build CLua, reference 5.4.7 (12e19f), with Swift 6.4 for Wasm on 22 Sep 2026 01:14:31 UTC.

Build Command

bash -c docker run --pull=always --rm -v "checkouts-54344847-0":/host -w "$PWD" -e JAVA_HOME="/root/.sdkman/candidates/java/current" -e SPI_BUILD="1" -e SPI_PROCESSING="1" registry.gitlab.com/saguaro1/spi-images:wasm-6.4-latest swift build --swift-sdk swift-6.4.x-DEVELOPMENT-SNAPSHOT-2026-09-04-a_wasm 2>&1

Build Log

========================================
RunAll
========================================
Builder version: 5.1.0
Interrupt handler set up.
========================================
Checkout
========================================
Clone URL: https://github.com/SwiftyLua/CLua.git
Reference: 5.4.7
Initialized empty Git repository in /host/spi-builder-workspace/.git/
hint: Using 'master' as the name for the initial branch. This default branch name
hint: is subject to change. To configure the initial branch name to use in all
hint: of your new repositories, which will suppress this warning, call:
hint:
hint: 	git config --global init.defaultBranch <name>
hint:
hint: Names commonly chosen instead of 'master' are 'main', 'trunk' and
hint: 'development'. The just-created branch can be renamed via this command:
hint:
hint: 	git branch -m <name>
From https://github.com/SwiftyLua/CLua
 * tag               5.4.7      -> FETCH_HEAD
HEAD is now at 12e19f8 Merge pull request #1 from barryw/bw-update-to-lua-5-4-7
Cloned https://github.com/SwiftyLua/CLua.git
Revision (git rev-parse @):
12e19f89b9089dbc87615e1823049791cd665353
SUCCESS checkout https://github.com/SwiftyLua/CLua.git at 5.4.7
========================================
Build
========================================
Selected platform:         wasm
Swift version:             6.4
Building package at path:  $PWD
https://github.com/SwiftyLua/CLua.git
Running build ...
bash -c docker run --pull=always --rm -v "checkouts-54344847-0":/host -w "$PWD" -e JAVA_HOME="/root/.sdkman/candidates/java/current" -e SPI_BUILD="1" -e SPI_PROCESSING="1" registry.gitlab.com/saguaro1/spi-images:wasm-6.4-latest swift build --swift-sdk swift-6.4.x-DEVELOPMENT-SNAPSHOT-2026-09-04-a_wasm 2>&1
wasm-6.4-latest: Pulling from saguaro1/spi-images
Digest: sha256:4328fdb43c680d205c1d6761b1e3267aa38277eefdda9ddfb17b6a0f1a77857a
Status: Image is up to date for registry.gitlab.com/saguaro1/spi-images:wasm-6.4-latest
Building for debugging...
[Planning deferred tasks]
In file included from /host/spi-builder-workspace/Sources/CLua/lzio.c:19:
In file included from /host/spi-builder-workspace/Sources/CLua/include/lstate.h:130:
/root/.swiftpm/swift-sdks/swift-6.4.x-DEVELOPMENT-SNAPSHOT-2026-09-04-a_wasm.artifactbundle/swift-6.4.x-DEVELOPMENT-SNAPSHOT-2026-09-04-a_wasm/wasm32-unknown-wasip1/WASI.sdk/include/wasm32-wasip1/signal.h:2:2: error: "wasm lacks signal support; to enable minimal signal emulation, compile with -D_WASI_EMULATED_SIGNAL and link with -lwasi-emulated-signal"
    2 | #error "wasm lacks signal support; to enable minimal signal emulation, \
      |  ^
In file included from /host/spi-builder-workspace/Sources/CLua/lzio.c:19:
/host/spi-builder-workspace/Sources/CLua/include/lstate.h:184:16: error: unknown type name 'sig_atomic_t'
  184 |       volatile l_signalT trap;  /* function is tracing lines/counts */
      |                ^
/host/spi-builder-workspace/Sources/CLua/include/lstate.h:131:19: note: expanded from macro 'l_signalT'
  131 | #define l_signalT       sig_atomic_t
      |                         ^
/host/spi-builder-workspace/Sources/CLua/include/lstate.h:331:12: error: unknown type name 'sig_atomic_t'
  331 |   volatile l_signalT hookmask;
      |            ^
/host/spi-builder-workspace/Sources/CLua/include/lstate.h:131:19: note: expanded from macro 'l_signalT'
  131 | #define l_signalT       sig_atomic_t
      |                         ^
3 errors generated.
error: CompileC /host/spi-builder-workspace/.build/out/Intermediates.noindex/CLua.build/Debug-webassembly-wasm32/CLua-t.build/Objects-normal/wasm32/lzio.o /host/spi-builder-workspace/Sources/CLua/lzio.c normal wasm32 c com.apple.compilers.llvm.clang.1_0.compiler failed with a nonzero exit code. Command line:     cd /host

    Using response file: /host/spi-builder-workspace/.build/out/Intermediates.noindex/CLua.build/Debug-webassembly-wasm32/CLua-t.build/Objects-normal/wasm32/9f65232cb83f8421e3a495a5062eba382369c975104ee97bafc405ab795bfc5e-common-args.resp

    /usr/bin/clang -x c -target wasm32-unknown-wasip1 -fmessage-length\=0 -fdiagnostics-show-note-include-stack -fmacro-backtrace-limit\=0 -fcolor-diagnostics -Wno-trigraphs -Wno-missing-field-initializers -Wno-missing-prototypes -Wno-return-type -Wno-missing-braces -Wparentheses -Wswitch -Wno-unused-function -Wno-unused-label -Wno-unused-parameter -Wno-unused-variable -Wunused-value -Wno-empty-body -Wno-uninitialized -Wno-unknown-pragmas -Wno-shadow -Wno-four-char-constants -Wno-conversion -Wno-constant-conversion -Wno-int-conversion -Wno-bool-conversion -Wno-enum-conversion -Wno-float-conversion -Wno-non-literal-null-conversion -Wno-objc-literal-conversion -Wno-shorten-64-to-32 -Wpointer-sign -Wno-newline-eof -Wno-implicit-fallthrough -fstrict-aliasing -Wdeprecated-declarations -Wno-sign-conversion -Wno-infinite-recursion -Wno-comma -Wno-block-capture-autoreleasing -Wno-strict-prototypes -Wno-semicolon-before-method-body --sysroot /root/.swiftpm/swift-sdks/swift-6.4.x-DEVELOPMENT-SNAPSHOT-2026-09-04-a_wasm.artifactbundle/swift-6.4.x-DEVELOPMENT-SNAPSHOT-2026-09-04-a_wasm/wasm32-unknown-wasip1/WASI.sdk @/host/spi-builder-workspace/.build/out/Intermediates.noindex/CLua.build/Debug-webassembly-wasm32/CLua-t.build/Objects-normal/wasm32/9f65232cb83f8421e3a495a5062eba382369c975104ee97bafc405ab795bfc5e-common-args.resp -MMD -MT dependencies -MF /host/spi-builder-workspace/.build/out/Intermediates.noindex/CLua.build/Debug-webassembly-wasm32/CLua-t.build/Objects-normal/wasm32/lzio.d --serialize-diagnostics /host/spi-builder-workspace/.build/out/Intermediates.noindex/CLua.build/Debug-webassembly-wasm32/CLua-t.build/Objects-normal/wasm32/lzio.dia -c /host/spi-builder-workspace/Sources/CLua/lzio.c -o /host/spi-builder-workspace/.build/out/Intermediates.noindex/CLua.build/Debug-webassembly-wasm32/CLua-t.build/Objects-normal/wasm32/lzio.o
In file included from /host/spi-builder-workspace/Sources/CLua/lundump.c:18:
In file included from /host/spi-builder-workspace/Sources/CLua/include/ldebug.h:11:
In file included from /host/spi-builder-workspace/Sources/CLua/include/lstate.h:130:
/root/.swiftpm/swift-sdks/swift-6.4.x-DEVELOPMENT-SNAPSHOT-2026-09-04-a_wasm.artifactbundle/swift-6.4.x-DEVELOPMENT-SNAPSHOT-2026-09-04-a_wasm/wasm32-unknown-wasip1/WASI.sdk/include/wasm32-wasip1/signal.h:2:2: error: "wasm lacks signal support; to enable minimal signal emulation, compile with -D_WASI_EMULATED_SIGNAL and link with -lwasi-emulated-signal"
    2 | #error "wasm lacks signal support; to enable minimal signal emulation, \
      |  ^
In file included from /host/spi-builder-workspace/Sources/CLua/lundump.c:18:
In file included from /host/spi-builder-workspace/Sources/CLua/include/ldebug.h:11:
/host/spi-builder-workspace/Sources/CLua/include/lstate.h:184:16: error: unknown type name 'sig_atomic_t'
  184 |       volatile l_signalT trap;  /* function is tracing lines/counts */
      |                ^
/host/spi-builder-workspace/Sources/CLua/include/lstate.h:131:19: note: expanded from macro 'l_signalT'
  131 | #define l_signalT       sig_atomic_t
      |                         ^
/host/spi-builder-workspace/Sources/CLua/include/lstate.h:331:12: error: unknown type name 'sig_atomic_t'
  331 |   volatile l_signalT hookmask;
      |            ^
/host/spi-builder-workspace/Sources/CLua/include/lstate.h:131:19: note: expanded from macro 'l_signalT'
  131 | #define l_signalT       sig_atomic_t
      |                         ^
3 errors generated.
error: CompileC /host/spi-builder-workspace/.build/out/Intermediates.noindex/CLua.build/Debug-webassembly-wasm32/CLua-t.build/Objects-normal/wasm32/lundump.o /host/spi-builder-workspace/Sources/CLua/lundump.c normal wasm32 c com.apple.compilers.llvm.clang.1_0.compiler failed with a nonzero exit code. Command line:     cd /host

    Using response file: /host/spi-builder-workspace/.build/out/Intermediates.noindex/CLua.build/Debug-webassembly-wasm32/CLua-t.build/Objects-normal/wasm32/9f65232cb83f8421e3a495a5062eba382369c975104ee97bafc405ab795bfc5e-common-args.resp

    /usr/bin/clang -x c -target wasm32-unknown-wasip1 -fmessage-length\=0 -fdiagnostics-show-note-include-stack -fmacro-backtrace-limit\=0 -fcolor-diagnostics -Wno-trigraphs -Wno-missing-field-initializers -Wno-missing-prototypes -Wno-return-type -Wno-missing-braces -Wparentheses -Wswitch -Wno-unused-function -Wno-unused-label -Wno-unused-parameter -Wno-unused-variable -Wunused-value -Wno-empty-body -Wno-uninitialized -Wno-unknown-pragmas -Wno-shadow -Wno-four-char-constants -Wno-conversion -Wno-constant-conversion -Wno-int-conversion -Wno-bool-conversion -Wno-enum-conversion -Wno-float-conversion -Wno-non-literal-null-conversion -Wno-objc-literal-conversion -Wno-shorten-64-to-32 -Wpointer-sign -Wno-newline-eof -Wno-implicit-fallthrough -fstrict-aliasing -Wdeprecated-declarations -Wno-sign-conversion -Wno-infinite-recursion -Wno-comma -Wno-block-capture-autoreleasing -Wno-strict-prototypes -Wno-semicolon-before-method-body --sysroot /root/.swiftpm/swift-sdks/swift-6.4.x-DEVELOPMENT-SNAPSHOT-2026-09-04-a_wasm.artifactbundle/swift-6.4.x-DEVELOPMENT-SNAPSHOT-2026-09-04-a_wasm/wasm32-unknown-wasip1/WASI.sdk @/host/spi-builder-workspace/.build/out/Intermediates.noindex/CLua.build/Debug-webassembly-wasm32/CLua-t.build/Objects-normal/wasm32/9f65232cb83f8421e3a495a5062eba382369c975104ee97bafc405ab795bfc5e-common-args.resp -MMD -MT dependencies -MF /host/spi-builder-workspace/.build/out/Intermediates.noindex/CLua.build/Debug-webassembly-wasm32/CLua-t.build/Objects-normal/wasm32/lundump.d --serialize-diagnostics /host/spi-builder-workspace/.build/out/Intermediates.noindex/CLua.build/Debug-webassembly-wasm32/CLua-t.build/Objects-normal/wasm32/lundump.dia -c /host/spi-builder-workspace/Sources/CLua/lundump.c -o /host/spi-builder-workspace/.build/out/Intermediates.noindex/CLua.build/Debug-webassembly-wasm32/CLua-t.build/Objects-normal/wasm32/lundump.o
In file included from /host/spi-builder-workspace/Sources/CLua/ltm.c:17:
In file included from /host/spi-builder-workspace/Sources/CLua/include/ldebug.h:11:
In file included from /host/spi-builder-workspace/Sources/CLua/include/lstate.h:130:
/root/.swiftpm/swift-sdks/swift-6.4.x-DEVELOPMENT-SNAPSHOT-2026-09-04-a_wasm.artifactbundle/swift-6.4.x-DEVELOPMENT-SNAPSHOT-2026-09-04-a_wasm/wasm32-unknown-wasip1/WASI.sdk/include/wasm32-wasip1/signal.h:2:2: error: "wasm lacks signal support; to enable minimal signal emulation, compile with -D_WASI_EMULATED_SIGNAL and link with -lwasi-emulated-signal"
    2 | #error "wasm lacks signal support; to enable minimal signal emulation, \
      |  ^
In file included from /host/spi-builder-workspace/Sources/CLua/ltm.c:17:
In file included from /host/spi-builder-workspace/Sources/CLua/include/ldebug.h:11:
/host/spi-builder-workspace/Sources/CLua/include/lstate.h:184:16: error: unknown type name 'sig_atomic_t'
  184 |       volatile l_signalT trap;  /* function is tracing lines/counts */
      |                ^
/host/spi-builder-workspace/Sources/CLua/include/lstate.h:131:19: note: expanded from macro 'l_signalT'
  131 | #define l_signalT       sig_atomic_t
      |                         ^
/host/spi-builder-workspace/Sources/CLua/include/lstate.h:331:12: error: unknown type name 'sig_atomic_t'
  331 |   volatile l_signalT hookmask;
      |            ^
/host/spi-builder-workspace/Sources/CLua/include/lstate.h:131:19: note: expanded from macro 'l_signalT'
  131 | #define l_signalT       sig_atomic_t
      |                         ^
3 errors generated.
error: CompileC /host/spi-builder-workspace/.build/out/Intermediates.noindex/CLua.build/Debug-webassembly-wasm32/CLua-t.build/Objects-normal/wasm32/ltm.o /host/spi-builder-workspace/Sources/CLua/ltm.c normal wasm32 c com.apple.compilers.llvm.clang.1_0.compiler failed with a nonzero exit code. Command line:     cd /host

    Using response file: /host/spi-builder-workspace/.build/out/Intermediates.noindex/CLua.build/Debug-webassembly-wasm32/CLua-t.build/Objects-normal/wasm32/9f65232cb83f8421e3a495a5062eba382369c975104ee97bafc405ab795bfc5e-common-args.resp

    /usr/bin/clang -x c -target wasm32-unknown-wasip1 -fmessage-length\=0 -fdiagnostics-show-note-include-stack -fmacro-backtrace-limit\=0 -fcolor-diagnostics -Wno-trigraphs -Wno-missing-field-initializers -Wno-missing-prototypes -Wno-return-type -Wno-missing-braces -Wparentheses -Wswitch -Wno-unused-function -Wno-unused-label -Wno-unused-parameter -Wno-unused-variable -Wunused-value -Wno-empty-body -Wno-uninitialized -Wno-unknown-pragmas -Wno-shadow -Wno-four-char-constants -Wno-conversion -Wno-constant-conversion -Wno-int-conversion -Wno-bool-conversion -Wno-enum-conversion -Wno-float-conversion -Wno-non-literal-null-conversion -Wno-objc-literal-conversion -Wno-shorten-64-to-32 -Wpointer-sign -Wno-newline-eof -Wno-implicit-fallthrough -fstrict-aliasing -Wdeprecated-declarations -Wno-sign-conversion -Wno-infinite-recursion -Wno-comma -Wno-block-capture-autoreleasing -Wno-strict-prototypes -Wno-semicolon-before-method-body --sysroot /root/.swiftpm/swift-sdks/swift-6.4.x-DEVELOPMENT-SNAPSHOT-2026-09-04-a_wasm.artifactbundle/swift-6.4.x-DEVELOPMENT-SNAPSHOT-2026-09-04-a_wasm/wasm32-unknown-wasip1/WASI.sdk @/host/spi-builder-workspace/.build/out/Intermediates.noindex/CLua.build/Debug-webassembly-wasm32/CLua-t.build/Objects-normal/wasm32/9f65232cb83f8421e3a495a5062eba382369c975104ee97bafc405ab795bfc5e-common-args.resp -MMD -MT dependencies -MF /host/spi-builder-workspace/.build/out/Intermediates.noindex/CLua.build/Debug-webassembly-wasm32/CLua-t.build/Objects-normal/wasm32/ltm.d --serialize-diagnostics /host/spi-builder-workspace/.build/out/Intermediates.noindex/CLua.build/Debug-webassembly-wasm32/CLua-t.build/Objects-normal/wasm32/ltm.dia -c /host/spi-builder-workspace/Sources/CLua/ltm.c -o /host/spi-builder-workspace/.build/out/Intermediates.noindex/CLua.build/Debug-webassembly-wasm32/CLua-t.build/Objects-normal/wasm32/ltm.o
In file included from /host/spi-builder-workspace/Sources/CLua/ltests.c:14:
/root/.swiftpm/swift-sdks/swift-6.4.x-DEVELOPMENT-SNAPSHOT-2026-09-04-a_wasm.artifactbundle/swift-6.4.x-DEVELOPMENT-SNAPSHOT-2026-09-04-a_wasm/wasm32-unknown-wasip1/WASI.sdk/include/wasm32-wasip1/setjmp.h:13:2: error: Setjmp/longjmp support requires Exception handling support, which is [not yet standardized](https://github.com/WebAssembly/proposals?tab=readme-ov-file#phase-3---implementation-phase-cg--wg). To enable it, compile with `-mllvm -wasm-enable-sjlj` and use an engine that implements the Exception handling proposal.
   13 | #error Setjmp/longjmp support requires Exception handling support, which is [not yet standardized](https://github.com/WebAssembly/proposals?tab=readme-ov-file#phase-3---implementation-phase-cg--wg). To enable it, compile with `-mllvm -wasm-enable-sjlj` and use an engine that implements the Exception handling proposal.
      |  ^
In file included from /host/spi-builder-workspace/Sources/CLua/ltests.c:21:
In file included from /host/spi-builder-workspace/Sources/CLua/include/lapi.h:12:
In file included from /host/spi-builder-workspace/Sources/CLua/include/lstate.h:130:
/root/.swiftpm/swift-sdks/swift-6.4.x-DEVELOPMENT-SNAPSHOT-2026-09-04-a_wasm.artifactbundle/swift-6.4.x-DEVELOPMENT-SNAPSHOT-2026-09-04-a_wasm/wasm32-unknown-wasip1/WASI.sdk/include/wasm32-wasip1/signal.h:2:2: error: "wasm lacks signal support; to enable minimal signal emulation, compile with -D_WASI_EMULATED_SIGNAL and link with -lwasi-emulated-signal"
    2 | #error "wasm lacks signal support; to enable minimal signal emulation, \
      |  ^
In file included from /host/spi-builder-workspace/Sources/CLua/ltests.c:21:
In file included from /host/spi-builder-workspace/Sources/CLua/include/lapi.h:12:
/host/spi-builder-workspace/Sources/CLua/include/lstate.h:184:16: error: unknown type name 'sig_atomic_t'
  184 |       volatile l_signalT trap;  /* function is tracing lines/counts */
      |                ^
/host/spi-builder-workspace/Sources/CLua/include/lstate.h:131:19: note: expanded from macro 'l_signalT'
  131 | #define l_signalT       sig_atomic_t
      |                         ^
/host/spi-builder-workspace/Sources/CLua/include/lstate.h:331:12: error: unknown type name 'sig_atomic_t'
  331 |   volatile l_signalT hookmask;
      |            ^
/host/spi-builder-workspace/Sources/CLua/include/lstate.h:131:19: note: expanded from macro 'l_signalT'
  131 | #define l_signalT       sig_atomic_t
      |                         ^
4 errors generated.
error: CompileC /host/spi-builder-workspace/.build/out/Intermediates.noindex/CLua.build/Debug-webassembly-wasm32/CLua-t.build/Objects-normal/wasm32/ltests.o /host/spi-builder-workspace/Sources/CLua/ltests.c normal wasm32 c com.apple.compilers.llvm.clang.1_0.compiler failed with a nonzero exit code. Command line:     cd /host

    Using response file: /host/spi-builder-workspace/.build/out/Intermediates.noindex/CLua.build/Debug-webassembly-wasm32/CLua-t.build/Objects-normal/wasm32/9f65232cb83f8421e3a495a5062eba382369c975104ee97bafc405ab795bfc5e-common-args.resp

    /usr/bin/clang -x c -target wasm32-unknown-wasip1 -fmessage-length\=0 -fdiagnostics-show-note-include-stack -fmacro-backtrace-limit\=0 -fcolor-diagnostics -Wno-trigraphs -Wno-missing-field-initializers -Wno-missing-prototypes -Wno-return-type -Wno-missing-braces -Wparentheses -Wswitch -Wno-unused-function -Wno-unused-label -Wno-unused-parameter -Wno-unused-variable -Wunused-value -Wno-empty-body -Wno-uninitialized -Wno-unknown-pragmas -Wno-shadow -Wno-four-char-constants -Wno-conversion -Wno-constant-conversion -Wno-int-conversion -Wno-bool-conversion -Wno-enum-conversion -Wno-float-conversion -Wno-non-literal-null-conversion -Wno-objc-literal-conversion -Wno-shorten-64-to-32 -Wpointer-sign -Wno-newline-eof -Wno-implicit-fallthrough -fstrict-aliasing -Wdeprecated-declarations -Wno-sign-conversion -Wno-infinite-recursion -Wno-comma -Wno-block-capture-autoreleasing -Wno-strict-prototypes -Wno-semicolon-before-method-body --sysroot /root/.swiftpm/swift-sdks/swift-6.4.x-DEVELOPMENT-SNAPSHOT-2026-09-04-a_wasm.artifactbundle/swift-6.4.x-DEVELOPMENT-SNAPSHOT-2026-09-04-a_wasm/wasm32-unknown-wasip1/WASI.sdk @/host/spi-builder-workspace/.build/out/Intermediates.noindex/CLua.build/Debug-webassembly-wasm32/CLua-t.build/Objects-normal/wasm32/9f65232cb83f8421e3a495a5062eba382369c975104ee97bafc405ab795bfc5e-common-args.resp -MMD -MT dependencies -MF /host/spi-builder-workspace/.build/out/Intermediates.noindex/CLua.build/Debug-webassembly-wasm32/CLua-t.build/Objects-normal/wasm32/ltests.d --serialize-diagnostics /host/spi-builder-workspace/.build/out/Intermediates.noindex/CLua.build/Debug-webassembly-wasm32/CLua-t.build/Objects-normal/wasm32/ltests.dia -c /host/spi-builder-workspace/Sources/CLua/ltests.c -o /host/spi-builder-workspace/.build/out/Intermediates.noindex/CLua.build/Debug-webassembly-wasm32/CLua-t.build/Objects-normal/wasm32/ltests.o
In file included from /host/spi-builder-workspace/Sources/CLua/ltable.c:31:
In file included from /host/spi-builder-workspace/Sources/CLua/include/ldebug.h:11:
In file included from /host/spi-builder-workspace/Sources/CLua/include/lstate.h:130:
/root/.swiftpm/swift-sdks/swift-6.4.x-DEVELOPMENT-SNAPSHOT-2026-09-04-a_wasm.artifactbundle/swift-6.4.x-DEVELOPMENT-SNAPSHOT-2026-09-04-a_wasm/wasm32-unknown-wasip1/WASI.sdk/include/wasm32-wasip1/signal.h:2:2: error: "wasm lacks signal support; to enable minimal signal emulation, compile with -D_WASI_EMULATED_SIGNAL and link with -lwasi-emulated-signal"
    2 | #error "wasm lacks signal support; to enable minimal signal emulation, \
      |  ^
In file included from /host/spi-builder-workspace/Sources/CLua/ltable.c:31:
In file included from /host/spi-builder-workspace/Sources/CLua/include/ldebug.h:11:
/host/spi-builder-workspace/Sources/CLua/include/lstate.h:184:16: error: unknown type name 'sig_atomic_t'
  184 |       volatile l_signalT trap;  /* function is tracing lines/counts */
      |                ^
/host/spi-builder-workspace/Sources/CLua/include/lstate.h:131:19: note: expanded from macro 'l_signalT'
  131 | #define l_signalT       sig_atomic_t
      |                         ^
/host/spi-builder-workspace/Sources/CLua/include/lstate.h:331:12: error: unknown type name 'sig_atomic_t'
  331 |   volatile l_signalT hookmask;
      |            ^
/host/spi-builder-workspace/Sources/CLua/include/lstate.h:131:19: note: expanded from macro 'l_signalT'
  131 | #define l_signalT       sig_atomic_t
      |                         ^
3 errors generated.
error: CompileC /host/spi-builder-workspace/.build/out/Intermediates.noindex/CLua.build/Debug-webassembly-wasm32/CLua-t.build/Objects-normal/wasm32/ltable.o /host/spi-builder-workspace/Sources/CLua/ltable.c normal wasm32 c com.apple.compilers.llvm.clang.1_0.compiler failed with a nonzero exit code. Command line:     cd /host

    Using response file: /host/spi-builder-workspace/.build/out/Intermediates.noindex/CLua.build/Debug-webassembly-wasm32/CLua-t.build/Objects-normal/wasm32/9f65232cb83f8421e3a495a5062eba382369c975104ee97bafc405ab795bfc5e-common-args.resp

    /usr/bin/clang -x c -target wasm32-unknown-wasip1 -fmessage-length\=0 -fdiagnostics-show-note-include-stack -fmacro-backtrace-limit\=0 -fcolor-diagnostics -Wno-trigraphs -Wno-missing-field-initializers -Wno-missing-prototypes -Wno-return-type -Wno-missing-braces -Wparentheses -Wswitch -Wno-unused-function -Wno-unused-label -Wno-unused-parameter -Wno-unused-variable -Wunused-value -Wno-empty-body -Wno-uninitialized -Wno-unknown-pragmas -Wno-shadow -Wno-four-char-constants -Wno-conversion -Wno-constant-conversion -Wno-int-conversion -Wno-bool-conversion -Wno-enum-conversion -Wno-float-conversion -Wno-non-literal-null-conversion -Wno-objc-literal-conversion -Wno-shorten-64-to-32 -Wpointer-sign -Wno-newline-eof -Wno-implicit-fallthrough -fstrict-aliasing -Wdeprecated-declarations -Wno-sign-conversion -Wno-infinite-recursion -Wno-comma -Wno-block-capture-autoreleasing -Wno-strict-prototypes -Wno-semicolon-before-method-body --sysroot /root/.swiftpm/swift-sdks/swift-6.4.x-DEVELOPMENT-SNAPSHOT-2026-09-04-a_wasm.artifactbundle/swift-6.4.x-DEVELOPMENT-SNAPSHOT-2026-09-04-a_wasm/wasm32-unknown-wasip1/WASI.sdk @/host/spi-builder-workspace/.build/out/Intermediates.noindex/CLua.build/Debug-webassembly-wasm32/CLua-t.build/Objects-normal/wasm32/9f65232cb83f8421e3a495a5062eba382369c975104ee97bafc405ab795bfc5e-common-args.resp -MMD -MT dependencies -MF /host/spi-builder-workspace/.build/out/Intermediates.noindex/CLua.build/Debug-webassembly-wasm32/CLua-t.build/Objects-normal/wasm32/ltable.d --serialize-diagnostics /host/spi-builder-workspace/.build/out/Intermediates.noindex/CLua.build/Debug-webassembly-wasm32/CLua-t.build/Objects-normal/wasm32/ltable.dia -c /host/spi-builder-workspace/Sources/CLua/ltable.c -o /host/spi-builder-workspace/.build/out/Intermediates.noindex/CLua.build/Debug-webassembly-wasm32/CLua-t.build/Objects-normal/wasm32/ltable.o
/host/spi-builder-workspace/Sources/CLua/ltablib.c:247:15: warning: 'clock' is deprecated: WASI lacks process-associated clocks; to enable emulation of the `clock` function using the wall clock, which isn't sensitive to whether the program is running or suspended, compile with -D_WASI_EMULATED_PROCESS_CLOCKS and link with -lwasi-emulated-process-clocks [-Wdeprecated-declarations]
  247 |   clock_t c = clock();
      |               ^
In file included from /host/spi-builder-workspace/Sources/CLua/ltablib.c:235:
/root/.swiftpm/swift-sdks/swift-6.4.x-DEVELOPMENT-SNAPSHOT-2026-09-04-a_wasm.artifactbundle/swift-6.4.x-DEVELOPMENT-SNAPSHOT-2026-09-04-a_wasm/wasm32-unknown-wasip1/WASI.sdk/include/wasm32-wasip1/time.h:66:16: note: 'clock' has been explicitly marked deprecated here
   66 | __attribute__((__deprecated__(
      |                ^
1 warning generated.
error: Build failed
BUILD FAILURE 6.4 wasm