Build Information
Failed to build swift-certificates, reference 1.21.0 (ff86b9), with Swift 6.3 for Wasm on 28 Sep 2026 18:44:34 UTC.
Build Command
bash -c docker run --pull=always --rm -v "checkouts-53886770-2":/host -w "$PWD" -e JAVA_HOME="/root/.sdkman/candidates/java/current" -e SPI_BUILD="1" -e SPI_PROCESSING="1" registry.gitlab.com/saguaro1/spi-images:wasm-6.3-latest swift build --swift-sdk swift-6.3.2-RELEASE_wasm 2>&1Build Log
========================================
RunAll
========================================
Builder version: 5.1.0
Interrupt handler set up.
========================================
Checkout
========================================
Clone URL: https://github.com/apple/swift-certificates.git
Reference: 1.21.0
Initialized empty Git repository in /host/spi-builder-workspace/.git/
hint: Using 'master' as the name for the initial branch. This default branch name
hint: is subject to change. To configure the initial branch name to use in all
hint: of your new repositories, which will suppress this warning, call:
hint:
hint: git config --global init.defaultBranch <name>
hint:
hint: Names commonly chosen instead of 'master' are 'main', 'trunk' and
hint: 'development'. The just-created branch can be renamed via this command:
hint:
hint: git branch -m <name>
From https://github.com/apple/swift-certificates
* tag 1.21.0 -> FETCH_HEAD
HEAD is now at ff86b92 Treat a /0 ipAddress name constraint as covering the whole address space (#317)
Cloned https://github.com/apple/swift-certificates.git
Revision (git rev-parse @):
ff86b924ead66f853b8baf91f3c41926a8f36177
SPI manifest file found: $PWD/.spi.yml
SUCCESS checkout https://github.com/apple/swift-certificates.git at 1.21.0
========================================
Build
========================================
Selected platform: wasm
Swift version: 6.3
Building package at path: $PWD
https://github.com/apple/swift-certificates.git
Running build ...
bash -c docker run --pull=always --rm -v "checkouts-53886770-2":/host -w "$PWD" -e JAVA_HOME="/root/.sdkman/candidates/java/current" -e SPI_BUILD="1" -e SPI_PROCESSING="1" registry.gitlab.com/saguaro1/spi-images:wasm-6.3-latest swift build --swift-sdk swift-6.3.2-RELEASE_wasm 2>&1
wasm-6.3-latest: Pulling from saguaro1/spi-images
Digest: sha256:253aad7f5b11d25cf9eaef34120b94cd8a325782929c57fb304a7711494a3f9a
Status: Image is up to date for registry.gitlab.com/saguaro1/spi-images:wasm-6.3-latest
Fetching https://github.com/apple/swift-crypto.git
Fetching https://github.com/apple/swift-asn1.git
[1/1986] Fetching swift-asn1
[1987/20559] Fetching swift-asn1, swift-crypto
Fetched https://github.com/apple/swift-asn1.git from cache (1.37s)
Fetched https://github.com/apple/swift-crypto.git from cache (1.38s)
Computing version for https://github.com/apple/swift-asn1.git
Computed https://github.com/apple/swift-asn1.git at 1.7.3 (1.58s)
Computing version for https://github.com/apple/swift-crypto.git
Computed https://github.com/apple/swift-crypto.git at 5.0.0 (0.25s)
Creating working copy for https://github.com/apple/swift-crypto.git
Working copy of https://github.com/apple/swift-crypto.git resolved at 5.0.0
Creating working copy for https://github.com/apple/swift-asn1.git
Working copy of https://github.com/apple/swift-asn1.git resolved at 1.7.3
Building for debugging...
[0/379] Write sources
[7/379] Compiling CXKCPShims shims.c
[8/379] Compiling SimpleFIPS202.c
[9/379] Compiling KeccakSponge.c
[10/379] Compiling KeccakHash.c
[11/379] Compiling fiat_p256_adx_sqr.S
[12/379] Compiling fiat_p256_adx_mul.S
[13/379] Compiling fiat_curve25519_adx_square.S
[14/379] Compiling fiat_curve25519_adx_mul.S
[15/379] Compiling md5-x86_64-linux.S
[16/379] Compiling md5-x86_64-apple.S
[17/379] Compiling md5-586-apple.S
[17/379] Compiling md5-586-linux.S
[19/379] Compiling chacha20_poly1305_x86_64-linux.S
[20/379] Compiling chacha20_poly1305_x86_64-apple.S
[21/379] Compiling chacha20_poly1305_armv8-apple.S
[22/379] Compiling chacha20_poly1305_armv8-linux.S
[23/379] Compiling chacha20_poly1305_armv8-win.S
[24/379] Compiling chacha-x86_64-linux.S
[25/379] Compiling chacha-x86-apple.S
[26/379] Compiling chacha-x86-linux.S
[27/379] Compiling chacha-x86_64-apple.S
[28/379] Compiling chacha-armv8-win.S
[29/379] Compiling chacha-armv8-linux.S
[30/379] Compiling chacha-armv4-linux.S
[31/379] Compiling aes128gcmsiv-x86_64-linux.S
[32/379] Compiling chacha-armv8-apple.S
[33/379] Compiling aes128gcmsiv-x86_64-apple.S
[34/379] Compiling x86_64-mont5-linux.S
[35/379] Compiling x86_64-mont-linux.S
[36/379] Compiling x86_64-mont5-apple.S
[37/379] Compiling x86_64-mont-apple.S
[38/379] Compiling x86-mont-apple.S
[39/379] Compiling x86-mont-linux.S
[40/379] Compiling vpaes-x86_64-linux.S
[41/379] Compiling vpaes-x86-linux.S
[42/379] Compiling vpaes-x86_64-apple.S
[43/379] Compiling vpaes-x86-apple.S
[44/379] Compiling vpaes-armv8-win.S
[45/379] Compiling vpaes-armv8-apple.S
[46/379] Compiling vpaes-armv8-linux.S
[46/379] Compiling vpaes-armv7-linux.S
[48/379] Compiling sha512-x86_64-linux.S
[49/379] Compiling sha512-x86_64-apple.S
[50/379] Compiling sha512-armv8-linux.S
[50/379] Compiling sha512-armv8-win.S
[52/379] Compiling sha512-586-linux.S
[53/379] Compiling sha512-armv4-linux.S
[54/379] Compiling sha512-armv8-apple.S
[55/379] Compiling asn1_par.cc
[56/379] Compiling sha512-586-apple.S
[56/379] Write swift-version-24593BA9C3E375BF.txt
[58/379] Compiling sha256-x86_64-linux.S
[59/379] Compiling err_data.cc
[60/379] Compiling sha256-x86_64-apple.S
[61/379] Compiling sha256-armv8-win.S
[62/379] Compiling sha256-armv8-apple.S
[63/379] Compiling sha256-armv8-linux.S
[64/379] Compiling sha256-armv4-linux.S
[65/379] Compiling sha256-586-linux.S
[66/379] Compiling sha1-x86_64-linux.S
[67/380] Compiling sha256-586-apple.S
[68/381] Compiling sha1-x86_64-apple.S
[69/381] Compiling sha1-armv8-win.S
[70/381] Compiling sha1-armv8-linux.S
[71/381] Compiling sha1-armv8-apple.S
[72/391] Compiling sha1-armv4-large-linux.S
[73/398] Compiling sha1-586-apple.S
[74/398] Compiling rsaz-avx2-linux.S
[75/398] Compiling rsaz-avx2-apple.S
[76/398] Compiling sha1-586-linux.S
[77/398] Compiling rdrand-x86_64-linux.S
[78/398] Compiling rdrand-x86_64-apple.S
[79/398] Compiling p256_beeu-x86_64-asm-linux.S
[80/398] Compiling p256_beeu-armv8-asm-win.S
[81/398] Compiling p256_beeu-x86_64-asm-apple.S
[82/398] Compiling p256_beeu-armv8-asm-linux.S
[83/398] Compiling p256-x86_64-asm-linux.S
[84/398] Compiling p256-armv8-asm-win.S
[85/398] Compiling p256_beeu-armv8-asm-apple.S
[86/398] Compiling p256-x86_64-asm-apple.S
[87/398] Compiling p256-armv8-asm-linux.S
[88/398] Compiling p256-armv8-asm-apple.S
[89/398] Compiling ghashv8-armv8-win.S
[90/398] Compiling ghashv8-armv8-apple.S
[91/398] Compiling ghash-x86_64-linux.S
[92/398] Compiling ghashv8-armv8-linux.S
[93/398] Compiling ghashv8-armv7-linux.S
[94/398] Compiling ghash-x86_64-apple.S
[95/398] Compiling ghash-x86-apple.S
[96/398] Compiling ghash-x86-linux.S
[97/398] Compiling ghash-ssse3-x86_64-linux.S
[98/398] Compiling ghash-ssse3-x86_64-apple.S
[99/398] Compiling ghash-neon-armv8-win.S
[100/398] Compiling ghash-neon-armv8-linux.S
[101/398] Compiling ghash-ssse3-x86-apple.S
[102/398] Compiling ghash-ssse3-x86-linux.S
[102/398] Compiling ghash-neon-armv8-apple.S
[104/398] Compiling co-586-linux.S
[105/398] Compiling ghash-armv4-linux.S
[105/398] Compiling co-586-apple.S
[107/398] Compiling bsaes-armv7-linux.S
[108/398] Compiling bn-armv8-win.S
[109/398] Compiling bn-armv8-linux.S
[109/398] Compiling bn-armv8-apple.S
[111/398] Compiling bn-586-linux.S
[112/398] Compiling armv8-mont-win.S
[113/398] Compiling bn-586-apple.S
[114/398] Compiling armv4-mont-linux.S
[115/398] Compiling armv8-mont-linux.S
[116/398] Compiling armv8-mont-apple.S
[117/398] Compiling aesv8-gcm-armv8-apple.S
[118/398] Compiling aesv8-gcm-armv8-win.S
[119/398] Compiling aesv8-gcm-armv8-linux.S
[120/398] Compiling aesv8-armv8-win.S
[121/398] Compiling aesv8-armv8-linux.S
[122/398] Compiling aesv8-armv7-linux.S
[123/398] Compiling aesni-x86_64-apple.S
[124/398] Compiling aesv8-armv8-apple.S
[125/398] Compiling aesni-x86_64-linux.S
[126/398] Compiling aesni-x86-linux.S
[127/398] Compiling aesni-x86-apple.S
[128/398] Compiling aesni-gcm-x86_64-apple.S
[129/398] Compiling aesni-gcm-x86_64-linux.S
[130/398] Compiling aes-gcm-avx512-x86_64-linux.S
[131/398] Compiling aes-gcm-avx512-x86_64-apple.S
[132/398] Compiling aes-gcm-avx2-x86_64-linux.S
[133/398] Compiling aes-gcm-avx2-x86_64-apple.S
[134/398] Compiling xwing.cc
[135/398] Compiling x_x509a.cc
[136/398] Compiling x_sig.cc
[137/398] Compiling x_spki.cc
[138/398] Compiling x_x509.cc
[139/398] Compiling x_req.cc
[140/398] Compiling x_name.cc
[141/398] Compiling x_pubkey.cc
[142/398] Compiling x_exten.cc
[143/398] Compiling x_crl.cc
[144/398] Compiling x_attrib.cc
[145/398] Compiling x_all.cc
[146/398] Compiling x_algor.cc
[147/398] Compiling x509spki.cc
[148/398] Compiling x509rset.cc
[149/398] Compiling x509name.cc
[150/398] Compiling x509cset.cc
[151/398] Compiling x509_vpm.cc
[153/398] Compiling SwiftASN1 ASN1Integer.swift
[154/398] Compiling SwiftASN1 ASN1Null.swift
[155/400] Compiling SwiftASN1 TimeUtilities.swift
[156/400] Compiling SwiftASN1 UTCTime.swift
[157/400] Compiling _CertificateInternals _TinyArray.swift
[158/400] Emitting module _CertificateInternals
[159/401] Compiling SwiftASN1 ASN1OctetString.swift
[160/401] Compiling SwiftASN1 ASN1Strings.swift
[161/401] Compiling SwiftASN1 ArraySliceBigint.swift
[162/401] Compiling SwiftASN1 GeneralizedTime.swift
[163/401] Emitting module SwiftASN1
[164/401] Compiling x509_vfy.cc
[165/401] Compiling x509_v3.cc
[166/401] Compiling x509_txt.cc
[167/401] Compiling x509_trs.cc
[168/401] Compiling x509_set.cc
[170/401] Compiling SwiftASN1 ObjectIdentifier.swift
[171/401] Compiling SwiftASN1 PEMDocument.swift
[172/401] Compiling SwiftASN1 ASN1BitString.swift
[173/401] Compiling SwiftASN1 ASN1Boolean.swift
[174/401] Compiling SwiftASN1 ASN1Identifier.swift
[175/401] Compiling SwiftASN1 ASN1.swift
[176/401] Compiling SwiftASN1 BER.swift
[177/401] Compiling SwiftASN1 ASN1Any.swift
[178/401] Compiling SwiftASN1 DER.swift
[179/401] Compiling SwiftASN1 Errors.swift
[180/402] Compiling x509_obj.cc
[181/402] Compiling x509_req.cc
[182/402] Compiling x509_lu.cc
[183/402] Compiling x509_ext.cc
[184/402] Compiling x509_def.cc
[185/402] Compiling x509_d2.cc
[186/402] Compiling KeccakP-1600-opt64.c
[187/402] Compiling x509_att.cc
[188/402] Compiling x509.cc
[189/402] Compiling x509_cmp.cc
[190/402] Compiling v3_utl.cc
[191/402] Compiling v3_skey.cc
[192/402] Compiling v3_purp.cc
[193/402] Compiling v3_pmaps.cc
[194/402] Compiling v3_prn.cc
[195/402] Compiling v3_ocsp.cc
[196/402] Compiling v3_pcons.cc
[197/402] Compiling v3_ncons.cc
[198/402] Compiling v3_lib.cc
[199/402] Compiling v3_int.cc
[200/402] Compiling v3_info.cc
[201/402] Compiling v3_ia5.cc
[202/402] Compiling v3_genn.cc
[203/402] Compiling v3_extku.cc
[204/402] Compiling v3_enum.cc
[205/402] Compiling v3_crld.cc
[206/402] Compiling v3_cpols.cc
[207/402] Compiling v3_bitst.cc
[208/402] Compiling v3_conf.cc
[209/402] Compiling v3_bcons.cc
[210/402] Compiling v3_alt.cc
[211/402] Compiling v3_akeya.cc
[212/402] Compiling t_x509a.cc
[213/402] Compiling t_x509.cc
[214/402] Compiling v3_akey.cc
[215/402] Compiling t_req.cc
[216/402] Compiling t_crl.cc
[217/402] Compiling i2d_pr.cc
[218/402] Compiling rsa_pss.cc
[219/402] Compiling policy.cc
[220/402] Compiling name_print.cc
[221/402] Compiling by_file.cc
[222/402] Compiling by_dir.cc
[223/402] Compiling asn1_gen.cc
[224/402] Compiling algorithm.cc
[225/402] Compiling a_verify.cc
[226/402] Compiling a_digest.cc
[227/402] Compiling voprf.cc
[228/402] Compiling trust_token.cc
[229/402] Compiling a_sign.cc
[230/402] Compiling thread_win.cc
[231/402] Compiling thread_pthread.cc
[232/402] Compiling pmbtoken.cc
[233/402] Compiling thread_none.cc
[234/402] Compiling thread.cc
[235/402] Compiling stack.cc
[236/402] Compiling slhdsa.cc
[237/402] Compiling siphash.cc
[238/402] Compiling sha512.cc
[239/402] Compiling sha256.cc
[240/402] Compiling spake2plus.cc
[241/402] Compiling sha1.cc
[242/402] Compiling urandom.cc
[243/402] Compiling refcount.cc
[244/402] Compiling rsa_extra.cc
[245/402] Compiling rsa_print.cc
[246/402] Compiling rc4.cc
[247/402] Compiling windows.cc
[248/402] Compiling rsa_crypt.cc
[249/402] Compiling trusty.cc
[250/402] Compiling passive.cc
[251/402] Compiling rand.cc
[252/402] Compiling ios.cc
[253/402] Compiling poly1305_arm_asm.S
[254/402] Compiling rsa_asn1.cc
[255/402] Compiling getentropy.cc
[256/402] Compiling forkunsafe.cc
[257/402] Compiling fork_detect.cc
[258/402] Compiling deterministic.cc
[259/402] Compiling poly1305_vec.cc
[260/402] Compiling poly1305_arm.cc
[261/402] Compiling poly1305.cc
[262/402] Compiling pool.cc
[263/402] Compiling p5_pbev2.cc
[264/402] Compiling pkcs7.cc
[265/402] Compiling pkcs8_x509.cc
[266/402] Compiling pkcs8.cc
[267/402] Compiling pkcs7_x509.cc
[268/402] Compiling pem_xaux.cc
[269/402] Compiling pem_x509.cc
[270/402] Compiling pem_pkey.cc
[271/402] Compiling mlkem.cc
[272/402] Compiling pem_pk8.cc
[273/402] Compiling pem_info.cc
[274/402] Compiling pem_oth.cc
[275/402] Compiling obj_xref.cc
[276/402] Compiling pem_lib.cc
[277/402] Compiling pem_all.cc
[278/402] Compiling obj.cc
[279/402] Compiling poly_rq_mul.S
[280/402] Compiling mldsa.cc
[281/402] Compiling mem.cc
[282/402] Compiling fips_shared_support.cc
[283/402] Compiling lhash.cc
[284/402] Compiling hrss.cc
[285/402] Compiling md4.cc
[286/402] Compiling md5.cc
[287/402] Compiling kyber.cc
[288/402] Compiling fuzzer_mode.cc
[289/402] Compiling hpke.cc
[290/402] Compiling ex_data.cc
[291/402] Compiling scrypt.cc
[292/402] Compiling print.cc
[293/402] Compiling pbkdf.cc
[294/402] Compiling sign.cc
[295/402] Compiling p_x25519_asn1.cc
[296/402] Compiling p_x25519.cc
[297/402] Compiling p_rsa_asn1.cc
[298/402] Compiling p_ed25519_asn1.cc
[299/402] Compiling p_hkdf.cc
[300/402] Compiling p_rsa.cc
[301/402] Compiling p_ed25519.cc
[302/402] Compiling p_ec_asn1.cc
[303/402] Compiling p_ec.cc
[304/402] Compiling p_dsa_asn1.cc
[305/402] Compiling p_dh_asn1.cc
[306/402] Compiling p_dh.cc
[307/402] Compiling evp_ctx.cc
[308/402] Compiling evp_asn1.cc
[309/402] Compiling err.cc
[310/402] Compiling engine.cc
[311/402] Compiling evp.cc
[312/402] Compiling ecdsa_p1363.cc
[313/402] Compiling ecdh.cc
[314/402] Compiling ecdsa_asn1.cc
[315/402] Compiling ec_derive.cc
[316/402] Compiling hash_to_curve.cc
[317/402] Compiling bcm.cc
[318/402] Compiling dsa.cc
[319/402] Compiling dsa_asn1.cc
[320/402] Compiling ec_asn1.cc
[321/402] Compiling x25519-asm-arm.S
[322/402] Compiling digest_extra.cc
[323/402] Compiling des.cc
[324/402] Compiling params.cc
[325/402] Compiling curve25519_64_adx.cc
[326/402] Compiling spake25519.cc
[327/402] Compiling crypto.cc
[328/402] Compiling dh_asn1.cc
[329/402] Compiling cpu_intel.cc
[330/402] Compiling cpu_arm_linux.cc
[330/402] Compiling curve25519.cc
[332/402] Compiling cpu_aarch64_win.cc
[333/402] Compiling cpu_arm_freebsd.cc
[334/402] Compiling cpu_aarch64_sysreg.cc
[335/402] Compiling cpu_aarch64_openbsd.cc
[336/402] Compiling cpu_aarch64_linux.cc
[337/402] Compiling cpu_aarch64_fuchsia.cc
[338/402] Compiling cpu_aarch64_apple.cc
[339/402] Compiling conf.cc
[340/402] Compiling get_cipher.cc
[341/402] Compiling tls_cbc.cc
[342/402] Compiling e_rc4.cc
[343/402] Compiling e_tls.cc
[344/402] Compiling cms.cc
[345/402] Compiling e_null.cc
[346/402] Compiling e_rc2.cc
[347/402] Compiling e_des.cc
[348/402] Compiling e_aesgcmsiv.cc
[349/402] Compiling e_aeseax.cc
[350/402] Compiling e_chacha20poly1305.cc
[351/402] Compiling e_aesctrhmac.cc
[352/402] Compiling derive_key.cc
[353/402] Compiling chacha.cc
[354/402] Compiling unicode.cc
[355/402] Compiling buf.cc
[356/402] Compiling ber.cc
[357/402] Compiling sqrt.cc
[358/402] Compiling cbb.cc
[359/402] Compiling cbs.cc
[360/402] Compiling asn1_compat.cc
[361/402] Compiling exponentiation.cc
[362/402] Compiling div.cc
[363/402] Compiling printf.cc
[364/402] Compiling blake2.cc
[365/402] Compiling pair.cc
[366/402] Compiling hexdump.cc
[367/402] Compiling convert.cc
[368/402] Compiling file.cc
[369/402] Compiling bn_asn1.cc
[370/402] Compiling fd.cc
[371/402] Compiling bio_mem.cc
[372/402] Compiling errno.cc
[373/402] Compiling base64.cc
[374/402] Compiling tasn_typ.cc
[375/402] Compiling bio.cc
[376/402] Compiling tasn_utl.cc
[377/402] Compiling tasn_fre.cc
[378/402] Compiling tasn_new.cc
[379/402] Compiling tasn_enc.cc
[380/402] Compiling f_string.cc
[381/402] Compiling posix_time.cc
[381/402] Compiling f_int.cc
[383/402] Compiling asn_pack.cc
[384/402] Compiling tasn_dec.cc
[385/402] Compiling asn1_lib.cc
[386/402] Compiling a_utctm.cc
[387/402] Compiling a_octet.cc
[388/402] Compiling a_type.cc
[389/402] Compiling a_time.cc
[390/402] Compiling a_strex.cc
[391/402] Compiling a_strnid.cc
[392/402] Compiling a_object.cc
[393/402] Compiling a_mbstr.cc
[394/402] Compiling a_i2d_fp.cc
[395/402] Compiling a_dup.cc
[396/402] Compiling a_int.cc
[397/402] Compiling a_d2i_fp.cc
[398/402] Compiling a_gentm.cc
[399/402] Compiling a_bool.cc
[400/402] Compiling a_bitstr.cc
[401/402] Compiling aes.cc
[403/410] Emitting module CryptoBoringWrapper
[404/411] Compiling CryptoBoringWrapper Data+Span.swift
[405/411] Compiling CryptoBoringWrapper RandomBytes.swift
[406/411] Compiling CryptoBoringWrapper FiniteFieldArithmeticContext.swift
[407/411] Compiling CryptoBoringWrapper CryptoKitErrors_boring.swift
[408/411] Compiling CryptoBoringWrapper BoringSSLAEAD.swift
[409/411] Compiling CryptoBoringWrapper ArbitraryPrecisionInteger.swift
[410/411] Compiling CryptoBoringWrapper EllipticCurvePoint.swift
[411/411] Compiling CryptoBoringWrapper EllipticCurve.swift
[413/498] Compiling Crypto AESWrap.swift
[414/498] Compiling Crypto AESWrap_boring.swift
[415/498] Compiling Crypto Ed25519_boring.swift
[416/498] Compiling Crypto NISTCurvesKeys_boring.swift
[417/498] Compiling Crypto X25519Keys_boring.swift
[418/498] Compiling Crypto Curve25519.swift
[419/498] Compiling Crypto Ed25519Keys.swift
[420/498] Compiling Crypto NISTCurvesKeys.swift
[421/498] Compiling Crypto X25519Keys.swift
[422/498] Compiling Crypto SymmetricKeys.swift
[423/498] Compiling Crypto HMAC.swift
[424/498] Compiling Crypto MACFunctions.swift
[425/510] Emitting module Crypto
[426/510] Compiling Crypto HPKE-Utils.swift
[427/510] Compiling Crypto DHKEM.swift
[428/510] Compiling Crypto HPKE-KEM-Curve25519.swift
[429/510] Compiling Crypto HPKE-NIST-EC-KEMs.swift
[430/510] Compiling Crypto HPKE-KEM.swift
[431/510] Compiling Crypto HPKE-Errors.swift
[432/510] Compiling Crypto HPKE.swift
[433/510] Compiling Crypto HPKE-Context.swift
[434/510] Compiling Crypto HPKE-KeySchedule.swift
[435/510] Compiling Crypto HPKE-Modes.swift
[436/510] Compiling Crypto Insecure.swift
[437/510] Compiling Crypto Insecure_HashFunctions.swift
[438/510] Compiling Crypto Digest_boring.swift
[439/510] Compiling Crypto Digest.swift
[440/510] Compiling Crypto Digests.swift
[441/510] Compiling Crypto HashFunctions.swift
[442/510] Compiling Crypto HashFunctions_SHA2.swift
[443/510] Compiling Crypto HashFunctions_SHA3.swift
[444/510] Compiling Crypto Digest_xkcp.swift
[445/510] Compiling Crypto HPKE-AEAD.swift
[446/510] Compiling Crypto HPKE-Ciphersuite.swift
[447/510] Compiling Crypto HPKE-KDF.swift
[448/510] Compiling Crypto HPKE-KexKeyDerivation.swift
[449/510] Compiling Crypto HPKE-LabeledExtract.swift
[450/510] Compiling Crypto ASN1OctetString.swift
[451/510] Compiling Crypto ASN1Strings.swift
[452/510] Compiling Crypto ArraySliceBigint.swift
[453/510] Compiling Crypto GeneralizedTime.swift
[454/510] Compiling Crypto ObjectIdentifier.swift
[455/510] Compiling Crypto ECDSASignature.swift
[456/510] Compiling Crypto PEMDocument.swift
[457/510] Compiling Crypto PKCS8PrivateKey.swift
[458/510] Compiling Crypto SEC1PrivateKey.swift
[459/510] Compiling Crypto SubjectPublicKeyInfo.swift
[460/510] Compiling Crypto CryptoError_boring.swift
[461/510] Compiling Crypto CryptoKitErrors.swift
[462/510] Compiling Crypto AES-GCM.swift
[463/510] Compiling Crypto AES-GCM_boring.swift
[464/510] Compiling Crypto ChaChaPoly_boring.swift
[465/510] Compiling Crypto ChaChaPoly.swift
[466/510] Compiling Crypto Cipher.swift
[467/510] Compiling Crypto Nonces.swift
[468/510] Compiling Crypto ASN1.swift
[469/510] Compiling Crypto ASN1Any.swift
[470/510] Compiling Crypto ASN1BitString.swift
[471/510] Compiling Crypto ASN1Boolean.swift
[472/510] Compiling Crypto ASN1Identifier.swift
[473/510] Compiling Crypto ASN1Integer.swift
[474/510] Compiling Crypto ASN1Null.swift
[475/510] Compiling Crypto MessageAuthenticationCode.swift
[476/510] Compiling Crypto AES.swift
[477/510] Compiling Crypto ECDSASignature_boring.swift
[478/510] Compiling Crypto ECDSA_boring.swift
[479/510] Compiling Crypto EdDSA_boring.swift
[480/510] Compiling Crypto MLDSA_boring.swift
[481/510] Compiling Crypto MLDSA_wrapper.swift
[482/510] Compiling Crypto ECDSA.swift
[483/510] Compiling Crypto Ed25519.swift
[484/510] Compiling Crypto MLDSA.swift
[485/510] Compiling Crypto Signature.swift
[486/510] Compiling Crypto ArraySpanHelpers.swift
[487/510] Compiling Crypto CryptoKitErrors_boring.swift
[488/510] Compiling Crypto InlineArray+withBytes_boring.swift
[489/510] Compiling Crypto Optional+withUnsafeBytes_boring.swift
[490/510] Compiling Crypto RNG_boring.swift
[491/510] Compiling Crypto SafeCompare_boring.swift
[492/510] Compiling Crypto Zeroization_boring.swift
[493/510] Compiling Crypto _CryptoModuleAnchor.swift
[494/510] Compiling Crypto Data+ArraySpan.swift
[495/510] Compiling Crypto PrettyBytes.swift
[496/510] Compiling Crypto SafeCompare.swift
[497/510] Compiling Crypto SecureBytes.swift
[498/510] Compiling Crypto Zeroization.swift
[499/510] Compiling Crypto MLKEM_boring.swift
[500/510] Compiling Crypto MLKEM_wrapper.swift
[501/510] Compiling Crypto XWing_boring.swift
[502/510] Compiling Crypto KEM-Errors.swift
[503/510] Compiling Crypto KEM.swift
[504/510] Compiling Crypto MLKEM.swift
[505/510] Compiling Crypto XWing.swift
[506/510] Compiling Crypto ECDH_boring.swift
[507/510] Compiling Crypto DH.swift
[508/510] Compiling Crypto ECDH.swift
[509/510] Compiling Crypto ANSIx963.swift
[510/510] Compiling Crypto HKDF.swift
[512/573] Compiling CryptoExtras PKCS8DERRepresentation.swift
[513/573] Compiling CryptoExtras PKCS8PrivateKey.swift
[514/573] Compiling CryptoExtras RFC8410AlgorithmIdentifier.swift
[515/573] Compiling CryptoExtras ECToolbox_boring.swift
[516/573] Compiling CryptoExtras ECToolbox.swift
[517/573] Compiling CryptoExtras HashToField.swift
[518/573] Compiling CryptoExtras KDF.swift
[519/573] Compiling CryptoExtras PBKDF2_boring.swift
[520/573] Compiling CryptoExtras PBKDF2_commoncrypto.swift
[521/581] Compiling CryptoExtras ARCServer.swift
[522/581] Compiling CryptoExtras ChaCha20CTR_boring.swift
[523/581] Compiling CryptoExtras ChaCha20CTR.swift
[524/581] Compiling CryptoExtras BoringSSLSHA512256Context.swift
[525/581] Compiling CryptoExtras BoringSSLSHA512256HashFunction.swift
[526/581] Compiling CryptoExtras SHA512256.swift
[527/581] Compiling CryptoExtras SHA512256Digest.swift
[528/581] Compiling CryptoExtras Curve25519+PEM.swift
[529/581] Compiling CryptoExtras ObjectIdentifier.swift
[530/581] Compiling CryptoExtras ThreadOps.swift
/host/spi-builder-workspace/.build/checkouts/swift-crypto/Sources/CryptoExtras/Util/ThreadSpecific/ThreadSpecific.swift:33:36: error: cannot find type 'ThreadOpsSystem' in scope
31 |
32 | private final class Key {
33 | private var underlyingKey: ThreadOpsSystem.ThreadSpecificKey
| `- error: cannot find type 'ThreadOpsSystem' in scope
34 |
35 | internal init(destructor: @escaping ThreadOpsSystem.ThreadSpecificKeyDestructor) {
/host/spi-builder-workspace/.build/checkouts/swift-crypto/Sources/CryptoExtras/Util/ThreadSpecific/ThreadSpecific.swift:35:45: error: cannot find type 'ThreadOpsSystem' in scope
33 | private var underlyingKey: ThreadOpsSystem.ThreadSpecificKey
34 |
35 | internal init(destructor: @escaping ThreadOpsSystem.ThreadSpecificKeyDestructor) {
| `- error: cannot find type 'ThreadOpsSystem' in scope
36 | self.underlyingKey = ThreadOpsSystem.allocateThreadSpecificValue(destructor: destructor)
37 | }
/host/spi-builder-workspace/.build/checkouts/swift-crypto/Sources/CryptoExtras/Util/ThreadSpecific/ThreadSpecific.swift:35:35: error: '@escaping' only applies to function types
33 | private var underlyingKey: ThreadOpsSystem.ThreadSpecificKey
34 |
35 | internal init(destructor: @escaping ThreadOpsSystem.ThreadSpecificKeyDestructor) {
| `- error: '@escaping' only applies to function types
36 | self.underlyingKey = ThreadOpsSystem.allocateThreadSpecificValue(destructor: destructor)
37 | }
/host/spi-builder-workspace/.build/checkouts/swift-crypto/Sources/CryptoExtras/Util/ThreadSpecific/ThreadSpecific.swift:36:34: error: cannot find 'ThreadOpsSystem' in scope
34 |
35 | internal init(destructor: @escaping ThreadOpsSystem.ThreadSpecificKeyDestructor) {
36 | self.underlyingKey = ThreadOpsSystem.allocateThreadSpecificValue(destructor: destructor)
| `- error: cannot find 'ThreadOpsSystem' in scope
37 | }
38 |
/host/spi-builder-workspace/.build/checkouts/swift-crypto/Sources/CryptoExtras/Util/ThreadSpecific/ThreadSpecific.swift:40:13: error: cannot find 'ThreadOpsSystem' in scope
38 |
39 | deinit {
40 | ThreadOpsSystem.deallocateThreadSpecificValue(self.underlyingKey)
| `- error: cannot find 'ThreadOpsSystem' in scope
41 | }
42 |
/host/spi-builder-workspace/.build/checkouts/swift-crypto/Sources/CryptoExtras/Util/ThreadSpecific/ThreadSpecific.swift:44:13: error: cannot find 'ThreadOpsSystem' in scope
42 |
43 | func get() -> UnsafeMutableRawPointer? {
44 | ThreadOpsSystem.getThreadSpecificValue(self.underlyingKey)
| `- error: cannot find 'ThreadOpsSystem' in scope
45 | }
46 |
/host/spi-builder-workspace/.build/checkouts/swift-crypto/Sources/CryptoExtras/Util/ThreadSpecific/ThreadSpecific.swift:48:13: error: cannot find 'ThreadOpsSystem' in scope
46 |
47 | func set(value: UnsafeMutableRawPointer?) {
48 | ThreadOpsSystem.setThreadSpecificValue(key: self.underlyingKey, value: value)
| `- error: cannot find 'ThreadOpsSystem' in scope
49 | }
50 | }
[531/581] Compiling CryptoExtras ThreadPosix.swift
/host/spi-builder-workspace/.build/checkouts/swift-crypto/Sources/CryptoExtras/Util/ThreadSpecific/ThreadSpecific.swift:33:36: error: cannot find type 'ThreadOpsSystem' in scope
31 |
32 | private final class Key {
33 | private var underlyingKey: ThreadOpsSystem.ThreadSpecificKey
| `- error: cannot find type 'ThreadOpsSystem' in scope
34 |
35 | internal init(destructor: @escaping ThreadOpsSystem.ThreadSpecificKeyDestructor) {
/host/spi-builder-workspace/.build/checkouts/swift-crypto/Sources/CryptoExtras/Util/ThreadSpecific/ThreadSpecific.swift:35:45: error: cannot find type 'ThreadOpsSystem' in scope
33 | private var underlyingKey: ThreadOpsSystem.ThreadSpecificKey
34 |
35 | internal init(destructor: @escaping ThreadOpsSystem.ThreadSpecificKeyDestructor) {
| `- error: cannot find type 'ThreadOpsSystem' in scope
36 | self.underlyingKey = ThreadOpsSystem.allocateThreadSpecificValue(destructor: destructor)
37 | }
/host/spi-builder-workspace/.build/checkouts/swift-crypto/Sources/CryptoExtras/Util/ThreadSpecific/ThreadSpecific.swift:35:35: error: '@escaping' only applies to function types
33 | private var underlyingKey: ThreadOpsSystem.ThreadSpecificKey
34 |
35 | internal init(destructor: @escaping ThreadOpsSystem.ThreadSpecificKeyDestructor) {
| `- error: '@escaping' only applies to function types
36 | self.underlyingKey = ThreadOpsSystem.allocateThreadSpecificValue(destructor: destructor)
37 | }
/host/spi-builder-workspace/.build/checkouts/swift-crypto/Sources/CryptoExtras/Util/ThreadSpecific/ThreadSpecific.swift:36:34: error: cannot find 'ThreadOpsSystem' in scope
34 |
35 | internal init(destructor: @escaping ThreadOpsSystem.ThreadSpecificKeyDestructor) {
36 | self.underlyingKey = ThreadOpsSystem.allocateThreadSpecificValue(destructor: destructor)
| `- error: cannot find 'ThreadOpsSystem' in scope
37 | }
38 |
/host/spi-builder-workspace/.build/checkouts/swift-crypto/Sources/CryptoExtras/Util/ThreadSpecific/ThreadSpecific.swift:40:13: error: cannot find 'ThreadOpsSystem' in scope
38 |
39 | deinit {
40 | ThreadOpsSystem.deallocateThreadSpecificValue(self.underlyingKey)
| `- error: cannot find 'ThreadOpsSystem' in scope
41 | }
42 |
/host/spi-builder-workspace/.build/checkouts/swift-crypto/Sources/CryptoExtras/Util/ThreadSpecific/ThreadSpecific.swift:44:13: error: cannot find 'ThreadOpsSystem' in scope
42 |
43 | func get() -> UnsafeMutableRawPointer? {
44 | ThreadOpsSystem.getThreadSpecificValue(self.underlyingKey)
| `- error: cannot find 'ThreadOpsSystem' in scope
45 | }
46 |
/host/spi-builder-workspace/.build/checkouts/swift-crypto/Sources/CryptoExtras/Util/ThreadSpecific/ThreadSpecific.swift:48:13: error: cannot find 'ThreadOpsSystem' in scope
46 |
47 | func set(value: UnsafeMutableRawPointer?) {
48 | ThreadOpsSystem.setThreadSpecificValue(key: self.underlyingKey, value: value)
| `- error: cannot find 'ThreadOpsSystem' in scope
49 | }
50 | }
[532/581] Compiling CryptoExtras ThreadSpecific.swift
/host/spi-builder-workspace/.build/checkouts/swift-crypto/Sources/CryptoExtras/Util/ThreadSpecific/ThreadSpecific.swift:33:36: error: cannot find type 'ThreadOpsSystem' in scope
31 |
32 | private final class Key {
33 | private var underlyingKey: ThreadOpsSystem.ThreadSpecificKey
| `- error: cannot find type 'ThreadOpsSystem' in scope
34 |
35 | internal init(destructor: @escaping ThreadOpsSystem.ThreadSpecificKeyDestructor) {
/host/spi-builder-workspace/.build/checkouts/swift-crypto/Sources/CryptoExtras/Util/ThreadSpecific/ThreadSpecific.swift:35:45: error: cannot find type 'ThreadOpsSystem' in scope
33 | private var underlyingKey: ThreadOpsSystem.ThreadSpecificKey
34 |
35 | internal init(destructor: @escaping ThreadOpsSystem.ThreadSpecificKeyDestructor) {
| `- error: cannot find type 'ThreadOpsSystem' in scope
36 | self.underlyingKey = ThreadOpsSystem.allocateThreadSpecificValue(destructor: destructor)
37 | }
/host/spi-builder-workspace/.build/checkouts/swift-crypto/Sources/CryptoExtras/Util/ThreadSpecific/ThreadSpecific.swift:35:35: error: '@escaping' only applies to function types
33 | private var underlyingKey: ThreadOpsSystem.ThreadSpecificKey
34 |
35 | internal init(destructor: @escaping ThreadOpsSystem.ThreadSpecificKeyDestructor) {
| `- error: '@escaping' only applies to function types
36 | self.underlyingKey = ThreadOpsSystem.allocateThreadSpecificValue(destructor: destructor)
37 | }
/host/spi-builder-workspace/.build/checkouts/swift-crypto/Sources/CryptoExtras/Util/ThreadSpecific/ThreadSpecific.swift:36:34: error: cannot find 'ThreadOpsSystem' in scope
34 |
35 | internal init(destructor: @escaping ThreadOpsSystem.ThreadSpecificKeyDestructor) {
36 | self.underlyingKey = ThreadOpsSystem.allocateThreadSpecificValue(destructor: destructor)
| `- error: cannot find 'ThreadOpsSystem' in scope
37 | }
38 |
/host/spi-builder-workspace/.build/checkouts/swift-crypto/Sources/CryptoExtras/Util/ThreadSpecific/ThreadSpecific.swift:40:13: error: cannot find 'ThreadOpsSystem' in scope
38 |
39 | deinit {
40 | ThreadOpsSystem.deallocateThreadSpecificValue(self.underlyingKey)
| `- error: cannot find 'ThreadOpsSystem' in scope
41 | }
42 |
/host/spi-builder-workspace/.build/checkouts/swift-crypto/Sources/CryptoExtras/Util/ThreadSpecific/ThreadSpecific.swift:44:13: error: cannot find 'ThreadOpsSystem' in scope
42 |
43 | func get() -> UnsafeMutableRawPointer? {
44 | ThreadOpsSystem.getThreadSpecificValue(self.underlyingKey)
| `- error: cannot find 'ThreadOpsSystem' in scope
45 | }
46 |
/host/spi-builder-workspace/.build/checkouts/swift-crypto/Sources/CryptoExtras/Util/ThreadSpecific/ThreadSpecific.swift:48:13: error: cannot find 'ThreadOpsSystem' in scope
46 |
47 | func set(value: UnsafeMutableRawPointer?) {
48 | ThreadOpsSystem.setThreadSpecificValue(key: self.underlyingKey, value: value)
| `- error: cannot find 'ThreadOpsSystem' in scope
49 | }
50 | }
[533/581] Compiling CryptoExtras ThreadWindows.swift
/host/spi-builder-workspace/.build/checkouts/swift-crypto/Sources/CryptoExtras/Util/ThreadSpecific/ThreadSpecific.swift:33:36: error: cannot find type 'ThreadOpsSystem' in scope
31 |
32 | private final class Key {
33 | private var underlyingKey: ThreadOpsSystem.ThreadSpecificKey
| `- error: cannot find type 'ThreadOpsSystem' in scope
34 |
35 | internal init(destructor: @escaping ThreadOpsSystem.ThreadSpecificKeyDestructor) {
/host/spi-builder-workspace/.build/checkouts/swift-crypto/Sources/CryptoExtras/Util/ThreadSpecific/ThreadSpecific.swift:35:45: error: cannot find type 'ThreadOpsSystem' in scope
33 | private var underlyingKey: ThreadOpsSystem.ThreadSpecificKey
34 |
35 | internal init(destructor: @escaping ThreadOpsSystem.ThreadSpecificKeyDestructor) {
| `- error: cannot find type 'ThreadOpsSystem' in scope
36 | self.underlyingKey = ThreadOpsSystem.allocateThreadSpecificValue(destructor: destructor)
37 | }
/host/spi-builder-workspace/.build/checkouts/swift-crypto/Sources/CryptoExtras/Util/ThreadSpecific/ThreadSpecific.swift:35:35: error: '@escaping' only applies to function types
33 | private var underlyingKey: ThreadOpsSystem.ThreadSpecificKey
34 |
35 | internal init(destructor: @escaping ThreadOpsSystem.ThreadSpecificKeyDestructor) {
| `- error: '@escaping' only applies to function types
36 | self.underlyingKey = ThreadOpsSystem.allocateThreadSpecificValue(destructor: destructor)
37 | }
/host/spi-builder-workspace/.build/checkouts/swift-crypto/Sources/CryptoExtras/Util/ThreadSpecific/ThreadSpecific.swift:36:34: error: cannot find 'ThreadOpsSystem' in scope
34 |
35 | internal init(destructor: @escaping ThreadOpsSystem.ThreadSpecificKeyDestructor) {
36 | self.underlyingKey = ThreadOpsSystem.allocateThreadSpecificValue(destructor: destructor)
| `- error: cannot find 'ThreadOpsSystem' in scope
37 | }
38 |
/host/spi-builder-workspace/.build/checkouts/swift-crypto/Sources/CryptoExtras/Util/ThreadSpecific/ThreadSpecific.swift:40:13: error: cannot find 'ThreadOpsSystem' in scope
38 |
39 | deinit {
40 | ThreadOpsSystem.deallocateThreadSpecificValue(self.underlyingKey)
| `- error: cannot find 'ThreadOpsSystem' in scope
41 | }
42 |
/host/spi-builder-workspace/.build/checkouts/swift-crypto/Sources/CryptoExtras/Util/ThreadSpecific/ThreadSpecific.swift:44:13: error: cannot find 'ThreadOpsSystem' in scope
42 |
43 | func get() -> UnsafeMutableRawPointer? {
44 | ThreadOpsSystem.getThreadSpecificValue(self.underlyingKey)
| `- error: cannot find 'ThreadOpsSystem' in scope
45 | }
46 |
/host/spi-builder-workspace/.build/checkouts/swift-crypto/Sources/CryptoExtras/Util/ThreadSpecific/ThreadSpecific.swift:48:13: error: cannot find 'ThreadOpsSystem' in scope
46 |
47 | func set(value: UnsafeMutableRawPointer?) {
48 | ThreadOpsSystem.setThreadSpecificValue(key: self.underlyingKey, value: value)
| `- error: cannot find 'ThreadOpsSystem' in scope
49 | }
50 | }
[534/581] Compiling CryptoExtras DLEQ.swift
/host/spi-builder-workspace/.build/checkouts/swift-crypto/Sources/CryptoExtras/Util/ThreadSpecific/ThreadSpecific.swift:33:36: error: cannot find type 'ThreadOpsSystem' in scope
31 |
32 | private final class Key {
33 | private var underlyingKey: ThreadOpsSystem.ThreadSpecificKey
| `- error: cannot find type 'ThreadOpsSystem' in scope
34 |
35 | internal init(destructor: @escaping ThreadOpsSystem.ThreadSpecificKeyDestructor) {
/host/spi-builder-workspace/.build/checkouts/swift-crypto/Sources/CryptoExtras/Util/ThreadSpecific/ThreadSpecific.swift:35:45: error: cannot find type 'ThreadOpsSystem' in scope
33 | private var underlyingKey: ThreadOpsSystem.ThreadSpecificKey
34 |
35 | internal init(destructor: @escaping ThreadOpsSystem.ThreadSpecificKeyDestructor) {
| `- error: cannot find type 'ThreadOpsSystem' in scope
36 | self.underlyingKey = ThreadOpsSystem.allocateThreadSpecificValue(destructor: destructor)
37 | }
/host/spi-builder-workspace/.build/checkouts/swift-crypto/Sources/CryptoExtras/Util/ThreadSpecific/ThreadSpecific.swift:35:35: error: '@escaping' only applies to function types
33 | private var underlyingKey: ThreadOpsSystem.ThreadSpecificKey
34 |
35 | internal init(destructor: @escaping ThreadOpsSystem.ThreadSpecificKeyDestructor) {
| `- error: '@escaping' only applies to function types
36 | self.underlyingKey = ThreadOpsSystem.allocateThreadSpecificValue(destructor: destructor)
37 | }
/host/spi-builder-workspace/.build/checkouts/swift-crypto/Sources/CryptoExtras/Util/ThreadSpecific/ThreadSpecific.swift:36:34: error: cannot find 'ThreadOpsSystem' in scope
34 |
35 | internal init(destructor: @escaping ThreadOpsSystem.ThreadSpecificKeyDestructor) {
36 | self.underlyingKey = ThreadOpsSystem.allocateThreadSpecificValue(destructor: destructor)
| `- error: cannot find 'ThreadOpsSystem' in scope
37 | }
38 |
/host/spi-builder-workspace/.build/checkouts/swift-crypto/Sources/CryptoExtras/Util/ThreadSpecific/ThreadSpecific.swift:40:13: error: cannot find 'ThreadOpsSystem' in scope
38 |
39 | deinit {
40 | ThreadOpsSystem.deallocateThreadSpecificValue(self.underlyingKey)
| `- error: cannot find 'ThreadOpsSystem' in scope
41 | }
42 |
/host/spi-builder-workspace/.build/checkouts/swift-crypto/Sources/CryptoExtras/Util/ThreadSpecific/ThreadSpecific.swift:44:13: error: cannot find 'ThreadOpsSystem' in scope
42 |
43 | func get() -> UnsafeMutableRawPointer? {
44 | ThreadOpsSystem.getThreadSpecificValue(self.underlyingKey)
| `- error: cannot find 'ThreadOpsSystem' in scope
45 | }
46 |
/host/spi-builder-workspace/.build/checkouts/swift-crypto/Sources/CryptoExtras/Util/ThreadSpecific/ThreadSpecific.swift:48:13: error: cannot find 'ThreadOpsSystem' in scope
46 |
47 | func set(value: UnsafeMutableRawPointer?) {
48 | ThreadOpsSystem.setThreadSpecificValue(key: self.underlyingKey, value: value)
| `- error: cannot find 'ThreadOpsSystem' in scope
49 | }
50 | }
[535/581] Compiling CryptoExtras Prover.swift
/host/spi-builder-workspace/.build/checkouts/swift-crypto/Sources/CryptoExtras/Util/ThreadSpecific/ThreadSpecific.swift:33:36: error: cannot find type 'ThreadOpsSystem' in scope
31 |
32 | private final class Key {
33 | private var underlyingKey: ThreadOpsSystem.ThreadSpecificKey
| `- error: cannot find type 'ThreadOpsSystem' in scope
34 |
35 | internal init(destructor: @escaping ThreadOpsSystem.ThreadSpecificKeyDestructor) {
/host/spi-builder-workspace/.build/checkouts/swift-crypto/Sources/CryptoExtras/Util/ThreadSpecific/ThreadSpecific.swift:35:45: error: cannot find type 'ThreadOpsSystem' in scope
33 | private var underlyingKey: ThreadOpsSystem.ThreadSpecificKey
34 |
35 | internal init(destructor: @escaping ThreadOpsSystem.ThreadSpecificKeyDestructor) {
| `- error: cannot find type 'ThreadOpsSystem' in scope
36 | self.underlyingKey = ThreadOpsSystem.allocateThreadSpecificValue(destructor: destructor)
37 | }
/host/spi-builder-workspace/.build/checkouts/swift-crypto/Sources/CryptoExtras/Util/ThreadSpecific/ThreadSpecific.swift:35:35: error: '@escaping' only applies to function types
33 | private var underlyingKey: ThreadOpsSystem.ThreadSpecificKey
34 |
35 | internal init(destructor: @escaping ThreadOpsSystem.ThreadSpecificKeyDestructor) {
| `- error: '@escaping' only applies to function types
36 | self.underlyingKey = ThreadOpsSystem.allocateThreadSpecificValue(destructor: destructor)
37 | }
/host/spi-builder-workspace/.build/checkouts/swift-crypto/Sources/CryptoExtras/Util/ThreadSpecific/ThreadSpecific.swift:36:34: error: cannot find 'ThreadOpsSystem' in scope
34 |
35 | internal init(destructor: @escaping ThreadOpsSystem.ThreadSpecificKeyDestructor) {
36 | self.underlyingKey = ThreadOpsSystem.allocateThreadSpecificValue(destructor: destructor)
| `- error: cannot find 'ThreadOpsSystem' in scope
37 | }
38 |
/host/spi-builder-workspace/.build/checkouts/swift-crypto/Sources/CryptoExtras/Util/ThreadSpecific/ThreadSpecific.swift:40:13: error: cannot find 'ThreadOpsSystem' in scope
38 |
39 | deinit {
40 | ThreadOpsSystem.deallocateThreadSpecificValue(self.underlyingKey)
| `- error: cannot find 'ThreadOpsSystem' in scope
41 | }
42 |
/host/spi-builder-workspace/.build/checkouts/swift-crypto/Sources/CryptoExtras/Util/ThreadSpecific/ThreadSpecific.swift:44:13: error: cannot find 'ThreadOpsSystem' in scope
42 |
43 | func get() -> UnsafeMutableRawPointer? {
44 | ThreadOpsSystem.getThreadSpecificValue(self.underlyingKey)
| `- error: cannot find 'ThreadOpsSystem' in scope
45 | }
46 |
/host/spi-builder-workspace/.build/checkouts/swift-crypto/Sources/CryptoExtras/Util/ThreadSpecific/ThreadSpecific.swift:48:13: error: cannot find 'ThreadOpsSystem' in scope
46 |
47 | func set(value: UnsafeMutableRawPointer?) {
48 | ThreadOpsSystem.setThreadSpecificValue(key: self.underlyingKey, value: value)
| `- error: cannot find 'ThreadOpsSystem' in scope
49 | }
50 | }
[536/581] Compiling CryptoExtras Verifier.swift
/host/spi-builder-workspace/.build/checkouts/swift-crypto/Sources/CryptoExtras/Util/ThreadSpecific/ThreadSpecific.swift:33:36: error: cannot find type 'ThreadOpsSystem' in scope
31 |
32 | private final class Key {
33 | private var underlyingKey: ThreadOpsSystem.ThreadSpecificKey
| `- error: cannot find type 'ThreadOpsSystem' in scope
34 |
35 | internal init(destructor: @escaping ThreadOpsSystem.ThreadSpecificKeyDestructor) {
/host/spi-builder-workspace/.build/checkouts/swift-crypto/Sources/CryptoExtras/Util/ThreadSpecific/ThreadSpecific.swift:35:45: error: cannot find type 'ThreadOpsSystem' in scope
33 | private var underlyingKey: ThreadOpsSystem.ThreadSpecificKey
34 |
35 | internal init(destructor: @escaping ThreadOpsSystem.ThreadSpecificKeyDestructor) {
| `- error: cannot find type 'ThreadOpsSystem' in scope
36 | self.underlyingKey = ThreadOpsSystem.allocateThreadSpecificValue(destructor: destructor)
37 | }
/host/spi-builder-workspace/.build/checkouts/swift-crypto/Sources/CryptoExtras/Util/ThreadSpecific/ThreadSpecific.swift:35:35: error: '@escaping' only applies to function types
33 | private var underlyingKey: ThreadOpsSystem.ThreadSpecificKey
34 |
35 | internal init(destructor: @escaping ThreadOpsSystem.ThreadSpecificKeyDestructor) {
| `- error: '@escaping' only applies to function types
36 | self.underlyingKey = ThreadOpsSystem.allocateThreadSpecificValue(destructor: destructor)
37 | }
/host/spi-builder-workspace/.build/checkouts/swift-crypto/Sources/CryptoExtras/Util/ThreadSpecific/ThreadSpecific.swift:36:34: error: cannot find 'ThreadOpsSystem' in scope
34 |
35 | internal init(destructor: @escaping ThreadOpsSystem.ThreadSpecificKeyDestructor) {
36 | self.underlyingKey = ThreadOpsSystem.allocateThreadSpecificValue(destructor: destructor)
| `- error: cannot find 'ThreadOpsSystem' in scope
37 | }
38 |
/host/spi-builder-workspace/.build/checkouts/swift-crypto/Sources/CryptoExtras/Util/ThreadSpecific/ThreadSpecific.swift:40:13: error: cannot find 'ThreadOpsSystem' in scope
38 |
39 | deinit {
40 | ThreadOpsSystem.deallocateThreadSpecificValue(self.underlyingKey)
| `- error: cannot find 'ThreadOpsSystem' in scope
41 | }
42 |
/host/spi-builder-workspace/.build/checkouts/swift-crypto/Sources/CryptoExtras/Util/ThreadSpecific/ThreadSpecific.swift:44:13: error: cannot find 'ThreadOpsSystem' in scope
42 |
43 | func get() -> UnsafeMutableRawPointer? {
44 | ThreadOpsSystem.getThreadSpecificValue(self.underlyingKey)
| `- error: cannot find 'ThreadOpsSystem' in scope
45 | }
46 |
/host/spi-builder-workspace/.build/checkouts/swift-crypto/Sources/CryptoExtras/Util/ThreadSpecific/ThreadSpecific.swift:48:13: error: cannot find 'ThreadOpsSystem' in scope
46 |
47 | func set(value: UnsafeMutableRawPointer?) {
48 | ThreadOpsSystem.setThreadSpecificValue(key: self.underlyingKey, value: value)
| `- error: cannot find 'ThreadOpsSystem' in scope
49 | }
50 | }
[537/581] Compiling CryptoExtras ZKPToolbox.swift
/host/spi-builder-workspace/.build/checkouts/swift-crypto/Sources/CryptoExtras/Util/ThreadSpecific/ThreadSpecific.swift:33:36: error: cannot find type 'ThreadOpsSystem' in scope
31 |
32 | private final class Key {
33 | private var underlyingKey: ThreadOpsSystem.ThreadSpecificKey
| `- error: cannot find type 'ThreadOpsSystem' in scope
34 |
35 | internal init(destructor: @escaping ThreadOpsSystem.ThreadSpecificKeyDestructor) {
/host/spi-builder-workspace/.build/checkouts/swift-crypto/Sources/CryptoExtras/Util/ThreadSpecific/ThreadSpecific.swift:35:45: error: cannot find type 'ThreadOpsSystem' in scope
33 | private var underlyingKey: ThreadOpsSystem.ThreadSpecificKey
34 |
35 | internal init(destructor: @escaping ThreadOpsSystem.ThreadSpecificKeyDestructor) {
| `- error: cannot find type 'ThreadOpsSystem' in scope
36 | self.underlyingKey = ThreadOpsSystem.allocateThreadSpecificValue(destructor: destructor)
37 | }
/host/spi-builder-workspace/.build/checkouts/swift-crypto/Sources/CryptoExtras/Util/ThreadSpecific/ThreadSpecific.swift:35:35: error: '@escaping' only applies to function types
33 | private var underlyingKey: ThreadOpsSystem.ThreadSpecificKey
34 |
35 | internal init(destructor: @escaping ThreadOpsSystem.ThreadSpecificKeyDestructor) {
| `- error: '@escaping' only applies to function types
36 | self.underlyingKey = ThreadOpsSystem.allocateThreadSpecificValue(destructor: destructor)
37 | }
/host/spi-builder-workspace/.build/checkouts/swift-crypto/Sources/CryptoExtras/Util/ThreadSpecific/ThreadSpecific.swift:36:34: error: cannot find 'ThreadOpsSystem' in scope
34 |
35 | internal init(destructor: @escaping ThreadOpsSystem.ThreadSpecificKeyDestructor) {
36 | self.underlyingKey = ThreadOpsSystem.allocateThreadSpecificValue(destructor: destructor)
| `- error: cannot find 'ThreadOpsSystem' in scope
37 | }
38 |
/host/spi-builder-workspace/.build/checkouts/swift-crypto/Sources/CryptoExtras/Util/ThreadSpecific/ThreadSpecific.swift:40:13: error: cannot find 'ThreadOpsSystem' in scope
38 |
39 | deinit {
40 | ThreadOpsSystem.deallocateThreadSpecificValue(self.underlyingKey)
| `- error: cannot find 'ThreadOpsSystem' in scope
41 | }
42 |
/host/spi-builder-workspace/.build/checkouts/swift-crypto/Sources/CryptoExtras/Util/ThreadSpecific/ThreadSpecific.swift:44:13: error: cannot find 'ThreadOpsSystem' in scope
42 |
43 | func get() -> UnsafeMutableRawPointer? {
44 | ThreadOpsSystem.getThreadSpecificValue(self.underlyingKey)
| `- error: cannot find 'ThreadOpsSystem' in scope
45 | }
46 |
/host/spi-builder-workspace/.build/checkouts/swift-crypto/Sources/CryptoExtras/Util/ThreadSpecific/ThreadSpecific.swift:48:13: error: cannot find 'ThreadOpsSystem' in scope
46 |
47 | func set(value: UnsafeMutableRawPointer?) {
48 | ThreadOpsSystem.setThreadSpecificValue(key: self.underlyingKey, value: value)
| `- error: cannot find 'ThreadOpsSystem' in scope
49 | }
50 | }
[538/581] Compiling CryptoExtras AES_CBC.swift
[539/581] Compiling CryptoExtras AES_CFB.swift
[540/581] Compiling CryptoExtras AES_CTR.swift
[541/581] Compiling CryptoExtras AES_GCM_SIV.swift
[542/581] Compiling CryptoExtras Block Function.swift
[543/581] Compiling CryptoExtras AES_CBC_boring.swift
[544/581] Compiling CryptoExtras AES_CFB_boring.swift
[545/581] Compiling CryptoExtras AES_CTR_boring.swift
[546/581] Compiling CryptoExtras AES_GCM_SIV_boring.swift
[547/581] Compiling CryptoExtras PBKDF2.swift
[548/581] Compiling CryptoExtras Scrypt_boring.swift
[549/581] Compiling CryptoExtras Scrypt.swift
[550/581] Compiling CryptoExtras OPRF.swift
[551/581] Compiling CryptoExtras OPRFClient.swift
[552/581] Compiling CryptoExtras OPRFServer.swift
[553/581] Compiling CryptoExtras VOPRF+API.swift
[554/581] Compiling CryptoExtras VOPRFClient.swift
[555/581] Compiling CryptoExtras VOPRFServer.swift
error: emit-module command failed with exit code 1 (use -v to see invocation)
[556/581] Emitting module CryptoExtras
/host/spi-builder-workspace/.build/checkouts/swift-crypto/Sources/CryptoExtras/Util/ThreadSpecific/ThreadSpecific.swift:33:36: error: cannot find type 'ThreadOpsSystem' in scope
31 |
32 | private final class Key {
33 | private var underlyingKey: ThreadOpsSystem.ThreadSpecificKey
| `- error: cannot find type 'ThreadOpsSystem' in scope
34 |
35 | internal init(destructor: @escaping ThreadOpsSystem.ThreadSpecificKeyDestructor) {
/host/spi-builder-workspace/.build/checkouts/swift-crypto/Sources/CryptoExtras/Util/ThreadSpecific/ThreadSpecific.swift:35:45: error: cannot find type 'ThreadOpsSystem' in scope
33 | private var underlyingKey: ThreadOpsSystem.ThreadSpecificKey
34 |
35 | internal init(destructor: @escaping ThreadOpsSystem.ThreadSpecificKeyDestructor) {
| `- error: cannot find type 'ThreadOpsSystem' in scope
36 | self.underlyingKey = ThreadOpsSystem.allocateThreadSpecificValue(destructor: destructor)
37 | }
/host/spi-builder-workspace/.build/checkouts/swift-crypto/Sources/CryptoExtras/Util/ThreadSpecific/ThreadSpecific.swift:35:35: error: '@escaping' only applies to function types
33 | private var underlyingKey: ThreadOpsSystem.ThreadSpecificKey
34 |
35 | internal init(destructor: @escaping ThreadOpsSystem.ThreadSpecificKeyDestructor) {
| `- error: '@escaping' only applies to function types
36 | self.underlyingKey = ThreadOpsSystem.allocateThreadSpecificValue(destructor: destructor)
37 | }
[557/581] Compiling CryptoExtras CMAC.swift
[558/581] Compiling CryptoExtras ARC+API.swift
[559/581] Compiling CryptoExtras ARC.swift
[560/581] Compiling CryptoExtras ARCCredential.swift
[561/581] Compiling CryptoExtras ARCEncoding.swift
[562/581] Compiling CryptoExtras ARCPrecredential.swift
[563/581] Compiling CryptoExtras ARCPresentation.swift
[564/581] Compiling CryptoExtras ARCRequest.swift
[565/581] Compiling CryptoExtras ARCResponse.swift
[566/581] Compiling CryptoExtras Data+Extensions.swift
[567/581] Compiling CryptoExtras DigestType.swift
[568/581] Compiling CryptoExtras Error.swift
[569/581] Compiling CryptoExtras I2OSP.swift
[570/581] Compiling CryptoExtras IntegerEncoding.swift
[571/581] Compiling CryptoExtras PEMDocument.swift
[572/581] Compiling CryptoExtras PrettyBytes.swift
[573/581] Compiling CryptoExtras SubjectPublicKeyInfo.swift
[574/581] Compiling CryptoExtras BoringSSLPassphraseCallbackManager.swift
[575/581] Compiling CryptoExtras RSA+BlindSigning.swift
[576/581] Compiling CryptoExtras RSA.swift
[577/581] Compiling CryptoExtras RSA_boring.swift
[578/581] Compiling CryptoExtras Reexport.swift
[579/581] Compiling CryptoExtras Zeroization_boring.swift
[580/581] Compiling CryptoExtras BoringSSLHelpers.swift
[581/581] Compiling CryptoExtras CryptoKitErrors_boring.swift
BUILD FAILURE 6.3 wasm