The Swift Package Index logo.Swift Package Index

Build Information

Failed to build UITestingPlus, reference 0.1.0 (241c99), with Swift 6.4 for Linux on 18 Sep 2026 21:40:44 UTC.

Build Command

bash -c docker run --pull=always --rm -v "checkouts-54344844-2":/host -w "$PWD" -e JAVA_HOME="/root/.sdkman/candidates/java/current" -e SPI_BUILD="1" -e SPI_PROCESSING="1" registry.gitlab.com/saguaro1/spi-images:basic-6.4-latest swift build --triple x86_64-unknown-linux-gnu 2>&1

Build Log

========================================
RunAll
========================================
Builder version: 5.1.0
Interrupt handler set up.
========================================
Checkout
========================================
Clone URL: https://github.com/ChimeHQ/UITestingPlus.git
Reference: 0.1.0
Initialized empty Git repository in /host/spi-builder-workspace/.git/
hint: Using 'master' as the name for the initial branch. This default branch name
hint: is subject to change. To configure the initial branch name to use in all
hint: of your new repositories, which will suppress this warning, call:
hint:
hint: 	git config --global init.defaultBranch <name>
hint:
hint: Names commonly chosen instead of 'master' are 'main', 'trunk' and
hint: 'development'. The just-created branch can be renamed via this command:
hint:
hint: 	git branch -m <name>
From https://github.com/ChimeHQ/UITestingPlus
 * tag               0.1.0      -> FETCH_HEAD
HEAD is now at 241c995 Fix iOS build
Cloned https://github.com/ChimeHQ/UITestingPlus.git
Revision (git rev-parse @):
241c9953b119683cc9b6cbf07d9c3db923ba1053
SPI manifest file found: $PWD/.spi.yml
SUCCESS checkout https://github.com/ChimeHQ/UITestingPlus.git at 0.1.0
========================================
Build
========================================
Selected platform:         linux
Swift version:             6.4
Building package at path:  $PWD
https://github.com/ChimeHQ/UITestingPlus.git
Running build ...
bash -c docker run --pull=always --rm -v "checkouts-54344844-2":/host -w "$PWD" -e JAVA_HOME="/root/.sdkman/candidates/java/current" -e SPI_BUILD="1" -e SPI_PROCESSING="1" registry.gitlab.com/saguaro1/spi-images:basic-6.4-latest swift build --triple x86_64-unknown-linux-gnu 2>&1
basic-6.4-latest: Pulling from saguaro1/spi-images
Digest: sha256:c77fcce225e223ac0fafed844619173fc6de8d62dd560eeb28db3182af6a282b
Status: Image is up to date for registry.gitlab.com/saguaro1/spi-images:basic-6.4-latest
Building for debugging...
[Planning 1 / 66]
[17 / 26]
[27 / 35] UITestingPlus
error: SwiftCompile normal x86_64 failed with a nonzero exit code. Command line:     cd /host

/host/spi-builder-workspace/Sources/UITestingPlus/HittableElementExpectation.swift:8:23: error: cannot find type 'XCUIElement' in scope
 6 | 	private static let hittablePredicate = NSPredicate(format: "exists == 1 && isHittable == 1")
 7 |
 8 | 	public init(element: XCUIElement) {
   |                       `- error: cannot find type 'XCUIElement' in scope
 9 | 		let p = HittableElementExpectation.hittablePredicate
10 |
/host/spi-builder-workspace/Sources/UITestingPlus/HittableElementExpectation.swift:6:41: error: 'init(format:_:)' has been renamed to 'init(block:)': Predicate strings and key-value coding are not supported in swift-corelibs-foundation. Use a closure instead if possible.
 4 | /// Expectation subclass for waiting on an XCUIElement to be hittable.
 5 | public class HittableElementExpectation: XCTNSPredicateExpectation {
 6 | 	private static let hittablePredicate = NSPredicate(format: "exists == 1 && isHittable == 1")
   |                                         `- error: 'init(format:_:)' has been renamed to 'init(block:)': Predicate strings and key-value coding are not supported in swift-corelibs-foundation. Use a closure instead if possible.
 7 |
 8 | 	public init(element: XCUIElement) {
Foundation.NSPredicate.init:3:22: note: 'init(format:_:)' has been explicitly marked unavailable here
1 | class NSPredicate {
2 | @available(*, unavailable, renamed: "init(block:)", message: "Predicate strings and key-value coding are not supported in swift-corelibs-foundation. Use a closure instead if possible.")
3 |   public convenience init(format predicateFormat: String, _ args: any CVarArg...)}
  |                      `- note: 'init(format:_:)' has been explicitly marked unavailable here
4 |
/host/spi-builder-workspace/Sources/UITestingPlus/HittableElementExpectation.swift:14:22: error: cannot find type 'XCUIElement' in scope
12 | 	}
13 |
14 | 	public var element: XCUIElement {
   |                      `- error: cannot find type 'XCUIElement' in scope
15 | 		return object as! XCUIElement
16 | 	}
/host/spi-builder-workspace/Sources/UITestingPlus/HittableElementExpectation.swift:5:14: warning: class 'HittableElementExpectation' must restate inherited '@unchecked Sendable' conformance
 3 |
 4 | /// Expectation subclass for waiting on an XCUIElement to be hittable.
 5 | public class HittableElementExpectation: XCTNSPredicateExpectation {
   |              `- warning: class 'HittableElementExpectation' must restate inherited '@unchecked Sendable' conformance
 6 | 	private static let hittablePredicate = NSPredicate(format: "exists == 1 && isHittable == 1")
 7 |
/host/spi-builder-workspace/Sources/UITestingPlus/XCUIApplication+Windows.swift:4:18: error: cannot find type 'XCUIApplication' in scope
 2 | import XCTest
 3 |
 4 | public extension XCUIApplication {
   |                  `- error: cannot find type 'XCUIApplication' in scope
 5 | 	func launchWithNoWindows() {
 6 | 		launchArguments.append(contentsOf: ["-ApplePersistenceIgnoreState", "YES"])
/host/spi-builder-workspace/Sources/UITestingPlus/XCUIElement+Accessors.swift:3:18: error: cannot find type 'XCUIElement' in scope
 1 | import XCTest
 2 |
 3 | public extension XCUIElement {
   |                  `- error: cannot find type 'XCUIElement' in scope
 4 | 	var outlineDisclosureTriangle: XCUIElement {
 5 | 		return disclosureTriangles["NSOutlineViewDisclosureButtonKey"]
/host/spi-builder-workspace/Sources/UITestingPlus/XCUIElement+Accessors.swift:9:18: error: cannot find type 'XCUIElement' in scope
 7 | }
 8 |
 9 | public extension XCUIElement {
   |                  `- error: cannot find type 'XCUIElement' in scope
10 | 	var closeWindowButton: XCUIElement {
11 | 		return buttons.matching(identifier: XCUIIdentifierCloseWindow).firstMatch
/host/spi-builder-workspace/Sources/UITestingPlus/XCUIElement+Accessors.swift:15:18: error: cannot find type 'XCUIElementQuery' in scope
13 | }
14 |
15 | public extension XCUIElementQuery {
   |                  `- error: cannot find type 'XCUIElementQuery' in scope
16 | 	subscript(index: Int) -> XCUIElement {
17 | 		return element(boundBy: index)
/host/spi-builder-workspace/Sources/UITestingPlus/XCUIElement+Accessors.swift:21:18: error: cannot find type 'XCUIElement' in scope
19 | }
20 |
21 | public extension XCUIElement {
   |                  `- error: cannot find type 'XCUIElement' in scope
22 | 	var hasKeyboardFocus: Bool {
23 | 		return (value(forKey: "hasKeyboardFocus") as? Bool) ?? false
/host/spi-builder-workspace/Sources/UITestingPlus/XCUIElement+Existence.swift:3:18: error: cannot find type 'XCUIElement' in scope
 1 | import XCTest
 2 |
 3 | public extension XCUIElement {
   |                  `- error: cannot find type 'XCUIElement' in scope
 4 | 	/// Waits until an element no longer exists.
 5 | 	///
/host/spi-builder-workspace/Sources/UITestingPlus/XCUIElement+TextEditing.swift:41:18: error: cannot find type 'XCUIElement' in scope
39 | }
40 |
41 | public extension XCUIElement {
   |                  `- error: cannot find type 'XCUIElement' in scope
42 | 	func stringValue(in range: NSRange? = nil) throws -> String {
43 | 		guard let stringValue = self.value as? NSString else {
Failed frontend command:
/usr/bin/swift-frontend -frontend -emit-module -experimental-skip-non-inlinable-function-bodies-without-types /host/spi-builder-workspace/Sources/UITestingPlus/HittableElementExpectation.swift /host/spi-builder-workspace/Sources/UITestingPlus/XCUIApplication+Documents.swift /host/spi-builder-workspace/Sources/UITestingPlus/XCUIApplication+Menus.swift /host/spi-builder-workspace/Sources/UITestingPlus/XCUIApplication+Windows.swift /host/spi-builder-workspace/Sources/UITestingPlus/XCUIElement+Accessors.swift /host/spi-builder-workspace/Sources/UITestingPlus/XCUIElement+Existence.swift /host/spi-builder-workspace/Sources/UITestingPlus/XCUIElement+TextEditing.swift -target x86_64-unknown-linux-gnu -disable-objc-interop -I /host/spi-builder-workspace/.build/out/Products/Debug-linux-x86_64 -module-cache-path /host/spi-builder-workspace/.build/out/ModuleCache.noindex -color-diagnostics -Xcc -fcolor-diagnostics -enable-testing -g -debug-info-format\=dwarf -dwarf-version\=4 -swift-version 5 -Onone -D SWIFT_PACKAGE -D DEBUG -D SWIFT_MODULE_RESOURCE_BUNDLE_UNAVAILABLE -D Xcode -serialize-debugging-options -enable-experimental-feature DebugDescriptionMacro -empty-abi-descriptor -external-plugin-path /usr/lib/swift/host/plugins/testing\#/usr/bin/swift-plugin-server -validate-clang-modules-once -clang-build-session-file /host/spi-builder-workspace/.build/out/ModuleCache.noindex/Session.modulevalidation -Xcc -working-directory -Xcc /host -enable-anonymous-context-mangled-names -file-compilation-dir /host -Xcc -fno-omit-frame-pointer -Xcc -D_LIBCPP_HARDENING_MODE\=_LIBCPP_HARDENING_MODE_DEBUG -Xcc -fmodules-prune-interval\=86400 -Xcc -fmodules-prune-after\=345600 -Xcc -I/host/spi-builder-workspace/.build/out/Products/Debug-linux-x86_64/include -Xcc -I/host/spi-builder-workspace/.build/out/Intermediates.noindex/UITestingPlus.build/Debug-linux-x86_64/UITestingPlus-t.build/DerivedSources-normal/x86_64 -Xcc -I/host/spi-builder-workspace/.build/out/Intermediates.noindex/UITestingPlus.build/Debug-linux-x86_64/UITestingPlus-t.build/DerivedSources/x86_64 -Xcc -I/host/spi-builder-workspace/.build/out/Intermediates.noindex/UITestingPlus.build/Debug-linux-x86_64/UITestingPlus-t.build/DerivedSources -Xcc -DSWIFT_PACKAGE -Xcc -DDEBUG\=1 -no-auto-bridging-header-chaining -module-name UITestingPlus -const-gather-protocols-file /host/spi-builder-workspace/.build/out/Intermediates.noindex/UITestingPlus.build/Debug-linux-x86_64/UITestingPlus-t.build/Objects-normal/x86_64/UITestingPlus_const_extract_protocols.json -in-process-plugin-server-path /usr/lib/swift/host/libSwiftInProcPluginServer.so -plugin-path /usr/lib/swift/host/plugins -plugin-path /usr/local/lib/swift/host/plugins -emit-module-doc-path /host/spi-builder-workspace/.build/out/Intermediates.noindex/UITestingPlus.build/Debug-linux-x86_64/UITestingPlus-t.build/Objects-normal/x86_64/Modules/UITestingPlus.swiftdoc -emit-module-source-info-path /host/spi-builder-workspace/.build/out/Intermediates.noindex/UITestingPlus.build/Debug-linux-x86_64/UITestingPlus-t.build/Objects-normal/x86_64/Modules/UITestingPlus.swiftsourceinfo -emit-objc-header-path /host/spi-builder-workspace/.build/out/Intermediates.noindex/UITestingPlus.build/Debug-linux-x86_64/UITestingPlus-t.build/Objects-normal/x86_64/UITestingPlus-Swift.h -serialize-diagnostics-path /host/spi-builder-workspace/.build/out/Intermediates.noindex/UITestingPlus.build/Debug-linux-x86_64/UITestingPlus-t.build/Objects-normal/x86_64/UITestingPlus-primary-emit-module.dia -emit-dependencies-path /host/spi-builder-workspace/.build/out/Intermediates.noindex/UITestingPlus.build/Debug-linux-x86_64/UITestingPlus-t.build/Objects-normal/x86_64/UITestingPlus-primary-emit-module.d -parse-as-library -o /host/spi-builder-workspace/.build/out/Intermediates.noindex/UITestingPlus.build/Debug-linux-x86_64/UITestingPlus-t.build/Objects-normal/x86_64/Modules/UITestingPlus.swiftmodule
error: Build failed
BUILD FAILURE 6.4 linux