Build Information
Failed to build Mindbox, reference 2.15.3 (97687e), with Swift 6.4 for watchOS using Xcode 27.0 on 27 Sep 2026 05:42:01 UTC.
Build Command
env DEVELOPER_DIR=/Applications/Xcode-27.0.0-Release.Candidate.app xcrun xcodebuild -IDEClonedSourcePackagesDirPathOverride=$PWD/.dependencies -skipMacroValidation -skipPackagePluginValidation -derivedDataPath $PWD/.derivedData build -scheme Mindbox-Package -destination generic/platform=watchOSBuild Log
Touch /Users/admin/builder/spi-builder-workspace/.derivedData/Build/Products/Debug-watchos/Mindbox_MindboxNotifications.bundle (in target 'Mindbox_MindboxNotifications' from project 'Mindbox')
cd /Users/admin/builder/spi-builder-workspace
/usr/bin/touch -c /Users/admin/builder/spi-builder-workspace/.derivedData/Build/Products/Debug-watchos/Mindbox_MindboxNotifications.bundle
RegisterExecutionPolicyException /Users/admin/builder/spi-builder-workspace/.derivedData/Build/Products/Debug-watchos/Mindbox_MindboxLogger.bundle (in target 'Mindbox_MindboxLogger' from project 'Mindbox')
cd /Users/admin/builder/spi-builder-workspace
builtin-RegisterExecutionPolicyException /Users/admin/builder/spi-builder-workspace/.derivedData/Build/Products/Debug-watchos/Mindbox_MindboxLogger.bundle
RegisterExecutionPolicyException /Users/admin/builder/spi-builder-workspace/.derivedData/Build/Products/Debug-watchos/Mindbox_Mindbox.bundle (in target 'Mindbox_Mindbox' from project 'Mindbox')
cd /Users/admin/builder/spi-builder-workspace
builtin-RegisterExecutionPolicyException /Users/admin/builder/spi-builder-workspace/.derivedData/Build/Products/Debug-watchos/Mindbox_Mindbox.bundle
Touch /Users/admin/builder/spi-builder-workspace/.derivedData/Build/Products/Debug-watchos/Mindbox_Mindbox.bundle (in target 'Mindbox_Mindbox' from project 'Mindbox')
cd /Users/admin/builder/spi-builder-workspace
/usr/bin/touch -c /Users/admin/builder/spi-builder-workspace/.derivedData/Build/Products/Debug-watchos/Mindbox_Mindbox.bundle
Touch /Users/admin/builder/spi-builder-workspace/.derivedData/Build/Products/Debug-watchos/Mindbox_MindboxLogger.bundle (in target 'Mindbox_MindboxLogger' from project 'Mindbox')
cd /Users/admin/builder/spi-builder-workspace
/usr/bin/touch -c /Users/admin/builder/spi-builder-workspace/.derivedData/Build/Products/Debug-watchos/Mindbox_MindboxLogger.bundle
SwiftDriver SDKVersionProvider normal arm64_32 com.apple.xcode.tools.swift.compiler (in target 'SDKVersionProvider' from project 'Mindbox')
cd /Users/admin/builder/spi-builder-workspace/.swiftpm/xcode
builtin-SwiftDriver -- /Applications/Xcode-27.0.0-Release.Candidate.app/Contents/Developer/Toolchains/XcodeDefault.xctoolchain/usr/bin/swiftc -parse-as-library -module-name SDKVersionProvider -Onone @/Users/admin/builder/spi-builder-workspace/.derivedData/Build/Intermediates.noindex/Mindbox.build/Debug-watchos/SDKVersionProvider-t.build/Objects-normal/arm64_32/SDKVersionProvider.SwiftFileList -DSWIFT_PACKAGE -DDEBUG -DSWIFT_MODULE_RESOURCE_BUNDLE_UNAVAILABLE -DXcode -plugin-path /Applications/Xcode-27.0.0-Release.Candidate.app/Contents/Developer/Toolchains/XcodeDefault.xctoolchain/usr/lib/swift/host/plugins/testing -enable-experimental-feature DebugDescriptionMacro -sdk /Applications/Xcode-27.0.0-Release.Candidate.app/Contents/Developer/Platforms/WatchOS.platform/Developer/SDKs/WatchOS27.0.sdk -target arm64_32-apple-watchos9.0 -g -module-cache-path /Users/admin/builder/spi-builder-workspace/.derivedData/ModuleCache.noindex -Xfrontend -serialize-debugging-options -enable-testing -index-store-path /Users/admin/builder/spi-builder-workspace/.derivedData/Index.noindex/DataStore -Xcc -D_LIBCPP_HARDENING_MODE\=_LIBCPP_HARDENING_MODE_DEBUG -swift-version 5 -I /Users/admin/builder/spi-builder-workspace/.derivedData/Build/Products/Debug-watchos -Isystem /Applications/Xcode-27.0.0-Release.Candidate.app/Contents/Developer/Platforms/WatchOS.platform/Developer/usr/lib -F /Users/admin/builder/spi-builder-workspace/.derivedData/Build/Products/Debug-watchos -F /Applications/Xcode-27.0.0-Release.Candidate.app/Contents/Developer/Platforms/WatchOS.platform/Developer/Library/Frameworks -F /Applications/Xcode-27.0.0-Release.Candidate.app/Contents/Developer/Platforms/WatchOS.platform/Developer/SDKs/WatchOS27.0.sdk/Developer/Library/Frameworks -c -j10 -enable-batch-mode -incremental -Xcc -ivfsstatcache -Xcc /Users/admin/builder/spi-builder-workspace/.derivedData/SDKStatCaches.noindex/watchos27.0-24R360-e829b21a6f8c9b70876ba0858053c04477534ef55a1706bf4c1112bbb242f0a2.sdkstatcache -output-file-map /Users/admin/builder/spi-builder-workspace/.derivedData/Build/Intermediates.noindex/Mindbox.build/Debug-watchos/SDKVersionProvider-t.build/Objects-normal/arm64_32/SDKVersionProvider-OutputFileMap.json -save-temps -no-color-diagnostics -explicit-module-build -module-cache-path /Users/admin/builder/spi-builder-workspace/.derivedData/Build/Intermediates.noindex/SwiftExplicitPrecompiledModules -clang-scanner-module-cache-path /Users/admin/builder/spi-builder-workspace/.derivedData/ModuleCache.noindex -sdk-module-cache-path /Users/admin/builder/spi-builder-workspace/.derivedData/SDKExplicitPrecompiledModules -emit-dependencies -emit-module -emit-module-path /Users/admin/builder/spi-builder-workspace/.derivedData/Build/Intermediates.noindex/Mindbox.build/Debug-watchos/SDKVersionProvider-t.build/Objects-normal/arm64_32/SDKVersionProvider.swiftmodule -serialize-diagnostics -dependency-scan-serialize-diagnostics-path /Users/admin/builder/spi-builder-workspace/.derivedData/Build/Intermediates.noindex/Mindbox.build/Debug-watchos/SDKVersionProvider-t.build/Objects-normal/arm64_32/SDKVersionProvider-dependency-scan.dia -validate-clang-modules-once -clang-build-session-file /Users/admin/builder/spi-builder-workspace/.derivedData/ModuleCache.noindex/Session.modulevalidation -Xcc -fmodules-prune-interval\=86400 -Xcc -fmodules-prune-after\=345600 -emit-const-values -const-gather-protocols-list /Users/admin/builder/spi-builder-workspace/.derivedData/Build/Intermediates.noindex/Mindbox.build/Debug-watchos/SDKVersionProvider-t.build/Objects-normal/arm64_32/SDKVersionProvider_const_extract_protocols.json -Xcc -I/Users/admin/builder/spi-builder-workspace/.derivedData/Build/Products/Debug-watchos/include -Xcc -I/Users/admin/builder/spi-builder-workspace/.derivedData/Build/Intermediates.noindex/Mindbox.build/Debug-watchos/SDKVersionProvider-t.build/DerivedSources-normal/arm64_32 -Xcc -I/Users/admin/builder/spi-builder-workspace/.derivedData/Build/Intermediates.noindex/Mindbox.build/Debug-watchos/SDKVersionProvider-t.build/DerivedSources/arm64_32 -Xcc -I/Users/admin/builder/spi-builder-workspace/.derivedData/Build/Intermediates.noindex/Mindbox.build/Debug-watchos/SDKVersionProvider-t.build/DerivedSources -Xcc -DSWIFT_PACKAGE -Xcc -DDEBUG\=1 -emit-objc-header -emit-objc-header-path /Users/admin/builder/spi-builder-workspace/.derivedData/Build/Intermediates.noindex/Mindbox.build/Debug-watchos/SDKVersionProvider-t.build/Objects-normal/arm64_32/SDKVersionProvider-Swift.h -working-directory /Users/admin/builder/spi-builder-workspace/.swiftpm/xcode -experimental-emit-module-separately -disable-cmo
SwiftDriver MindboxLogger normal arm64_32 com.apple.xcode.tools.swift.compiler (in target 'MindboxLogger' from project 'Mindbox')
cd /Users/admin/builder/spi-builder-workspace/.swiftpm/xcode
builtin-SwiftDriver -- /Applications/Xcode-27.0.0-Release.Candidate.app/Contents/Developer/Toolchains/XcodeDefault.xctoolchain/usr/bin/swiftc -parse-as-library -module-name MindboxLogger -Onone @/Users/admin/builder/spi-builder-workspace/.derivedData/Build/Intermediates.noindex/Mindbox.build/Debug-watchos/MindboxLogger-t.build/Objects-normal/arm64_32/MindboxLogger.SwiftFileList -DSWIFT_PACKAGE -DDEBUG -DSWIFT_MODULE_RESOURCE_BUNDLE_AVAILABLE -DXcode -plugin-path /Applications/Xcode-27.0.0-Release.Candidate.app/Contents/Developer/Toolchains/XcodeDefault.xctoolchain/usr/lib/swift/host/plugins/testing -enable-experimental-feature DebugDescriptionMacro -sdk /Applications/Xcode-27.0.0-Release.Candidate.app/Contents/Developer/Platforms/WatchOS.platform/Developer/SDKs/WatchOS27.0.sdk -target arm64_32-apple-watchos9.0 -g -module-cache-path /Users/admin/builder/spi-builder-workspace/.derivedData/ModuleCache.noindex -Xfrontend -serialize-debugging-options -enable-testing -index-store-path /Users/admin/builder/spi-builder-workspace/.derivedData/Index.noindex/DataStore -Xcc -D_LIBCPP_HARDENING_MODE\=_LIBCPP_HARDENING_MODE_DEBUG -swift-version 5 -I /Users/admin/builder/spi-builder-workspace/.derivedData/Build/Products/Debug-watchos -Isystem /Applications/Xcode-27.0.0-Release.Candidate.app/Contents/Developer/Platforms/WatchOS.platform/Developer/usr/lib -F /Users/admin/builder/spi-builder-workspace/.derivedData/Build/Products/Debug-watchos -F /Applications/Xcode-27.0.0-Release.Candidate.app/Contents/Developer/Platforms/WatchOS.platform/Developer/Library/Frameworks -F /Applications/Xcode-27.0.0-Release.Candidate.app/Contents/Developer/Platforms/WatchOS.platform/Developer/SDKs/WatchOS27.0.sdk/Developer/Library/Frameworks -c -j10 -enable-batch-mode -incremental -Xcc -ivfsstatcache -Xcc /Users/admin/builder/spi-builder-workspace/.derivedData/SDKStatCaches.noindex/watchos27.0-24R360-e829b21a6f8c9b70876ba0858053c04477534ef55a1706bf4c1112bbb242f0a2.sdkstatcache -output-file-map /Users/admin/builder/spi-builder-workspace/.derivedData/Build/Intermediates.noindex/Mindbox.build/Debug-watchos/MindboxLogger-t.build/Objects-normal/arm64_32/MindboxLogger-OutputFileMap.json -save-temps -no-color-diagnostics -explicit-module-build -module-cache-path /Users/admin/builder/spi-builder-workspace/.derivedData/Build/Intermediates.noindex/SwiftExplicitPrecompiledModules -clang-scanner-module-cache-path /Users/admin/builder/spi-builder-workspace/.derivedData/ModuleCache.noindex -sdk-module-cache-path /Users/admin/builder/spi-builder-workspace/.derivedData/SDKExplicitPrecompiledModules -emit-dependencies -emit-module -emit-module-path /Users/admin/builder/spi-builder-workspace/.derivedData/Build/Intermediates.noindex/Mindbox.build/Debug-watchos/MindboxLogger-t.build/Objects-normal/arm64_32/MindboxLogger.swiftmodule -serialize-diagnostics -dependency-scan-serialize-diagnostics-path /Users/admin/builder/spi-builder-workspace/.derivedData/Build/Intermediates.noindex/Mindbox.build/Debug-watchos/MindboxLogger-t.build/Objects-normal/arm64_32/MindboxLogger-dependency-scan.dia -validate-clang-modules-once -clang-build-session-file /Users/admin/builder/spi-builder-workspace/.derivedData/ModuleCache.noindex/Session.modulevalidation -Xcc -fmodules-prune-interval\=86400 -Xcc -fmodules-prune-after\=345600 -emit-const-values -const-gather-protocols-list /Users/admin/builder/spi-builder-workspace/.derivedData/Build/Intermediates.noindex/Mindbox.build/Debug-watchos/MindboxLogger-t.build/Objects-normal/arm64_32/MindboxLogger_const_extract_protocols.json -Xcc -I/Users/admin/builder/spi-builder-workspace/.derivedData/Build/Products/Debug-watchos/include -Xcc -I/Users/admin/builder/spi-builder-workspace/.derivedData/Build/Intermediates.noindex/Mindbox.build/Debug-watchos/MindboxLogger-t.build/DerivedSources-normal/arm64_32 -Xcc -I/Users/admin/builder/spi-builder-workspace/.derivedData/Build/Intermediates.noindex/Mindbox.build/Debug-watchos/MindboxLogger-t.build/DerivedSources/arm64_32 -Xcc -I/Users/admin/builder/spi-builder-workspace/.derivedData/Build/Intermediates.noindex/Mindbox.build/Debug-watchos/MindboxLogger-t.build/DerivedSources -Xcc -DSWIFT_PACKAGE -Xcc -DDEBUG\=1 -emit-objc-header -emit-objc-header-path /Users/admin/builder/spi-builder-workspace/.derivedData/Build/Intermediates.noindex/Mindbox.build/Debug-watchos/MindboxLogger-t.build/Objects-normal/arm64_32/MindboxLogger-Swift.h -working-directory /Users/admin/builder/spi-builder-workspace/.swiftpm/xcode -experimental-emit-module-separately -disable-cmo
SwiftDriver SDKVersionProvider normal arm64 com.apple.xcode.tools.swift.compiler (in target 'SDKVersionProvider' from project 'Mindbox')
cd /Users/admin/builder/spi-builder-workspace/.swiftpm/xcode
builtin-SwiftDriver -- /Applications/Xcode-27.0.0-Release.Candidate.app/Contents/Developer/Toolchains/XcodeDefault.xctoolchain/usr/bin/swiftc -parse-as-library -module-name SDKVersionProvider -Onone @/Users/admin/builder/spi-builder-workspace/.derivedData/Build/Intermediates.noindex/Mindbox.build/Debug-watchos/SDKVersionProvider-t.build/Objects-normal/arm64/SDKVersionProvider.SwiftFileList -DSWIFT_PACKAGE -DDEBUG -DSWIFT_MODULE_RESOURCE_BUNDLE_UNAVAILABLE -DXcode -plugin-path /Applications/Xcode-27.0.0-Release.Candidate.app/Contents/Developer/Toolchains/XcodeDefault.xctoolchain/usr/lib/swift/host/plugins/testing -enable-experimental-feature DebugDescriptionMacro -sdk /Applications/Xcode-27.0.0-Release.Candidate.app/Contents/Developer/Platforms/WatchOS.platform/Developer/SDKs/WatchOS27.0.sdk -target arm64-apple-watchos9.0 -g -module-cache-path /Users/admin/builder/spi-builder-workspace/.derivedData/ModuleCache.noindex -Xfrontend -serialize-debugging-options -enable-testing -index-store-path /Users/admin/builder/spi-builder-workspace/.derivedData/Index.noindex/DataStore -Xcc -D_LIBCPP_HARDENING_MODE\=_LIBCPP_HARDENING_MODE_DEBUG -swift-version 5 -I /Users/admin/builder/spi-builder-workspace/.derivedData/Build/Products/Debug-watchos -Isystem /Applications/Xcode-27.0.0-Release.Candidate.app/Contents/Developer/Platforms/WatchOS.platform/Developer/usr/lib -F /Users/admin/builder/spi-builder-workspace/.derivedData/Build/Products/Debug-watchos -F /Applications/Xcode-27.0.0-Release.Candidate.app/Contents/Developer/Platforms/WatchOS.platform/Developer/Library/Frameworks -F /Applications/Xcode-27.0.0-Release.Candidate.app/Contents/Developer/Platforms/WatchOS.platform/Developer/SDKs/WatchOS27.0.sdk/Developer/Library/Frameworks -c -j10 -enable-batch-mode -incremental -Xcc -ivfsstatcache -Xcc /Users/admin/builder/spi-builder-workspace/.derivedData/SDKStatCaches.noindex/watchos27.0-24R360-e829b21a6f8c9b70876ba0858053c04477534ef55a1706bf4c1112bbb242f0a2.sdkstatcache -output-file-map /Users/admin/builder/spi-builder-workspace/.derivedData/Build/Intermediates.noindex/Mindbox.build/Debug-watchos/SDKVersionProvider-t.build/Objects-normal/arm64/SDKVersionProvider-OutputFileMap.json -save-temps -no-color-diagnostics -explicit-module-build -module-cache-path /Users/admin/builder/spi-builder-workspace/.derivedData/Build/Intermediates.noindex/SwiftExplicitPrecompiledModules -clang-scanner-module-cache-path /Users/admin/builder/spi-builder-workspace/.derivedData/ModuleCache.noindex -sdk-module-cache-path /Users/admin/builder/spi-builder-workspace/.derivedData/SDKExplicitPrecompiledModules -emit-dependencies -emit-module -emit-module-path /Users/admin/builder/spi-builder-workspace/.derivedData/Build/Intermediates.noindex/Mindbox.build/Debug-watchos/SDKVersionProvider-t.build/Objects-normal/arm64/SDKVersionProvider.swiftmodule -serialize-diagnostics -dependency-scan-serialize-diagnostics-path /Users/admin/builder/spi-builder-workspace/.derivedData/Build/Intermediates.noindex/Mindbox.build/Debug-watchos/SDKVersionProvider-t.build/Objects-normal/arm64/SDKVersionProvider-dependency-scan.dia -validate-clang-modules-once -clang-build-session-file /Users/admin/builder/spi-builder-workspace/.derivedData/ModuleCache.noindex/Session.modulevalidation -Xcc -fmodules-prune-interval\=86400 -Xcc -fmodules-prune-after\=345600 -emit-const-values -const-gather-protocols-list /Users/admin/builder/spi-builder-workspace/.derivedData/Build/Intermediates.noindex/Mindbox.build/Debug-watchos/SDKVersionProvider-t.build/Objects-normal/arm64/SDKVersionProvider_const_extract_protocols.json -Xcc -I/Users/admin/builder/spi-builder-workspace/.derivedData/Build/Products/Debug-watchos/include -Xcc -I/Users/admin/builder/spi-builder-workspace/.derivedData/Build/Intermediates.noindex/Mindbox.build/Debug-watchos/SDKVersionProvider-t.build/DerivedSources-normal/arm64 -Xcc -I/Users/admin/builder/spi-builder-workspace/.derivedData/Build/Intermediates.noindex/Mindbox.build/Debug-watchos/SDKVersionProvider-t.build/DerivedSources/arm64 -Xcc -I/Users/admin/builder/spi-builder-workspace/.derivedData/Build/Intermediates.noindex/Mindbox.build/Debug-watchos/SDKVersionProvider-t.build/DerivedSources -Xcc -DSWIFT_PACKAGE -Xcc -DDEBUG\=1 -emit-objc-header -emit-objc-header-path /Users/admin/builder/spi-builder-workspace/.derivedData/Build/Intermediates.noindex/Mindbox.build/Debug-watchos/SDKVersionProvider-t.build/Objects-normal/arm64/SDKVersionProvider-Swift.h -working-directory /Users/admin/builder/spi-builder-workspace/.swiftpm/xcode -experimental-emit-module-separately -disable-cmo
SwiftDriver MindboxLogger normal arm64 com.apple.xcode.tools.swift.compiler (in target 'MindboxLogger' from project 'Mindbox')
cd /Users/admin/builder/spi-builder-workspace/.swiftpm/xcode
builtin-SwiftDriver -- /Applications/Xcode-27.0.0-Release.Candidate.app/Contents/Developer/Toolchains/XcodeDefault.xctoolchain/usr/bin/swiftc -parse-as-library -module-name MindboxLogger -Onone @/Users/admin/builder/spi-builder-workspace/.derivedData/Build/Intermediates.noindex/Mindbox.build/Debug-watchos/MindboxLogger-t.build/Objects-normal/arm64/MindboxLogger.SwiftFileList -DSWIFT_PACKAGE -DDEBUG -DSWIFT_MODULE_RESOURCE_BUNDLE_AVAILABLE -DXcode -plugin-path /Applications/Xcode-27.0.0-Release.Candidate.app/Contents/Developer/Toolchains/XcodeDefault.xctoolchain/usr/lib/swift/host/plugins/testing -enable-experimental-feature DebugDescriptionMacro -sdk /Applications/Xcode-27.0.0-Release.Candidate.app/Contents/Developer/Platforms/WatchOS.platform/Developer/SDKs/WatchOS27.0.sdk -target arm64-apple-watchos9.0 -g -module-cache-path /Users/admin/builder/spi-builder-workspace/.derivedData/ModuleCache.noindex -Xfrontend -serialize-debugging-options -enable-testing -index-store-path /Users/admin/builder/spi-builder-workspace/.derivedData/Index.noindex/DataStore -Xcc -D_LIBCPP_HARDENING_MODE\=_LIBCPP_HARDENING_MODE_DEBUG -swift-version 5 -I /Users/admin/builder/spi-builder-workspace/.derivedData/Build/Products/Debug-watchos -Isystem /Applications/Xcode-27.0.0-Release.Candidate.app/Contents/Developer/Platforms/WatchOS.platform/Developer/usr/lib -F /Users/admin/builder/spi-builder-workspace/.derivedData/Build/Products/Debug-watchos -F /Applications/Xcode-27.0.0-Release.Candidate.app/Contents/Developer/Platforms/WatchOS.platform/Developer/Library/Frameworks -F /Applications/Xcode-27.0.0-Release.Candidate.app/Contents/Developer/Platforms/WatchOS.platform/Developer/SDKs/WatchOS27.0.sdk/Developer/Library/Frameworks -c -j10 -enable-batch-mode -incremental -Xcc -ivfsstatcache -Xcc /Users/admin/builder/spi-builder-workspace/.derivedData/SDKStatCaches.noindex/watchos27.0-24R360-e829b21a6f8c9b70876ba0858053c04477534ef55a1706bf4c1112bbb242f0a2.sdkstatcache -output-file-map /Users/admin/builder/spi-builder-workspace/.derivedData/Build/Intermediates.noindex/Mindbox.build/Debug-watchos/MindboxLogger-t.build/Objects-normal/arm64/MindboxLogger-OutputFileMap.json -save-temps -no-color-diagnostics -explicit-module-build -module-cache-path /Users/admin/builder/spi-builder-workspace/.derivedData/Build/Intermediates.noindex/SwiftExplicitPrecompiledModules -clang-scanner-module-cache-path /Users/admin/builder/spi-builder-workspace/.derivedData/ModuleCache.noindex -sdk-module-cache-path /Users/admin/builder/spi-builder-workspace/.derivedData/SDKExplicitPrecompiledModules -emit-dependencies -emit-module -emit-module-path /Users/admin/builder/spi-builder-workspace/.derivedData/Build/Intermediates.noindex/Mindbox.build/Debug-watchos/MindboxLogger-t.build/Objects-normal/arm64/MindboxLogger.swiftmodule -serialize-diagnostics -dependency-scan-serialize-diagnostics-path /Users/admin/builder/spi-builder-workspace/.derivedData/Build/Intermediates.noindex/Mindbox.build/Debug-watchos/MindboxLogger-t.build/Objects-normal/arm64/MindboxLogger-dependency-scan.dia -validate-clang-modules-once -clang-build-session-file /Users/admin/builder/spi-builder-workspace/.derivedData/ModuleCache.noindex/Session.modulevalidation -Xcc -fmodules-prune-interval\=86400 -Xcc -fmodules-prune-after\=345600 -emit-const-values -const-gather-protocols-list /Users/admin/builder/spi-builder-workspace/.derivedData/Build/Intermediates.noindex/Mindbox.build/Debug-watchos/MindboxLogger-t.build/Objects-normal/arm64/MindboxLogger_const_extract_protocols.json -Xcc -I/Users/admin/builder/spi-builder-workspace/.derivedData/Build/Products/Debug-watchos/include -Xcc -I/Users/admin/builder/spi-builder-workspace/.derivedData/Build/Intermediates.noindex/Mindbox.build/Debug-watchos/MindboxLogger-t.build/DerivedSources-normal/arm64 -Xcc -I/Users/admin/builder/spi-builder-workspace/.derivedData/Build/Intermediates.noindex/Mindbox.build/Debug-watchos/MindboxLogger-t.build/DerivedSources/arm64 -Xcc -I/Users/admin/builder/spi-builder-workspace/.derivedData/Build/Intermediates.noindex/Mindbox.build/Debug-watchos/MindboxLogger-t.build/DerivedSources -Xcc -DSWIFT_PACKAGE -Xcc -DDEBUG\=1 -emit-objc-header -emit-objc-header-path /Users/admin/builder/spi-builder-workspace/.derivedData/Build/Intermediates.noindex/Mindbox.build/Debug-watchos/MindboxLogger-t.build/Objects-normal/arm64/MindboxLogger-Swift.h -working-directory /Users/admin/builder/spi-builder-workspace/.swiftpm/xcode -experimental-emit-module-separately -disable-cmo
SwiftExplicitDependencyGeneratePcm arm64 /Users/admin/builder/spi-builder-workspace/.derivedData/SDKExplicitPrecompiledModules/ptrauth-3TZ9WJCGLYD25HQPWH4968ONX.pcm
SwiftExplicitDependencyGeneratePcm arm64 /Users/admin/builder/spi-builder-workspace/.derivedData/SDKExplicitPrecompiledModules/_Builtin_float-C0CW5Q4HGBQYKE77TC42IAFB5.pcm
SwiftExplicitDependencyGeneratePcm arm64 /Users/admin/builder/spi-builder-workspace/.derivedData/SDKExplicitPrecompiledModules/_AvailabilityInternal-BUNV3UXM65NT37THI4W1AM0SF.pcm
SwiftExplicitDependencyGeneratePcm arm64 /Users/admin/builder/spi-builder-workspace/.derivedData/SDKExplicitPrecompiledModules/_Builtin_stddef-1FU30Y8SWFB7OUUHMJQH5J6FM.pcm
SwiftExplicitDependencyGeneratePcm arm64 /Users/admin/builder/spi-builder-workspace/.derivedData/SDKExplicitPrecompiledModules/ptrcheck-AIF0NDOYZ8ORBNHQAQR5NNB8M.pcm
SwiftExplicitDependencyGeneratePcm arm64 /Users/admin/builder/spi-builder-workspace/.derivedData/SDKExplicitPrecompiledModules/_Builtin_stdbool-83J96QSOFE9VX04AAS6310UAE.pcm
SwiftExplicitDependencyGeneratePcm arm64 /Users/admin/builder/spi-builder-workspace/.derivedData/SDKExplicitPrecompiledModules/_Builtin_stdarg-A7UU8LE6MP85SM26YO7PBZNUQ.pcm
SwiftExplicitDependencyGeneratePcm arm64 /Users/admin/builder/spi-builder-workspace/.derivedData/SDKExplicitPrecompiledModules/_SwiftConcurrencyShims-659N52XSKR5F0QSB880BH2FJR.pcm
SwiftExplicitDependencyGeneratePcm arm64_32 /Users/admin/builder/spi-builder-workspace/.derivedData/SDKExplicitPrecompiledModules/_Builtin_float-6KO8O3PEWRCA4WC6PPLOYO6WJ.pcm
SwiftExplicitDependencyGeneratePcm arm64_32 /Users/admin/builder/spi-builder-workspace/.derivedData/SDKExplicitPrecompiledModules/ptrcheck-7ELIH9BTIGVKX3UBITM9N72WD.pcm
SwiftExplicitDependencyGeneratePcm arm64_32 /Users/admin/builder/spi-builder-workspace/.derivedData/SDKExplicitPrecompiledModules/_Builtin_stddef-H44EFHQX6XSS5MZ7QP6YJZ76.pcm
SwiftExplicitDependencyGeneratePcm arm64_32 /Users/admin/builder/spi-builder-workspace/.derivedData/SDKExplicitPrecompiledModules/SwiftShims-9CQQGWTSNTN9EB5NSHDWUJICH.pcm
SwiftExplicitDependencyGeneratePcm arm64_32 /Users/admin/builder/spi-builder-workspace/.derivedData/SDKExplicitPrecompiledModules/ptrauth-BFXF358ME5AK535N5A9Z766WU.pcm
SwiftExplicitDependencyGeneratePcm arm64_32 /Users/admin/builder/spi-builder-workspace/.derivedData/SDKExplicitPrecompiledModules/_AvailabilityInternal-244WAN3Z1QBT7PIA64EZEFY1R.pcm
SwiftExplicitDependencyGeneratePcm arm64_32 /Users/admin/builder/spi-builder-workspace/.derivedData/SDKExplicitPrecompiledModules/_SwiftConcurrencyShims-6RTBPQ03V7BM9SPRK8SUE055H.pcm
SwiftExplicitDependencyGeneratePcm arm64 /Users/admin/builder/spi-builder-workspace/.derivedData/SDKExplicitPrecompiledModules/SwiftShims-4MXFZPV6FEB0XBYXCGPWAMQGL.pcm
SwiftExplicitDependencyGeneratePcm arm64 /Users/admin/builder/spi-builder-workspace/.derivedData/SDKExplicitPrecompiledModules/_DarwinFoundation1-7SPX3MD0HMP55E4OLNCPNDQ53.pcm
SwiftExplicitDependencyGeneratePcm arm64_32 /Users/admin/builder/spi-builder-workspace/.derivedData/SDKExplicitPrecompiledModules/_Builtin_stdbool-A967K8W8YUYEC9SN52KJ7OO88.pcm
SwiftExplicitDependencyGeneratePcm arm64_32 /Users/admin/builder/spi-builder-workspace/.derivedData/SDKExplicitPrecompiledModules/_Builtin_stdarg-D305JG44A2WPI6CJY37X3QJE8.pcm
SwiftExplicitDependencyGeneratePcm arm64_32 /Users/admin/builder/spi-builder-workspace/.derivedData/SDKExplicitPrecompiledModules/_DarwinFoundation1-2GWF9RFMPLQW4PDHS3NARVI3G.pcm
SwiftExplicitDependencyGeneratePcm arm64 /Users/admin/builder/spi-builder-workspace/.derivedData/SDKExplicitPrecompiledModules/_Builtin_limits-9GWPA2B0H20DYUNYHYCWKABJG.pcm
SwiftExplicitDependencyGeneratePcm arm64 /Users/admin/builder/spi-builder-workspace/.derivedData/SDKExplicitPrecompiledModules/_DarwinFoundation2-D0XAPJU49S5E9XMKYOFGSTB1Q.pcm
SwiftExplicitDependencyGeneratePcm arm64_32 /Users/admin/builder/spi-builder-workspace/.derivedData/SDKExplicitPrecompiledModules/_Builtin_limits-3VKBU2AFTD65PAJZ5CJ3LHFM2.pcm
SwiftExplicitDependencyGeneratePcm arm64_32 /Users/admin/builder/spi-builder-workspace/.derivedData/SDKExplicitPrecompiledModules/_DarwinFoundation2-9MY8GOSYRO0M9MKNXF6D3MBNK.pcm
SwiftExplicitDependencyGeneratePcm arm64 /Users/admin/builder/spi-builder-workspace/.derivedData/SDKExplicitPrecompiledModules/sys_types-2KXQLI78OUCDP779AE68GZJ2.pcm
SwiftExplicitDependencyGeneratePcm arm64 /Users/admin/builder/spi-builder-workspace/.derivedData/SDKExplicitPrecompiledModules/string_h-E6PRXK75PHIPCZFWOFCQ3QBMK.pcm
SwiftExplicitDependencyGeneratePcm arm64 /Users/admin/builder/spi-builder-workspace/.derivedData/SDKExplicitPrecompiledModules/_Builtin_stdint-8XMILLJZEGRN2XG7XZUXZ5RLX.pcm
SwiftExplicitDependencyGeneratePcm arm64_32 /Users/admin/builder/spi-builder-workspace/.derivedData/SDKExplicitPrecompiledModules/_Builtin_tgmath-23PGCKURCQILXMK0MYZRYDCOU.pcm
SwiftExplicitDependencyGeneratePcm arm64_32 /Users/admin/builder/spi-builder-workspace/.derivedData/SDKExplicitPrecompiledModules/SQLite3-XQYJ99QSC0C1F9QFMDJ3G2YG.pcm
SwiftExplicitDependencyGeneratePcm arm64_32 /Users/admin/builder/spi-builder-workspace/.derivedData/SDKExplicitPrecompiledModules/DeveloperToolsSupport-DZU5G1OCMNWU0AQRULIFHUJ1Z.pcm
SwiftExplicitDependencyGeneratePcm arm64_32 /Users/admin/builder/spi-builder-workspace/.derivedData/SDKExplicitPrecompiledModules/string_h-BFVLUQUSBZWYMLCU9QI7VZALW.pcm
SwiftExplicitDependencyGeneratePcm arm64_32 /Users/admin/builder/spi-builder-workspace/.derivedData/SDKExplicitPrecompiledModules/sys_types-8TLLMW08ZJWDGIIPKOYFGHHZW.pcm
SwiftExplicitDependencyGeneratePcm arm64_32 /Users/admin/builder/spi-builder-workspace/.derivedData/SDKExplicitPrecompiledModules/_Builtin_stdint-1HMXWI3V0V4TXHRWZOMZGZ80Y.pcm
SwiftExplicitDependencyGeneratePcm arm64 /Users/admin/builder/spi-builder-workspace/.derivedData/SDKExplicitPrecompiledModules/_Builtin_tgmath-8NQ96OZ0YHXEC24JI95P01UF8.pcm
SwiftExplicitDependencyGeneratePcm arm64 /Users/admin/builder/spi-builder-workspace/.derivedData/SDKExplicitPrecompiledModules/SQLite3-5AWX4HLVYPUFTBU8N2ZLPZUG4.pcm
SwiftExplicitDependencyGeneratePcm arm64 /Users/admin/builder/spi-builder-workspace/.derivedData/SDKExplicitPrecompiledModules/DeveloperToolsSupport-E7CNISCB36UE8XQ9IOHK9XDX1.pcm
SwiftExplicitDependencyGeneratePcm arm64 /Users/admin/builder/spi-builder-workspace/.derivedData/SDKExplicitPrecompiledModules/_Builtin_intrinsics-75960HIPCIYA06IUW8FIIPQT.pcm
SwiftExplicitDependencyGeneratePcm arm64 /Users/admin/builder/spi-builder-workspace/.derivedData/SDKExplicitPrecompiledModules/_Builtin_stdatomic-7JEFA3KBJJJN6TKJWY3OG1VG5.pcm
SwiftExplicitDependencyGeneratePcm arm64 /Users/admin/builder/spi-builder-workspace/.derivedData/SDKExplicitPrecompiledModules/_DarwinFoundation3-B97LRG0E9GON2NUE65TVG81HU.pcm
SwiftExplicitDependencyGeneratePcm arm64_32 /Users/admin/builder/spi-builder-workspace/.derivedData/SDKExplicitPrecompiledModules/_Builtin_stdatomic-1TY035TURL76BF2U98PZPPZRX.pcm
SwiftExplicitDependencyGeneratePcm arm64_32 /Users/admin/builder/spi-builder-workspace/.derivedData/SDKExplicitPrecompiledModules/_Builtin_intrinsics-196IIAKDQVU42DLOZP9OQCV76.pcm
SwiftExplicitDependencyGeneratePcm arm64_32 /Users/admin/builder/spi-builder-workspace/.derivedData/SDKExplicitPrecompiledModules/_DarwinFoundation3-3DUTYQDQSD9HUAAVY947NMWOI.pcm
SwiftExplicitDependencyGeneratePcm arm64 /Users/admin/builder/spi-builder-workspace/.derivedData/SDKExplicitPrecompiledModules/_Builtin_inttypes-3UQSCM7WNM9EK4HZML8TY5J3D.pcm
SwiftExplicitDependencyGeneratePcm arm64_32 /Users/admin/builder/spi-builder-workspace/.derivedData/SDKExplicitPrecompiledModules/_Builtin_inttypes-D2KPCR4PEX9AQA33NGLUT5SBR.pcm
SwiftExplicitDependencyGeneratePcm arm64 /Users/admin/builder/spi-builder-workspace/.derivedData/SDKExplicitPrecompiledModules/Darwin-3984OXKFNSPE77NT743WK8SEX.pcm
SwiftExplicitDependencyGeneratePcm arm64_32 /Users/admin/builder/spi-builder-workspace/.derivedData/SDKExplicitPrecompiledModules/Darwin-3FVT1SKLN2ZQ5RVOABMTQBB34.pcm
SwiftExplicitDependencyGeneratePcm arm64 /Users/admin/builder/spi-builder-workspace/.derivedData/SDKExplicitPrecompiledModules/simd-EH08NODU6574T74ZKU61VP9BW.pcm
SwiftExplicitDependencyGeneratePcm arm64_32 /Users/admin/builder/spi-builder-workspace/.derivedData/SDKExplicitPrecompiledModules/simd-21UNWYOBUZI1LVSQ99S1XBLMO.pcm
SwiftExplicitDependencyGeneratePcm arm64_32 /Users/admin/builder/spi-builder-workspace/.derivedData/SDKExplicitPrecompiledModules/ObjectiveC-6IJNELR2E80E7LUKESVCP2KET.pcm
SwiftExplicitDependencyGeneratePcm arm64_32 /Users/admin/builder/spi-builder-workspace/.derivedData/SDKExplicitPrecompiledModules/MachO-56838ZJ0NC1EBAJ0O6O8QMPDX.pcm
SwiftExplicitDependencyGeneratePcm arm64 /Users/admin/builder/spi-builder-workspace/.derivedData/SDKExplicitPrecompiledModules/ObjectiveC-72IVD3VS2RS8Q28D9PIMY0KQP.pcm
SwiftExplicitDependencyGeneratePcm arm64 /Users/admin/builder/spi-builder-workspace/.derivedData/SDKExplicitPrecompiledModules/MachO-2U90NNSAQILBNBPS1SA4F8TYP.pcm
SwiftExplicitDependencyGeneratePcm arm64_32 /Users/admin/builder/spi-builder-workspace/.derivedData/SDKExplicitPrecompiledModules/os_object-5YWTC6L4756IWSTPGXS5NM0D0.pcm
SwiftExplicitDependencyGeneratePcm arm64 /Users/admin/builder/spi-builder-workspace/.derivedData/SDKExplicitPrecompiledModules/os_object-3SDKD7F87FTZ26OON37DRYT6O.pcm
SwiftExplicitDependencyGeneratePcm arm64 /Users/admin/builder/spi-builder-workspace/.derivedData/SDKExplicitPrecompiledModules/Spatial-44FJGYXFAT2AQAW9Z6T7YS02U.pcm
SwiftExplicitDependencyGeneratePcm arm64 /Users/admin/builder/spi-builder-workspace/.derivedData/SDKExplicitPrecompiledModules/os_workgroup-89GG5G7YC2D0ZTK6AZXXQ20DH.pcm
SwiftExplicitDependencyGeneratePcm arm64_32 /Users/admin/builder/spi-builder-workspace/.derivedData/SDKExplicitPrecompiledModules/os_workgroup-5JHTPDMNBUNHLJI8LPHKQK1JK.pcm
SwiftExplicitDependencyGeneratePcm arm64_32 /Users/admin/builder/spi-builder-workspace/.derivedData/SDKExplicitPrecompiledModules/Spatial-CWVWNML3T0NXVHZDKVLD3X1YZ.pcm
SwiftExplicitDependencyGeneratePcm arm64_32 /Users/admin/builder/spi-builder-workspace/.derivedData/SDKExplicitPrecompiledModules/Dispatch-2P62F1T4XV63S4P99TUDTOK2Q.pcm
SwiftExplicitDependencyGeneratePcm arm64 /Users/admin/builder/spi-builder-workspace/.derivedData/SDKExplicitPrecompiledModules/Dispatch-1NLJOVAK60XP0DUB05XA59EIM.pcm
SwiftExplicitDependencyGeneratePcm arm64_32 /Users/admin/builder/spi-builder-workspace/.derivedData/SDKExplicitPrecompiledModules/XPC-81Y45QFY96XYYFCW2GT6FY8S4.pcm
SwiftExplicitDependencyGeneratePcm arm64_32 /Users/admin/builder/spi-builder-workspace/.derivedData/SDKExplicitPrecompiledModules/CoreFoundation-8E6Y4BA3EXYKUGJ24GT9LGV3N.pcm
SwiftExplicitDependencyGeneratePcm arm64 /Users/admin/builder/spi-builder-workspace/.derivedData/SDKExplicitPrecompiledModules/XPC-40DR0X1DHKGCV4J1IOLFS8MOU.pcm
SwiftExplicitDependencyGeneratePcm arm64 /Users/admin/builder/spi-builder-workspace/.derivedData/SDKExplicitPrecompiledModules/CoreFoundation-8T2L24YC5NU7WO6WQJWRY7W08.pcm
SwiftExplicitDependencyGeneratePcm arm64 /Users/admin/builder/spi-builder-workspace/.derivedData/SDKExplicitPrecompiledModules/os-5DIL6Z9LFIGLMZAHM7X2T5435.pcm
SwiftExplicitDependencyGeneratePcm arm64_32 /Users/admin/builder/spi-builder-workspace/.derivedData/SDKExplicitPrecompiledModules/os-E5IGB442IA6SBB25TTCOLK2OC.pcm
SwiftExplicitDependencyGeneratePcm arm64_32 /Users/admin/builder/spi-builder-workspace/.derivedData/SDKExplicitPrecompiledModules/CoreGraphics-9FDXYX6BKBUT6TJ2VF819E7T5.pcm
SwiftExplicitDependencyGeneratePcm arm64_32 /Users/admin/builder/spi-builder-workspace/.derivedData/SDKExplicitPrecompiledModules/Security-D7TOWF88VWF67TB9HAFP5UWB1.pcm
SwiftExplicitDependencyGeneratePcm arm64 /Users/admin/builder/spi-builder-workspace/.derivedData/SDKExplicitPrecompiledModules/Security-6RZ6YBRU8WCUHRFFRVUK5WKMM.pcm
SwiftExplicitDependencyGeneratePcm arm64 /Users/admin/builder/spi-builder-workspace/.derivedData/SDKExplicitPrecompiledModules/CoreGraphics-DWNZ73GEH98SBJXZ7DEXB420K.pcm
SwiftExplicitDependencyGeneratePcm arm64_32 /Users/admin/builder/spi-builder-workspace/.derivedData/SDKExplicitPrecompiledModules/Foundation-BJ2VQGI3OGR34500MEQ1VKHPH.pcm
SwiftExplicitDependencyGeneratePcm arm64 /Users/admin/builder/spi-builder-workspace/.derivedData/SDKExplicitPrecompiledModules/Foundation-DLBKUSGXN8QHAT8W0OARR9S8A.pcm
SwiftExplicitDependencyGeneratePcm arm64_32 /Users/admin/builder/spi-builder-workspace/.derivedData/SDKExplicitPrecompiledModules/CoreText-C9X2REPZN2V5BSU4G80FCETDR.pcm
SwiftExplicitDependencyGeneratePcm arm64_32 /Users/admin/builder/spi-builder-workspace/.derivedData/SDKExplicitPrecompiledModules/CoreVideo-2P8HI0403J99LBDPKNFJ5D4DL.pcm
SwiftExplicitDependencyGeneratePcm arm64 /Users/admin/builder/spi-builder-workspace/.derivedData/SDKExplicitPrecompiledModules/CoreText-970YJN6NIYGK1316L35Z0O8QT.pcm
SwiftExplicitDependencyGeneratePcm arm64 /Users/admin/builder/spi-builder-workspace/.derivedData/SDKExplicitPrecompiledModules/CoreVideo-8MRR5MNWUOAW2DBPGUQ8FKK4.pcm
SwiftExplicitDependencyGeneratePcm arm64 /Users/admin/builder/spi-builder-workspace/.derivedData/SDKExplicitPrecompiledModules/CoreData-9JFJC4UET8BAO5IPV2JU6W9V8.pcm
SwiftExplicitDependencyGeneratePcm arm64 /Users/admin/builder/spi-builder-workspace/.derivedData/SDKExplicitPrecompiledModules/OSLog-B7VGO357Y3GJG35TST7DKDSI3.pcm
SwiftExplicitDependencyGeneratePcm arm64 /Users/admin/builder/spi-builder-workspace/.derivedData/SDKExplicitPrecompiledModules/UniformTypeIdentifiers-8L08Q8DQJV8C4AW84YVGFGTRN.pcm
SwiftExplicitDependencyGeneratePcm arm64 /Users/admin/builder/spi-builder-workspace/.derivedData/SDKExplicitPrecompiledModules/UIUtilities-IR7RNW23VAUKYI9MLCS9NL9A.pcm
SwiftEmitModule normal arm64 Emitting\ module\ for\ SDKVersionProvider (in target 'SDKVersionProvider' from project 'Mindbox')
SwiftCompile normal arm64 (in target 'SDKVersionProvider' from project 'Mindbox')
cd /Users/admin/builder/spi-builder-workspace/.swiftpm/xcode
SwiftExplicitDependencyGeneratePcm arm64 /Users/admin/builder/spi-builder-workspace/.derivedData/SDKExplicitPrecompiledModules/_LocationEssentials-5ZZDGDXB6HLQUC72SJW7YJ7MK.pcm
SwiftExplicitDependencyGeneratePcm arm64 /Users/admin/builder/spi-builder-workspace/.derivedData/SDKExplicitPrecompiledModules/UserNotifications-ARAH8MEQ0C2L0FBO39HITJMAO.pcm
SwiftExplicitDependencyGeneratePcm arm64 /Users/admin/builder/spi-builder-workspace/.derivedData/SDKExplicitPrecompiledModules/DataDetection-7BNVI1SZW5ISQL5SX4WL2X7I5.pcm
SwiftExplicitDependencyGeneratePcm arm64 /Users/admin/builder/spi-builder-workspace/.derivedData/SDKExplicitPrecompiledModules/Symbols-3EFABTJ9L5PQDJ7RQCYQWEJMM.pcm
SwiftEmitModule normal arm64_32 Emitting\ module\ for\ SDKVersionProvider (in target 'SDKVersionProvider' from project 'Mindbox')
SwiftCompile normal arm64_32 (in target 'SDKVersionProvider' from project 'Mindbox')
cd /Users/admin/builder/spi-builder-workspace/.swiftpm/xcode
SwiftExplicitDependencyGeneratePcm arm64_32 /Users/admin/builder/spi-builder-workspace/.derivedData/SDKExplicitPrecompiledModules/QuartzCore-6375NPYACK5NYVHPMC1QQ8MC2.pcm
SwiftExplicitDependencyGeneratePcm arm64_32 /Users/admin/builder/spi-builder-workspace/.derivedData/SDKExplicitPrecompiledModules/Accessibility-F385OMZ5GYBUY5O4QAJB4NRII.pcm
SwiftExplicitDependencyGeneratePcm arm64 /Users/admin/builder/spi-builder-workspace/.derivedData/SDKExplicitPrecompiledModules/CoreLocation-ACKJ9K7ABI14F97Y46Y6SRR17.pcm
SwiftExplicitDependencyGeneratePcm arm64_32 /Users/admin/builder/spi-builder-workspace/.derivedData/SDKExplicitPrecompiledModules/UserNotifications-6TBN8TEAKO014N1T2QD926XED.pcm
SwiftExplicitDependencyGeneratePcm arm64_32 /Users/admin/builder/spi-builder-workspace/.derivedData/SDKExplicitPrecompiledModules/Symbols-1H97WMG76HU94F5VGJR19PXFY.pcm
SwiftExplicitDependencyGeneratePcm arm64_32 /Users/admin/builder/spi-builder-workspace/.derivedData/SDKExplicitPrecompiledModules/DataDetection-U9BF7WHFVA6BZGFXXXP272PS.pcm
SwiftExplicitDependencyGeneratePcm arm64_32 /Users/admin/builder/spi-builder-workspace/.derivedData/SDKExplicitPrecompiledModules/CoreTransferable-5D4IR6X37682FPHJ5CBPTKQV6.pcm
SwiftExplicitDependencyGeneratePcm arm64_32 /Users/admin/builder/spi-builder-workspace/.derivedData/SDKExplicitPrecompiledModules/UniformTypeIdentifiers-CJZ3NTHPSBH4XWX5EVOG56UZS.pcm
SwiftExplicitDependencyGeneratePcm arm64 /Users/admin/builder/spi-builder-workspace/.derivedData/SDKExplicitPrecompiledModules/Accessibility-27QMG6ZQ1NKYTNBYFPM1XKNFC.pcm
SwiftDriverJobDiscovery normal arm64_32 Emitting module for SDKVersionProvider (in target 'SDKVersionProvider' from project 'Mindbox')
SwiftExplicitDependencyGeneratePcm arm64 /Users/admin/builder/spi-builder-workspace/.derivedData/SDKExplicitPrecompiledModules/CoreTransferable-9PPG3SLJ55T4LITIFYX2M0NOZ.pcm
SwiftDriverJobDiscovery normal arm64 Emitting module for SDKVersionProvider (in target 'SDKVersionProvider' from project 'Mindbox')
SwiftDriver\ Compilation\ Requirements SDKVersionProvider normal arm64_32 com.apple.xcode.tools.swift.compiler (in target 'SDKVersionProvider' from project 'Mindbox')
cd /Users/admin/builder/spi-builder-workspace/.swiftpm/xcode
builtin-Swift-Compilation-Requirements -- /Applications/Xcode-27.0.0-Release.Candidate.app/Contents/Developer/Toolchains/XcodeDefault.xctoolchain/usr/bin/swiftc -parse-as-library -module-name SDKVersionProvider -Onone @/Users/admin/builder/spi-builder-workspace/.derivedData/Build/Intermediates.noindex/Mindbox.build/Debug-watchos/SDKVersionProvider-t.build/Objects-normal/arm64_32/SDKVersionProvider.SwiftFileList -DSWIFT_PACKAGE -DDEBUG -DSWIFT_MODULE_RESOURCE_BUNDLE_UNAVAILABLE -DXcode -plugin-path /Applications/Xcode-27.0.0-Release.Candidate.app/Contents/Developer/Toolchains/XcodeDefault.xctoolchain/usr/lib/swift/host/plugins/testing -enable-experimental-feature DebugDescriptionMacro -sdk /Applications/Xcode-27.0.0-Release.Candidate.app/Contents/Developer/Platforms/WatchOS.platform/Developer/SDKs/WatchOS27.0.sdk -target arm64_32-apple-watchos9.0 -g -module-cache-path /Users/admin/builder/spi-builder-workspace/.derivedData/ModuleCache.noindex -Xfrontend -serialize-debugging-options -enable-testing -index-store-path /Users/admin/builder/spi-builder-workspace/.derivedData/Index.noindex/DataStore -Xcc -D_LIBCPP_HARDENING_MODE\=_LIBCPP_HARDENING_MODE_DEBUG -swift-version 5 -I /Users/admin/builder/spi-builder-workspace/.derivedData/Build/Products/Debug-watchos -Isystem /Applications/Xcode-27.0.0-Release.Candidate.app/Contents/Developer/Platforms/WatchOS.platform/Developer/usr/lib -F /Users/admin/builder/spi-builder-workspace/.derivedData/Build/Products/Debug-watchos -F /Applications/Xcode-27.0.0-Release.Candidate.app/Contents/Developer/Platforms/WatchOS.platform/Developer/Library/Frameworks -F /Applications/Xcode-27.0.0-Release.Candidate.app/Contents/Developer/Platforms/WatchOS.platform/Developer/SDKs/WatchOS27.0.sdk/Developer/Library/Frameworks -c -j10 -enable-batch-mode -incremental -Xcc -ivfsstatcache -Xcc /Users/admin/builder/spi-builder-workspace/.derivedData/SDKStatCaches.noindex/watchos27.0-24R360-e829b21a6f8c9b70876ba0858053c04477534ef55a1706bf4c1112bbb242f0a2.sdkstatcache -output-file-map /Users/admin/builder/spi-builder-workspace/.derivedData/Build/Intermediates.noindex/Mindbox.build/Debug-watchos/SDKVersionProvider-t.build/Objects-normal/arm64_32/SDKVersionProvider-OutputFileMap.json -save-temps -no-color-diagnostics -explicit-module-build -module-cache-path /Users/admin/builder/spi-builder-workspace/.derivedData/Build/Intermediates.noindex/SwiftExplicitPrecompiledModules -clang-scanner-module-cache-path /Users/admin/builder/spi-builder-workspace/.derivedData/ModuleCache.noindex -sdk-module-cache-path /Users/admin/builder/spi-builder-workspace/.derivedData/SDKExplicitPrecompiledModules -emit-dependencies -emit-module -emit-module-path /Users/admin/builder/spi-builder-workspace/.derivedData/Build/Intermediates.noindex/Mindbox.build/Debug-watchos/SDKVersionProvider-t.build/Objects-normal/arm64_32/SDKVersionProvider.swiftmodule -serialize-diagnostics -dependency-scan-serialize-diagnostics-path /Users/admin/builder/spi-builder-workspace/.derivedData/Build/Intermediates.noindex/Mindbox.build/Debug-watchos/SDKVersionProvider-t.build/Objects-normal/arm64_32/SDKVersionProvider-dependency-scan.dia -validate-clang-modules-once -clang-build-session-file /Users/admin/builder/spi-builder-workspace/.derivedData/ModuleCache.noindex/Session.modulevalidation -Xcc -fmodules-prune-interval\=86400 -Xcc -fmodules-prune-after\=345600 -emit-const-values -const-gather-protocols-list /Users/admin/builder/spi-builder-workspace/.derivedData/Build/Intermediates.noindex/Mindbox.build/Debug-watchos/SDKVersionProvider-t.build/Objects-normal/arm64_32/SDKVersionProvider_const_extract_protocols.json -Xcc -I/Users/admin/builder/spi-builder-workspace/.derivedData/Build/Products/Debug-watchos/include -Xcc -I/Users/admin/builder/spi-builder-workspace/.derivedData/Build/Intermediates.noindex/Mindbox.build/Debug-watchos/SDKVersionProvider-t.build/DerivedSources-normal/arm64_32 -Xcc -I/Users/admin/builder/spi-builder-workspace/.derivedData/Build/Intermediates.noindex/Mindbox.build/Debug-watchos/SDKVersionProvider-t.build/DerivedSources/arm64_32 -Xcc -I/Users/admin/builder/spi-builder-workspace/.derivedData/Build/Intermediates.noindex/Mindbox.build/Debug-watchos/SDKVersionProvider-t.build/DerivedSources -Xcc -DSWIFT_PACKAGE -Xcc -DDEBUG\=1 -emit-objc-header -emit-objc-header-path /Users/admin/builder/spi-builder-workspace/.derivedData/Build/Intermediates.noindex/Mindbox.build/Debug-watchos/SDKVersionProvider-t.build/Objects-normal/arm64_32/SDKVersionProvider-Swift.h -working-directory /Users/admin/builder/spi-builder-workspace/.swiftpm/xcode -experimental-emit-module-separately -disable-cmo
SwiftDriver\ Compilation\ Requirements SDKVersionProvider normal arm64 com.apple.xcode.tools.swift.compiler (in target 'SDKVersionProvider' from project 'Mindbox')
cd /Users/admin/builder/spi-builder-workspace/.swiftpm/xcode
builtin-Swift-Compilation-Requirements -- /Applications/Xcode-27.0.0-Release.Candidate.app/Contents/Developer/Toolchains/XcodeDefault.xctoolchain/usr/bin/swiftc -parse-as-library -module-name SDKVersionProvider -Onone @/Users/admin/builder/spi-builder-workspace/.derivedData/Build/Intermediates.noindex/Mindbox.build/Debug-watchos/SDKVersionProvider-t.build/Objects-normal/arm64/SDKVersionProvider.SwiftFileList -DSWIFT_PACKAGE -DDEBUG -DSWIFT_MODULE_RESOURCE_BUNDLE_UNAVAILABLE -DXcode -plugin-path /Applications/Xcode-27.0.0-Release.Candidate.app/Contents/Developer/Toolchains/XcodeDefault.xctoolchain/usr/lib/swift/host/plugins/testing -enable-experimental-feature DebugDescriptionMacro -sdk /Applications/Xcode-27.0.0-Release.Candidate.app/Contents/Developer/Platforms/WatchOS.platform/Developer/SDKs/WatchOS27.0.sdk -target arm64-apple-watchos9.0 -g -module-cache-path /Users/admin/builder/spi-builder-workspace/.derivedData/ModuleCache.noindex -Xfrontend -serialize-debugging-options -enable-testing -index-store-path /Users/admin/builder/spi-builder-workspace/.derivedData/Index.noindex/DataStore -Xcc -D_LIBCPP_HARDENING_MODE\=_LIBCPP_HARDENING_MODE_DEBUG -swift-version 5 -I /Users/admin/builder/spi-builder-workspace/.derivedData/Build/Products/Debug-watchos -Isystem /Applications/Xcode-27.0.0-Release.Candidate.app/Contents/Developer/Platforms/WatchOS.platform/Developer/usr/lib -F /Users/admin/builder/spi-builder-workspace/.derivedData/Build/Products/Debug-watchos -F /Applications/Xcode-27.0.0-Release.Candidate.app/Contents/Developer/Platforms/WatchOS.platform/Developer/Library/Frameworks -F /Applications/Xcode-27.0.0-Release.Candidate.app/Contents/Developer/Platforms/WatchOS.platform/Developer/SDKs/WatchOS27.0.sdk/Developer/Library/Frameworks -c -j10 -enable-batch-mode -incremental -Xcc -ivfsstatcache -Xcc /Users/admin/builder/spi-builder-workspace/.derivedData/SDKStatCaches.noindex/watchos27.0-24R360-e829b21a6f8c9b70876ba0858053c04477534ef55a1706bf4c1112bbb242f0a2.sdkstatcache -output-file-map /Users/admin/builder/spi-builder-workspace/.derivedData/Build/Intermediates.noindex/Mindbox.build/Debug-watchos/SDKVersionProvider-t.build/Objects-normal/arm64/SDKVersionProvider-OutputFileMap.json -save-temps -no-color-diagnostics -explicit-module-build -module-cache-path /Users/admin/builder/spi-builder-workspace/.derivedData/Build/Intermediates.noindex/SwiftExplicitPrecompiledModules -clang-scanner-module-cache-path /Users/admin/builder/spi-builder-workspace/.derivedData/ModuleCache.noindex -sdk-module-cache-path /Users/admin/builder/spi-builder-workspace/.derivedData/SDKExplicitPrecompiledModules -emit-dependencies -emit-module -emit-module-path /Users/admin/builder/spi-builder-workspace/.derivedData/Build/Intermediates.noindex/Mindbox.build/Debug-watchos/SDKVersionProvider-t.build/Objects-normal/arm64/SDKVersionProvider.swiftmodule -serialize-diagnostics -dependency-scan-serialize-diagnostics-path /Users/admin/builder/spi-builder-workspace/.derivedData/Build/Intermediates.noindex/Mindbox.build/Debug-watchos/SDKVersionProvider-t.build/Objects-normal/arm64/SDKVersionProvider-dependency-scan.dia -validate-clang-modules-once -clang-build-session-file /Users/admin/builder/spi-builder-workspace/.derivedData/ModuleCache.noindex/Session.modulevalidation -Xcc -fmodules-prune-interval\=86400 -Xcc -fmodules-prune-after\=345600 -emit-const-values -const-gather-protocols-list /Users/admin/builder/spi-builder-workspace/.derivedData/Build/Intermediates.noindex/Mindbox.build/Debug-watchos/SDKVersionProvider-t.build/Objects-normal/arm64/SDKVersionProvider_const_extract_protocols.json -Xcc -I/Users/admin/builder/spi-builder-workspace/.derivedData/Build/Products/Debug-watchos/include -Xcc -I/Users/admin/builder/spi-builder-workspace/.derivedData/Build/Intermediates.noindex/Mindbox.build/Debug-watchos/SDKVersionProvider-t.build/DerivedSources-normal/arm64 -Xcc -I/Users/admin/builder/spi-builder-workspace/.derivedData/Build/Intermediates.noindex/Mindbox.build/Debug-watchos/SDKVersionProvider-t.build/DerivedSources/arm64 -Xcc -I/Users/admin/builder/spi-builder-workspace/.derivedData/Build/Intermediates.noindex/Mindbox.build/Debug-watchos/SDKVersionProvider-t.build/DerivedSources -Xcc -DSWIFT_PACKAGE -Xcc -DDEBUG\=1 -emit-objc-header -emit-objc-header-path /Users/admin/builder/spi-builder-workspace/.derivedData/Build/Intermediates.noindex/Mindbox.build/Debug-watchos/SDKVersionProvider-t.build/Objects-normal/arm64/SDKVersionProvider-Swift.h -working-directory /Users/admin/builder/spi-builder-workspace/.swiftpm/xcode -experimental-emit-module-separately -disable-cmo
SwiftExplicitDependencyGeneratePcm arm64_32 /Users/admin/builder/spi-builder-workspace/.derivedData/SDKExplicitPrecompiledModules/UIUtilities-9YFVNIMRC5HRVOIARNWHP1E3H.pcm
SwiftExplicitDependencyGeneratePcm arm64_32 /Users/admin/builder/spi-builder-workspace/.derivedData/SDKExplicitPrecompiledModules/CoreData-7AU1AFQWUH88EAPDKVMLJPKVD.pcm
SwiftMergeGeneratedHeaders /Users/admin/builder/spi-builder-workspace/.derivedData/Build/Intermediates.noindex/GeneratedModuleMaps-watchos/SDKVersionProvider-Swift.h /Users/admin/builder/spi-builder-workspace/.derivedData/Build/Intermediates.noindex/Mindbox.build/Debug-watchos/SDKVersionProvider-t.build/Objects-normal/arm64/SDKVersionProvider-Swift.h /Users/admin/builder/spi-builder-workspace/.derivedData/Build/Intermediates.noindex/Mindbox.build/Debug-watchos/SDKVersionProvider-t.build/Objects-normal/arm64_32/SDKVersionProvider-Swift.h (in target 'SDKVersionProvider' from project 'Mindbox')
cd /Users/admin/builder/spi-builder-workspace
builtin-swiftHeaderTool -arch arm64 /Users/admin/builder/spi-builder-workspace/.derivedData/Build/Intermediates.noindex/Mindbox.build/Debug-watchos/SDKVersionProvider-t.build/Objects-normal/arm64/SDKVersionProvider-Swift.h -arch arm64_32 /Users/admin/builder/spi-builder-workspace/.derivedData/Build/Intermediates.noindex/Mindbox.build/Debug-watchos/SDKVersionProvider-t.build/Objects-normal/arm64_32/SDKVersionProvider-Swift.h -o /Users/admin/builder/spi-builder-workspace/.derivedData/Build/Intermediates.noindex/GeneratedModuleMaps-watchos/SDKVersionProvider-Swift.h
Copy /Users/admin/builder/spi-builder-workspace/.derivedData/Build/Products/Debug-watchos/SDKVersionProvider.swiftmodule/arm64_32-apple-watchos.swiftmodule /Users/admin/builder/spi-builder-workspace/.derivedData/Build/Intermediates.noindex/Mindbox.build/Debug-watchos/SDKVersionProvider-t.build/Objects-normal/arm64_32/SDKVersionProvider.swiftmodule (in target 'SDKVersionProvider' from project 'Mindbox')
cd /Users/admin/builder/spi-builder-workspace
builtin-copy -exclude .DS_Store -exclude CVS -exclude .svn -exclude .git -exclude .hg -resolve-src-symlinks -rename /Users/admin/builder/spi-builder-workspace/.derivedData/Build/Intermediates.noindex/Mindbox.build/Debug-watchos/SDKVersionProvider-t.build/Objects-normal/arm64_32/SDKVersionProvider.swiftmodule /Users/admin/builder/spi-builder-workspace/.derivedData/Build/Products/Debug-watchos/SDKVersionProvider.swiftmodule/arm64_32-apple-watchos.swiftmodule
Copy /Users/admin/builder/spi-builder-workspace/.derivedData/Build/Products/Debug-watchos/SDKVersionProvider.swiftmodule/arm64_32-apple-watchos.swiftdoc /Users/admin/builder/spi-builder-workspace/.derivedData/Build/Intermediates.noindex/Mindbox.build/Debug-watchos/SDKVersionProvider-t.build/Objects-normal/arm64_32/SDKVersionProvider.swiftdoc (in target 'SDKVersionProvider' from project 'Mindbox')
cd /Users/admin/builder/spi-builder-workspace
builtin-copy -exclude .DS_Store -exclude CVS -exclude .svn -exclude .git -exclude .hg -resolve-src-symlinks -rename /Users/admin/builder/spi-builder-workspace/.derivedData/Build/Intermediates.noindex/Mindbox.build/Debug-watchos/SDKVersionProvider-t.build/Objects-normal/arm64_32/SDKVersionProvider.swiftdoc /Users/admin/builder/spi-builder-workspace/.derivedData/Build/Products/Debug-watchos/SDKVersionProvider.swiftmodule/arm64_32-apple-watchos.swiftdoc
Copy /Users/admin/builder/spi-builder-workspace/.derivedData/Build/Products/Debug-watchos/SDKVersionProvider.swiftmodule/arm64_32-apple-watchos.abi.json /Users/admin/builder/spi-builder-workspace/.derivedData/Build/Intermediates.noindex/Mindbox.build/Debug-watchos/SDKVersionProvider-t.build/Objects-normal/arm64_32/SDKVersionProvider.abi.json (in target 'SDKVersionProvider' from project 'Mindbox')
cd /Users/admin/builder/spi-builder-workspace
builtin-copy -exclude .DS_Store -exclude CVS -exclude .svn -exclude .git -exclude .hg -resolve-src-symlinks -rename /Users/admin/builder/spi-builder-workspace/.derivedData/Build/Intermediates.noindex/Mindbox.build/Debug-watchos/SDKVersionProvider-t.build/Objects-normal/arm64_32/SDKVersionProvider.abi.json /Users/admin/builder/spi-builder-workspace/.derivedData/Build/Products/Debug-watchos/SDKVersionProvider.swiftmodule/arm64_32-apple-watchos.abi.json
Copy /Users/admin/builder/spi-builder-workspace/.derivedData/Build/Products/Debug-watchos/SDKVersionProvider.swiftmodule/arm64-apple-watchos.swiftmodule /Users/admin/builder/spi-builder-workspace/.derivedData/Build/Intermediates.noindex/Mindbox.build/Debug-watchos/SDKVersionProvider-t.build/Objects-normal/arm64/SDKVersionProvider.swiftmodule (in target 'SDKVersionProvider' from project 'Mindbox')
cd /Users/admin/builder/spi-builder-workspace
builtin-copy -exclude .DS_Store -exclude CVS -exclude .svn -exclude .git -exclude .hg -resolve-src-symlinks -rename /Users/admin/builder/spi-builder-workspace/.derivedData/Build/Intermediates.noindex/Mindbox.build/Debug-watchos/SDKVersionProvider-t.build/Objects-normal/arm64/SDKVersionProvider.swiftmodule /Users/admin/builder/spi-builder-workspace/.derivedData/Build/Products/Debug-watchos/SDKVersionProvider.swiftmodule/arm64-apple-watchos.swiftmodule
Copy /Users/admin/builder/spi-builder-workspace/.derivedData/Build/Products/Debug-watchos/SDKVersionProvider.swiftmodule/arm64-apple-watchos.swiftdoc /Users/admin/builder/spi-builder-workspace/.derivedData/Build/Intermediates.noindex/Mindbox.build/Debug-watchos/SDKVersionProvider-t.build/Objects-normal/arm64/SDKVersionProvider.swiftdoc (in target 'SDKVersionProvider' from project 'Mindbox')
cd /Users/admin/builder/spi-builder-workspace
builtin-copy -exclude .DS_Store -exclude CVS -exclude .svn -exclude .git -exclude .hg -resolve-src-symlinks -rename /Users/admin/builder/spi-builder-workspace/.derivedData/Build/Intermediates.noindex/Mindbox.build/Debug-watchos/SDKVersionProvider-t.build/Objects-normal/arm64/SDKVersionProvider.swiftdoc /Users/admin/builder/spi-builder-workspace/.derivedData/Build/Products/Debug-watchos/SDKVersionProvider.swiftmodule/arm64-apple-watchos.swiftdoc
Copy /Users/admin/builder/spi-builder-workspace/.derivedData/Build/Products/Debug-watchos/SDKVersionProvider.swiftmodule/arm64-apple-watchos.abi.json /Users/admin/builder/spi-builder-workspace/.derivedData/Build/Intermediates.noindex/Mindbox.build/Debug-watchos/SDKVersionProvider-t.build/Objects-normal/arm64/SDKVersionProvider.abi.json (in target 'SDKVersionProvider' from project 'Mindbox')
cd /Users/admin/builder/spi-builder-workspace
builtin-copy -exclude .DS_Store -exclude CVS -exclude .svn -exclude .git -exclude .hg -resolve-src-symlinks -rename /Users/admin/builder/spi-builder-workspace/.derivedData/Build/Intermediates.noindex/Mindbox.build/Debug-watchos/SDKVersionProvider-t.build/Objects-normal/arm64/SDKVersionProvider.abi.json /Users/admin/builder/spi-builder-workspace/.derivedData/Build/Products/Debug-watchos/SDKVersionProvider.swiftmodule/arm64-apple-watchos.abi.json
Copy /Users/admin/builder/spi-builder-workspace/.derivedData/Build/Products/Debug-watchos/SDKVersionProvider.swiftmodule/Project/arm64_32-apple-watchos.swiftsourceinfo /Users/admin/builder/spi-builder-workspace/.derivedData/Build/Intermediates.noindex/Mindbox.build/Debug-watchos/SDKVersionProvider-t.build/Objects-normal/arm64_32/SDKVersionProvider.swiftsourceinfo (in target 'SDKVersionProvider' from project 'Mindbox')
cd /Users/admin/builder/spi-builder-workspace
builtin-copy -exclude .DS_Store -exclude CVS -exclude .svn -exclude .git -exclude .hg -resolve-src-symlinks -rename /Users/admin/builder/spi-builder-workspace/.derivedData/Build/Intermediates.noindex/Mindbox.build/Debug-watchos/SDKVersionProvider-t.build/Objects-normal/arm64_32/SDKVersionProvider.swiftsourceinfo /Users/admin/builder/spi-builder-workspace/.derivedData/Build/Products/Debug-watchos/SDKVersionProvider.swiftmodule/Project/arm64_32-apple-watchos.swiftsourceinfo
Copy /Users/admin/builder/spi-builder-workspace/.derivedData/Build/Products/Debug-watchos/SDKVersionProvider.swiftmodule/Project/arm64-apple-watchos.swiftsourceinfo /Users/admin/builder/spi-builder-workspace/.derivedData/Build/Intermediates.noindex/Mindbox.build/Debug-watchos/SDKVersionProvider-t.build/Objects-normal/arm64/SDKVersionProvider.swiftsourceinfo (in target 'SDKVersionProvider' from project 'Mindbox')
cd /Users/admin/builder/spi-builder-workspace
builtin-copy -exclude .DS_Store -exclude CVS -exclude .svn -exclude .git -exclude .hg -resolve-src-symlinks -rename /Users/admin/builder/spi-builder-workspace/.derivedData/Build/Intermediates.noindex/Mindbox.build/Debug-watchos/SDKVersionProvider-t.build/Objects-normal/arm64/SDKVersionProvider.swiftsourceinfo /Users/admin/builder/spi-builder-workspace/.derivedData/Build/Products/Debug-watchos/SDKVersionProvider.swiftmodule/Project/arm64-apple-watchos.swiftsourceinfo
SwiftExplicitDependencyGeneratePcm arm64 /Users/admin/builder/spi-builder-workspace/.derivedData/SDKExplicitPrecompiledModules/QuartzCore-94KFMWNOU7ZLUZNB4T5DLZC9D.pcm
SwiftExplicitDependencyGeneratePcm arm64_32 /Users/admin/builder/spi-builder-workspace/.derivedData/SDKExplicitPrecompiledModules/_LocationEssentials-AQ1OL9QKC3LQLY5CNSRM1HB53.pcm
SwiftExplicitDependencyGeneratePcm arm64_32 /Users/admin/builder/spi-builder-workspace/.derivedData/SDKExplicitPrecompiledModules/OSLog-D9AVFY0KWO7RVBIQ73CBIJVCN.pcm
SwiftCompile normal arm64_32 Compiling\ SDKVersionProvider.swift /Users/admin/builder/spi-builder-workspace/SDKVersionProvider/SDKVersionProvider.swift (in target 'SDKVersionProvider' from project 'Mindbox')
SwiftCompile normal arm64_32 /Users/admin/builder/spi-builder-workspace/SDKVersionProvider/SDKVersionProvider.swift (in target 'SDKVersionProvider' from project 'Mindbox')
cd /Users/admin/builder/spi-builder-workspace/.swiftpm/xcode
builtin-SwiftPerFileCompile SDKVersionProvider.swift
SwiftExplicitDependencyGeneratePcm arm64 /Users/admin/builder/spi-builder-workspace/.derivedData/SDKExplicitPrecompiledModules/CoreMotion-6RD5K48QT1F4L9CATNFD2O7YB.pcm
SwiftExplicitDependencyGeneratePcm arm64_32 /Users/admin/builder/spi-builder-workspace/.derivedData/SDKExplicitPrecompiledModules/SwiftUICore-3Q7WLRD8MR9R3NGIPUBQCP6F6.pcm
SwiftCompile normal arm64 Compiling\ SDKVersionProvider.swift /Users/admin/builder/spi-builder-workspace/SDKVersionProvider/SDKVersionProvider.swift (in target 'SDKVersionProvider' from project 'Mindbox')
SwiftCompile normal arm64 /Users/admin/builder/spi-builder-workspace/SDKVersionProvider/SDKVersionProvider.swift (in target 'SDKVersionProvider' from project 'Mindbox')
cd /Users/admin/builder/spi-builder-workspace/.swiftpm/xcode
builtin-SwiftPerFileCompile SDKVersionProvider.swift
SwiftDriver MindboxNotifications normal arm64 com.apple.xcode.tools.swift.compiler (in target 'MindboxNotifications' from project 'Mindbox')
cd /Users/admin/builder/spi-builder-workspace/.swiftpm/xcode
builtin-SwiftDriver -- /Applications/Xcode-27.0.0-Release.Candidate.app/Contents/Developer/Toolchains/XcodeDefault.xctoolchain/usr/bin/swiftc -parse-as-library -module-name MindboxNotifications -Onone @/Users/admin/builder/spi-builder-workspace/.derivedData/Build/Intermediates.noindex/Mindbox.build/Debug-watchos/MindboxNotifications-t.build/Objects-normal/arm64/MindboxNotifications.SwiftFileList -DSWIFT_PACKAGE -DDEBUG -DSWIFT_MODULE_RESOURCE_BUNDLE_AVAILABLE -DXcode -plugin-path /Applications/Xcode-27.0.0-Release.Candidate.app/Contents/Developer/Toolchains/XcodeDefault.xctoolchain/usr/lib/swift/host/plugins/testing -enable-experimental-feature DebugDescriptionMacro -sdk /Applications/Xcode-27.0.0-Release.Candidate.app/Contents/Developer/Platforms/WatchOS.platform/Developer/SDKs/WatchOS27.0.sdk -target arm64-apple-watchos9.0 -g -module-cache-path /Users/admin/builder/spi-builder-workspace/.derivedData/ModuleCache.noindex -Xfrontend -serialize-debugging-options -enable-testing -index-store-path /Users/admin/builder/spi-builder-workspace/.derivedData/Index.noindex/DataStore -Xcc -D_LIBCPP_HARDENING_MODE\=_LIBCPP_HARDENING_MODE_DEBUG -swift-version 5 -I /Users/admin/builder/spi-builder-workspace/.derivedData/Build/Products/Debug-watchos -Isystem /Applications/Xcode-27.0.0-Release.Candidate.app/Contents/Developer/Platforms/WatchOS.platform/Developer/usr/lib -F /Users/admin/builder/spi-builder-workspace/.derivedData/Build/Products/Debug-watchos/PackageFrameworks -F /Users/admin/builder/spi-builder-workspace/.derivedData/Build/Products/Debug-watchos -F /Applications/Xcode-27.0.0-Release.Candidate.app/Contents/Developer/Platforms/WatchOS.platform/Developer/Library/Frameworks -F /Applications/Xcode-27.0.0-Release.Candidate.app/Contents/Developer/Platforms/WatchOS.platform/Developer/SDKs/WatchOS27.0.sdk/Developer/Library/Frameworks -c -j10 -enable-batch-mode -incremental -Xcc -ivfsstatcache -Xcc /Users/admin/builder/spi-builder-workspace/.derivedData/SDKStatCaches.noindex/watchos27.0-24R360-e829b21a6f8c9b70876ba0858053c04477534ef55a1706bf4c1112bbb242f0a2.sdkstatcache -output-file-map /Users/admin/builder/spi-builder-workspace/.derivedData/Build/Intermediates.noindex/Mindbox.build/Debug-watchos/MindboxNotifications-t.build/Objects-normal/arm64/MindboxNotifications-OutputFileMap.json -save-temps -no-color-diagnostics -explicit-module-build -module-cache-path /Users/admin/builder/spi-builder-workspace/.derivedData/Build/Intermediates.noindex/SwiftExplicitPrecompiledModules -clang-scanner-module-cache-path /Users/admin/builder/spi-builder-workspace/.derivedData/ModuleCache.noindex -sdk-module-cache-path /Users/admin/builder/spi-builder-workspace/.derivedData/SDKExplicitPrecompiledModules -emit-dependencies -emit-module -emit-module-path /Users/admin/builder/spi-builder-workspace/.derivedData/Build/Intermediates.noindex/Mindbox.build/Debug-watchos/MindboxNotifications-t.build/Objects-normal/arm64/MindboxNotifications.swiftmodule -serialize-diagnostics -dependency-scan-serialize-diagnostics-path /Users/admin/builder/spi-builder-workspace/.derivedData/Build/Intermediates.noindex/Mindbox.build/Debug-watchos/MindboxNotifications-t.build/Objects-normal/arm64/MindboxNotifications-dependency-scan.dia -validate-clang-modules-once -clang-build-session-file /Users/admin/builder/spi-builder-workspace/.derivedData/ModuleCache.noindex/Session.modulevalidation -Xcc -fmodules-prune-interval\=86400 -Xcc -fmodules-prune-after\=345600 -emit-const-values -const-gather-protocols-list /Users/admin/builder/spi-builder-workspace/.derivedData/Build/Intermediates.noindex/Mindbox.build/Debug-watchos/MindboxNotifications-t.build/Objects-normal/arm64/MindboxNotifications_const_extract_protocols.json -Xcc -I/Users/admin/builder/spi-builder-workspace/.derivedData/Build/Products/Debug-watchos/include -Xcc -I/Users/admin/builder/spi-builder-workspace/.derivedData/Build/Intermediates.noindex/Mindbox.build/Debug-watchos/MindboxNotifications-t.build/DerivedSources-normal/arm64 -Xcc -I/Users/admin/builder/spi-builder-workspace/.derivedData/Build/Intermediates.noindex/Mindbox.build/Debug-watchos/MindboxNotifications-t.build/DerivedSources/arm64 -Xcc -I/Users/admin/builder/spi-builder-workspace/.derivedData/Build/Intermediates.noindex/Mindbox.build/Debug-watchos/MindboxNotifications-t.build/DerivedSources -Xcc -DSWIFT_PACKAGE -Xcc -DDEBUG\=1 -emit-objc-header -emit-objc-header-path /Users/admin/builder/spi-builder-workspace/.derivedData/Build/Intermediates.noindex/Mindbox.build/Debug-watchos/MindboxNotifications-t.build/Objects-normal/arm64/MindboxNotifications-Swift.h -working-directory /Users/admin/builder/spi-builder-workspace/.swiftpm/xcode -experimental-emit-module-separately -disable-cmo
SwiftDriver MindboxNotifications normal arm64_32 com.apple.xcode.tools.swift.compiler (in target 'MindboxNotifications' from project 'Mindbox')
cd /Users/admin/builder/spi-builder-workspace/.swiftpm/xcode
builtin-SwiftDriver -- /Applications/Xcode-27.0.0-Release.Candidate.app/Contents/Developer/Toolchains/XcodeDefault.xctoolchain/usr/bin/swiftc -parse-as-library -module-name MindboxNotifications -Onone @/Users/admin/builder/spi-builder-workspace/.derivedData/Build/Intermediates.noindex/Mindbox.build/Debug-watchos/MindboxNotifications-t.build/Objects-normal/arm64_32/MindboxNotifications.SwiftFileList -DSWIFT_PACKAGE -DDEBUG -DSWIFT_MODULE_RESOURCE_BUNDLE_AVAILABLE -DXcode -plugin-path /Applications/Xcode-27.0.0-Release.Candidate.app/Contents/Developer/Toolchains/XcodeDefault.xctoolchain/usr/lib/swift/host/plugins/testing -enable-experimental-feature DebugDescriptionMacro -sdk /Applications/Xcode-27.0.0-Release.Candidate.app/Contents/Developer/Platforms/WatchOS.platform/Developer/SDKs/WatchOS27.0.sdk -target arm64_32-apple-watchos9.0 -g -module-cache-path /Users/admin/builder/spi-builder-workspace/.derivedData/ModuleCache.noindex -Xfrontend -serialize-debugging-options -enable-testing -index-store-path /Users/admin/builder/spi-builder-workspace/.derivedData/Index.noindex/DataStore -Xcc -D_LIBCPP_HARDENING_MODE\=_LIBCPP_HARDENING_MODE_DEBUG -swift-version 5 -I /Users/admin/builder/spi-builder-workspace/.derivedData/Build/Products/Debug-watchos -Isystem /Applications/Xcode-27.0.0-Release.Candidate.app/Contents/Developer/Platforms/WatchOS.platform/Developer/usr/lib -F /Users/admin/builder/spi-builder-workspace/.derivedData/Build/Products/Debug-watchos/PackageFrameworks -F /Users/admin/builder/spi-builder-workspace/.derivedData/Build/Products/Debug-watchos -F /Applications/Xcode-27.0.0-Release.Candidate.app/Contents/Developer/Platforms/WatchOS.platform/Developer/Library/Frameworks -F /Applications/Xcode-27.0.0-Release.Candidate.app/Contents/Developer/Platforms/WatchOS.platform/Developer/SDKs/WatchOS27.0.sdk/Developer/Library/Frameworks -c -j10 -enable-batch-mode -incremental -Xcc -ivfsstatcache -Xcc /Users/admin/builder/spi-builder-workspace/.derivedData/SDKStatCaches.noindex/watchos27.0-24R360-e829b21a6f8c9b70876ba0858053c04477534ef55a1706bf4c1112bbb242f0a2.sdkstatcache -output-file-map /Users/admin/builder/spi-builder-workspace/.derivedData/Build/Intermediates.noindex/Mindbox.build/Debug-watchos/MindboxNotifications-t.build/Objects-normal/arm64_32/MindboxNotifications-OutputFileMap.json -save-temps -no-color-diagnostics -explicit-module-build -module-cache-path /Users/admin/builder/spi-builder-workspace/.derivedData/Build/Intermediates.noindex/SwiftExplicitPrecompiledModules -clang-scanner-module-cache-path /Users/admin/builder/spi-builder-workspace/.derivedData/ModuleCache.noindex -sdk-module-cache-path /Users/admin/builder/spi-builder-workspace/.derivedData/SDKExplicitPrecompiledModules -emit-dependencies -emit-module -emit-module-path /Users/admin/builder/spi-builder-workspace/.derivedData/Build/Intermediates.noindex/Mindbox.build/Debug-watchos/MindboxNotifications-t.build/Objects-normal/arm64_32/MindboxNotifications.swiftmodule -serialize-diagnostics -dependency-scan-serialize-diagnostics-path /Users/admin/builder/spi-builder-workspace/.derivedData/Build/Intermediates.noindex/Mindbox.build/Debug-watchos/MindboxNotifications-t.build/Objects-normal/arm64_32/MindboxNotifications-dependency-scan.dia -validate-clang-modules-once -clang-build-session-file /Users/admin/builder/spi-builder-workspace/.derivedData/ModuleCache.noindex/Session.modulevalidation -Xcc -fmodules-prune-interval\=86400 -Xcc -fmodules-prune-after\=345600 -emit-const-values -const-gather-protocols-list /Users/admin/builder/spi-builder-workspace/.derivedData/Build/Intermediates.noindex/Mindbox.build/Debug-watchos/MindboxNotifications-t.build/Objects-normal/arm64_32/MindboxNotifications_const_extract_protocols.json -Xcc -I/Users/admin/builder/spi-builder-workspace/.derivedData/Build/Products/Debug-watchos/include -Xcc -I/Users/admin/builder/spi-builder-workspace/.derivedData/Build/Intermediates.noindex/Mindbox.build/Debug-watchos/MindboxNotifications-t.build/DerivedSources-normal/arm64_32 -Xcc -I/Users/admin/builder/spi-builder-workspace/.derivedData/Build/Intermediates.noindex/Mindbox.build/Debug-watchos/MindboxNotifications-t.build/DerivedSources/arm64_32 -Xcc -I/Users/admin/builder/spi-builder-workspace/.derivedData/Build/Intermediates.noindex/Mindbox.build/Debug-watchos/MindboxNotifications-t.build/DerivedSources -Xcc -DSWIFT_PACKAGE -Xcc -DDEBUG\=1 -emit-objc-header -emit-objc-header-path /Users/admin/builder/spi-builder-workspace/.derivedData/Build/Intermediates.noindex/Mindbox.build/Debug-watchos/MindboxNotifications-t.build/Objects-normal/arm64_32/MindboxNotifications-Swift.h -working-directory /Users/admin/builder/spi-builder-workspace/.swiftpm/xcode -experimental-emit-module-separately -disable-cmo
SwiftExplicitDependencyGeneratePcm arm64_32 /Users/admin/builder/spi-builder-workspace/.derivedData/SDKExplicitPrecompiledModules/CoreLocation-8XU5YMYM4P11RQMYCQAG65ITK.pcm
SwiftExplicitDependencyGeneratePcm arm64 /Users/admin/builder/spi-builder-workspace/.derivedData/SDKExplicitPrecompiledModules/SwiftUICore-C1DST1IX2Z0PTH5SJJZ1IULRB.pcm
SwiftExplicitDependencyGeneratePcm arm64 /Users/admin/builder/spi-builder-workspace/.derivedData/SDKExplicitPrecompiledModules/UIKit-27R3P1YMV4C6JLDT661G3MRIA.pcm
SwiftExplicitDependencyGeneratePcm arm64_32 /Users/admin/builder/spi-builder-workspace/.derivedData/SDKExplicitPrecompiledModules/CoreMotion-1XGTVTE5PP32UHME8AC63TL6.pcm
SwiftExplicitDependencyGeneratePcm arm64_32 /Users/admin/builder/spi-builder-workspace/.derivedData/SDKExplicitPrecompiledModules/UIKit-6PPV7YPZ89CZPHYAP072QH8B6.pcm
SwiftEmitModule normal arm64 Emitting\ module\ for\ MindboxLogger (in target 'MindboxLogger' from project 'Mindbox')
/Users/admin/builder/spi-builder-workspace/MindboxLogger/Shared/LoggerRepository/MBLoggerCoreDataManager.swift:57:35: error: 'UIBackgroundTaskIdentifier' is unavailable in watchOS
55 | private var logBuffer: [LogMessage]
56 | private let queue: DispatchQueue
57 | private var backgroundTaskID: UIBackgroundTaskIdentifier = .invalid
| `- error: 'UIBackgroundTaskIdentifier' is unavailable in watchOS
58 | private var writesImmediately = false
59 |
/Applications/Xcode-27.0.0-Release.Candidate.app/Contents/Developer/Platforms/WatchOS.platform/Developer/SDKs/WatchOS27.0.sdk/System/Library/Frameworks/UIKit.framework/Headers/UIApplication.h:68:20: note: 'UIBackgroundTaskIdentifier' has been explicitly marked unavailable here
66 | } API_AVAILABLE(ios(4.0)) API_UNAVAILABLE(watchos);
67 |
68 | typedef NSUInteger UIBackgroundTaskIdentifier NS_TYPED_ENUM API_UNAVAILABLE(watchos);
| `- note: 'UIBackgroundTaskIdentifier' has been explicitly marked unavailable here
69 | UIKIT_EXTERN const UIBackgroundTaskIdentifier UIBackgroundTaskInvalid API_AVAILABLE(ios(4.0)) API_UNAVAILABLE(watchos);
70 | UIKIT_EXTERN const NSTimeInterval UIMinimumKeepAliveTimeout API_DEPRECATED("Please use PushKit for VoIP applications.", ios(4.0, 13.0), tvos(9.0, 13.0)) API_UNAVAILABLE(visionos, watchos);
/Users/admin/builder/spi-builder-workspace/MindboxLogger/Shared/LoggerRepository/MBLoggerCoreDataManager.swift:57:65: error: 'invalid' is unavailable in watchOS
55 | private var logBuffer: [LogMessage]
56 | private let queue: DispatchQueue
57 | private var backgroundTaskID: UIBackgroundTaskIdentifier = .invalid
| `- error: 'invalid' is unavailable in watchOS
58 | private var writesImmediately = false
59 |
/Applications/Xcode-27.0.0-Release.Candidate.app/Contents/Developer/Platforms/WatchOS.platform/Developer/SDKs/WatchOS27.0.sdk/System/Library/Frameworks/UIKit.framework/Headers/UIApplication.h:69:47: note: 'invalid' has been explicitly marked unavailable here
67 |
68 | typedef NSUInteger UIBackgroundTaskIdentifier NS_TYPED_ENUM API_UNAVAILABLE(watchos);
69 | UIKIT_EXTERN const UIBackgroundTaskIdentifier UIBackgroundTaskInvalid API_AVAILABLE(ios(4.0)) API_UNAVAILABLE(watchos);
| `- note: 'invalid' has been explicitly marked unavailable here
70 | UIKIT_EXTERN const NSTimeInterval UIMinimumKeepAliveTimeout API_DEPRECATED("Please use PushKit for VoIP applications.", ios(4.0, 13.0), tvos(9.0, 13.0)) API_UNAVAILABLE(visionos, watchos);
71 | UIKIT_EXTERN const NSTimeInterval UIApplicationBackgroundFetchIntervalMinimum API_AVAILABLE(ios(7.0), tvos(11.0)) API_UNAVAILABLE(watchos);
Failed frontend command:
/Applications/Xcode-27.0.0-Release.Candidate.app/Contents/Developer/Toolchains/XcodeDefault.xctoolchain/usr/bin/swift-frontend -frontend -emit-module -experimental-skip-non-inlinable-function-bodies-without-types /Users/admin/builder/spi-builder-workspace/.derivedData/Build/Intermediates.noindex/Mindbox.build/Debug-watchos/MindboxLogger-t.build/DerivedSources/resource_bundle_accessor.swift /Users/admin/builder/spi-builder-workspace/MindboxLogger/Network/Enums/SDKLogsStatus.swift /Users/admin/builder/spi-builder-workspace/MindboxLogger/Shared/Extensions/Date+Extension.swift /Users/admin/builder/spi-builder-workspace/MindboxLogger/Shared/Extensions/FileManager+Extensions.swift /Users/admin/builder/spi-builder-workspace/MindboxLogger/Shared/Extensions/MBLoggerUtilitiesFetcher.swift /Users/admin/builder/spi-builder-workspace/MindboxLogger/Shared/Extensions/NSManagedObjectContext+Extension.swift /Users/admin/builder/spi-builder-workspace/MindboxLogger/Shared/Extensions/String+Extensions.swift /Users/admin/builder/spi-builder-workspace/MindboxLogger/Shared/Extensions/URL+Extensions.swift /Users/admin/builder/spi-builder-workspace/MindboxLogger/Shared/Group/LogCategory.swift /Users/admin/builder/spi-builder-workspace/MindboxLogger/Shared/Group/LogLevel.swift /Users/admin/builder/spi-builder-workspace/MindboxLogger/Shared/Group/LogMessage.swift /Users/admin/builder/spi-builder-workspace/MindboxLogger/Shared/Group/LogWriter.swift /Users/admin/builder/spi-builder-workspace/MindboxLogger/Shared/LoggerRepository/CDLogMessage+CoreDataClass.swift /Users/admin/builder/spi-builder-workspace/MindboxLogger/Shared/LoggerRepository/LogStoreTrimmer.swift /Users/admin/builder/spi-builder-workspace/MindboxLogger/Shared/LoggerRepository/LoggerDBConfig.swift /Users/admin/builder/spi-builder-workspace/MindboxLogger/Shared/LoggerRepository/LoggerDatabaseLoader.swift /Users/admin/builder/spi-builder-workspace/MindboxLogger/Shared/LoggerRepository/MBLoggerCoreDataManager.swift /Users/admin/builder/spi-builder-workspace/MindboxLogger/Shared/LoggerRepository/MBPersistentContainer.swift /Users/admin/builder/spi-builder-workspace/MindboxLogger/Shared/LoggerRepository/SQLiteLogicalSizeMeasurer.swift /Users/admin/builder/spi-builder-workspace/MindboxLogger/Shared/MBLogger.swift /Users/admin/builder/spi-builder-workspace/MindboxLogger/Shared/MindboxError/LoggerErrorModel.swift /Users/admin/builder/spi-builder-workspace/MindboxLogger/Shared/MindboxError/MindboxError.swift /Users/admin/builder/spi-builder-workspace/MindboxLogger/Shared/MindboxError/ProtocolError.swift /Users/admin/builder/spi-builder-workspace/MindboxLogger/Shared/MindboxError/Status.swift /Users/admin/builder/spi-builder-workspace/MindboxLogger/Shared/MindboxError/UnknownDecodable.swift /Users/admin/builder/spi-builder-workspace/MindboxLogger/Shared/MindboxError/ValidationError.swift /Users/admin/builder/spi-builder-workspace/MindboxLogger/Shared/MindboxLogger.swift -target arm64-apple-watchos9.0 -disable-cross-import-overlay-search -swift-module-cross-import CoreData /Applications/Xcode-27.0.0-Release.Candidate.app/Contents/Developer/Platforms/WatchOS.platform/Developer/SDKs/WatchOS.sdk/System/Library/Frameworks/CoreData.framework/Modules/CoreData.swiftcrossimport/CloudKit.swiftoverlay -swift-module-cross-import CoreData /Applications/Xcode-27.0.0-Release.Candidate.app/Contents/Developer/Platforms/WatchOS.platform/Developer/SDKs/WatchOS27.0.sdk/System/Library/Frameworks/CoreData.framework/Modules/CoreData.swiftcrossimport/CloudKit.swiftoverlay -load-resolved-plugin /Applications/Xcode-27.0.0-Release.Candidate.app/Contents/Developer/Platforms/WatchOS.platform/Developer/usr/lib/swift/host/plugins/libFoundationMacros.dylib\#/Applications/Xcode-27.0.0-Release.Candidate.app/Contents/Developer/Platforms/WatchOS.platform/Developer/usr/bin/swift-plugin-server\#FoundationMacros -load-resolved-plugin /Applications/Xcode-27.0.0-Release.Candidate.app/Contents/Developer/Platforms/WatchOS.platform/Developer/usr/lib/swift/host/plugins/libObservationMacros.dylib\#/Applications/Xcode-27.0.0-Release.Candidate.app/Contents/Developer/Platforms/WatchOS.platform/Developer/usr/bin/swift-plugin-server\#ObservationMacros -load-resolved-plugin /Applications/Xcode-27.0.0-Release.Candidate.app/Contents/Developer/Platforms/WatchOS.platform/Developer/usr/lib/swift/host/plugins/libSwiftMacros.dylib\#/Applications/Xcode-27.0.0-Release.Candidate.app/Contents/Developer/Platforms/WatchOS.platform/Developer/usr/bin/swift-plugin-server\#SwiftMacros -load-resolved-plugin /Applications/Xcode-27.0.0-Release.Candidate.app/Contents/Developer/Platforms/WatchOS.platform/Developer/usr/lib/swift/host/plugins/libSwiftUIMacros.dylib\#/Applications/Xcode-27.0.0-Release.Candidate.app/Contents/Developer/Platforms/WatchOS.platform/Developer/usr/bin/swift-plugin-server\#SwiftUIMacros -disable-implicit-swift-modules -Xcc -fno-implicit-modules -Xcc -fno-implicit-module-maps -explicit-swift-module-map-file /Users/admin/builder/spi-builder-workspace/.derivedData/Build/Intermediates.noindex/Mindbox.build/Debug-watchos/MindboxLogger-t.build/Objects-normal/arm64/MindboxLogger-dependencies-2.json -Xllvm -aarch64-use-tbi -enable-objc-interop -stack-check -sdk /Applications/Xcode-27.0.0-Release.Candidate.app/Contents/Developer/Platforms/WatchOS.platform/Developer/SDKs/WatchOS27.0.sdk -I /Users/admin/builder/spi-builder-workspace/.derivedData/Build/Products/Debug-watchos -Isystem /Applications/Xcode-27.0.0-Release.Candidate.app/Contents/Developer/Platforms/WatchOS.platform/Developer/usr/lib -F /Users/admin/builder/spi-builder-workspace/.derivedData/Build/Products/Debug-watchos -F /Applications/Xcode-27.0.0-Release.Candidate.app/Contents/Developer/Platforms/WatchOS.platform/Developer/Library/Frameworks -F /Applications/Xcode-27.0.0-Release.Candidate.app/Contents/Developer/Platforms/WatchOS.platform/Developer/SDKs/WatchOS27.0.sdk/Developer/Library/Frameworks -module-cache-path /Users/admin/builder/spi-builder-workspace/.derivedData/Build/Intermediates.noindex/SwiftExplicitPrecompiledModules -no-color-diagnostics -Xcc -fno-color-diagnostics -enable-testing -g -debug-info-format\=dwarf -dwarf-version\=4 -swift-version 5 -Onone -D SWIFT_PACKAGE -D DEBUG -D SWIFT_MODULE_RESOURCE_BUNDLE_AVAILABLE -D Xcode -serialize-debugging-options -enable-experimental-feature DebugDescriptionMacro -empty-abi-descriptor -validate-clang-modules-once -clang-build-session-file /Users/admin/builder/spi-builder-workspace/.derivedData/ModuleCache.noindex/Session.modulevalidation -Xcc -working-directory -Xcc /Users/admin/builder/spi-builder-workspace/.swiftpm/xcode -enable-anonymous-context-mangled-names -file-compilation-dir /Users/admin/builder/spi-builder-workspace/.swiftpm/xcode -Xcc -D_LIBCPP_HARDENING_MODE\=_LIBCPP_HARDENING_MODE_DEBUG -Xcc -ivfsstatcache -Xcc /Users/admin/builder/spi-builder-workspace/.derivedData/SDKStatCaches.noindex/watchos27.0-24R360-e829b21a6f8c9b70876ba0858053c04477534ef55a1706bf4c1112bbb242f0a2.sdkstatcache -Xcc -fmodules-prune-interval\=86400 -Xcc -fmodules-prune-after\=345600 -Xcc -I/Users/admin/builder/spi-builder-workspace/.derivedData/Build/Products/Debug-watchos/include -Xcc -I/Users/admin/builder/spi-builder-workspace/.derivedData/Build/Intermediates.noindex/Mindbox.build/Debug-watchos/MindboxLogger-t.build/DerivedSources-normal/arm64 -Xcc -I/Users/admin/builder/spi-builder-workspace/.derivedData/Build/Intermediates.noindex/Mindbox.build/Debug-watchos/MindboxLogger-t.build/DerivedSources/arm64 -Xcc -I/Users/admin/builder/spi-builder-workspace/.derivedData/Build/Intermediates.noindex/Mindbox.build/Debug-watchos/MindboxLogger-t.build/DerivedSources -Xcc -DSWIFT_PACKAGE -Xcc -DDEBUG\=1 -no-auto-bridging-header-chaining -module-name MindboxLogger -const-gather-protocols-file /Users/admin/builder/spi-builder-workspace/.derivedData/Build/Intermediates.noindex/Mindbox.build/Debug-watchos/MindboxLogger-t.build/Objects-normal/arm64/MindboxLogger_const_extract_protocols.json -disable-clang-spi -clang-target arm64-apple-watchos27.0 -target-sdk-version 27.0 -target-sdk-name watchos27.0 -in-process-plugin-server-path /Applications/Xcode-27.0.0-Release.Candidate.app/Contents/Developer/Toolchains/XcodeDefault.xctoolchain/usr/lib/swift/host/libSwiftInProcPluginServer.dylib -emit-module-doc-path /Users/admin/builder/spi-builder-workspace/.derivedData/Build/Intermediates.noindex/Mindbox.build/Debug-watchos/MindboxLogger-t.build/Objects-normal/arm64/MindboxLogger.swiftdoc -emit-module-source-info-path /Users/admin/builder/spi-builder-workspace/.derivedData/Build/Intermediates.noindex/Mindbox.build/Debug-watchos/MindboxLogger-t.build/Objects-normal/arm64/MindboxLogger.swiftsourceinfo -emit-objc-header-path /Users/admin/builder/spi-builder-workspace/.derivedData/Build/Intermediates.noindex/Mindbox.build/Debug-watchos/MindboxLogger-t.build/Objects-normal/arm64/MindboxLogger-Swift.h -serialize-diagnostics-path /Users/admin/builder/spi-builder-workspace/.derivedData/Build/Intermediates.noindex/Mindbox.build/Debug-watchos/MindboxLogger-t.build/Objects-normal/arm64/MindboxLogger-primary-emit-module.dia -emit-dependencies-path /Users/admin/builder/spi-builder-workspace/.derivedData/Build/Intermediates.noindex/Mindbox.build/Debug-watchos/MindboxLogger-t.build/Objects-normal/arm64/MindboxLogger-primary-emit-module.d -parse-as-library -o /Users/admin/builder/spi-builder-workspace/.derivedData/Build/Intermediates.noindex/Mindbox.build/Debug-watchos/MindboxLogger-t.build/Objects-normal/arm64/MindboxLogger.swiftmodule -emit-abi-descriptor-path /Users/admin/builder/spi-builder-workspace/.derivedData/Build/Intermediates.noindex/Mindbox.build/Debug-watchos/MindboxLogger-t.build/Objects-normal/arm64/MindboxLogger.abi.json
SwiftCompile normal arm64 (in target 'MindboxLogger' from project 'Mindbox')
cd /Users/admin/builder/spi-builder-workspace/.swiftpm/xcode
SwiftCompile normal arm64 Compiling\ LoggerDatabaseLoader.swift,\ MBLoggerCoreDataManager.swift,\ MBPersistentContainer.swift /Users/admin/builder/spi-builder-workspace/MindboxLogger/Shared/LoggerRepository/LoggerDatabaseLoader.swift /Users/admin/builder/spi-builder-workspace/MindboxLogger/Shared/LoggerRepository/MBLoggerCoreDataManager.swift /Users/admin/builder/spi-builder-workspace/MindboxLogger/Shared/LoggerRepository/MBPersistentContainer.swift (in target 'MindboxLogger' from project 'Mindbox')
/Users/admin/builder/spi-builder-workspace/MindboxLogger/Shared/LoggerRepository/MBLoggerCoreDataManager.swift:57:35: error: 'UIBackgroundTaskIdentifier' is unavailable in watchOS
55 | private var logBuffer: [LogMessage]
56 | private let queue: DispatchQueue
57 | private var backgroundTaskID: UIBackgroundTaskIdentifier = .invalid
| `- error: 'UIBackgroundTaskIdentifier' is unavailable in watchOS
58 | private var writesImmediately = false
59 |
/Applications/Xcode-27.0.0-Release.Candidate.app/Contents/Developer/Platforms/WatchOS.platform/Developer/SDKs/WatchOS27.0.sdk/System/Library/Frameworks/UIKit.framework/Headers/UIApplication.h:68:20: note: 'UIBackgroundTaskIdentifier' has been explicitly marked unavailable here
66 | } API_AVAILABLE(ios(4.0)) API_UNAVAILABLE(watchos);
67 |
68 | typedef NSUInteger UIBackgroundTaskIdentifier NS_TYPED_ENUM API_UNAVAILABLE(watchos);
| `- note: 'UIBackgroundTaskIdentifier' has been explicitly marked unavailable here
69 | UIKIT_EXTERN const UIBackgroundTaskIdentifier UIBackgroundTaskInvalid API_AVAILABLE(ios(4.0)) API_UNAVAILABLE(watchos);
70 | UIKIT_EXTERN const NSTimeInterval UIMinimumKeepAliveTimeout API_DEPRECATED("Please use PushKit for VoIP applications.", ios(4.0, 13.0), tvos(9.0, 13.0)) API_UNAVAILABLE(visionos, watchos);
SwiftCompile normal arm64 /Users/admin/builder/spi-builder-workspace/MindboxLogger/Shared/LoggerRepository/LoggerDatabaseLoader.swift (in target 'MindboxLogger' from project 'Mindbox')
cd /Users/admin/builder/spi-builder-workspace/.swiftpm/xcode
builtin-SwiftPerFileCompile LoggerDatabaseLoader.swift
SwiftCompile normal arm64 /Users/admin/builder/spi-builder-workspace/MindboxLogger/Shared/LoggerRepository/MBLoggerCoreDataManager.swift (in target 'MindboxLogger' from project 'Mindbox')
cd /Users/admin/builder/spi-builder-workspace/.swiftpm/xcode
builtin-SwiftPerFileCompile MBLoggerCoreDataManager.swift
SwiftCompile normal arm64 /Users/admin/builder/spi-builder-workspace/MindboxLogger/Shared/LoggerRepository/MBPersistentContainer.swift (in target 'MindboxLogger' from project 'Mindbox')
cd /Users/admin/builder/spi-builder-workspace/.swiftpm/xcode
builtin-SwiftPerFileCompile MBPersistentContainer.swift
SwiftExplicitDependencyGeneratePcm arm64 /Users/admin/builder/spi-builder-workspace/.derivedData/SDKExplicitPrecompiledModules/UserNotificationsUI-B0J07SYK3H0D8VO2S5WMFPJK9.pcm
SwiftCompile normal arm64 Compiling\ ValidationError.swift,\ MindboxLogger.swift /Users/admin/builder/spi-builder-workspace/MindboxLogger/Shared/MindboxError/ValidationError.swift /Users/admin/builder/spi-builder-workspace/MindboxLogger/Shared/MindboxLogger.swift (in target 'MindboxLogger' from project 'Mindbox')
SwiftCompile normal arm64 /Users/admin/builder/spi-builder-workspace/MindboxLogger/Shared/MindboxError/ValidationError.swift (in target 'MindboxLogger' from project 'Mindbox')
cd /Users/admin/builder/spi-builder-workspace/.swiftpm/xcode
builtin-SwiftPerFileCompile ValidationError.swift
SwiftCompile normal arm64 /Users/admin/builder/spi-builder-workspace/MindboxLogger/Shared/MindboxLogger.swift (in target 'MindboxLogger' from project 'Mindbox')
cd /Users/admin/builder/spi-builder-workspace/.swiftpm/xcode
builtin-SwiftPerFileCompile MindboxLogger.swift
SwiftCompile normal arm64 Compiling\ SQLiteLogicalSizeMeasurer.swift,\ MBLogger.swift,\ LoggerErrorModel.swift /Users/admin/builder/spi-builder-workspace/MindboxLogger/Shared/LoggerRepository/SQLiteLogicalSizeMeasurer.swift /Users/admin/builder/spi-builder-workspace/MindboxLogger/Shared/MBLogger.swift /Users/admin/builder/spi-builder-workspace/MindboxLogger/Shared/MindboxError/LoggerErrorModel.swift (in target 'MindboxLogger' from project 'Mindbox')
SwiftCompile normal arm64 /Users/admin/builder/spi-builder-workspace/MindboxLogger/Shared/LoggerRepository/SQLiteLogicalSizeMeasurer.swift (in target 'MindboxLogger' from project 'Mindbox')
cd /Users/admin/builder/spi-builder-workspace/.swiftpm/xcode
builtin-SwiftPerFileCompile SQLiteLogicalSizeMeasurer.swift
SwiftCompile normal arm64 /Users/admin/builder/spi-builder-workspace/MindboxLogger/Shared/MBLogger.swift (in target 'MindboxLogger' from project 'Mindbox')
cd /Users/admin/builder/spi-builder-workspace/.swiftpm/xcode
builtin-SwiftPerFileCompile MBLogger.swift
SwiftCompile normal arm64 /Users/admin/builder/spi-builder-workspace/MindboxLogger/Shared/MindboxError/LoggerErrorModel.swift (in target 'MindboxLogger' from project 'Mindbox')
cd /Users/admin/builder/spi-builder-workspace/.swiftpm/xcode
builtin-SwiftPerFileCompile LoggerErrorModel.swift
SwiftCompile normal arm64 Compiling\ Status.swift,\ UnknownDecodable.swift /Users/admin/builder/spi-builder-workspace/MindboxLogger/Shared/MindboxError/Status.swift /Users/admin/builder/spi-builder-workspace/MindboxLogger/Shared/MindboxError/UnknownDecodable.swift (in target 'MindboxLogger' from project 'Mindbox')
SwiftCompile normal arm64 /Users/admin/builder/spi-builder-workspace/MindboxLogger/Shared/MindboxError/Status.swift (in target 'MindboxLogger' from project 'Mindbox')
cd /Users/admin/builder/spi-builder-workspace/.swiftpm/xcode
builtin-SwiftPerFileCompile Status.swift
SwiftCompile normal arm64 /Users/admin/builder/spi-builder-workspace/MindboxLogger/Shared/MindboxError/UnknownDecodable.swift (in target 'MindboxLogger' from project 'Mindbox')
cd /Users/admin/builder/spi-builder-workspace/.swiftpm/xcode
builtin-SwiftPerFileCompile UnknownDecodable.swift
SwiftCompile normal arm64 Compiling\ FileManager+Extensions.swift,\ MBLoggerUtilitiesFetcher.swift,\ NSManagedObjectContext+Extension.swift /Users/admin/builder/spi-builder-workspace/MindboxLogger/Shared/Extensions/FileManager+Extensions.swift /Users/admin/builder/spi-builder-workspace/MindboxLogger/Shared/Extensions/MBLoggerUtilitiesFetcher.swift /Users/admin/builder/spi-builder-workspace/MindboxLogger/Shared/Extensions/NSManagedObjectContext+Extension.swift (in target 'MindboxLogger' from project 'Mindbox')
SwiftCompile normal arm64 /Users/admin/builder/spi-builder-workspace/MindboxLogger/Shared/Extensions/FileManager+Extensions.swift (in target 'MindboxLogger' from project 'Mindbox')
cd /Users/admin/builder/spi-builder-workspace/.swiftpm/xcode
builtin-SwiftPerFileCompile FileManager+Extensions.swift
SwiftCompile normal arm64 /Users/admin/builder/spi-builder-workspace/MindboxLogger/Shared/Extensions/MBLoggerUtilitiesFetcher.swift (in target 'MindboxLogger' from project 'Mindbox')
cd /Users/admin/builder/spi-builder-workspace/.swiftpm/xcode
builtin-SwiftPerFileCompile MBLoggerUtilitiesFetcher.swift
SwiftCompile normal arm64 /Users/admin/builder/spi-builder-workspace/MindboxLogger/Shared/Extensions/NSManagedObjectContext+Extension.swift (in target 'MindboxLogger' from project 'Mindbox')
cd /Users/admin/builder/spi-builder-workspace/.swiftpm/xcode
builtin-SwiftPerFileCompile NSManagedObjectContext+Extension.swift
/Users/admin/builder/spi-builder-workspace/MindboxLogger/Shared/Extensions/NSManagedObjectContext+Extension.swift:16:37: warning: passing non-Sendable parameter 'block' to function expecting a '@Sendable' closure
12 | public extension NSManagedObjectContext {
13 |
14 | func executePerformAndWait<T>(_ block: () throws -> T) rethrows -> T {
| `- note: parameter 'block' is implicitly non-Sendable
15 | if #available(iOS 15, *) {
16 | try self.performAndWait(block)
| `- warning: passing non-Sendable parameter 'block' to function expecting a '@Sendable' closure
17 | } else {
18 | try mindboxPerformAndWait(block)
SwiftCompile normal arm64 Compiling\ String+Extensions.swift,\ URL+Extensions.swift,\ LogCategory.swift /Users/admin/builder/spi-builder-workspace/MindboxLogger/Shared/Extensions/String+Extensions.swift /Users/admin/builder/spi-builder-workspace/MindboxLogger/Shared/Extensions/URL+Extensions.swift /Users/admin/builder/spi-builder-workspace/MindboxLogger/Shared/Group/LogCategory.swift (in target 'MindboxLogger' from project 'Mindbox')
SwiftCompile normal arm64 /Users/admin/builder/spi-builder-workspace/MindboxLogger/Shared/Extensions/String+Extensions.swift (in target 'MindboxLogger' from project 'Mindbox')
cd /Users/admin/builder/spi-builder-workspace/.swiftpm/xcode
builtin-SwiftPerFileCompile String+Extensions.swift
SwiftCompile normal arm64 /Users/admin/builder/spi-builder-workspace/MindboxLogger/Shared/Extensions/URL+Extensions.swift (in target 'MindboxLogger' from project 'Mindbox')
cd /Users/admin/builder/spi-builder-workspace/.swiftpm/xcode
builtin-SwiftPerFileCompile URL+Extensions.swift
SwiftCompile normal arm64 /Users/admin/builder/spi-builder-workspace/MindboxLogger/Shared/Group/LogCategory.swift (in target 'MindboxLogger' from project 'Mindbox')
cd /Users/admin/builder/spi-builder-workspace/.swiftpm/xcode
builtin-SwiftPerFileCompile LogCategory.swift
SwiftEmitModule normal arm64 Emitting\ module\ for\ MindboxNotifications (in target 'MindboxNotifications' from project 'Mindbox')
/Users/admin/builder/spi-builder-workspace/MindboxNotifications/MindboxNotificationService.swift:24:25: error: 'UIViewController' is unavailable in watchOS
22 |
23 | var context: NSExtensionContext?
24 | var viewController: UIViewController?
| `- error: 'UIViewController' is unavailable in watchOS
25 |
26 | var pushValidator: PushValidator?
/Applications/Xcode-27.0.0-Release.Candidate.app/Contents/Developer/Platforms/WatchOS.platform/Developer/SDKs/WatchOS27.0.sdk/System/Library/Frameworks/UIKit.framework/Headers/UIViewController.h:104:12: note: 'UIViewController' has been explicitly marked unavailable here
102 |
103 | UIKIT_EXTERN API_AVAILABLE(ios(2.0)) API_UNAVAILABLE(watchos) NS_SWIFT_UI_ACTOR
104 | @interface UIViewController : UIResponder <NSCoding, UIAppearanceContainer, UITraitEnvironment, UIContentContainer, UIFocusEnvironment>
| `- note: 'UIViewController' has been explicitly marked unavailable here
105 |
106 | /*
/Users/admin/builder/spi-builder-workspace/MindboxNotifications/NotificationContent.swift:19:25: error: 'UIViewController' is unavailable in watchOS
17 | func didReceive(
18 | notification: UNNotification,
19 | viewController: UIViewController,
| `- error: 'UIViewController' is unavailable in watchOS
20 | extensionContext: NSExtensionContext?
21 | )
/Applications/Xcode-27.0.0-Release.Candidate.app/Contents/Developer/Platforms/WatchOS.platform/Developer/SDKs/WatchOS27.0.sdk/System/Library/Frameworks/UIKit.framework/Headers/UIViewController.h:104:12: note: 'UIViewController' has been explicitly marked unavailable here
102 |
103 | UIKIT_EXTERN API_AVAILABLE(ios(2.0)) API_UNAVAILABLE(watchos) NS_SWIFT_UI_ACTOR
104 | @interface UIViewController : UIResponder <NSCoding, UIAppearanceContainer, UITraitEnvironment, UIContentContainer, UIFocusEnvironment>
| `- note: 'UIViewController' has been explicitly marked unavailable here
105 |
106 | /*
/Users/admin/builder/spi-builder-workspace/MindboxNotifications/NotificationContent.swift:29:74: error: 'UIViewController' is unavailable in watchOS
27 |
28 | /// Call this method in `didReceive(_ notification: UNNotification)` of `NotificationViewController`
29 | public func didReceive(notification: UNNotification, viewController: UIViewController, extensionContext: NSExtensionContext?) {
| `- error: 'UIViewController' is unavailable in watchOS
30 | context = extensionContext
31 | self.viewController = viewController
/Applications/Xcode-27.0.0-Release.Candidate.app/Contents/Developer/Platforms/WatchOS.platform/Developer/SDKs/WatchOS27.0.sdk/System/Library/Frameworks/UIKit.framework/Headers/UIViewController.h:104:12: note: 'UIViewController' has been explicitly marked unavailable here
102 |
103 | UIKIT_EXTERN API_AVAILABLE(ios(2.0)) API_UNAVAILABLE(watchos) NS_SWIFT_UI_ACTOR
104 | @interface UIViewController : UIResponder <NSCoding, UIAppearanceContainer, UITraitEnvironment, UIContentContainer, UIFocusEnvironment>
| `- note: 'UIViewController' has been explicitly marked unavailable here
105 |
106 | /*
/Users/admin/builder/spi-builder-workspace/MindboxNotifications/NotificationContent.swift:78:56: error: 'UIView' is unavailable in watchOS
76 | }
77 |
78 | func createImageView(with imagePath: String, view: UIView?) {
| `- error: 'UIView' is unavailable in watchOS
79 | guard let view = view,
80 | let data = FileManager.default.contents(atPath: imagePath) else {
/Applications/Xcode-27.0.0-Release.Candidate.app/Contents/Developer/Platforms/WatchOS.platform/Developer/SDKs/WatchOS27.0.sdk/System/Library/Frameworks/UIKit.framework/Headers/UIView.h:152:12: note: 'UIView' has been explicitly marked unavailable here
150 |
151 | UIKIT_EXTERN API_AVAILABLE(ios(2.0)) API_UNAVAILABLE(watchos) NS_SWIFT_UI_ACTOR
152 | @interface UIView : UIResponder <NSCoding, UIAppearance, UIAppearanceContainer, UIDynamicItem, UITraitEnvironment, UICoordinateSpace, UIFocusItem, UIFocusItemContainer, CALayerDelegate>
| `- note: 'UIView' has been explicitly marked unavailable here
153 |
154 | @property(class, nonatomic, readonly) Class layerClass; // default is [CALayer class]. Used when creating the underlying layer for the view.
Failed frontend command:
/Applications/Xcode-27.0.0-Release.Candidate.app/Contents/Developer/Toolchains/XcodeDefault.xctoolchain/usr/bin/swift-frontend -frontend -emit-module -experimental-skip-non-inlinable-function-bodies-without-types /Users/admin/builder/spi-builder-workspace/.derivedData/Build/Intermediates.noindex/Mindbox.build/Debug-watchos/MindboxNotifications-t.build/DerivedSources/resource_bundle_accessor.swift /Users/admin/builder/spi-builder-workspace/MindboxNotifications/MindboxNotificationService.swift /Users/admin/builder/spi-builder-workspace/MindboxNotifications/MindboxPushNotification.swift /Users/admin/builder/spi-builder-workspace/MindboxNotifications/Models/ImageFormat.swift /Users/admin/builder/spi-builder-workspace/MindboxNotifications/Models/MBPushNotification.swift /Users/admin/builder/spi-builder-workspace/MindboxNotifications/Models/Payload.swift /Users/admin/builder/spi-builder-workspace/MindboxNotifications/NotificationContent.swift /Users/admin/builder/spi-builder-workspace/MindboxNotifications/NotificationService.swift /Users/admin/builder/spi-builder-workspace/MindboxNotifications/PushNotifications/NotificationFormatter.swift /Users/admin/builder/spi-builder-workspace/MindboxNotifications/PushNotifications/PushNotificationFormatStrategies/NotificationFormatStrategy.swift /Users/admin/builder/spi-builder-workspace/MindboxNotifications/PushNotifications/PushNotificationFormatStrategies/NotificationStrategyFactory.swift /Users/admin/builder/spi-builder-workspace/MindboxNotifications/PushNotifications/PushValidator.swift /Users/admin/builder/spi-builder-workspace/MindboxNotifications/SharedInternalMethods.swift /Users/admin/builder/spi-builder-workspace/MindboxNotifications/Utilities/Constants.swift -target arm64-apple-watchos9.0 -disable-cross-import-overlay-search -swift-module-cross-import UserNotifications /Applications/Xcode-27.0.0-Release.Candidate.app/Contents/Developer/Platforms/WatchOS.platform/Developer/SDKs/WatchOS.sdk/System/Library/Frameworks/UserNotifications.framework/Modules/UserNotifications.swiftcrossimport/AppIntents.swiftoverlay -load-resolved-plugin /Applications/Xcode-27.0.0-Release.Candidate.app/Contents/Developer/Platforms/WatchOS.platform/Developer/usr/lib/swift/host/plugins/libFoundationMacros.dylib\#/Applications/Xcode-27.0.0-Release.Candidate.app/Contents/Developer/Platforms/WatchOS.platform/Developer/usr/bin/swift-plugin-server\#FoundationMacros -load-resolved-plugin /Applications/Xcode-27.0.0-Release.Candidate.app/Contents/Developer/Platforms/WatchOS.platform/Developer/usr/lib/swift/host/plugins/libObservationMacros.dylib\#/Applications/Xcode-27.0.0-Release.Candidate.app/Contents/Developer/Platforms/WatchOS.platform/Developer/usr/bin/swift-plugin-server\#ObservationMacros -load-resolved-plugin /Applications/Xcode-27.0.0-Release.Candidate.app/Contents/Developer/Platforms/WatchOS.platform/Developer/usr/lib/swift/host/plugins/libSwiftMacros.dylib\#/Applications/Xcode-27.0.0-Release.Candidate.app/Contents/Developer/Platforms/WatchOS.platform/Developer/usr/bin/swift-plugin-server\#SwiftMacros -load-resolved-plugin /Applications/Xcode-27.0.0-Release.Candidate.app/Contents/Developer/Platforms/WatchOS.platform/Developer/usr/lib/swift/host/plugins/libSwiftUIMacros.dylib\#/Applications/Xcode-27.0.0-Release.Candidate.app/Contents/Developer/Platforms/WatchOS.platform/Developer/usr/bin/swift-plugin-server\#SwiftUIMacros -disable-implicit-swift-modules -Xcc -fno-implicit-modules -Xcc -fno-implicit-module-maps -explicit-swift-module-map-file /Users/admin/builder/spi-builder-workspace/.derivedData/Build/Intermediates.noindex/Mindbox.build/Debug-watchos/MindboxNotifications-t.build/Objects-normal/arm64/MindboxNotifications-dependencies-1.json -Xllvm -aarch64-use-tbi -enable-objc-interop -stack-check -sdk /Applications/Xcode-27.0.0-Release.Candidate.app/Contents/Developer/Platforms/WatchOS.platform/Developer/SDKs/WatchOS27.0.sdk -I /Users/admin/builder/spi-builder-workspace/.derivedData/Build/Products/Debug-watchos -Isystem /Applications/Xcode-27.0.0-Release.Candidate.app/Contents/Developer/Platforms/WatchOS.platform/Developer/usr/lib -F /Users/admin/builder/spi-builder-workspace/.derivedData/Build/Products/Debug-watchos/PackageFrameworks -F /Users/admin/builder/spi-builder-workspace/.derivedData/Build/Products/Debug-watchos -F /Applications/Xcode-27.0.0-Release.Candidate.app/Contents/Developer/Platforms/WatchOS.platform/Developer/Library/Frameworks -F /Applications/Xcode-27.0.0-Release.Candidate.app/Contents/Developer/Platforms/WatchOS.platform/Developer/SDKs/WatchOS27.0.sdk/Developer/Library/Frameworks -module-cache-path /Users/admin/builder/spi-builder-workspace/.derivedData/Build/Intermediates.noindex/SwiftExplicitPrecompiledModules -no-color-diagnostics -Xcc -fno-color-diagnostics -enable-testing -g -debug-info-format\=dwarf -dwarf-version\=4 -swift-version 5 -Onone -D SWIFT_PACKAGE -D DEBUG -D SWIFT_MODULE_RESOURCE_BUNDLE_AVAILABLE -D Xcode -serialize-debugging-options -enable-experimental-feature DebugDescriptionMacro -empty-abi-descriptor -validate-clang-modules-once -clang-build-session-file /Users/admin/builder/spi-builder-workspace/.derivedData/ModuleCache.noindex/Session.modulevalidation -Xcc -working-directory -Xcc /Users/admin/builder/spi-builder-workspace/.swiftpm/xcode -enable-anonymous-context-mangled-names -file-compilation-dir /Users/admin/builder/spi-builder-workspace/.swiftpm/xcode -Xcc -D_LIBCPP_HARDENING_MODE\=_LIBCPP_HARDENING_MODE_DEBUG -Xcc -ivfsstatcache -Xcc /Users/admin/builder/spi-builder-workspace/.derivedData/SDKStatCaches.noindex/watchos27.0-24R360-e829b21a6f8c9b70876ba0858053c04477534ef55a1706bf4c1112bbb242f0a2.sdkstatcache -Xcc -fmodules-prune-interval\=86400 -Xcc -fmodules-prune-after\=345600 -Xcc -I/Users/admin/builder/spi-builder-workspace/.derivedData/Build/Products/Debug-watchos/include -Xcc -I/Users/admin/builder/spi-builder-workspace/.derivedData/Build/Intermediates.noindex/Mindbox.build/Debug-watchos/MindboxNotifications-t.build/DerivedSources-normal/arm64 -Xcc -I/Users/admin/builder/spi-builder-workspace/.derivedData/Build/Intermediates.noindex/Mindbox.build/Debug-watchos/MindboxNotifications-t.build/DerivedSources/arm64 -Xcc -I/Users/admin/builder/spi-builder-workspace/.derivedData/Build/Intermediates.noindex/Mindbox.build/Debug-watchos/MindboxNotifications-t.build/DerivedSources -Xcc -DSWIFT_PACKAGE -Xcc -DDEBUG\=1 -no-auto-bridging-header-chaining -module-name MindboxNotifications -const-gather-protocols-file /Users/admin/builder/spi-builder-workspace/.derivedData/Build/Intermediates.noindex/Mindbox.build/Debug-watchos/MindboxNotifications-t.build/Objects-normal/arm64/MindboxNotifications_const_extract_protocols.json -disable-clang-spi -clang-target arm64-apple-watchos27.0 -target-sdk-version 27.0 -target-sdk-name watchos27.0 -in-process-plugin-server-path /Applications/Xcode-27.0.0-Release.Candidate.app/Contents/Developer/Toolchains/XcodeDefault.xctoolchain/usr/lib/swift/host/libSwiftInProcPluginServer.dylib -emit-module-doc-path /Users/admin/builder/spi-builder-workspace/.derivedData/Build/Intermediates.noindex/Mindbox.build/Debug-watchos/MindboxNotifications-t.build/Objects-normal/arm64/MindboxNotifications.swiftdoc -emit-module-source-info-path /Users/admin/builder/spi-builder-workspace/.derivedData/Build/Intermediates.noindex/Mindbox.build/Debug-watchos/MindboxNotifications-t.build/Objects-normal/arm64/MindboxNotifications.swiftsourceinfo -emit-objc-header-path /Users/admin/builder/spi-builder-workspace/.derivedData/Build/Intermediates.noindex/Mindbox.build/Debug-watchos/MindboxNotifications-t.build/Objects-normal/arm64/MindboxNotifications-Swift.h -serialize-diagnostics-path /Users/admin/builder/spi-builder-workspace/.derivedData/Build/Intermediates.noindex/Mindbox.build/Debug-watchos/MindboxNotifications-t.build/Objects-normal/arm64/MindboxNotifications-primary-emit-module.dia -emit-dependencies-path /Users/admin/builder/spi-builder-workspace/.derivedData/Build/Intermediates.noindex/Mindbox.build/Debug-watchos/MindboxNotifications-t.build/Objects-normal/arm64/MindboxNotifications-primary-emit-module.d -parse-as-library -o /Users/admin/builder/spi-builder-workspace/.derivedData/Build/Intermediates.noindex/Mindbox.build/Debug-watchos/MindboxNotifications-t.build/Objects-normal/arm64/MindboxNotifications.swiftmodule -emit-abi-descriptor-path /Users/admin/builder/spi-builder-workspace/.derivedData/Build/Intermediates.noindex/Mindbox.build/Debug-watchos/MindboxNotifications-t.build/Objects-normal/arm64/MindboxNotifications.abi.json
SwiftCompile normal arm64 (in target 'MindboxNotifications' from project 'Mindbox')
cd /Users/admin/builder/spi-builder-workspace/.swiftpm/xcode
SwiftEmitModule normal arm64_32 Emitting\ module\ for\ MindboxLogger (in target 'MindboxLogger' from project 'Mindbox')
SwiftCompile normal arm64_32 (in target 'MindboxLogger' from project 'Mindbox')
cd /Users/admin/builder/spi-builder-workspace/.swiftpm/xcode
PruneExplicitPrecompiledModules /Users/admin/builder/spi-builder-workspace/.derivedData/Build/Intermediates.noindex/SwiftExplicitPrecompiledModules
PruneExplicitPrecompiledModules /Users/admin/builder/spi-builder-workspace/.derivedData/Build/Intermediates.noindex/ExplicitPrecompiledModules
PruneExplicitPrecompiledModules /Users/admin/builder/spi-builder-workspace/.derivedData/SDKExplicitPrecompiledModules
2026-09-27 01:41:48.853 xcodebuild[704:4388] [MT] IDERunDestination: Supported platforms for the buildables in the current scheme is empty.
** BUILD FAILED **
The following build commands failed:
SwiftEmitModule normal arm64 Emitting\ module\ for\ MindboxLogger (in target 'MindboxLogger' from project 'Mindbox')
SwiftCompile normal arm64 (in target 'MindboxLogger' from project 'Mindbox')
SwiftEmitModule normal arm64 Emitting\ module\ for\ MindboxNotifications (in target 'MindboxNotifications' from project 'Mindbox')
SwiftCompile normal arm64 (in target 'MindboxNotifications' from project 'Mindbox')
Building workspace Mindbox with scheme Mindbox-Package
(5 failures)
Command line invocation:
/Applications/Xcode-27.0.0-Release.Candidate.app/Contents/Developer/usr/bin/xcodebuild -IDEClonedSourcePackagesDirPathOverride=/Users/admin/builder/spi-builder-workspace/.dependencies -resolvePackageDependencies
Resolve Package Graph
Resolved source packages:
Mindbox: /Users/admin/builder/spi-builder-workspace
resolved source packages: Mindbox
2026-09-27 01:41:57.622 xcodebuild[849:5157] [MT] IDERunDestination: Supported platforms for the buildables in the current scheme is empty.
{
"dependencies" : [
],
"manifest_display_name" : "Mindbox",
"name" : "Mindbox",
"path" : "/Users/admin/builder/spi-builder-workspace",
"platforms" : [
{
"name" : "ios",
"version" : "12.0"
}
],
"products" : [
{
"name" : "Mindbox",
"targets" : [
"Mindbox"
],
"type" : {
"library" : [
"automatic"
]
}
},
{
"name" : "MindboxNotificationsService",
"targets" : [
"MindboxNotifications"
],
"type" : {
"library" : [
"automatic"
]
}
},
{
"name" : "MindboxNotificationsContent",
"targets" : [
"MindboxNotifications"
],
"type" : {
"library" : [
"automatic"
]
}
}
],
"targets" : [
{
"c99name" : "SDKVersionProvider",
"module_type" : "SwiftTarget",
"name" : "SDKVersionProvider",
"path" : "SDKVersionProvider",
"product_memberships" : [
"Mindbox",
"MindboxNotificationsService",
"MindboxNotificationsContent"
],
"sources" : [
"SDKVersionProvider.swift"
],
"type" : "library"
},
{
"c99name" : "MindboxNotifications",
"module_type" : "SwiftTarget",
"name" : "MindboxNotifications",
"path" : "MindboxNotifications",
"product_memberships" : [
"MindboxNotificationsService",
"MindboxNotificationsContent"
],
"resources" : [
{
"path" : "/Users/admin/builder/spi-builder-workspace/MindboxNotifications/PrivacyInfo.xcprivacy",
"rule" : {
"process" : {
}
}
}
],
"sources" : [
"MindboxNotificationService.swift",
"MindboxPushNotification.swift",
"Models/ImageFormat.swift",
"Models/MBPushNotification.swift",
"Models/Payload.swift",
"NotificationContent.swift",
"NotificationService.swift",
"PushNotifications/NotificationFormatter.swift",
"PushNotifications/PushNotificationFormatStrategies/NotificationFormatStrategy.swift",
"PushNotifications/PushNotificationFormatStrategies/NotificationStrategyFactory.swift",
"PushNotifications/PushValidator.swift",
"SharedInternalMethods.swift",
"Utilities/Constants.swift"
],
"target_dependencies" : [
"SDKVersionProvider"
],
"type" : "library"
},
{
"c99name" : "MindboxLogger",
"module_type" : "SwiftTarget",
"name" : "MindboxLogger",
"path" : "MindboxLogger",
"product_memberships" : [
"Mindbox"
],
"resources" : [
{
"path" : "/Users/admin/builder/spi-builder-workspace/MindboxLogger/PrivacyInfo.xcprivacy",
"rule" : {
"process" : {
}
}
}
],
"sources" : [
"Network/Enums/SDKLogsStatus.swift",
"Shared/Extensions/Date+Extension.swift",
"Shared/Extensions/FileManager+Extensions.swift",
"Shared/Extensions/MBLoggerUtilitiesFetcher.swift",
"Shared/Extensions/NSManagedObjectContext+Extension.swift",
"Shared/Extensions/String+Extensions.swift",
"Shared/Extensions/URL+Extensions.swift",
"Shared/Group/LogCategory.swift",
"Shared/Group/LogLevel.swift",
"Shared/Group/LogMessage.swift",
"Shared/Group/LogWriter.swift",
"Shared/LoggerRepository/CDLogMessage+CoreDataClass.swift",
"Shared/LoggerRepository/LogStoreTrimmer.swift",
"Shared/LoggerRepository/LoggerDBConfig.swift",
"Shared/LoggerRepository/LoggerDatabaseLoader.swift",
"Shared/LoggerRepository/MBLoggerCoreDataManager.swift",
"Shared/LoggerRepository/MBPersistentContainer.swift",
"Shared/LoggerRepository/SQLiteLogicalSizeMeasurer.swift",
"Shared/MBLogger.swift",
"Shared/MindboxError/LoggerErrorModel.swift",
"Shared/MindboxError/MindboxError.swift",
"Shared/MindboxError/ProtocolError.swift",
"Shared/MindboxError/Status.swift",
"Shared/MindboxError/UnknownDecodable.swift",
"Shared/MindboxError/ValidationError.swift",
"Shared/MindboxLogger.swift"
],
"type" : "library"
},
{
"c99name" : "Mindbox",
"module_type" : "SwiftTarget",
"name" : "Mindbox",
"path" : "Mindbox",
"product_memberships" : [
"Mindbox"
],
"resources" : [
{
"path" : "/Users/admin/builder/spi-builder-workspace/Mindbox/PrivacyInfo.xcprivacy",
"rule" : {
"process" : {
}
}
}
],
"sources" : [
"ClickNotificationManager/ClickNotificationManager.swift",
"CoreController/CoreController.swift",
"CoreController/TimerManager.swift",
"DI/Injections/InjectABTestUtilities.swift",
"DI/Injections/InjectCore.swift",
"DI/Injections/InjectInappTools.swift",
"DI/Injections/InjectReplaceable.swift",
"DI/Injections/InjectUtilities.swift",
"DI/MBContainer.swift",
"DI/MBInject.swift",
"Database/DatabaseLoader/DatabaseLoader.swift",
"Database/DatabaseLoader/DatabaseLoaderProtocol.swift",
"Database/DatabaseLoader/MBDatabaseError.swift",
"Database/DatabaseLoader/StubDatabaseLoader.swift",
"Database/DatabaseRepository/DatabaseRepositoryProtocol.swift",
"Database/DatabaseRepository/MBDatabaseRepository.swift",
"Database/DatabaseRepository/NoopDatabaseRepository.swift",
"Database/Entities/CDEvent+CoreDataClass.swift",
"Database/Entities/CDEvent+CoreDataProperties.swift",
"Extensions/NSError+Extensions.swift",
"Extensions/Notification+Extensions.swift",
"Extensions/String+Extensions.swift",
"Extensions/UIApplication+Extensions.swift",
"Extensions/UIColor+Extensions.swift",
"Extensions/UNAuthorizationStatus+Extensions.swift",
"GuaranteedDeliveryManager/Background/BGTaskManager.swift",
"GuaranteedDeliveryManager/Background/BackgroundTaskManagerProxy.swift",
"GuaranteedDeliveryManager/Background/BackgroundTaskManagerType.swift",
"GuaranteedDeliveryManager/Background/UIBackgroundTaskManager.swift",
"GuaranteedDeliveryManager/CheckNotificationsStatusOperation.swift",
"GuaranteedDeliveryManager/DeliveryOperation.swift",
"GuaranteedDeliveryManager/GuaranteedDeliveryManager+State.swift",
"GuaranteedDeliveryManager/GuaranteedDeliveryManager.swift",
"InAppMessages/Configuration/API/InAppConfigurationAPI.swift",
"InAppMessages/Configuration/API/TargetingModel.swift",
"InAppMessages/Configuration/API/Targetings/AndTargeting.swift",
"InAppMessages/Configuration/API/Targetings/CategoryIDInTargeting.swift",
"InAppMessages/Configuration/API/Targetings/CategoryIDTargeting.swift",
"InAppMessages/Configuration/API/Targetings/CustomOperationTargeting.swift",
"InAppMessages/Configuration/API/Targetings/GeoTargeting.swift",
"InAppMessages/Configuration/API/Targetings/OrTargeting.swift",
"InAppMessages/Configuration/API/Targetings/ProductIDTargeting.swift",
"InAppMessages/Configuration/API/Targetings/ProductSegmentTargeting.swift",
"InAppMessages/Configuration/API/Targetings/PushEnabledTargeting.swift",
"InAppMessages/Configuration/API/Targetings/SegmentTargeting.swift",
"InAppMessages/Configuration/API/Targetings/TrueTargeting.swift",
"InAppMessages/Configuration/API/Targetings/VisitTargeting.swift",
"InAppMessages/Configuration/InAppConfig.swift",
"InAppMessages/Configuration/InAppConfigurationManager.swift",
"InAppMessages/Configuration/InAppConfigurationRepository.swift",
"InAppMessages/Configuration/Services/OperationsDomainConfigPolicy.swift",
"InAppMessages/Configuration/Services/TTLValidationService.swift",
"InAppMessages/FeatureToggleManager/FeatureToggleManager.swift",
"InAppMessages/FeatureToggleManager/InAppTagsGating.swift",
"InAppMessages/ForegroundStopwatch.swift",
"InAppMessages/Images/ImageFormat.swift",
"InAppMessages/Images/InAppImagesStorage.swift",
"InAppMessages/InAppConfigurationMapper/InappMapper.swift",
"InAppMessages/InAppConfigurationMapper/Services/GeoService.swift",
"InAppMessages/InAppConfigurationMapper/Services/ImageDownloadService.swift",
"InAppMessages/InAppConfigurationMapper/Services/InAppConfigurationDataFacade.swift",
"InAppMessages/InAppConfigurationMapper/Services/InappFilterService/ContentPositionFilter.swift",
"InAppMessages/InAppConfigurationMapper/Services/InappFilterService/ElementsFiter/ElementsColorFilter.swift",
"InAppMessages/InAppConfigurationMapper/Services/InappFilterService/ElementsFiter/ElementsFilter.swift",
"InAppMessages/InAppConfigurationMapper/Services/InappFilterService/ElementsFiter/ElementsPositionFilter.swift",
"InAppMessages/InAppConfigurationMapper/Services/InappFilterService/ElementsFiter/ElementsSizeFilter.swift",
"InAppMessages/InAppConfigurationMapper/Services/InappFilterService/InappFilter.swift",
"InAppMessages/InAppConfigurationMapper/Services/InappFilterService/LayersFilter/LayerActionFilter.swift",
"InAppMessages/InAppConfigurationMapper/Services/InappFilterService/LayersFilter/LayersFilter.swift",
"InAppMessages/InAppConfigurationMapper/Services/InappFilterService/LayersFilter/LayersSourceFilter.swift",
"InAppMessages/InAppConfigurationMapper/Services/InappFilterService/VariantsFilter.swift",
"InAppMessages/InAppConfigurationMapper/Services/SegmentationService.swift",
"InAppMessages/InAppConfigurationMapper/Services/VariantImageUrlExtractorService.swift",
"InAppMessages/InAppCoreManager.swift",
"InAppMessages/InAppMessagesEventSender.swift",
"InAppMessages/InAppMessagesTracker.swift",
"InAppMessages/InAppTargetingChecker/CheckerFactory/CheckerFactory.swift",
"InAppMessages/InAppTargetingChecker/InternalTargetingChecker.swift",
"InAppMessages/InAppTargetingChecker/TargetingChecker.swift",
"InAppMessages/InAppTargetingChecker/TargetingCheckerTypes/AndTargetingChecker.swift",
"InAppMessages/InAppTargetingChecker/TargetingCheckerTypes/CategoryIDChecker.swift",
"InAppMessages/InAppTargetingChecker/TargetingCheckerTypes/CategoryIDInChecker.swift",
"InAppMessages/InAppTargetingChecker/TargetingCheckerTypes/CustomOperationChecker.swift",
"InAppMessages/InAppTargetingChecker/TargetingCheckerTypes/GeoTargetingChecker.swift",
"InAppMessages/InAppTargetingChecker/TargetingCheckerTypes/OrTargetingChecker.swift",
"InAppMessages/InAppTargetingChecker/TargetingCheckerTypes/ProductIDChecker.swift",
"InAppMessages/InAppTargetingChecker/TargetingCheckerTypes/ProductSegmentChecker.swift",
"InAppMessages/InAppTargetingChecker/TargetingCheckerTypes/PushEnabledTargetingChecker.swift",
"InAppMessages/InAppTargetingChecker/TargetingCheckerTypes/SegmentTargetingChecker.swift",
"InAppMessages/InAppTargetingChecker/TargetingCheckerTypes/TrueTargetingChecker.swift",
"InAppMessages/InAppTargetingChecker/TargetingCheckerTypes/VisitTargetingChecker.swift",
"InAppMessages/InappMessagesDelegate/CommonProtocols/MindboxPayloadCopierDelegate.swift",
"InAppMessages/InappMessagesDelegate/CommonProtocols/MindboxURLHandlerDelegate.swift",
"InAppMessages/InappMessagesDelegate/CompositeInappMessageDelegate.swift",
"InAppMessages/InappMessagesDelegate/CopyInappMessageDelegate.swift",
"InAppMessages/InappMessagesDelegate/DefaultInappMessageDelegate.swift",
"InAppMessages/InappMessagesDelegate/InAppMessagesDelegate.swift",
"InAppMessages/InappMessagesDelegate/URLInappMessageDelegate.swift",
"InAppMessages/InappScheduleManager.swift",
"InAppMessages/InappSessionManager/InappSessionManager.swift",
"InAppMessages/InappShowFailureManager.swift",
"InAppMessages/InappTrackingService.swift",
"InAppMessages/Models/Config/ABTestModel.swift",
"InAppMessages/Models/Config/BaseAddressesModel.swift",
"InAppMessages/Models/Config/ConfigResponse.swift",
"InAppMessages/Models/Config/FeatureTogglesModel.swift",
"InAppMessages/Models/Config/InAppSettingsModel.swift",
"InAppMessages/Models/Config/InappModel/InAppModel.swift",
"InAppMessages/Models/Config/InappModel/InappForm/InappForm.swift",
"InAppMessages/Models/Config/InappModel/InappForm/InappFormVariant/InappFormVariantContent/ContentBackground/ContentBackground.swift",
"InAppMessages/Models/Config/InappModel/InappForm/InappFormVariant/InappFormVariantContent/ContentBackground/ContentBackgroundLayer/ContentBackgroundLayer.swift",
"InAppMessages/Models/Config/InappModel/InappForm/InappFormVariant/InappFormVariantContent/ContentBackground/ContentBackgroundLayer/ContentBackgroundLayerAction/Actions/PushPermissionLayerAction.swift",
"InAppMessages/Models/Config/InappModel/InappForm/InappFormVariant/InappFormVariantContent/ContentBackground/ContentBackgroundLayer/ContentBackgroundLayerAction/Actions/RedirectUrlLayerAction.swift",
"InAppMessages/Models/Config/InappModel/InappForm/InappFormVariant/InappFormVariantContent/ContentBackground/ContentBackgroundLayer/ContentBackgroundLayerAction/ContentBackgroundLayerAction.swift",
"InAppMessages/Models/Config/InappModel/InappForm/InappFormVariant/InappFormVariantContent/ContentBackground/ContentBackgroundLayer/ContentBackgroundSource/ContentBackgroundLayerSource.swift",
"InAppMessages/Models/Config/InappModel/InappForm/InappFormVariant/InappFormVariantContent/ContentBackground/ContentBackgroundLayer/ContentBackgroundSource/Sources/UrlLayerSource.swift",
"InAppMessages/Models/Config/InappModel/InappForm/InappFormVariant/InappFormVariantContent/ContentBackground/ContentBackgroundLayer/Layers/ImageContentBackgroundLayer.swift",
"InAppMessages/Models/Config/InappModel/InappForm/InappFormVariant/InappFormVariantContent/ContentBackground/ContentBackgroundLayer/Layers/WebviewContentBackgroundLayer.swift",
"InAppMessages/Models/Config/InappModel/InappForm/InappFormVariant/InappFormVariantContent/ContentElement/ContentElement.swift",
"InAppMessages/Models/Config/InappModel/InappForm/InappFormVariant/InappFormVariantContent/ContentElement/ContentElementPosition/ContentElementPosition.swift",
"InAppMessages/Models/Config/InappModel/InappForm/InappFormVariant/InappFormVariantContent/ContentElement/ContentElementPosition/ContentElementPositionMargin/ContentElementPositionMargin.swift",
"InAppMessages/Models/Config/InappModel/InappForm/InappFormVariant/InappFormVariantContent/ContentElement/ContentElementSize/ContentElementSize.swift",
"InAppMessages/Models/Config/InappModel/InappForm/InappFormVariant/InappFormVariantContent/ContentElement/ContentElementSize/Kind/ContentElementSizeType.swift",
"InAppMessages/Models/Config/InappModel/InappForm/InappFormVariant/InappFormVariantContent/ContentElement/Elements/CloseButtonElement.swift",
"InAppMessages/Models/Config/InappModel/InappForm/InappFormVariant/InappFormVariantContent/ContentPosition/ContentPosition.swift",
"InAppMessages/Models/Config/InappModel/InappForm/InappFormVariant/InappFormVariantContent/ContentPosition/ContentPositionGravity/ContentPositionGravity.swift",
"InAppMessages/Models/Config/InappModel/InappForm/InappFormVariant/InappFormVariantContent/ContentPosition/ContentPositionMargin/ContentPositionMargin.swift",
"InAppMessages/Models/Config/InappModel/InappForm/InappFormVariant/InappFormVariantContent/InappFormVariantContent.swift",
"InAppMessages/Models/Config/InappModel/InappForm/InappFormVariant/InappFormVariantContent/SnackbarFormVariantContent.swift",
"InAppMessages/Models/Config/InappModel/InappForm/InappFormVariant/Variants/ModalFormVariant.swift",
"InAppMessages/Models/Config/InappModel/InappForm/InappFormVariant/Variants/SnackbarFormVariant.swift",
"InAppMessages/Models/Config/InappModel/InappForm/InappFormVariant/iFormVariant.swift",
"InAppMessages/Models/Config/InappModel/InappFrequency/InappFrequency.swift",
"InAppMessages/Models/Config/InappModel/InappFrequency/Types/OnceFrequency.swift",
"InAppMessages/Models/Config/InappModel/InappFrequency/Types/PeriodicFrequency.swift",
"InAppMessages/Models/Config/MonitoringModel.swift",
"InAppMessages/Models/Config/SdkVersionModel.swift",
"InAppMessages/Models/Config/SettingsModel.swift",
"InAppMessages/Models/Config/SettingsOperationsModel.swift",
"InAppMessages/Models/Config/SlidingExpirationModel.swift",
"InAppMessages/Models/Config/TimeToLiveModel.swift",
"InAppMessages/Models/CustomerSegment/SegmentationCheckRequest.swift",
"InAppMessages/Models/CustomerSegment/SegmentationCheckResponse.swift",
"InAppMessages/Models/DictionaryKeyValueModel.swift",
"InAppMessages/Models/InAppFormData.swift",
"InAppMessages/Models/InAppGeoResponse.swift",
"InAppMessages/Models/InAppOperationJSONModel.swift",
"InAppMessages/Models/InAppProductSegmentResponse.swift",
"InAppMessages/Models/InAppResponse.swift",
"InAppMessages/Models/InAppShowFailure.swift",
"InAppMessages/Models/InAppsCheckRequest.swift",
"InAppMessages/Permissions/PermissionHandler.swift",
"InAppMessages/Permissions/PushNotificationsPermissionHandler.swift",
"InAppMessages/Permissions/PushPermissionHelper.swift",
"InAppMessages/PresentChecker/CustomerSegmentsAPI.swift",
"InAppMessages/Presentation/ActionHandler/ActionUseCaseFactory.swift",
"InAppMessages/Presentation/InAppPresentationManager.swift",
"InAppMessages/Presentation/Manager/UseCases/PresentationActionUseCase/PresentationClickTracker.swift",
"InAppMessages/Presentation/Manager/UseCases/PresentationActionUseCase/PushPermissionActionUseCase.swift",
"InAppMessages/Presentation/Manager/UseCases/PresentationActionUseCase/RedirectURLActionUseCase.swift",
"InAppMessages/Presentation/Manager/UseCases/PresentationDisplayUseCase/PresentationDisplayUseCase.swift",
"InAppMessages/Presentation/Manager/UseCases/PresentationDisplayUseCase/Strategy/ModalPresentationStrategy.swift",
"InAppMessages/Presentation/Manager/UseCases/PresentationDisplayUseCase/Strategy/PresentationStrategyProtocol.swift",
"InAppMessages/Presentation/Manager/UseCases/PresentationDisplayUseCase/Strategy/SnackbarPresentationStrategy.swift",
"InAppMessages/Presentation/Manager/UseCases/PresentationDisplayUseCase/Strategy/WebviewPresentationStrategy.swift",
"InAppMessages/Presentation/Views/CommonViews/CrossView.swift",
"InAppMessages/Presentation/Views/CommonViews/ElementFactory/CloseButtonFactory/CloseButtonElementFactory.swift",
"InAppMessages/Presentation/Views/CommonViews/ElementFactory/ElementFactory.swift",
"InAppMessages/Presentation/Views/CommonViews/InAppImageOnlyView.swift",
"InAppMessages/Presentation/Views/CommonViews/LayersFactory/ImageLayer/ImageLayerFactory.swift",
"InAppMessages/Presentation/Views/CommonViews/LayersFactory/LayerFactory.swift",
"InAppMessages/Presentation/Views/ModalView/ModalViewController.swift",
"InAppMessages/Presentation/Views/SnackbarView/SnackbarView.swift",
"InAppMessages/Presentation/Views/SnackbarView/SnackbarViewController.swift",
"InAppMessages/Presentation/Views/ViewFactory/ModalViewFactory.swift",
"InAppMessages/Presentation/Views/ViewFactory/SnackbarViewFactory.swift",
"InAppMessages/Presentation/Views/ViewFactory/ViewFactoryProtocol.swift",
"InAppMessages/Presentation/Views/ViewFactory/WebViewFactory.swift",
"InAppMessages/Presentation/Views/WebView/Bridge/BridgeMessage.swift",
"InAppMessages/Presentation/Views/WebView/Bridge/BridgeMessageDispatcher.swift",
"InAppMessages/Presentation/Views/WebView/Bridge/MindboxWebBridge.swift",
"InAppMessages/Presentation/Views/WebView/Debug/MindboxWebViewFacade.swift",
"InAppMessages/Presentation/Views/WebView/Debug/WebBridgeWKScriptMessageDelegate.swift",
"InAppMessages/Presentation/Views/WebView/Haptic/HapticRequest.swift",
"InAppMessages/Presentation/Views/WebView/Haptic/HapticRequestParser.swift",
"InAppMessages/Presentation/Views/WebView/Haptic/HapticRequestValidator.swift",
"InAppMessages/Presentation/Views/WebView/Haptic/HapticService.swift",
"InAppMessages/Presentation/Views/WebView/InAppWebViewDataStore.swift",
"InAppMessages/Presentation/Views/WebView/InAppWebViewFactory.swift",
"InAppMessages/Presentation/Views/WebView/InAppWebViewHTMLFetcher.swift",
"InAppMessages/Presentation/Views/WebView/InAppWebViewHTTPError.swift",
"InAppMessages/Presentation/Views/WebView/LocalState/WebViewLocalStateStorage.swift",
"InAppMessages/Presentation/Views/WebView/Motion/MotionService.swift",
"InAppMessages/Presentation/Views/WebView/Prewarm/InAppWebViewLearnedHostsStore.swift",
"InAppMessages/Presentation/Views/WebView/Prewarm/InAppWebViewPrewarmNavigationPolicy.swift",
"InAppMessages/Presentation/Views/WebView/Prewarm/InAppWebViewPrewarmPlanner.swift",
"InAppMessages/Presentation/Views/WebView/Prewarm/InAppWebViewPrewarmService.swift",
"InAppMessages/Presentation/Views/WebView/Settings/SettingsRequestParser.swift",
"InAppMessages/Presentation/Views/WebView/TransparentView.swift",
"InAppMessages/Presentation/Views/WebView/WebViewController.swift",
"InAppMessages/Presentation/Views/WebView/WebViewNoCacheRetryPolicy.swift",
"InAppMessages/Presentation/Views/WebView/WebViewReadyChecker.swift",
"MBConfiguration.swift",
"Mindbox.swift",
"MindboxAppDelegate.swift",
"MindboxDelegate.swift",
"MindboxLogger/MD5Hash.swift",
"MindboxLogger/SDKLogsManager.swift",
"MindboxLogger/SDKLogsRequest.swift",
"MindboxSceneDelegate.swift",
"Model/BaseResponse.swift",
"Model/Bodies/CustomEvent.swift",
"Model/Bodies/MobileApplicationInfoUpdated.swift",
"Model/Bodies/MobileApplicationInstalled.swift",
"Model/Bodies/TokenData.swift",
"Model/Bodies/TrackClick.swift",
"Model/Bodies/TrackVisit.swift",
"Model/Common/CodableDictionary.swift",
"Model/Common/CustomDecodingError.swift",
"Model/Common/CustomFields.swift",
"Model/Common/FailableDecodableArray.swift",
"Model/Common/IDS.swift",
"Model/Common/MBDate.swift",
"Model/Common/Sex.swift",
"Model/Event.swift",
"Model/Helpers/SwiftyJSON.swift",
"Model/MindboxError/MindboxError.swift",
"Model/MindboxError/ProtocolError.swift",
"Model/MindboxError/Status.swift",
"Model/MindboxError/UnknownDecodable.swift",
"Model/MindboxError/ValidationError.swift",
"Model/NotificationPayload/NotificationsPayloads.swift",
"Model/OperationBodyRequest.swift",
"Model/OperationBodyRequestType.swift",
"Model/OperationResponse.swift",
"Model/OperationResponseType.swift",
"Model/Request/AreaRequest.swift",
"Model/Request/CashdeskRequest.swift",
"Model/Request/CatalogProductListRequest.swift",
"Model/Request/Channel.swift",
"Model/Request/CouponRequest.swift",
"Model/Request/CustomerActionRequest.swift",
"Model/Request/CustomerRequest.swift",
"Model/Request/DiscountCardRequest.swift",
"Model/Request/DiscountPromoCodeRequest.swift",
"Model/Request/DiscountRequest.swift",
"Model/Request/DiscountTypeRequest.swift",
"Model/Request/ItemRequest.swift",
"Model/Request/LineRequest.swift",
"Model/Request/OrderRequest.swift",
"Model/Request/PoolRequest.swift",
"Model/Request/ProductCategoryRequest.swift",
"Model/Request/ProductGroupRequest.swift",
"Model/Request/ProductListRequest.swift",
"Model/Request/ProductRequest.swift",
"Model/Request/PromoCodeRequest.swift",
"Model/Request/RecommendationRequest.swift",
"Model/Request/RequestedPromotionRequest.swift",
"Model/Request/SegmentationRequest.swift",
"Model/Request/SubViewProductRequest.swift",
"Model/Request/SubscriptionRequest.swift",
"Model/Request/ViewProductCategoryRequest.swift",
"Model/Request/ViewProductRequest.swift",
"Model/Response/AmountBenefisTypeResponse.swift",
"Model/Response/AmountBenefitsResponse.swift",
"Model/Response/AmountResponse.swift",
"Model/Response/AmountTypeResponse.swift",
"Model/Response/AppliedPromotionResponse.swift",
"Model/Response/AppliedPromotionTypeResponse.swift",
"Model/Response/AreaResponse.swift",
"Model/Response/BalanceResponse.swift",
"Model/Response/BalanceTypeReponse.swift",
"Model/Response/BenefitResponse.swift",
"Model/Response/ContentResponse.swift",
"Model/Response/ContentTypeResponse.swift",
"Model/Response/CouponResponse.swift",
"Model/Response/CustomerResponse.swift",
"Model/Response/CustomerSegmentationsResponse.swift",
"Model/Response/DiscountAmountTypeResponse.swift",
"Model/Response/DiscountCardResponse.swift",
"Model/Response/DiscountResponse.swift",
"Model/Response/IssuedPointOfContactResponse.swift",
"Model/Response/ItemProductResponse.swift",
"Model/Response/ItemResponse.swift",
"Model/Response/LimitBenefitsResponse.swift",
"Model/Response/LimitResponse.swift",
"Model/Response/LimitTypeResponse.swift",
"Model/Response/ManufacturerResponse.swift",
"Model/Response/NearestExpirationResponse.swift",
"Model/Response/PeriodTypeResponse.swift",
"Model/Response/PersonalOffersResponse.swift",
"Model/Response/PlaceholderResponse.swift",
"Model/Response/PoolResponse.swift",
"Model/Response/PossibleDiscountsResponse.swift",
"Model/Response/ProcessingStatusResponse.swift",
"Model/Response/ProductElementReponse.swift",
"Model/Response/ProductGroupResponse.swift",
"Model/Response/ProductListItemsResponse.swift",
"Model/Response/ProductListResponse.swift",
"Model/Response/ProductResponse.swift",
"Model/Response/PromoActionsResponse.swift",
"Model/Response/PromoCodeResponse.swift",
"Model/Response/PromotionResponse.swift",
"Model/Response/PromotionTypeResponse.swift",
"Model/Response/RecommendationResponse.swift",
"Model/Response/RetailOrderStatisticsResponse.swift",
"Model/Response/StatusResponse.swift",
"Model/Response/SubscriptionResponse.swift",
"Model/Response/UsageServiceStatusResponse.swift",
"Model/Response/UsedPointOfContactResponse.swift",
"Model/Response/UsedResponse.swift",
"Network/Abstract/NetworkFetcher.swift",
"Network/Abstract/Route.swift",
"Network/Helpers/DeviceModelHelper.swift",
"Network/Helpers/HostNormalizer.swift",
"Network/Helpers/URLRequestBuilder.swift",
"Network/MBNetworkFetcher.swift",
"Network/Types/HTTPMethod.swift",
"Network/Types/HTTPTypealiases.swift",
"Network/Validators/HTTPURLResponseStatusCodeValidator.swift",
"NetworkRepository/Event/EventRepository.swift",
"NetworkRepository/Event/EventRoute.swift",
"NetworkRepository/Event/EventWrapper.swift",
"NetworkRepository/Event/MBEventRepository.swift",
"Permissions/MBPermissionProvider.swift",
"Permissions/PermissionProvider.swift",
"Permissions/PermissionStatus.swift",
"PersistenceStorage/MBPersistenceStorage.swift",
"PersistenceStorage/PersistenceStorage.swift",
"PublicModels/MBPushNotification.swift",
"PublicModels/MindboxApp.swift",
"PushNotifications/PushNotificationFormatStrategies/NotificationFormatFactory.swift",
"PushNotifications/PushNotificationFormatStrategies/NotificationFormatStrategy.swift",
"PushNotifications/PushNotificationFormatter.swift",
"SessionManager/MBSessionManager.swift",
"SessionManager/SessionManager.swift",
"TrackVisitManager/TrackVisitManager.swift",
"UserVisitManager/UserVisitManager.swift",
"Utilities/ABTestDeviceMixer/ABTestDeviceMixer.swift",
"Utilities/AppDelegateProxy/MindboxAppDelegateProxy.swift",
"Utilities/Body+/BodyDecoder.swift",
"Utilities/Body+/BodyEncoder.swift",
"Utilities/Constants.swift",
"Utilities/DispatchSemaphore.swift",
"Utilities/IDFetcher/IDFAFetcher.swift",
"Utilities/IDFetcher/IDFVFetcher.swift",
"Utilities/Migrations/ImplementationOfMigrations/DatabaseMetadataMigration.swift",
"Utilities/Migrations/ImplementationOfMigrations/DateFormatMigration.swift",
"Utilities/Migrations/ImplementationOfMigrations/FirstInitializationDateTimeMigration.swift",
"Utilities/Migrations/ImplementationOfMigrations/RemoveBackgroundTaskDataMigration.swift",
"Utilities/Migrations/ImplementationOfMigrations/ShownInAppsDictionaryMigration.swift",
"Utilities/Migrations/ImplementationOfMigrations/ShownInAppsIDsMigration.swift",
"Utilities/Migrations/MigrationAbstractions/BaseMigration.swift",
"Utilities/Migrations/MigrationAbstractions/MigrationProtocol.swift",
"Utilities/Migrations/MigrationManager/MigrationManager.swift",
"Utilities/Migrations/MigrationManager/MigrationManagerProtocol.swift",
"Utilities/MindboxErrors.swift",
"Utilities/NotificationDecoder.swift",
"Utilities/SDKUserAgent.swift",
"Utilities/SessionTemporaryStorage.swift",
"Utilities/String+Regex.swift",
"Utilities/SystemInfo/MBSystemInfoProvider.swift",
"Utilities/SystemInfo/SystemInfoProvider.swift",
"Utilities/TimeInterval+TimeSpan.swift",
"Utilities/UNAuthorizationStatusProviding/UNAuthorizationStatusProvider.swift",
"Utilities/UNAuthorizationStatusProviding/UNAuthorizationStatusProviding.swift",
"Utilities/UUIDDebugService/PasteboardUUIDDebugService.swift",
"Utilities/UUIDDebugService/UUIDDebugService.swift",
"Utilities/UtilitiesFetcher/MBUtilitiesFetcher.swift",
"Utilities/UtilitiesFetcher/UtilitiesFetcher.swift",
"Validators/ABTestValidator.swift",
"Validators/ABTestVariantsValidator.swift",
"Validators/InappFrequencyValidator.swift",
"Validators/InappPresentationValidator.swift",
"Validators/MindboxPushValidator.swift",
"Validators/OperationNameValidator.swift",
"Validators/SDKVersionValidator.swift",
"Validators/UDIDValidator.swift",
"Validators/URLValidator.swift",
"Validators/Validator.swift"
],
"target_dependencies" : [
"SDKVersionProvider",
"MindboxLogger"
],
"type" : "library"
}
],
"tools_version" : "5.5"
}
{
"workspace" : {
"name" : "Mindbox",
"schemes" : [
"Mindbox",
"Mindbox-Package",
"MindboxNotificationsContent",
"MindboxNotificationsService"
]
}
}
2026-09-27 01:41:58.973 xcodebuild[857:5222] [MT] IDERunDestination: Supported platforms for the buildables in the current scheme is empty.
Running build ...
env DEVELOPER_DIR=/Applications/Xcode-27.0.0-Release.Candidate.app xcrun xcodebuild -IDEClonedSourcePackagesDirPathOverride=$PWD/.dependencies -skipMacroValidation -skipPackagePluginValidation -derivedDataPath $PWD/.derivedData build -scheme Mindbox-Package -destination generic/platform=watchOS
Command line invocation:
/Applications/Xcode-27.0.0-Release.Candidate.app/Contents/Developer/usr/bin/xcodebuild -IDEClonedSourcePackagesDirPathOverride=/Users/admin/builder/spi-builder-workspace/.dependencies -skipMacroValidation -skipPackagePluginValidation -derivedDataPath /Users/admin/builder/spi-builder-workspace/.derivedData build -scheme Mindbox-Package -destination generic/platform=watchOS
Resolve Package Graph
Resolved source packages:
Mindbox: /Users/admin/builder/spi-builder-workspace
ComputePackagePrebuildTargetDependencyGraph
Prepare packages
CreateBuildRequest
SendProjectDescription
CreateBuildOperation
ComputeTargetDependencyGraph
note: Building targets in dependency order
note: Target dependency graph (10 targets)
Target 'MindboxNotificationsContent-product' in project 'Mindbox'
➜ Explicit dependency on target 'MindboxNotifications' in project 'Mindbox'
➜ Explicit dependency on target 'Mindbox_MindboxNotifications' in project 'Mindbox'
➜ Explicit dependency on target 'SDKVersionProvider' in project 'Mindbox'
Target 'MindboxNotificationsService-product' in project 'Mindbox'
➜ Explicit dependency on target 'MindboxNotifications' in project 'Mindbox'
➜ Explicit dependency on target 'Mindbox_MindboxNotifications' in project 'Mindbox'
➜ Explicit dependency on target 'SDKVersionProvider' in project 'Mindbox'
Target 'MindboxNotifications' in project 'Mindbox'
➜ Explicit dependency on target 'Mindbox_MindboxNotifications' in project 'Mindbox'
➜ Explicit dependency on target 'SDKVersionProvider' in project 'Mindbox'
Target 'Mindbox_MindboxNotifications' in project 'Mindbox' (no dependencies)
Target 'Mindbox-product' in project 'Mindbox'
➜ Explicit dependency on target 'Mindbox' in project 'Mindbox'
➜ Explicit dependency on target 'Mindbox_Mindbox' in project 'Mindbox'
➜ Explicit dependency on target 'SDKVersionProvider' in project 'Mindbox'
➜ Explicit dependency on target 'MindboxLogger' in project 'Mindbox'
Target 'Mindbox' in project 'Mindbox'
➜ Explicit dependency on target 'Mindbox_Mindbox' in project 'Mindbox'
➜ Explicit dependency on target 'SDKVersionProvider' in project 'Mindbox'
➜ Explicit dependency on target 'MindboxLogger' in project 'Mindbox'
Target 'MindboxLogger' in project 'Mindbox'
➜ Explicit dependency on target 'Mindbox_MindboxLogger' in project 'Mindbox'
Target 'Mindbox_MindboxLogger' in project 'Mindbox' (no dependencies)
Target 'SDKVersionProvider' in project 'Mindbox' (no dependencies)
Target 'Mindbox_Mindbox' in project 'Mindbox' (no dependencies)
GatherProvisioningInputs
CreateBuildDescription
ClangStatCache /Applications/Xcode-27.0.0-Release.Candidate.app/Contents/Developer/Toolchains/XcodeDefault.xctoolchain/usr/bin/clang-stat-cache /Applications/Xcode-27.0.0-Release.Candidate.app/Contents/Developer/Platforms/WatchOS.platform/Developer/SDKs/WatchOS27.0.sdk /Users/admin/builder/spi-builder-workspace/.derivedData/SDKStatCaches.noindex/watchos27.0-24R360-e829b21a6f8c9b70876ba0858053c04477534ef55a1706bf4c1112bbb242f0a2.sdkstatcache
cd /Users/admin/builder/spi-builder-workspace/.swiftpm/xcode
/Applications/Xcode-27.0.0-Release.Candidate.app/Contents/Developer/Toolchains/XcodeDefault.xctoolchain/usr/bin/clang-stat-cache /Applications/Xcode-27.0.0-Release.Candidate.app/Contents/Developer/Platforms/WatchOS.platform/Developer/SDKs/WatchOS27.0.sdk -o /Users/admin/builder/spi-builder-workspace/.derivedData/SDKStatCaches.noindex/watchos27.0-24R360-e829b21a6f8c9b70876ba0858053c04477534ef55a1706bf4c1112bbb242f0a2.sdkstatcache
SwiftDriver SDKVersionProvider normal arm64_32 com.apple.xcode.tools.swift.compiler (in target 'SDKVersionProvider' from project 'Mindbox')
cd /Users/admin/builder/spi-builder-workspace/.swiftpm/xcode
builtin-SwiftDriver -- /Applications/Xcode-27.0.0-Release.Candidate.app/Contents/Developer/Toolchains/XcodeDefault.xctoolchain/usr/bin/swiftc -parse-as-library -module-name SDKVersionProvider -Onone @/Users/admin/builder/spi-builder-workspace/.derivedData/Build/Intermediates.noindex/Mindbox.build/Debug-watchos/SDKVersionProvider-t.build/Objects-normal/arm64_32/SDKVersionProvider.SwiftFileList -DSWIFT_PACKAGE -DDEBUG -DSWIFT_MODULE_RESOURCE_BUNDLE_UNAVAILABLE -DXcode -plugin-path /Applications/Xcode-27.0.0-Release.Candidate.app/Contents/Developer/Toolchains/XcodeDefault.xctoolchain/usr/lib/swift/host/plugins/testing -enable-experimental-feature DebugDescriptionMacro -sdk /Applications/Xcode-27.0.0-Release.Candidate.app/Contents/Developer/Platforms/WatchOS.platform/Developer/SDKs/WatchOS27.0.sdk -target arm64_32-apple-watchos9.0 -g -module-cache-path /Users/admin/builder/spi-builder-workspace/.derivedData/ModuleCache.noindex -Xfrontend -serialize-debugging-options -enable-testing -index-store-path /Users/admin/builder/spi-builder-workspace/.derivedData/Index.noindex/DataStore -Xcc -D_LIBCPP_HARDENING_MODE\=_LIBCPP_HARDENING_MODE_DEBUG -swift-version 5 -I /Users/admin/builder/spi-builder-workspace/.derivedData/Build/Products/Debug-watchos -Isystem /Applications/Xcode-27.0.0-Release.Candidate.app/Contents/Developer/Platforms/WatchOS.platform/Developer/usr/lib -F /Users/admin/builder/spi-builder-workspace/.derivedData/Build/Products/Debug-watchos -F /Applications/Xcode-27.0.0-Release.Candidate.app/Contents/Developer/Platforms/WatchOS.platform/Developer/Library/Frameworks -F /Applications/Xcode-27.0.0-Release.Candidate.app/Contents/Developer/Platforms/WatchOS.platform/Developer/SDKs/WatchOS27.0.sdk/Developer/Library/Frameworks -c -j10 -enable-batch-mode -incremental -Xcc -ivfsstatcache -Xcc /Users/admin/builder/spi-builder-workspace/.derivedData/SDKStatCaches.noindex/watchos27.0-24R360-e829b21a6f8c9b70876ba0858053c04477534ef55a1706bf4c1112bbb242f0a2.sdkstatcache -output-file-map /Users/admin/builder/spi-builder-workspace/.derivedData/Build/Intermediates.noindex/Mindbox.build/Debug-watchos/SDKVersionProvider-t.build/Objects-normal/arm64_32/SDKVersionProvider-OutputFileMap.json -save-temps -no-color-diagnostics -explicit-module-build -module-cache-path /Users/admin/builder/spi-builder-workspace/.derivedData/Build/Intermediates.noindex/SwiftExplicitPrecompiledModules -clang-scanner-module-cache-path /Users/admin/builder/spi-builder-workspace/.derivedData/ModuleCache.noindex -sdk-module-cache-path /Users/admin/builder/spi-builder-workspace/.derivedData/SDKExplicitPrecompiledModules -emit-dependencies -emit-module -emit-module-path /Users/admin/builder/spi-builder-workspace/.derivedData/Build/Intermediates.noindex/Mindbox.build/Debug-watchos/SDKVersionProvider-t.build/Objects-normal/arm64_32/SDKVersionProvider.swiftmodule -serialize-diagnostics -dependency-scan-serialize-diagnostics-path /Users/admin/builder/spi-builder-workspace/.derivedData/Build/Intermediates.noindex/Mindbox.build/Debug-watchos/SDKVersionProvider-t.build/Objects-normal/arm64_32/SDKVersionProvider-dependency-scan.dia -validate-clang-modules-once -clang-build-session-file /Users/admin/builder/spi-builder-workspace/.derivedData/ModuleCache.noindex/Session.modulevalidation -Xcc -fmodules-prune-interval\=86400 -Xcc -fmodules-prune-after\=345600 -emit-const-values -const-gather-protocols-list /Users/admin/builder/spi-builder-workspace/.derivedData/Build/Intermediates.noindex/Mindbox.build/Debug-watchos/SDKVersionProvider-t.build/Objects-normal/arm64_32/SDKVersionProvider_const_extract_protocols.json -Xcc -I/Users/admin/builder/spi-builder-workspace/.derivedData/Build/Products/Debug-watchos/include -Xcc -I/Users/admin/builder/spi-builder-workspace/.derivedData/Build/Intermediates.noindex/Mindbox.build/Debug-watchos/SDKVersionProvider-t.build/DerivedSources-normal/arm64_32 -Xcc -I/Users/admin/builder/spi-builder-workspace/.derivedData/Build/Intermediates.noindex/Mindbox.build/Debug-watchos/SDKVersionProvider-t.build/DerivedSources/arm64_32 -Xcc -I/Users/admin/builder/spi-builder-workspace/.derivedData/Build/Intermediates.noindex/Mindbox.build/Debug-watchos/SDKVersionProvider-t.build/DerivedSources -Xcc -DSWIFT_PACKAGE -Xcc -DDEBUG\=1 -emit-objc-header -emit-objc-header-path /Users/admin/builder/spi-builder-workspace/.derivedData/Build/Intermediates.noindex/Mindbox.build/Debug-watchos/SDKVersionProvider-t.build/Objects-normal/arm64_32/SDKVersionProvider-Swift.h -working-directory /Users/admin/builder/spi-builder-workspace/.swiftpm/xcode -experimental-emit-module-separately -disable-cmo
SwiftDriver MindboxNotifications normal arm64_32 com.apple.xcode.tools.swift.compiler (in target 'MindboxNotifications' from project 'Mindbox')
cd /Users/admin/builder/spi-builder-workspace/.swiftpm/xcode
builtin-SwiftDriver -- /Applications/Xcode-27.0.0-Release.Candidate.app/Contents/Developer/Toolchains/XcodeDefault.xctoolchain/usr/bin/swiftc -parse-as-library -module-name MindboxNotifications -Onone @/Users/admin/builder/spi-builder-workspace/.derivedData/Build/Intermediates.noindex/Mindbox.build/Debug-watchos/MindboxNotifications-t.build/Objects-normal/arm64_32/MindboxNotifications.SwiftFileList -DSWIFT_PACKAGE -DDEBUG -DSWIFT_MODULE_RESOURCE_BUNDLE_AVAILABLE -DXcode -plugin-path /Applications/Xcode-27.0.0-Release.Candidate.app/Contents/Developer/Toolchains/XcodeDefault.xctoolchain/usr/lib/swift/host/plugins/testing -enable-experimental-feature DebugDescriptionMacro -sdk /Applications/Xcode-27.0.0-Release.Candidate.app/Contents/Developer/Platforms/WatchOS.platform/Developer/SDKs/WatchOS27.0.sdk -target arm64_32-apple-watchos9.0 -g -module-cache-path /Users/admin/builder/spi-builder-workspace/.derivedData/ModuleCache.noindex -Xfrontend -serialize-debugging-options -enable-testing -index-store-path /Users/admin/builder/spi-builder-workspace/.derivedData/Index.noindex/DataStore -Xcc -D_LIBCPP_HARDENING_MODE\=_LIBCPP_HARDENING_MODE_DEBUG -swift-version 5 -I /Users/admin/builder/spi-builder-workspace/.derivedData/Build/Products/Debug-watchos -Isystem /Applications/Xcode-27.0.0-Release.Candidate.app/Contents/Developer/Platforms/WatchOS.platform/Developer/usr/lib -F /Users/admin/builder/spi-builder-workspace/.derivedData/Build/Products/Debug-watchos/PackageFrameworks -F /Users/admin/builder/spi-builder-workspace/.derivedData/Build/Products/Debug-watchos -F /Applications/Xcode-27.0.0-Release.Candidate.app/Contents/Developer/Platforms/WatchOS.platform/Developer/Library/Frameworks -F /Applications/Xcode-27.0.0-Release.Candidate.app/Contents/Developer/Platforms/WatchOS.platform/Developer/SDKs/WatchOS27.0.sdk/Developer/Library/Frameworks -c -j10 -enable-batch-mode -incremental -Xcc -ivfsstatcache -Xcc /Users/admin/builder/spi-builder-workspace/.derivedData/SDKStatCaches.noindex/watchos27.0-24R360-e829b21a6f8c9b70876ba0858053c04477534ef55a1706bf4c1112bbb242f0a2.sdkstatcache -output-file-map /Users/admin/builder/spi-builder-workspace/.derivedData/Build/Intermediates.noindex/Mindbox.build/Debug-watchos/MindboxNotifications-t.build/Objects-normal/arm64_32/MindboxNotifications-OutputFileMap.json -save-temps -no-color-diagnostics -explicit-module-build -module-cache-path /Users/admin/builder/spi-builder-workspace/.derivedData/Build/Intermediates.noindex/SwiftExplicitPrecompiledModules -clang-scanner-module-cache-path /Users/admin/builder/spi-builder-workspace/.derivedData/ModuleCache.noindex -sdk-module-cache-path /Users/admin/builder/spi-builder-workspace/.derivedData/SDKExplicitPrecompiledModules -emit-dependencies -emit-module -emit-module-path /Users/admin/builder/spi-builder-workspace/.derivedData/Build/Intermediates.noindex/Mindbox.build/Debug-watchos/MindboxNotifications-t.build/Objects-normal/arm64_32/MindboxNotifications.swiftmodule -serialize-diagnostics -dependency-scan-serialize-diagnostics-path /Users/admin/builder/spi-builder-workspace/.derivedData/Build/Intermediates.noindex/Mindbox.build/Debug-watchos/MindboxNotifications-t.build/Objects-normal/arm64_32/MindboxNotifications-dependency-scan.dia -validate-clang-modules-once -clang-build-session-file /Users/admin/builder/spi-builder-workspace/.derivedData/ModuleCache.noindex/Session.modulevalidation -Xcc -fmodules-prune-interval\=86400 -Xcc -fmodules-prune-after\=345600 -emit-const-values -const-gather-protocols-list /Users/admin/builder/spi-builder-workspace/.derivedData/Build/Intermediates.noindex/Mindbox.build/Debug-watchos/MindboxNotifications-t.build/Objects-normal/arm64_32/MindboxNotifications_const_extract_protocols.json -Xcc -I/Users/admin/builder/spi-builder-workspace/.derivedData/Build/Products/Debug-watchos/include -Xcc -I/Users/admin/builder/spi-builder-workspace/.derivedData/Build/Intermediates.noindex/Mindbox.build/Debug-watchos/MindboxNotifications-t.build/DerivedSources-normal/arm64_32 -Xcc -I/Users/admin/builder/spi-builder-workspace/.derivedData/Build/Intermediates.noindex/Mindbox.build/Debug-watchos/MindboxNotifications-t.build/DerivedSources/arm64_32 -Xcc -I/Users/admin/builder/spi-builder-workspace/.derivedData/Build/Intermediates.noindex/Mindbox.build/Debug-watchos/MindboxNotifications-t.build/DerivedSources -Xcc -DSWIFT_PACKAGE -Xcc -DDEBUG\=1 -emit-objc-header -emit-objc-header-path /Users/admin/builder/spi-builder-workspace/.derivedData/Build/Intermediates.noindex/Mindbox.build/Debug-watchos/MindboxNotifications-t.build/Objects-normal/arm64_32/MindboxNotifications-Swift.h -working-directory /Users/admin/builder/spi-builder-workspace/.swiftpm/xcode -experimental-emit-module-separately -disable-cmo
SwiftDriver MindboxNotifications normal arm64 com.apple.xcode.tools.swift.compiler (in target 'MindboxNotifications' from project 'Mindbox')
cd /Users/admin/builder/spi-builder-workspace/.swiftpm/xcode
builtin-SwiftDriver -- /Applications/Xcode-27.0.0-Release.Candidate.app/Contents/Developer/Toolchains/XcodeDefault.xctoolchain/usr/bin/swiftc -parse-as-library -module-name MindboxNotifications -Onone @/Users/admin/builder/spi-builder-workspace/.derivedData/Build/Intermediates.noindex/Mindbox.build/Debug-watchos/MindboxNotifications-t.build/Objects-normal/arm64/MindboxNotifications.SwiftFileList -DSWIFT_PACKAGE -DDEBUG -DSWIFT_MODULE_RESOURCE_BUNDLE_AVAILABLE -DXcode -plugin-path /Applications/Xcode-27.0.0-Release.Candidate.app/Contents/Developer/Toolchains/XcodeDefault.xctoolchain/usr/lib/swift/host/plugins/testing -enable-experimental-feature DebugDescriptionMacro -sdk /Applications/Xcode-27.0.0-Release.Candidate.app/Contents/Developer/Platforms/WatchOS.platform/Developer/SDKs/WatchOS27.0.sdk -target arm64-apple-watchos9.0 -g -module-cache-path /Users/admin/builder/spi-builder-workspace/.derivedData/ModuleCache.noindex -Xfrontend -serialize-debugging-options -enable-testing -index-store-path /Users/admin/builder/spi-builder-workspace/.derivedData/Index.noindex/DataStore -Xcc -D_LIBCPP_HARDENING_MODE\=_LIBCPP_HARDENING_MODE_DEBUG -swift-version 5 -I /Users/admin/builder/spi-builder-workspace/.derivedData/Build/Products/Debug-watchos -Isystem /Applications/Xcode-27.0.0-Release.Candidate.app/Contents/Developer/Platforms/WatchOS.platform/Developer/usr/lib -F /Users/admin/builder/spi-builder-workspace/.derivedData/Build/Products/Debug-watchos/PackageFrameworks -F /Users/admin/builder/spi-builder-workspace/.derivedData/Build/Products/Debug-watchos -F /Applications/Xcode-27.0.0-Release.Candidate.app/Contents/Developer/Platforms/WatchOS.platform/Developer/Library/Frameworks -F /Applications/Xcode-27.0.0-Release.Candidate.app/Contents/Developer/Platforms/WatchOS.platform/Developer/SDKs/WatchOS27.0.sdk/Developer/Library/Frameworks -c -j10 -enable-batch-mode -incremental -Xcc -ivfsstatcache -Xcc /Users/admin/builder/spi-builder-workspace/.derivedData/SDKStatCaches.noindex/watchos27.0-24R360-e829b21a6f8c9b70876ba0858053c04477534ef55a1706bf4c1112bbb242f0a2.sdkstatcache -output-file-map /Users/admin/builder/spi-builder-workspace/.derivedData/Build/Intermediates.noindex/Mindbox.build/Debug-watchos/MindboxNotifications-t.build/Objects-normal/arm64/MindboxNotifications-OutputFileMap.json -save-temps -no-color-diagnostics -explicit-module-build -module-cache-path /Users/admin/builder/spi-builder-workspace/.derivedData/Build/Intermediates.noindex/SwiftExplicitPrecompiledModules -clang-scanner-module-cache-path /Users/admin/builder/spi-builder-workspace/.derivedData/ModuleCache.noindex -sdk-module-cache-path /Users/admin/builder/spi-builder-workspace/.derivedData/SDKExplicitPrecompiledModules -emit-dependencies -emit-module -emit-module-path /Users/admin/builder/spi-builder-workspace/.derivedData/Build/Intermediates.noindex/Mindbox.build/Debug-watchos/MindboxNotifications-t.build/Objects-normal/arm64/MindboxNotifications.swiftmodule -serialize-diagnostics -dependency-scan-serialize-diagnostics-path /Users/admin/builder/spi-builder-workspace/.derivedData/Build/Intermediates.noindex/Mindbox.build/Debug-watchos/MindboxNotifications-t.build/Objects-normal/arm64/MindboxNotifications-dependency-scan.dia -validate-clang-modules-once -clang-build-session-file /Users/admin/builder/spi-builder-workspace/.derivedData/ModuleCache.noindex/Session.modulevalidation -Xcc -fmodules-prune-interval\=86400 -Xcc -fmodules-prune-after\=345600 -emit-const-values -const-gather-protocols-list /Users/admin/builder/spi-builder-workspace/.derivedData/Build/Intermediates.noindex/Mindbox.build/Debug-watchos/MindboxNotifications-t.build/Objects-normal/arm64/MindboxNotifications_const_extract_protocols.json -Xcc -I/Users/admin/builder/spi-builder-workspace/.derivedData/Build/Products/Debug-watchos/include -Xcc -I/Users/admin/builder/spi-builder-workspace/.derivedData/Build/Intermediates.noindex/Mindbox.build/Debug-watchos/MindboxNotifications-t.build/DerivedSources-normal/arm64 -Xcc -I/Users/admin/builder/spi-builder-workspace/.derivedData/Build/Intermediates.noindex/Mindbox.build/Debug-watchos/MindboxNotifications-t.build/DerivedSources/arm64 -Xcc -I/Users/admin/builder/spi-builder-workspace/.derivedData/Build/Intermediates.noindex/Mindbox.build/Debug-watchos/MindboxNotifications-t.build/DerivedSources -Xcc -DSWIFT_PACKAGE -Xcc -DDEBUG\=1 -emit-objc-header -emit-objc-header-path /Users/admin/builder/spi-builder-workspace/.derivedData/Build/Intermediates.noindex/Mindbox.build/Debug-watchos/MindboxNotifications-t.build/Objects-normal/arm64/MindboxNotifications-Swift.h -working-directory /Users/admin/builder/spi-builder-workspace/.swiftpm/xcode -experimental-emit-module-separately -disable-cmo
SwiftDriver MindboxLogger normal arm64 com.apple.xcode.tools.swift.compiler (in target 'MindboxLogger' from project 'Mindbox')
cd /Users/admin/builder/spi-builder-workspace/.swiftpm/xcode
builtin-SwiftDriver -- /Applications/Xcode-27.0.0-Release.Candidate.app/Contents/Developer/Toolchains/XcodeDefault.xctoolchain/usr/bin/swiftc -parse-as-library -module-name MindboxLogger -Onone @/Users/admin/builder/spi-builder-workspace/.derivedData/Build/Intermediates.noindex/Mindbox.build/Debug-watchos/MindboxLogger-t.build/Objects-normal/arm64/MindboxLogger.SwiftFileList -DSWIFT_PACKAGE -DDEBUG -DSWIFT_MODULE_RESOURCE_BUNDLE_AVAILABLE -DXcode -plugin-path /Applications/Xcode-27.0.0-Release.Candidate.app/Contents/Developer/Toolchains/XcodeDefault.xctoolchain/usr/lib/swift/host/plugins/testing -enable-experimental-feature DebugDescriptionMacro -sdk /Applications/Xcode-27.0.0-Release.Candidate.app/Contents/Developer/Platforms/WatchOS.platform/Developer/SDKs/WatchOS27.0.sdk -target arm64-apple-watchos9.0 -g -module-cache-path /Users/admin/builder/spi-builder-workspace/.derivedData/ModuleCache.noindex -Xfrontend -serialize-debugging-options -enable-testing -index-store-path /Users/admin/builder/spi-builder-workspace/.derivedData/Index.noindex/DataStore -Xcc -D_LIBCPP_HARDENING_MODE\=_LIBCPP_HARDENING_MODE_DEBUG -swift-version 5 -I /Users/admin/builder/spi-builder-workspace/.derivedData/Build/Products/Debug-watchos -Isystem /Applications/Xcode-27.0.0-Release.Candidate.app/Contents/Developer/Platforms/WatchOS.platform/Developer/usr/lib -F /Users/admin/builder/spi-builder-workspace/.derivedData/Build/Products/Debug-watchos -F /Applications/Xcode-27.0.0-Release.Candidate.app/Contents/Developer/Platforms/WatchOS.platform/Developer/Library/Frameworks -F /Applications/Xcode-27.0.0-Release.Candidate.app/Contents/Developer/Platforms/WatchOS.platform/Developer/SDKs/WatchOS27.0.sdk/Developer/Library/Frameworks -c -j10 -enable-batch-mode -incremental -Xcc -ivfsstatcache -Xcc /Users/admin/builder/spi-builder-workspace/.derivedData/SDKStatCaches.noindex/watchos27.0-24R360-e829b21a6f8c9b70876ba0858053c04477534ef55a1706bf4c1112bbb242f0a2.sdkstatcache -output-file-map /Users/admin/builder/spi-builder-workspace/.derivedData/Build/Intermediates.noindex/Mindbox.build/Debug-watchos/MindboxLogger-t.build/Objects-normal/arm64/MindboxLogger-OutputFileMap.json -save-temps -no-color-diagnostics -explicit-module-build -module-cache-path /Users/admin/builder/spi-builder-workspace/.derivedData/Build/Intermediates.noindex/SwiftExplicitPrecompiledModules -clang-scanner-module-cache-path /Users/admin/builder/spi-builder-workspace/.derivedData/ModuleCache.noindex -sdk-module-cache-path /Users/admin/builder/spi-builder-workspace/.derivedData/SDKExplicitPrecompiledModules -emit-dependencies -emit-module -emit-module-path /Users/admin/builder/spi-builder-workspace/.derivedData/Build/Intermediates.noindex/Mindbox.build/Debug-watchos/MindboxLogger-t.build/Objects-normal/arm64/MindboxLogger.swiftmodule -serialize-diagnostics -dependency-scan-serialize-diagnostics-path /Users/admin/builder/spi-builder-workspace/.derivedData/Build/Intermediates.noindex/Mindbox.build/Debug-watchos/MindboxLogger-t.build/Objects-normal/arm64/MindboxLogger-dependency-scan.dia -validate-clang-modules-once -clang-build-session-file /Users/admin/builder/spi-builder-workspace/.derivedData/ModuleCache.noindex/Session.modulevalidation -Xcc -fmodules-prune-interval\=86400 -Xcc -fmodules-prune-after\=345600 -emit-const-values -const-gather-protocols-list /Users/admin/builder/spi-builder-workspace/.derivedData/Build/Intermediates.noindex/Mindbox.build/Debug-watchos/MindboxLogger-t.build/Objects-normal/arm64/MindboxLogger_const_extract_protocols.json -Xcc -I/Users/admin/builder/spi-builder-workspace/.derivedData/Build/Products/Debug-watchos/include -Xcc -I/Users/admin/builder/spi-builder-workspace/.derivedData/Build/Intermediates.noindex/Mindbox.build/Debug-watchos/MindboxLogger-t.build/DerivedSources-normal/arm64 -Xcc -I/Users/admin/builder/spi-builder-workspace/.derivedData/Build/Intermediates.noindex/Mindbox.build/Debug-watchos/MindboxLogger-t.build/DerivedSources/arm64 -Xcc -I/Users/admin/builder/spi-builder-workspace/.derivedData/Build/Intermediates.noindex/Mindbox.build/Debug-watchos/MindboxLogger-t.build/DerivedSources -Xcc -DSWIFT_PACKAGE -Xcc -DDEBUG\=1 -emit-objc-header -emit-objc-header-path /Users/admin/builder/spi-builder-workspace/.derivedData/Build/Intermediates.noindex/Mindbox.build/Debug-watchos/MindboxLogger-t.build/Objects-normal/arm64/MindboxLogger-Swift.h -working-directory /Users/admin/builder/spi-builder-workspace/.swiftpm/xcode -experimental-emit-module-separately -disable-cmo
SwiftDriver MindboxLogger normal arm64_32 com.apple.xcode.tools.swift.compiler (in target 'MindboxLogger' from project 'Mindbox')
cd /Users/admin/builder/spi-builder-workspace/.swiftpm/xcode
builtin-SwiftDriver -- /Applications/Xcode-27.0.0-Release.Candidate.app/Contents/Developer/Toolchains/XcodeDefault.xctoolchain/usr/bin/swiftc -parse-as-library -module-name MindboxLogger -Onone @/Users/admin/builder/spi-builder-workspace/.derivedData/Build/Intermediates.noindex/Mindbox.build/Debug-watchos/MindboxLogger-t.build/Objects-normal/arm64_32/MindboxLogger.SwiftFileList -DSWIFT_PACKAGE -DDEBUG -DSWIFT_MODULE_RESOURCE_BUNDLE_AVAILABLE -DXcode -plugin-path /Applications/Xcode-27.0.0-Release.Candidate.app/Contents/Developer/Toolchains/XcodeDefault.xctoolchain/usr/lib/swift/host/plugins/testing -enable-experimental-feature DebugDescriptionMacro -sdk /Applications/Xcode-27.0.0-Release.Candidate.app/Contents/Developer/Platforms/WatchOS.platform/Developer/SDKs/WatchOS27.0.sdk -target arm64_32-apple-watchos9.0 -g -module-cache-path /Users/admin/builder/spi-builder-workspace/.derivedData/ModuleCache.noindex -Xfrontend -serialize-debugging-options -enable-testing -index-store-path /Users/admin/builder/spi-builder-workspace/.derivedData/Index.noindex/DataStore -Xcc -D_LIBCPP_HARDENING_MODE\=_LIBCPP_HARDENING_MODE_DEBUG -swift-version 5 -I /Users/admin/builder/spi-builder-workspace/.derivedData/Build/Products/Debug-watchos -Isystem /Applications/Xcode-27.0.0-Release.Candidate.app/Contents/Developer/Platforms/WatchOS.platform/Developer/usr/lib -F /Users/admin/builder/spi-builder-workspace/.derivedData/Build/Products/Debug-watchos -F /Applications/Xcode-27.0.0-Release.Candidate.app/Contents/Developer/Platforms/WatchOS.platform/Developer/Library/Frameworks -F /Applications/Xcode-27.0.0-Release.Candidate.app/Contents/Developer/Platforms/WatchOS.platform/Developer/SDKs/WatchOS27.0.sdk/Developer/Library/Frameworks -c -j10 -enable-batch-mode -incremental -Xcc -ivfsstatcache -Xcc /Users/admin/builder/spi-builder-workspace/.derivedData/SDKStatCaches.noindex/watchos27.0-24R360-e829b21a6f8c9b70876ba0858053c04477534ef55a1706bf4c1112bbb242f0a2.sdkstatcache -output-file-map /Users/admin/builder/spi-builder-workspace/.derivedData/Build/Intermediates.noindex/Mindbox.build/Debug-watchos/MindboxLogger-t.build/Objects-normal/arm64_32/MindboxLogger-OutputFileMap.json -save-temps -no-color-diagnostics -explicit-module-build -module-cache-path /Users/admin/builder/spi-builder-workspace/.derivedData/Build/Intermediates.noindex/SwiftExplicitPrecompiledModules -clang-scanner-module-cache-path /Users/admin/builder/spi-builder-workspace/.derivedData/ModuleCache.noindex -sdk-module-cache-path /Users/admin/builder/spi-builder-workspace/.derivedData/SDKExplicitPrecompiledModules -emit-dependencies -emit-module -emit-module-path /Users/admin/builder/spi-builder-workspace/.derivedData/Build/Intermediates.noindex/Mindbox.build/Debug-watchos/MindboxLogger-t.build/Objects-normal/arm64_32/MindboxLogger.swiftmodule -serialize-diagnostics -dependency-scan-serialize-diagnostics-path /Users/admin/builder/spi-builder-workspace/.derivedData/Build/Intermediates.noindex/Mindbox.build/Debug-watchos/MindboxLogger-t.build/Objects-normal/arm64_32/MindboxLogger-dependency-scan.dia -validate-clang-modules-once -clang-build-session-file /Users/admin/builder/spi-builder-workspace/.derivedData/ModuleCache.noindex/Session.modulevalidation -Xcc -fmodules-prune-interval\=86400 -Xcc -fmodules-prune-after\=345600 -emit-const-values -const-gather-protocols-list /Users/admin/builder/spi-builder-workspace/.derivedData/Build/Intermediates.noindex/Mindbox.build/Debug-watchos/MindboxLogger-t.build/Objects-normal/arm64_32/MindboxLogger_const_extract_protocols.json -Xcc -I/Users/admin/builder/spi-builder-workspace/.derivedData/Build/Products/Debug-watchos/include -Xcc -I/Users/admin/builder/spi-builder-workspace/.derivedData/Build/Intermediates.noindex/Mindbox.build/Debug-watchos/MindboxLogger-t.build/DerivedSources-normal/arm64_32 -Xcc -I/Users/admin/builder/spi-builder-workspace/.derivedData/Build/Intermediates.noindex/Mindbox.build/Debug-watchos/MindboxLogger-t.build/DerivedSources/arm64_32 -Xcc -I/Users/admin/builder/spi-builder-workspace/.derivedData/Build/Intermediates.noindex/Mindbox.build/Debug-watchos/MindboxLogger-t.build/DerivedSources -Xcc -DSWIFT_PACKAGE -Xcc -DDEBUG\=1 -emit-objc-header -emit-objc-header-path /Users/admin/builder/spi-builder-workspace/.derivedData/Build/Intermediates.noindex/Mindbox.build/Debug-watchos/MindboxLogger-t.build/Objects-normal/arm64_32/MindboxLogger-Swift.h -working-directory /Users/admin/builder/spi-builder-workspace/.swiftpm/xcode -experimental-emit-module-separately -disable-cmo
SwiftDriver SDKVersionProvider normal arm64 com.apple.xcode.tools.swift.compiler (in target 'SDKVersionProvider' from project 'Mindbox')
cd /Users/admin/builder/spi-builder-workspace/.swiftpm/xcode
builtin-SwiftDriver -- /Applications/Xcode-27.0.0-Release.Candidate.app/Contents/Developer/Toolchains/XcodeDefault.xctoolchain/usr/bin/swiftc -parse-as-library -module-name SDKVersionProvider -Onone @/Users/admin/builder/spi-builder-workspace/.derivedData/Build/Intermediates.noindex/Mindbox.build/Debug-watchos/SDKVersionProvider-t.build/Objects-normal/arm64/SDKVersionProvider.SwiftFileList -DSWIFT_PACKAGE -DDEBUG -DSWIFT_MODULE_RESOURCE_BUNDLE_UNAVAILABLE -DXcode -plugin-path /Applications/Xcode-27.0.0-Release.Candidate.app/Contents/Developer/Toolchains/XcodeDefault.xctoolchain/usr/lib/swift/host/plugins/testing -enable-experimental-feature DebugDescriptionMacro -sdk /Applications/Xcode-27.0.0-Release.Candidate.app/Contents/Developer/Platforms/WatchOS.platform/Developer/SDKs/WatchOS27.0.sdk -target arm64-apple-watchos9.0 -g -module-cache-path /Users/admin/builder/spi-builder-workspace/.derivedData/ModuleCache.noindex -Xfrontend -serialize-debugging-options -enable-testing -index-store-path /Users/admin/builder/spi-builder-workspace/.derivedData/Index.noindex/DataStore -Xcc -D_LIBCPP_HARDENING_MODE\=_LIBCPP_HARDENING_MODE_DEBUG -swift-version 5 -I /Users/admin/builder/spi-builder-workspace/.derivedData/Build/Products/Debug-watchos -Isystem /Applications/Xcode-27.0.0-Release.Candidate.app/Contents/Developer/Platforms/WatchOS.platform/Developer/usr/lib -F /Users/admin/builder/spi-builder-workspace/.derivedData/Build/Products/Debug-watchos -F /Applications/Xcode-27.0.0-Release.Candidate.app/Contents/Developer/Platforms/WatchOS.platform/Developer/Library/Frameworks -F /Applications/Xcode-27.0.0-Release.Candidate.app/Contents/Developer/Platforms/WatchOS.platform/Developer/SDKs/WatchOS27.0.sdk/Developer/Library/Frameworks -c -j10 -enable-batch-mode -incremental -Xcc -ivfsstatcache -Xcc /Users/admin/builder/spi-builder-workspace/.derivedData/SDKStatCaches.noindex/watchos27.0-24R360-e829b21a6f8c9b70876ba0858053c04477534ef55a1706bf4c1112bbb242f0a2.sdkstatcache -output-file-map /Users/admin/builder/spi-builder-workspace/.derivedData/Build/Intermediates.noindex/Mindbox.build/Debug-watchos/SDKVersionProvider-t.build/Objects-normal/arm64/SDKVersionProvider-OutputFileMap.json -save-temps -no-color-diagnostics -explicit-module-build -module-cache-path /Users/admin/builder/spi-builder-workspace/.derivedData/Build/Intermediates.noindex/SwiftExplicitPrecompiledModules -clang-scanner-module-cache-path /Users/admin/builder/spi-builder-workspace/.derivedData/ModuleCache.noindex -sdk-module-cache-path /Users/admin/builder/spi-builder-workspace/.derivedData/SDKExplicitPrecompiledModules -emit-dependencies -emit-module -emit-module-path /Users/admin/builder/spi-builder-workspace/.derivedData/Build/Intermediates.noindex/Mindbox.build/Debug-watchos/SDKVersionProvider-t.build/Objects-normal/arm64/SDKVersionProvider.swiftmodule -serialize-diagnostics -dependency-scan-serialize-diagnostics-path /Users/admin/builder/spi-builder-workspace/.derivedData/Build/Intermediates.noindex/Mindbox.build/Debug-watchos/SDKVersionProvider-t.build/Objects-normal/arm64/SDKVersionProvider-dependency-scan.dia -validate-clang-modules-once -clang-build-session-file /Users/admin/builder/spi-builder-workspace/.derivedData/ModuleCache.noindex/Session.modulevalidation -Xcc -fmodules-prune-interval\=86400 -Xcc -fmodules-prune-after\=345600 -emit-const-values -const-gather-protocols-list /Users/admin/builder/spi-builder-workspace/.derivedData/Build/Intermediates.noindex/Mindbox.build/Debug-watchos/SDKVersionProvider-t.build/Objects-normal/arm64/SDKVersionProvider_const_extract_protocols.json -Xcc -I/Users/admin/builder/spi-builder-workspace/.derivedData/Build/Products/Debug-watchos/include -Xcc -I/Users/admin/builder/spi-builder-workspace/.derivedData/Build/Intermediates.noindex/Mindbox.build/Debug-watchos/SDKVersionProvider-t.build/DerivedSources-normal/arm64 -Xcc -I/Users/admin/builder/spi-builder-workspace/.derivedData/Build/Intermediates.noindex/Mindbox.build/Debug-watchos/SDKVersionProvider-t.build/DerivedSources/arm64 -Xcc -I/Users/admin/builder/spi-builder-workspace/.derivedData/Build/Intermediates.noindex/Mindbox.build/Debug-watchos/SDKVersionProvider-t.build/DerivedSources -Xcc -DSWIFT_PACKAGE -Xcc -DDEBUG\=1 -emit-objc-header -emit-objc-header-path /Users/admin/builder/spi-builder-workspace/.derivedData/Build/Intermediates.noindex/Mindbox.build/Debug-watchos/SDKVersionProvider-t.build/Objects-normal/arm64/SDKVersionProvider-Swift.h -working-directory /Users/admin/builder/spi-builder-workspace/.swiftpm/xcode -experimental-emit-module-separately -disable-cmo
SwiftEmitModule normal arm64_32 Emitting\ module\ for\ SDKVersionProvider (in target 'SDKVersionProvider' from project 'Mindbox')
SwiftCompile normal arm64_32 (in target 'SDKVersionProvider' from project 'Mindbox')
cd /Users/admin/builder/spi-builder-workspace/.swiftpm/xcode
SwiftCompile normal arm64_32 Compiling\ SDKVersionProvider.swift /Users/admin/builder/spi-builder-workspace/SDKVersionProvider/SDKVersionProvider.swift (in target 'SDKVersionProvider' from project 'Mindbox')
SwiftCompile normal arm64_32 /Users/admin/builder/spi-builder-workspace/SDKVersionProvider/SDKVersionProvider.swift (in target 'SDKVersionProvider' from project 'Mindbox')
cd /Users/admin/builder/spi-builder-workspace/.swiftpm/xcode
builtin-SwiftPerFileCompile SDKVersionProvider.swift
SwiftCompile normal arm64 Compiling\ SDKVersionProvider.swift /Users/admin/builder/spi-builder-workspace/SDKVersionProvider/SDKVersionProvider.swift (in target 'SDKVersionProvider' from project 'Mindbox')
SwiftCompile normal arm64 /Users/admin/builder/spi-builder-workspace/SDKVersionProvider/SDKVersionProvider.swift (in target 'SDKVersionProvider' from project 'Mindbox')
cd /Users/admin/builder/spi-builder-workspace/.swiftpm/xcode
builtin-SwiftPerFileCompile SDKVersionProvider.swift
SwiftEmitModule normal arm64 Emitting\ module\ for\ SDKVersionProvider (in target 'SDKVersionProvider' from project 'Mindbox')
SwiftCompile normal arm64 (in target 'SDKVersionProvider' from project 'Mindbox')
cd /Users/admin/builder/spi-builder-workspace/.swiftpm/xcode
SwiftExplicitDependencyGeneratePcm arm64_32 /Users/admin/builder/spi-builder-workspace/.derivedData/SDKExplicitPrecompiledModules/UserNotificationsUI-AAYB5MEQ4O6MC6VDUB8K6K5GD.pcm
SwiftCompile normal arm64 Compiling\ resource_bundle_accessor.swift,\ MindboxNotificationService.swift /Users/admin/builder/spi-builder-workspace/.derivedData/Build/Intermediates.noindex/Mindbox.build/Debug-watchos/MindboxNotifications-t.build/DerivedSources/resource_bundle_accessor.swift /Users/admin/builder/spi-builder-workspace/MindboxNotifications/MindboxNotificationService.swift (in target 'MindboxNotifications' from project 'Mindbox')
SwiftCompile normal arm64 /Users/admin/builder/spi-builder-workspace/.derivedData/Build/Intermediates.noindex/Mindbox.build/Debug-watchos/MindboxNotifications-t.build/DerivedSources/resource_bundle_accessor.swift (in target 'MindboxNotifications' from project 'Mindbox')
cd /Users/admin/builder/spi-builder-workspace/.swiftpm/xcode
builtin-SwiftPerFileCompile resource_bundle_accessor.swift
SwiftCompile normal arm64 /Users/admin/builder/spi-builder-workspace/MindboxNotifications/MindboxNotificationService.swift (in target 'MindboxNotifications' from project 'Mindbox')
cd /Users/admin/builder/spi-builder-workspace/.swiftpm/xcode
builtin-SwiftPerFileCompile MindboxNotificationService.swift
SwiftEmitModule normal arm64 Emitting\ module\ for\ MindboxNotifications (in target 'MindboxNotifications' from project 'Mindbox')
/Users/admin/builder/spi-builder-workspace/MindboxNotifications/MindboxNotificationService.swift:24:25: error: 'UIViewController' is unavailable in watchOS
22 |
23 | var context: NSExtensionContext?
24 | var viewController: UIViewController?
| `- error: 'UIViewController' is unavailable in watchOS
25 |
26 | var pushValidator: PushValidator?
/Applications/Xcode-27.0.0-Release.Candidate.app/Contents/Developer/Platforms/WatchOS.platform/Developer/SDKs/WatchOS27.0.sdk/System/Library/Frameworks/UIKit.framework/Headers/UIViewController.h:104:12: note: 'UIViewController' has been explicitly marked unavailable here
102 |
103 | UIKIT_EXTERN API_AVAILABLE(ios(2.0)) API_UNAVAILABLE(watchos) NS_SWIFT_UI_ACTOR
104 | @interface UIViewController : UIResponder <NSCoding, UIAppearanceContainer, UITraitEnvironment, UIContentContainer, UIFocusEnvironment>
| `- note: 'UIViewController' has been explicitly marked unavailable here
105 |
106 | /*
/Users/admin/builder/spi-builder-workspace/MindboxNotifications/NotificationContent.swift:19:25: error: 'UIViewController' is unavailable in watchOS
17 | func didReceive(
18 | notification: UNNotification,
19 | viewController: UIViewController,
| `- error: 'UIViewController' is unavailable in watchOS
20 | extensionContext: NSExtensionContext?
21 | )
/Applications/Xcode-27.0.0-Release.Candidate.app/Contents/Developer/Platforms/WatchOS.platform/Developer/SDKs/WatchOS27.0.sdk/System/Library/Frameworks/UIKit.framework/Headers/UIViewController.h:104:12: note: 'UIViewController' has been explicitly marked unavailable here
102 |
103 | UIKIT_EXTERN API_AVAILABLE(ios(2.0)) API_UNAVAILABLE(watchos) NS_SWIFT_UI_ACTOR
104 | @interface UIViewController : UIResponder <NSCoding, UIAppearanceContainer, UITraitEnvironment, UIContentContainer, UIFocusEnvironment>
| `- note: 'UIViewController' has been explicitly marked unavailable here
105 |
106 | /*
/Users/admin/builder/spi-builder-workspace/MindboxNotifications/NotificationContent.swift:29:74: error: 'UIViewController' is unavailable in watchOS
27 |
28 | /// Call this method in `didReceive(_ notification: UNNotification)` of `NotificationViewController`
29 | public func didReceive(notification: UNNotification, viewController: UIViewController, extensionContext: NSExtensionContext?) {
| `- error: 'UIViewController' is unavailable in watchOS
30 | context = extensionContext
31 | self.viewController = viewController
/Applications/Xcode-27.0.0-Release.Candidate.app/Contents/Developer/Platforms/WatchOS.platform/Developer/SDKs/WatchOS27.0.sdk/System/Library/Frameworks/UIKit.framework/Headers/UIViewController.h:104:12: note: 'UIViewController' has been explicitly marked unavailable here
102 |
103 | UIKIT_EXTERN API_AVAILABLE(ios(2.0)) API_UNAVAILABLE(watchos) NS_SWIFT_UI_ACTOR
104 | @interface UIViewController : UIResponder <NSCoding, UIAppearanceContainer, UITraitEnvironment, UIContentContainer, UIFocusEnvironment>
| `- note: 'UIViewController' has been explicitly marked unavailable here
105 |
106 | /*
/Users/admin/builder/spi-builder-workspace/MindboxNotifications/NotificationContent.swift:78:56: error: 'UIView' is unavailable in watchOS
76 | }
77 |
78 | func createImageView(with imagePath: String, view: UIView?) {
| `- error: 'UIView' is unavailable in watchOS
79 | guard let view = view,
80 | let data = FileManager.default.contents(atPath: imagePath) else {
/Applications/Xcode-27.0.0-Release.Candidate.app/Contents/Developer/Platforms/WatchOS.platform/Developer/SDKs/WatchOS27.0.sdk/System/Library/Frameworks/UIKit.framework/Headers/UIView.h:152:12: note: 'UIView' has been explicitly marked unavailable here
150 |
151 | UIKIT_EXTERN API_AVAILABLE(ios(2.0)) API_UNAVAILABLE(watchos) NS_SWIFT_UI_ACTOR
152 | @interface UIView : UIResponder <NSCoding, UIAppearance, UIAppearanceContainer, UIDynamicItem, UITraitEnvironment, UICoordinateSpace, UIFocusItem, UIFocusItemContainer, CALayerDelegate>
| `- note: 'UIView' has been explicitly marked unavailable here
153 |
154 | @property(class, nonatomic, readonly) Class layerClass; // default is [CALayer class]. Used when creating the underlying layer for the view.
Failed frontend command:
/Applications/Xcode-27.0.0-Release.Candidate.app/Contents/Developer/Toolchains/XcodeDefault.xctoolchain/usr/bin/swift-frontend -frontend -emit-module -experimental-skip-non-inlinable-function-bodies-without-types /Users/admin/builder/spi-builder-workspace/.derivedData/Build/Intermediates.noindex/Mindbox.build/Debug-watchos/MindboxNotifications-t.build/DerivedSources/resource_bundle_accessor.swift /Users/admin/builder/spi-builder-workspace/MindboxNotifications/MindboxNotificationService.swift /Users/admin/builder/spi-builder-workspace/MindboxNotifications/MindboxPushNotification.swift /Users/admin/builder/spi-builder-workspace/MindboxNotifications/Models/ImageFormat.swift /Users/admin/builder/spi-builder-workspace/MindboxNotifications/Models/MBPushNotification.swift /Users/admin/builder/spi-builder-workspace/MindboxNotifications/Models/Payload.swift /Users/admin/builder/spi-builder-workspace/MindboxNotifications/NotificationContent.swift /Users/admin/builder/spi-builder-workspace/MindboxNotifications/NotificationService.swift /Users/admin/builder/spi-builder-workspace/MindboxNotifications/PushNotifications/NotificationFormatter.swift /Users/admin/builder/spi-builder-workspace/MindboxNotifications/PushNotifications/PushNotificationFormatStrategies/NotificationFormatStrategy.swift /Users/admin/builder/spi-builder-workspace/MindboxNotifications/PushNotifications/PushNotificationFormatStrategies/NotificationStrategyFactory.swift /Users/admin/builder/spi-builder-workspace/MindboxNotifications/PushNotifications/PushValidator.swift /Users/admin/builder/spi-builder-workspace/MindboxNotifications/SharedInternalMethods.swift /Users/admin/builder/spi-builder-workspace/MindboxNotifications/Utilities/Constants.swift -target arm64-apple-watchos9.0 -disable-cross-import-overlay-search -swift-module-cross-import UserNotifications /Applications/Xcode-27.0.0-Release.Candidate.app/Contents/Developer/Platforms/WatchOS.platform/Developer/SDKs/WatchOS.sdk/System/Library/Frameworks/UserNotifications.framework/Modules/UserNotifications.swiftcrossimport/AppIntents.swiftoverlay -load-resolved-plugin /Applications/Xcode-27.0.0-Release.Candidate.app/Contents/Developer/Platforms/WatchOS.platform/Developer/usr/lib/swift/host/plugins/libFoundationMacros.dylib\#/Applications/Xcode-27.0.0-Release.Candidate.app/Contents/Developer/Platforms/WatchOS.platform/Developer/usr/bin/swift-plugin-server\#FoundationMacros -load-resolved-plugin /Applications/Xcode-27.0.0-Release.Candidate.app/Contents/Developer/Platforms/WatchOS.platform/Developer/usr/lib/swift/host/plugins/libObservationMacros.dylib\#/Applications/Xcode-27.0.0-Release.Candidate.app/Contents/Developer/Platforms/WatchOS.platform/Developer/usr/bin/swift-plugin-server\#ObservationMacros -load-resolved-plugin /Applications/Xcode-27.0.0-Release.Candidate.app/Contents/Developer/Platforms/WatchOS.platform/Developer/usr/lib/swift/host/plugins/libSwiftMacros.dylib\#/Applications/Xcode-27.0.0-Release.Candidate.app/Contents/Developer/Platforms/WatchOS.platform/Developer/usr/bin/swift-plugin-server\#SwiftMacros -load-resolved-plugin /Applications/Xcode-27.0.0-Release.Candidate.app/Contents/Developer/Platforms/WatchOS.platform/Developer/usr/lib/swift/host/plugins/libSwiftUIMacros.dylib\#/Applications/Xcode-27.0.0-Release.Candidate.app/Contents/Developer/Platforms/WatchOS.platform/Developer/usr/bin/swift-plugin-server\#SwiftUIMacros -disable-implicit-swift-modules -Xcc -fno-implicit-modules -Xcc -fno-implicit-module-maps -explicit-swift-module-map-file /Users/admin/builder/spi-builder-workspace/.derivedData/Build/Intermediates.noindex/Mindbox.build/Debug-watchos/MindboxNotifications-t.build/Objects-normal/arm64/MindboxNotifications-dependencies-2.json -Xllvm -aarch64-use-tbi -enable-objc-interop -stack-check -sdk /Applications/Xcode-27.0.0-Release.Candidate.app/Contents/Developer/Platforms/WatchOS.platform/Developer/SDKs/WatchOS27.0.sdk -I /Users/admin/builder/spi-builder-workspace/.derivedData/Build/Products/Debug-watchos -Isystem /Applications/Xcode-27.0.0-Release.Candidate.app/Contents/Developer/Platforms/WatchOS.platform/Developer/usr/lib -F /Users/admin/builder/spi-builder-workspace/.derivedData/Build/Products/Debug-watchos/PackageFrameworks -F /Users/admin/builder/spi-builder-workspace/.derivedData/Build/Products/Debug-watchos -F /Applications/Xcode-27.0.0-Release.Candidate.app/Contents/Developer/Platforms/WatchOS.platform/Developer/Library/Frameworks -F /Applications/Xcode-27.0.0-Release.Candidate.app/Contents/Developer/Platforms/WatchOS.platform/Developer/SDKs/WatchOS27.0.sdk/Developer/Library/Frameworks -module-cache-path /Users/admin/builder/spi-builder-workspace/.derivedData/Build/Intermediates.noindex/SwiftExplicitPrecompiledModules -no-color-diagnostics -Xcc -fno-color-diagnostics -enable-testing -g -debug-info-format\=dwarf -dwarf-version\=4 -swift-version 5 -Onone -D SWIFT_PACKAGE -D DEBUG -D SWIFT_MODULE_RESOURCE_BUNDLE_AVAILABLE -D Xcode -serialize-debugging-options -enable-experimental-feature DebugDescriptionMacro -empty-abi-descriptor -validate-clang-modules-once -clang-build-session-file /Users/admin/builder/spi-builder-workspace/.derivedData/ModuleCache.noindex/Session.modulevalidation -Xcc -working-directory -Xcc /Users/admin/builder/spi-builder-workspace/.swiftpm/xcode -enable-anonymous-context-mangled-names -file-compilation-dir /Users/admin/builder/spi-builder-workspace/.swiftpm/xcode -Xcc -D_LIBCPP_HARDENING_MODE\=_LIBCPP_HARDENING_MODE_DEBUG -Xcc -ivfsstatcache -Xcc /Users/admin/builder/spi-builder-workspace/.derivedData/SDKStatCaches.noindex/watchos27.0-24R360-e829b21a6f8c9b70876ba0858053c04477534ef55a1706bf4c1112bbb242f0a2.sdkstatcache -Xcc -fmodules-prune-interval\=86400 -Xcc -fmodules-prune-after\=345600 -Xcc -I/Users/admin/builder/spi-builder-workspace/.derivedData/Build/Products/Debug-watchos/include -Xcc -I/Users/admin/builder/spi-builder-workspace/.derivedData/Build/Intermediates.noindex/Mindbox.build/Debug-watchos/MindboxNotifications-t.build/DerivedSources-normal/arm64 -Xcc -I/Users/admin/builder/spi-builder-workspace/.derivedData/Build/Intermediates.noindex/Mindbox.build/Debug-watchos/MindboxNotifications-t.build/DerivedSources/arm64 -Xcc -I/Users/admin/builder/spi-builder-workspace/.derivedData/Build/Intermediates.noindex/Mindbox.build/Debug-watchos/MindboxNotifications-t.build/DerivedSources -Xcc -DSWIFT_PACKAGE -Xcc -DDEBUG\=1 -no-auto-bridging-header-chaining -module-name MindboxNotifications -const-gather-protocols-file /Users/admin/builder/spi-builder-workspace/.derivedData/Build/Intermediates.noindex/Mindbox.build/Debug-watchos/MindboxNotifications-t.build/Objects-normal/arm64/MindboxNotifications_const_extract_protocols.json -disable-clang-spi -clang-target arm64-apple-watchos27.0 -target-sdk-version 27.0 -target-sdk-name watchos27.0 -in-process-plugin-server-path /Applications/Xcode-27.0.0-Release.Candidate.app/Contents/Developer/Toolchains/XcodeDefault.xctoolchain/usr/lib/swift/host/libSwiftInProcPluginServer.dylib -emit-module-doc-path /Users/admin/builder/spi-builder-workspace/.derivedData/Build/Intermediates.noindex/Mindbox.build/Debug-watchos/MindboxNotifications-t.build/Objects-normal/arm64/MindboxNotifications.swiftdoc -emit-module-source-info-path /Users/admin/builder/spi-builder-workspace/.derivedData/Build/Intermediates.noindex/Mindbox.build/Debug-watchos/MindboxNotifications-t.build/Objects-normal/arm64/MindboxNotifications.swiftsourceinfo -emit-objc-header-path /Users/admin/builder/spi-builder-workspace/.derivedData/Build/Intermediates.noindex/Mindbox.build/Debug-watchos/MindboxNotifications-t.build/Objects-normal/arm64/MindboxNotifications-Swift.h -serialize-diagnostics-path /Users/admin/builder/spi-builder-workspace/.derivedData/Build/Intermediates.noindex/Mindbox.build/Debug-watchos/MindboxNotifications-t.build/Objects-normal/arm64/MindboxNotifications-primary-emit-module.dia -emit-dependencies-path /Users/admin/builder/spi-builder-workspace/.derivedData/Build/Intermediates.noindex/Mindbox.build/Debug-watchos/MindboxNotifications-t.build/Objects-normal/arm64/MindboxNotifications-primary-emit-module.d -parse-as-library -o /Users/admin/builder/spi-builder-workspace/.derivedData/Build/Intermediates.noindex/Mindbox.build/Debug-watchos/MindboxNotifications-t.build/Objects-normal/arm64/MindboxNotifications.swiftmodule -emit-abi-descriptor-path /Users/admin/builder/spi-builder-workspace/.derivedData/Build/Intermediates.noindex/Mindbox.build/Debug-watchos/MindboxNotifications-t.build/Objects-normal/arm64/MindboxNotifications.abi.json
SwiftCompile normal arm64 (in target 'MindboxNotifications' from project 'Mindbox')
cd /Users/admin/builder/spi-builder-workspace/.swiftpm/xcode
SwiftCompile normal arm64 Compiling\ NotificationContent.swift,\ NotificationService.swift /Users/admin/builder/spi-builder-workspace/MindboxNotifications/NotificationContent.swift /Users/admin/builder/spi-builder-workspace/MindboxNotifications/NotificationService.swift (in target 'MindboxNotifications' from project 'Mindbox')
/Users/admin/builder/spi-builder-workspace/MindboxNotifications/NotificationContent.swift:19:25: error: 'UIViewController' is unavailable in watchOS
17 | func didReceive(
18 | notification: UNNotification,
19 | viewController: UIViewController,
| `- error: 'UIViewController' is unavailable in watchOS
20 | extensionContext: NSExtensionContext?
21 | )
/Applications/Xcode-27.0.0-Release.Candidate.app/Contents/Developer/Platforms/WatchOS.platform/Developer/SDKs/WatchOS27.0.sdk/System/Library/Frameworks/UIKit.framework/Headers/UIViewController.h:104:12: note: 'UIViewController' has been explicitly marked unavailable here
102 |
103 | UIKIT_EXTERN API_AVAILABLE(ios(2.0)) API_UNAVAILABLE(watchos) NS_SWIFT_UI_ACTOR
104 | @interface UIViewController : UIResponder <NSCoding, UIAppearanceContainer, UITraitEnvironment, UIContentContainer, UIFocusEnvironment>
| `- note: 'UIViewController' has been explicitly marked unavailable here
105 |
106 | /*
/Users/admin/builder/spi-builder-workspace/MindboxNotifications/NotificationContent.swift:29:74: error: 'UIViewController' is unavailable in watchOS
27 |
28 | /// Call this method in `didReceive(_ notification: UNNotification)` of `NotificationViewController`
29 | public func didReceive(notification: UNNotification, viewController: UIViewController, extensionContext: NSExtensionContext?) {
| `- error: 'UIViewController' is unavailable in watchOS
30 | context = extensionContext
31 | self.viewController = viewController
/Applications/Xcode-27.0.0-Release.Candidate.app/Contents/Developer/Platforms/WatchOS.platform/Developer/SDKs/WatchOS27.0.sdk/System/Library/Frameworks/UIKit.framework/Headers/UIViewController.h:104:12: note: 'UIViewController' has been explicitly marked unavailable here
102 |
103 | UIKIT_EXTERN API_AVAILABLE(ios(2.0)) API_UNAVAILABLE(watchos) NS_SWIFT_UI_ACTOR
104 | @interface UIViewController : UIResponder <NSCoding, UIAppearanceContainer, UITraitEnvironment, UIContentContainer, UIFocusEnvironment>
| `- note: 'UIViewController' has been explicitly marked unavailable here
105 |
106 | /*
/Users/admin/builder/spi-builder-workspace/MindboxNotifications/NotificationContent.swift:78:56: error: 'UIView' is unavailable in watchOS
76 | }
77 |
78 | func createImageView(with imagePath: String, view: UIView?) {
| `- error: 'UIView' is unavailable in watchOS
79 | guard let view = view,
80 | let data = FileManager.default.contents(atPath: imagePath) else {
/Applications/Xcode-27.0.0-Release.Candidate.app/Contents/Developer/Platforms/WatchOS.platform/Developer/SDKs/WatchOS27.0.sdk/System/Library/Frameworks/UIKit.framework/Headers/UIView.h:152:12: note: 'UIView' has been explicitly marked unavailable here
150 |
151 | UIKIT_EXTERN API_AVAILABLE(ios(2.0)) API_UNAVAILABLE(watchos) NS_SWIFT_UI_ACTOR
152 | @interface UIView : UIResponder <NSCoding, UIAppearance, UIAppearanceContainer, UIDynamicItem, UITraitEnvironment, UICoordinateSpace, UIFocusItem, UIFocusItemContainer, CALayerDelegate>
| `- note: 'UIView' has been explicitly marked unavailable here
153 |
154 | @property(class, nonatomic, readonly) Class layerClass; // default is [CALayer class]. Used when creating the underlying layer for the view.
/Users/admin/builder/spi-builder-workspace/MindboxNotifications/NotificationContent.swift:71:21: error: 'notificationActions' is unavailable in watchOS
69 |
70 | if #available(iOS 12.0, *) {
71 | context.notificationActions = []
| `- error: 'notificationActions' is unavailable in watchOS
72 | actions.forEach {
73 | context.notificationActions.append($0)
/Applications/Xcode-27.0.0-Release.Candidate.app/Contents/Developer/Platforms/WatchOS.platform/Developer/SDKs/WatchOS27.0.sdk/System/Library/Frameworks/UserNotificationsUI.framework/Headers/UNNotificationContentExtension.h:223:63: note: 'notificationActions' has been explicitly marked unavailable here
221 | @interface NSExtensionContext (UNNotificationContentExtension)
222 |
223 | @property (nonatomic, copy) NSArray <UNNotificationAction *> *notificationActions API_AVAILABLE(ios(12.0), macCatalyst(14.0), macos(11.0)) API_UNAVAILABLE(watchos, tvos);
| `- note: 'notificationActions' has been explicitly marked unavailable here
224 |
225 | // Opens the corresponding applicaton and delivers it the default notification action response
/Users/admin/builder/spi-builder-workspace/MindboxNotifications/NotificationContent.swift:73:25: error: 'notificationActions' is unavailable in watchOS
71 | context.notificationActions = []
72 | actions.forEach {
73 | context.notificationActions.append($0)
| `- error: 'notificationActions' is unavailable in watchOS
74 | }
75 | }
/Applications/Xcode-27.0.0-Release.Candidate.app/Contents/Developer/Platforms/WatchOS.platform/Developer/SDKs/WatchOS27.0.sdk/System/Library/Frameworks/UserNotificationsUI.framework/Headers/UNNotificationContentExtension.h:223:63: note: 'notificationActions' has been explicitly marked unavailable here
221 | @interface NSExtensionContext (UNNotificationContentExtension)
222 |
223 | @property (nonatomic, copy) NSArray <UNNotificationAction *> *notificationActions API_AVAILABLE(ios(12.0), macCatalyst(14.0), macos(11.0)) API_UNAVAILABLE(watchos, tvos);
| `- note: 'notificationActions' has been explicitly marked unavailable here
224 |
225 | // Opens the corresponding applicaton and delivers it the default notification action response
/Users/admin/builder/spi-builder-workspace/MindboxNotifications/NotificationContent.swift:59:17: warning: initialization of immutable value 'message' was never used; consider replacing with assignment to '_' or removing it [#NoUsage]
57 | func createActions(with payload: Payload, context: NSExtensionContext?) {
58 | guard let context = context, let buttons = payload.withButton?.buttons else {
59 | let message = "[NotificationContent] Failed to create actions. payload: \(payload), context: \(String(describing: context)), payload.withButton?.buttons: \(String(describing: payload.withButton?.buttons))"
| `- warning: initialization of immutable value 'message' was never used; consider replacing with assignment to '_' or removing it [#NoUsage]
60 | return
61 | }
SwiftCompile normal arm64 /Users/admin/builder/spi-builder-workspace/MindboxNotifications/NotificationContent.swift (in target 'MindboxNotifications' from project 'Mindbox')
cd /Users/admin/builder/spi-builder-workspace/.swiftpm/xcode
builtin-SwiftPerFileCompile NotificationContent.swift
SwiftCompile normal arm64 /Users/admin/builder/spi-builder-workspace/MindboxNotifications/NotificationService.swift (in target 'MindboxNotifications' from project 'Mindbox')
cd /Users/admin/builder/spi-builder-workspace/.swiftpm/xcode
builtin-SwiftPerFileCompile NotificationService.swift
SwiftCompile normal arm64 Compiling\ SharedInternalMethods.swift /Users/admin/builder/spi-builder-workspace/MindboxNotifications/SharedInternalMethods.swift (in target 'MindboxNotifications' from project 'Mindbox')
SwiftCompile normal arm64 /Users/admin/builder/spi-builder-workspace/MindboxNotifications/SharedInternalMethods.swift (in target 'MindboxNotifications' from project 'Mindbox')
cd /Users/admin/builder/spi-builder-workspace/.swiftpm/xcode
builtin-SwiftPerFileCompile SharedInternalMethods.swift
SwiftCompile normal arm64 Compiling\ PushValidator.swift /Users/admin/builder/spi-builder-workspace/MindboxNotifications/PushNotifications/PushValidator.swift (in target 'MindboxNotifications' from project 'Mindbox')
SwiftCompile normal arm64 /Users/admin/builder/spi-builder-workspace/MindboxNotifications/PushNotifications/PushValidator.swift (in target 'MindboxNotifications' from project 'Mindbox')
cd /Users/admin/builder/spi-builder-workspace/.swiftpm/xcode
builtin-SwiftPerFileCompile PushValidator.swift
SwiftCompile normal arm64 Compiling\ Constants.swift /Users/admin/builder/spi-builder-workspace/MindboxNotifications/Utilities/Constants.swift (in target 'MindboxNotifications' from project 'Mindbox')
SwiftCompile normal arm64 /Users/admin/builder/spi-builder-workspace/MindboxNotifications/Utilities/Constants.swift (in target 'MindboxNotifications' from project 'Mindbox')
cd /Users/admin/builder/spi-builder-workspace/.swiftpm/xcode
builtin-SwiftPerFileCompile Constants.swift
SwiftCompile normal arm64 Compiling\ NotificationFormatStrategy.swift /Users/admin/builder/spi-builder-workspace/MindboxNotifications/PushNotifications/PushNotificationFormatStrategies/NotificationFormatStrategy.swift (in target 'MindboxNotifications' from project 'Mindbox')
SwiftCompile normal arm64 /Users/admin/builder/spi-builder-workspace/MindboxNotifications/PushNotifications/PushNotificationFormatStrategies/NotificationFormatStrategy.swift (in target 'MindboxNotifications' from project 'Mindbox')
cd /Users/admin/builder/spi-builder-workspace/.swiftpm/xcode
builtin-SwiftPerFileCompile NotificationFormatStrategy.swift
SwiftEmitModule normal arm64 Emitting\ module\ for\ MindboxLogger (in target 'MindboxLogger' from project 'Mindbox')
SwiftCompile normal arm64 (in target 'MindboxLogger' from project 'Mindbox')
cd /Users/admin/builder/spi-builder-workspace/.swiftpm/xcode
SwiftEmitModule normal arm64_32 Emitting\ module\ for\ MindboxNotifications (in target 'MindboxNotifications' from project 'Mindbox')
SwiftCompile normal arm64_32 (in target 'MindboxNotifications' from project 'Mindbox')
cd /Users/admin/builder/spi-builder-workspace/.swiftpm/xcode
PruneExplicitPrecompiledModules /Users/admin/builder/spi-builder-workspace/.derivedData/SDKExplicitPrecompiledModules
PruneExplicitPrecompiledModules /Users/admin/builder/spi-builder-workspace/.derivedData/Build/Intermediates.noindex/SwiftExplicitPrecompiledModules
PruneExplicitPrecompiledModules /Users/admin/builder/spi-builder-workspace/.derivedData/Build/Intermediates.noindex/ExplicitPrecompiledModules
2026-09-27 01:42:00.054 xcodebuild[858:5248] [MT] IDERunDestination: Supported platforms for the buildables in the current scheme is empty.
** BUILD FAILED **
The following build commands failed:
SwiftEmitModule normal arm64 Emitting\ module\ for\ MindboxNotifications (in target 'MindboxNotifications' from project 'Mindbox')
SwiftCompile normal arm64 (in target 'MindboxNotifications' from project 'Mindbox')
Building workspace Mindbox with scheme Mindbox-Package
(3 failures)
BUILD FAILURE 6.4 watchOS