The Swift Package Index logo.Swift Package Index

Build Information

Failed to build SpotifyAPI, reference 4.0.2 (391af4), with Swift 6.4 for visionOS using Xcode 27.0 on 22 Sep 2026 07:16:22 UTC.

Build Command

env DEVELOPER_DIR=/Applications/Xcode-27.0.0-Release.Candidate.app xcrun xcodebuild -IDEClonedSourcePackagesDirPathOverride=$PWD/.dependencies -skipMacroValidation -skipPackagePluginValidation -derivedDataPath $PWD/.derivedData build -scheme SpotifyAPI -destination generic/platform=xrOS

Build Log


    /Applications/Xcode-27.0.0-Release.Candidate.app/Contents/Developer/Toolchains/XcodeDefault.xctoolchain/usr/bin/clang -x c -ivfsstatcache /Users/admin/builder/spi-builder-workspace/.derivedData/SDKStatCaches.noindex/xros27.0-24M361-e829b21a6f8c9b70876ba0858053c044735bd543db762f57723cac368afd1ce4.sdkstatcache -target arm64-apple-xros1.0 -fmessage-length\=0 -fdiagnostics-show-note-include-stack -fmacro-backtrace-limit\=0 -fno-color-diagnostics -fmodules-prune-interval\=86400 -fmodules-prune-after\=345600 -fbuild-session-file\=/Users/admin/builder/spi-builder-workspace/.derivedData/ModuleCache.noindex/Session.modulevalidation -fmodules-validate-once-per-build-session -Wnon-modular-include-in-framework-module -Werror\=non-modular-include-in-framework-module -Wno-trigraphs -Wno-missing-field-initializers -Wno-missing-prototypes -Wno-return-type -Wno-missing-braces -Wparentheses -Wswitch -Wno-unused-function -Wno-unused-label -Wno-unused-parameter -Wno-unused-variable -Wunused-value -Wno-empty-body -Wno-uninitialized -Wno-unknown-pragmas -w -Wno-shadow -Wno-four-char-constants -Wno-conversion -Wno-constant-conversion -Wno-int-conversion -Wno-bool-conversion -Wno-enum-conversion -Wno-float-conversion -Wno-non-literal-null-conversion -Wno-objc-literal-conversion -Wshorten-64-to-32 -Wpointer-sign -Wno-newline-eof -Wno-implicit-fallthrough -isysroot /Applications/Xcode-27.0.0-Release.Candidate.app/Contents/Developer/Platforms/XROS.platform/Developer/SDKs/XROS27.0.sdk -fstrict-aliasing -Wdeprecated-declarations -Wno-sign-conversion -Wno-infinite-recursion -Wno-comma -Wno-block-capture-autoreleasing -Wno-strict-prototypes -Wno-semicolon-before-method-body -index-store-path /Users/admin/builder/spi-builder-workspace/.derivedData/Index.noindex/DataStore @/Users/admin/builder/spi-builder-workspace/.derivedData/Build/Intermediates.noindex/swift-crypto.build/Debug-xros/CCryptoBoringSSL-t.build/Objects-normal-tsan/arm64/7187679823f38a2a940e0043cdf9d637-common-args.resp -MMD -MT dependencies -MF /Users/admin/builder/spi-builder-workspace/.derivedData/Build/Intermediates.noindex/swift-crypto.build/Debug-xros/CCryptoBoringSSL-t.build/Objects-normal-tsan/arm64/util.d --serialize-diagnostics /Users/admin/builder/spi-builder-workspace/.derivedData/Build/Intermediates.noindex/swift-crypto.build/Debug-xros/CCryptoBoringSSL-t.build/Objects-normal-tsan/arm64/util.dia -c /Users/admin/builder/spi-builder-workspace/.dependencies/checkouts/swift-crypto/Sources/CCryptoBoringSSL/crypto/fipsmodule/ec/util.c -o /Users/admin/builder/spi-builder-workspace/.derivedData/Build/Intermediates.noindex/swift-crypto.build/Debug-xros/CCryptoBoringSSL-t.build/Objects-normal-tsan/arm64/util.o -index-unit-output-path /swift-crypto.build/Debug-xros/CCryptoBoringSSL-t.build/Objects-normal-tsan/arm64/util.o
CompileC /Users/admin/builder/spi-builder-workspace/.derivedData/Build/Intermediates.noindex/swift-crypto.build/Debug-xros/CCryptoBoringSSL-t.build/Objects-normal-tsan/arm64/unicode.o /Users/admin/builder/spi-builder-workspace/.dependencies/checkouts/swift-crypto/Sources/CCryptoBoringSSL/crypto/bytestring/unicode.c normal arm64 c com.apple.compilers.llvm.clang.1_0.compiler (in target 'CCryptoBoringSSL' from project 'swift-crypto')
    cd /Users/admin/builder/spi-builder-workspace/.swiftpm/xcode

    Using response file: /Users/admin/builder/spi-builder-workspace/.derivedData/Build/Intermediates.noindex/swift-crypto.build/Debug-xros/CCryptoBoringSSL-t.build/Objects-normal-tsan/arm64/7187679823f38a2a940e0043cdf9d637-common-args.resp

    /Applications/Xcode-27.0.0-Release.Candidate.app/Contents/Developer/Toolchains/XcodeDefault.xctoolchain/usr/bin/clang -x c -ivfsstatcache /Users/admin/builder/spi-builder-workspace/.derivedData/SDKStatCaches.noindex/xros27.0-24M361-e829b21a6f8c9b70876ba0858053c044735bd543db762f57723cac368afd1ce4.sdkstatcache -target arm64-apple-xros1.0 -fmessage-length\=0 -fdiagnostics-show-note-include-stack -fmacro-backtrace-limit\=0 -fno-color-diagnostics -fmodules-prune-interval\=86400 -fmodules-prune-after\=345600 -fbuild-session-file\=/Users/admin/builder/spi-builder-workspace/.derivedData/ModuleCache.noindex/Session.modulevalidation -fmodules-validate-once-per-build-session -Wnon-modular-include-in-framework-module -Werror\=non-modular-include-in-framework-module -Wno-trigraphs -Wno-missing-field-initializers -Wno-missing-prototypes -Wno-return-type -Wno-missing-braces -Wparentheses -Wswitch -Wno-unused-function -Wno-unused-label -Wno-unused-parameter -Wno-unused-variable -Wunused-value -Wno-empty-body -Wno-uninitialized -Wno-unknown-pragmas -w -Wno-shadow -Wno-four-char-constants -Wno-conversion -Wno-constant-conversion -Wno-int-conversion -Wno-bool-conversion -Wno-enum-conversion -Wno-float-conversion -Wno-non-literal-null-conversion -Wno-objc-literal-conversion -Wshorten-64-to-32 -Wpointer-sign -Wno-newline-eof -Wno-implicit-fallthrough -isysroot /Applications/Xcode-27.0.0-Release.Candidate.app/Contents/Developer/Platforms/XROS.platform/Developer/SDKs/XROS27.0.sdk -fstrict-aliasing -Wdeprecated-declarations -Wno-sign-conversion -Wno-infinite-recursion -Wno-comma -Wno-block-capture-autoreleasing -Wno-strict-prototypes -Wno-semicolon-before-method-body -index-store-path /Users/admin/builder/spi-builder-workspace/.derivedData/Index.noindex/DataStore @/Users/admin/builder/spi-builder-workspace/.derivedData/Build/Intermediates.noindex/swift-crypto.build/Debug-xros/CCryptoBoringSSL-t.build/Objects-normal-tsan/arm64/7187679823f38a2a940e0043cdf9d637-common-args.resp -MMD -MT dependencies -MF /Users/admin/builder/spi-builder-workspace/.derivedData/Build/Intermediates.noindex/swift-crypto.build/Debug-xros/CCryptoBoringSSL-t.build/Objects-normal-tsan/arm64/unicode.d --serialize-diagnostics /Users/admin/builder/spi-builder-workspace/.derivedData/Build/Intermediates.noindex/swift-crypto.build/Debug-xros/CCryptoBoringSSL-t.build/Objects-normal-tsan/arm64/unicode.dia -c /Users/admin/builder/spi-builder-workspace/.dependencies/checkouts/swift-crypto/Sources/CCryptoBoringSSL/crypto/bytestring/unicode.c -o /Users/admin/builder/spi-builder-workspace/.derivedData/Build/Intermediates.noindex/swift-crypto.build/Debug-xros/CCryptoBoringSSL-t.build/Objects-normal-tsan/arm64/unicode.o -index-unit-output-path /swift-crypto.build/Debug-xros/CCryptoBoringSSL-t.build/Objects-normal-tsan/arm64/unicode.o
CompileC /Users/admin/builder/spi-builder-workspace/.derivedData/Build/Intermediates.noindex/swift-crypto.build/Debug-xros/CCryptoBoringSSL-t.build/Objects-normal-tsan/arm64/t_x509a.o /Users/admin/builder/spi-builder-workspace/.dependencies/checkouts/swift-crypto/Sources/CCryptoBoringSSL/crypto/x509/t_x509a.c normal arm64 c com.apple.compilers.llvm.clang.1_0.compiler (in target 'CCryptoBoringSSL' from project 'swift-crypto')
    cd /Users/admin/builder/spi-builder-workspace/.swiftpm/xcode

    Using response file: /Users/admin/builder/spi-builder-workspace/.derivedData/Build/Intermediates.noindex/swift-crypto.build/Debug-xros/CCryptoBoringSSL-t.build/Objects-normal-tsan/arm64/7187679823f38a2a940e0043cdf9d637-common-args.resp

    /Applications/Xcode-27.0.0-Release.Candidate.app/Contents/Developer/Toolchains/XcodeDefault.xctoolchain/usr/bin/clang -x c -ivfsstatcache /Users/admin/builder/spi-builder-workspace/.derivedData/SDKStatCaches.noindex/xros27.0-24M361-e829b21a6f8c9b70876ba0858053c044735bd543db762f57723cac368afd1ce4.sdkstatcache -target arm64-apple-xros1.0 -fmessage-length\=0 -fdiagnostics-show-note-include-stack -fmacro-backtrace-limit\=0 -fno-color-diagnostics -fmodules-prune-interval\=86400 -fmodules-prune-after\=345600 -fbuild-session-file\=/Users/admin/builder/spi-builder-workspace/.derivedData/ModuleCache.noindex/Session.modulevalidation -fmodules-validate-once-per-build-session -Wnon-modular-include-in-framework-module -Werror\=non-modular-include-in-framework-module -Wno-trigraphs -Wno-missing-field-initializers -Wno-missing-prototypes -Wno-return-type -Wno-missing-braces -Wparentheses -Wswitch -Wno-unused-function -Wno-unused-label -Wno-unused-parameter -Wno-unused-variable -Wunused-value -Wno-empty-body -Wno-uninitialized -Wno-unknown-pragmas -w -Wno-shadow -Wno-four-char-constants -Wno-conversion -Wno-constant-conversion -Wno-int-conversion -Wno-bool-conversion -Wno-enum-conversion -Wno-float-conversion -Wno-non-literal-null-conversion -Wno-objc-literal-conversion -Wshorten-64-to-32 -Wpointer-sign -Wno-newline-eof -Wno-implicit-fallthrough -isysroot /Applications/Xcode-27.0.0-Release.Candidate.app/Contents/Developer/Platforms/XROS.platform/Developer/SDKs/XROS27.0.sdk -fstrict-aliasing -Wdeprecated-declarations -Wno-sign-conversion -Wno-infinite-recursion -Wno-comma -Wno-block-capture-autoreleasing -Wno-strict-prototypes -Wno-semicolon-before-method-body -index-store-path /Users/admin/builder/spi-builder-workspace/.derivedData/Index.noindex/DataStore @/Users/admin/builder/spi-builder-workspace/.derivedData/Build/Intermediates.noindex/swift-crypto.build/Debug-xros/CCryptoBoringSSL-t.build/Objects-normal-tsan/arm64/7187679823f38a2a940e0043cdf9d637-common-args.resp -MMD -MT dependencies -MF /Users/admin/builder/spi-builder-workspace/.derivedData/Build/Intermediates.noindex/swift-crypto.build/Debug-xros/CCryptoBoringSSL-t.build/Objects-normal-tsan/arm64/t_x509a.d --serialize-diagnostics /Users/admin/builder/spi-builder-workspace/.derivedData/Build/Intermediates.noindex/swift-crypto.build/Debug-xros/CCryptoBoringSSL-t.build/Objects-normal-tsan/arm64/t_x509a.dia -c /Users/admin/builder/spi-builder-workspace/.dependencies/checkouts/swift-crypto/Sources/CCryptoBoringSSL/crypto/x509/t_x509a.c -o /Users/admin/builder/spi-builder-workspace/.derivedData/Build/Intermediates.noindex/swift-crypto.build/Debug-xros/CCryptoBoringSSL-t.build/Objects-normal-tsan/arm64/t_x509a.o -index-unit-output-path /swift-crypto.build/Debug-xros/CCryptoBoringSSL-t.build/Objects-normal-tsan/arm64/t_x509a.o
CompileC /Users/admin/builder/spi-builder-workspace/.derivedData/Build/Intermediates.noindex/swift-crypto.build/Debug-xros/CCryptoBoringSSL-t.build/Objects-normal-tsan/arm64/t_x509.o /Users/admin/builder/spi-builder-workspace/.dependencies/checkouts/swift-crypto/Sources/CCryptoBoringSSL/crypto/x509/t_x509.c normal arm64 c com.apple.compilers.llvm.clang.1_0.compiler (in target 'CCryptoBoringSSL' from project 'swift-crypto')
    cd /Users/admin/builder/spi-builder-workspace/.swiftpm/xcode

    Using response file: /Users/admin/builder/spi-builder-workspace/.derivedData/Build/Intermediates.noindex/swift-crypto.build/Debug-xros/CCryptoBoringSSL-t.build/Objects-normal-tsan/arm64/7187679823f38a2a940e0043cdf9d637-common-args.resp

    /Applications/Xcode-27.0.0-Release.Candidate.app/Contents/Developer/Toolchains/XcodeDefault.xctoolchain/usr/bin/clang -x c -ivfsstatcache /Users/admin/builder/spi-builder-workspace/.derivedData/SDKStatCaches.noindex/xros27.0-24M361-e829b21a6f8c9b70876ba0858053c044735bd543db762f57723cac368afd1ce4.sdkstatcache -target arm64-apple-xros1.0 -fmessage-length\=0 -fdiagnostics-show-note-include-stack -fmacro-backtrace-limit\=0 -fno-color-diagnostics -fmodules-prune-interval\=86400 -fmodules-prune-after\=345600 -fbuild-session-file\=/Users/admin/builder/spi-builder-workspace/.derivedData/ModuleCache.noindex/Session.modulevalidation -fmodules-validate-once-per-build-session -Wnon-modular-include-in-framework-module -Werror\=non-modular-include-in-framework-module -Wno-trigraphs -Wno-missing-field-initializers -Wno-missing-prototypes -Wno-return-type -Wno-missing-braces -Wparentheses -Wswitch -Wno-unused-function -Wno-unused-label -Wno-unused-parameter -Wno-unused-variable -Wunused-value -Wno-empty-body -Wno-uninitialized -Wno-unknown-pragmas -w -Wno-shadow -Wno-four-char-constants -Wno-conversion -Wno-constant-conversion -Wno-int-conversion -Wno-bool-conversion -Wno-enum-conversion -Wno-float-conversion -Wno-non-literal-null-conversion -Wno-objc-literal-conversion -Wshorten-64-to-32 -Wpointer-sign -Wno-newline-eof -Wno-implicit-fallthrough -isysroot /Applications/Xcode-27.0.0-Release.Candidate.app/Contents/Developer/Platforms/XROS.platform/Developer/SDKs/XROS27.0.sdk -fstrict-aliasing -Wdeprecated-declarations -Wno-sign-conversion -Wno-infinite-recursion -Wno-comma -Wno-block-capture-autoreleasing -Wno-strict-prototypes -Wno-semicolon-before-method-body -index-store-path /Users/admin/builder/spi-builder-workspace/.derivedData/Index.noindex/DataStore @/Users/admin/builder/spi-builder-workspace/.derivedData/Build/Intermediates.noindex/swift-crypto.build/Debug-xros/CCryptoBoringSSL-t.build/Objects-normal-tsan/arm64/7187679823f38a2a940e0043cdf9d637-common-args.resp -MMD -MT dependencies -MF /Users/admin/builder/spi-builder-workspace/.derivedData/Build/Intermediates.noindex/swift-crypto.build/Debug-xros/CCryptoBoringSSL-t.build/Objects-normal-tsan/arm64/t_x509.d --serialize-diagnostics /Users/admin/builder/spi-builder-workspace/.derivedData/Build/Intermediates.noindex/swift-crypto.build/Debug-xros/CCryptoBoringSSL-t.build/Objects-normal-tsan/arm64/t_x509.dia -c /Users/admin/builder/spi-builder-workspace/.dependencies/checkouts/swift-crypto/Sources/CCryptoBoringSSL/crypto/x509/t_x509.c -o /Users/admin/builder/spi-builder-workspace/.derivedData/Build/Intermediates.noindex/swift-crypto.build/Debug-xros/CCryptoBoringSSL-t.build/Objects-normal-tsan/arm64/t_x509.o -index-unit-output-path /swift-crypto.build/Debug-xros/CCryptoBoringSSL-t.build/Objects-normal-tsan/arm64/t_x509.o
CompileC /Users/admin/builder/spi-builder-workspace/.derivedData/Build/Intermediates.noindex/swift-crypto.build/Debug-xros/CCryptoBoringSSL-t.build/Objects-normal-tsan/arm64/t_crl.o /Users/admin/builder/spi-builder-workspace/.dependencies/checkouts/swift-crypto/Sources/CCryptoBoringSSL/crypto/x509/t_crl.c normal arm64 c com.apple.compilers.llvm.clang.1_0.compiler (in target 'CCryptoBoringSSL' from project 'swift-crypto')
    cd /Users/admin/builder/spi-builder-workspace/.swiftpm/xcode

    Using response file: /Users/admin/builder/spi-builder-workspace/.derivedData/Build/Intermediates.noindex/swift-crypto.build/Debug-xros/CCryptoBoringSSL-t.build/Objects-normal-tsan/arm64/7187679823f38a2a940e0043cdf9d637-common-args.resp

    /Applications/Xcode-27.0.0-Release.Candidate.app/Contents/Developer/Toolchains/XcodeDefault.xctoolchain/usr/bin/clang -x c -ivfsstatcache /Users/admin/builder/spi-builder-workspace/.derivedData/SDKStatCaches.noindex/xros27.0-24M361-e829b21a6f8c9b70876ba0858053c044735bd543db762f57723cac368afd1ce4.sdkstatcache -target arm64-apple-xros1.0 -fmessage-length\=0 -fdiagnostics-show-note-include-stack -fmacro-backtrace-limit\=0 -fno-color-diagnostics -fmodules-prune-interval\=86400 -fmodules-prune-after\=345600 -fbuild-session-file\=/Users/admin/builder/spi-builder-workspace/.derivedData/ModuleCache.noindex/Session.modulevalidation -fmodules-validate-once-per-build-session -Wnon-modular-include-in-framework-module -Werror\=non-modular-include-in-framework-module -Wno-trigraphs -Wno-missing-field-initializers -Wno-missing-prototypes -Wno-return-type -Wno-missing-braces -Wparentheses -Wswitch -Wno-unused-function -Wno-unused-label -Wno-unused-parameter -Wno-unused-variable -Wunused-value -Wno-empty-body -Wno-uninitialized -Wno-unknown-pragmas -w -Wno-shadow -Wno-four-char-constants -Wno-conversion -Wno-constant-conversion -Wno-int-conversion -Wno-bool-conversion -Wno-enum-conversion -Wno-float-conversion -Wno-non-literal-null-conversion -Wno-objc-literal-conversion -Wshorten-64-to-32 -Wpointer-sign -Wno-newline-eof -Wno-implicit-fallthrough -isysroot /Applications/Xcode-27.0.0-Release.Candidate.app/Contents/Developer/Platforms/XROS.platform/Developer/SDKs/XROS27.0.sdk -fstrict-aliasing -Wdeprecated-declarations -Wno-sign-conversion -Wno-infinite-recursion -Wno-comma -Wno-block-capture-autoreleasing -Wno-strict-prototypes -Wno-semicolon-before-method-body -index-store-path /Users/admin/builder/spi-builder-workspace/.derivedData/Index.noindex/DataStore @/Users/admin/builder/spi-builder-workspace/.derivedData/Build/Intermediates.noindex/swift-crypto.build/Debug-xros/CCryptoBoringSSL-t.build/Objects-normal-tsan/arm64/7187679823f38a2a940e0043cdf9d637-common-args.resp -MMD -MT dependencies -MF /Users/admin/builder/spi-builder-workspace/.derivedData/Build/Intermediates.noindex/swift-crypto.build/Debug-xros/CCryptoBoringSSL-t.build/Objects-normal-tsan/arm64/t_crl.d --serialize-diagnostics /Users/admin/builder/spi-builder-workspace/.derivedData/Build/Intermediates.noindex/swift-crypto.build/Debug-xros/CCryptoBoringSSL-t.build/Objects-normal-tsan/arm64/t_crl.dia -c /Users/admin/builder/spi-builder-workspace/.dependencies/checkouts/swift-crypto/Sources/CCryptoBoringSSL/crypto/x509/t_crl.c -o /Users/admin/builder/spi-builder-workspace/.derivedData/Build/Intermediates.noindex/swift-crypto.build/Debug-xros/CCryptoBoringSSL-t.build/Objects-normal-tsan/arm64/t_crl.o -index-unit-output-path /swift-crypto.build/Debug-xros/CCryptoBoringSSL-t.build/Objects-normal-tsan/arm64/t_crl.o
CompileC /Users/admin/builder/spi-builder-workspace/.derivedData/Build/Intermediates.noindex/swift-crypto.build/Debug-xros/CCryptoBoringSSL-t.build/Objects-normal-tsan/arm64/pcy_tree.o /Users/admin/builder/spi-builder-workspace/.dependencies/checkouts/swift-crypto/Sources/CCryptoBoringSSL/crypto/x509v3/pcy_tree.c normal arm64 c com.apple.compilers.llvm.clang.1_0.compiler (in target 'CCryptoBoringSSL' from project 'swift-crypto')
    cd /Users/admin/builder/spi-builder-workspace/.swiftpm/xcode

    Using response file: /Users/admin/builder/spi-builder-workspace/.derivedData/Build/Intermediates.noindex/swift-crypto.build/Debug-xros/CCryptoBoringSSL-t.build/Objects-normal-tsan/arm64/7187679823f38a2a940e0043cdf9d637-common-args.resp

    /Applications/Xcode-27.0.0-Release.Candidate.app/Contents/Developer/Toolchains/XcodeDefault.xctoolchain/usr/bin/clang -x c -ivfsstatcache /Users/admin/builder/spi-builder-workspace/.derivedData/SDKStatCaches.noindex/xros27.0-24M361-e829b21a6f8c9b70876ba0858053c044735bd543db762f57723cac368afd1ce4.sdkstatcache -target arm64-apple-xros1.0 -fmessage-length\=0 -fdiagnostics-show-note-include-stack -fmacro-backtrace-limit\=0 -fno-color-diagnostics -fmodules-prune-interval\=86400 -fmodules-prune-after\=345600 -fbuild-session-file\=/Users/admin/builder/spi-builder-workspace/.derivedData/ModuleCache.noindex/Session.modulevalidation -fmodules-validate-once-per-build-session -Wnon-modular-include-in-framework-module -Werror\=non-modular-include-in-framework-module -Wno-trigraphs -Wno-missing-field-initializers -Wno-missing-prototypes -Wno-return-type -Wno-missing-braces -Wparentheses -Wswitch -Wno-unused-function -Wno-unused-label -Wno-unused-parameter -Wno-unused-variable -Wunused-value -Wno-empty-body -Wno-uninitialized -Wno-unknown-pragmas -w -Wno-shadow -Wno-four-char-constants -Wno-conversion -Wno-constant-conversion -Wno-int-conversion -Wno-bool-conversion -Wno-enum-conversion -Wno-float-conversion -Wno-non-literal-null-conversion -Wno-objc-literal-conversion -Wshorten-64-to-32 -Wpointer-sign -Wno-newline-eof -Wno-implicit-fallthrough -isysroot /Applications/Xcode-27.0.0-Release.Candidate.app/Contents/Developer/Platforms/XROS.platform/Developer/SDKs/XROS27.0.sdk -fstrict-aliasing -Wdeprecated-declarations -Wno-sign-conversion -Wno-infinite-recursion -Wno-comma -Wno-block-capture-autoreleasing -Wno-strict-prototypes -Wno-semicolon-before-method-body -index-store-path /Users/admin/builder/spi-builder-workspace/.derivedData/Index.noindex/DataStore @/Users/admin/builder/spi-builder-workspace/.derivedData/Build/Intermediates.noindex/swift-crypto.build/Debug-xros/CCryptoBoringSSL-t.build/Objects-normal-tsan/arm64/7187679823f38a2a940e0043cdf9d637-common-args.resp -MMD -MT dependencies -MF /Users/admin/builder/spi-builder-workspace/.derivedData/Build/Intermediates.noindex/swift-crypto.build/Debug-xros/CCryptoBoringSSL-t.build/Objects-normal-tsan/arm64/pcy_tree.d --serialize-diagnostics /Users/admin/builder/spi-builder-workspace/.derivedData/Build/Intermediates.noindex/swift-crypto.build/Debug-xros/CCryptoBoringSSL-t.build/Objects-normal-tsan/arm64/pcy_tree.dia -c /Users/admin/builder/spi-builder-workspace/.dependencies/checkouts/swift-crypto/Sources/CCryptoBoringSSL/crypto/x509v3/pcy_tree.c -o /Users/admin/builder/spi-builder-workspace/.derivedData/Build/Intermediates.noindex/swift-crypto.build/Debug-xros/CCryptoBoringSSL-t.build/Objects-normal-tsan/arm64/pcy_tree.o -index-unit-output-path /swift-crypto.build/Debug-xros/CCryptoBoringSSL-t.build/Objects-normal-tsan/arm64/pcy_tree.o
CompileC /Users/admin/builder/spi-builder-workspace/.derivedData/Build/Intermediates.noindex/swift-crypto.build/Debug-xros/CCryptoBoringSSL-t.build/Objects-normal-tsan/arm64/pcy_node.o /Users/admin/builder/spi-builder-workspace/.dependencies/checkouts/swift-crypto/Sources/CCryptoBoringSSL/crypto/x509v3/pcy_node.c normal arm64 c com.apple.compilers.llvm.clang.1_0.compiler (in target 'CCryptoBoringSSL' from project 'swift-crypto')
    cd /Users/admin/builder/spi-builder-workspace/.swiftpm/xcode

    Using response file: /Users/admin/builder/spi-builder-workspace/.derivedData/Build/Intermediates.noindex/swift-crypto.build/Debug-xros/CCryptoBoringSSL-t.build/Objects-normal-tsan/arm64/7187679823f38a2a940e0043cdf9d637-common-args.resp

    /Applications/Xcode-27.0.0-Release.Candidate.app/Contents/Developer/Toolchains/XcodeDefault.xctoolchain/usr/bin/clang -x c -ivfsstatcache /Users/admin/builder/spi-builder-workspace/.derivedData/SDKStatCaches.noindex/xros27.0-24M361-e829b21a6f8c9b70876ba0858053c044735bd543db762f57723cac368afd1ce4.sdkstatcache -target arm64-apple-xros1.0 -fmessage-length\=0 -fdiagnostics-show-note-include-stack -fmacro-backtrace-limit\=0 -fno-color-diagnostics -fmodules-prune-interval\=86400 -fmodules-prune-after\=345600 -fbuild-session-file\=/Users/admin/builder/spi-builder-workspace/.derivedData/ModuleCache.noindex/Session.modulevalidation -fmodules-validate-once-per-build-session -Wnon-modular-include-in-framework-module -Werror\=non-modular-include-in-framework-module -Wno-trigraphs -Wno-missing-field-initializers -Wno-missing-prototypes -Wno-return-type -Wno-missing-braces -Wparentheses -Wswitch -Wno-unused-function -Wno-unused-label -Wno-unused-parameter -Wno-unused-variable -Wunused-value -Wno-empty-body -Wno-uninitialized -Wno-unknown-pragmas -w -Wno-shadow -Wno-four-char-constants -Wno-conversion -Wno-constant-conversion -Wno-int-conversion -Wno-bool-conversion -Wno-enum-conversion -Wno-float-conversion -Wno-non-literal-null-conversion -Wno-objc-literal-conversion -Wshorten-64-to-32 -Wpointer-sign -Wno-newline-eof -Wno-implicit-fallthrough -isysroot /Applications/Xcode-27.0.0-Release.Candidate.app/Contents/Developer/Platforms/XROS.platform/Developer/SDKs/XROS27.0.sdk -fstrict-aliasing -Wdeprecated-declarations -Wno-sign-conversion -Wno-infinite-recursion -Wno-comma -Wno-block-capture-autoreleasing -Wno-strict-prototypes -Wno-semicolon-before-method-body -index-store-path /Users/admin/builder/spi-builder-workspace/.derivedData/Index.noindex/DataStore @/Users/admin/builder/spi-builder-workspace/.derivedData/Build/Intermediates.noindex/swift-crypto.build/Debug-xros/CCryptoBoringSSL-t.build/Objects-normal-tsan/arm64/7187679823f38a2a940e0043cdf9d637-common-args.resp -MMD -MT dependencies -MF /Users/admin/builder/spi-builder-workspace/.derivedData/Build/Intermediates.noindex/swift-crypto.build/Debug-xros/CCryptoBoringSSL-t.build/Objects-normal-tsan/arm64/pcy_node.d --serialize-diagnostics /Users/admin/builder/spi-builder-workspace/.derivedData/Build/Intermediates.noindex/swift-crypto.build/Debug-xros/CCryptoBoringSSL-t.build/Objects-normal-tsan/arm64/pcy_node.dia -c /Users/admin/builder/spi-builder-workspace/.dependencies/checkouts/swift-crypto/Sources/CCryptoBoringSSL/crypto/x509v3/pcy_node.c -o /Users/admin/builder/spi-builder-workspace/.derivedData/Build/Intermediates.noindex/swift-crypto.build/Debug-xros/CCryptoBoringSSL-t.build/Objects-normal-tsan/arm64/pcy_node.o -index-unit-output-path /swift-crypto.build/Debug-xros/CCryptoBoringSSL-t.build/Objects-normal-tsan/arm64/pcy_node.o
PrecompileModule /Users/admin/builder/spi-builder-workspace/.derivedData/Build/Intermediates.noindex/ExplicitPrecompiledModules/_Builtin_stdbool-46WMGGAGNNV1AKEYA4001RRB9.scan
    cd /
    builtin-precompileModule /Users/admin/builder/spi-builder-workspace/.derivedData/Build/Intermediates.noindex/ExplicitPrecompiledModules/_Builtin_stdbool-46WMGGAGNNV1AKEYA4001RRB9.scan
PrecompileModule /Users/admin/builder/spi-builder-workspace/.derivedData/Build/Intermediates.noindex/ExplicitPrecompiledModules/_Builtin_inttypes-2YI8GGEE0OG73BMVXDEGDE7LQ.scan
    cd /
    builtin-precompileModule /Users/admin/builder/spi-builder-workspace/.derivedData/Build/Intermediates.noindex/ExplicitPrecompiledModules/_Builtin_inttypes-2YI8GGEE0OG73BMVXDEGDE7LQ.scan
ScanDependencies /Users/admin/builder/spi-builder-workspace/.derivedData/Build/Intermediates.noindex/swift-crypto.build/Debug-xros/CCryptoBoringSSL-t.build/Objects-normal-tsan/arm64/trust_token.o /Users/admin/builder/spi-builder-workspace/.dependencies/checkouts/swift-crypto/Sources/CCryptoBoringSSL/crypto/trust_token/trust_token.c normal arm64 c com.apple.compilers.llvm.clang.1_0.compiler (in target 'CCryptoBoringSSL' from project 'swift-crypto')
    cd /Users/admin/builder/spi-builder-workspace/.swiftpm/xcode

    Using response file: /Users/admin/builder/spi-builder-workspace/.derivedData/Build/Intermediates.noindex/swift-crypto.build/Debug-xros/CCryptoBoringSSL-t.build/Objects-normal-tsan/arm64/7187679823f38a2a940e0043cdf9d637-common-args.resp

    builtin-ScanDependencies -o /Users/admin/builder/spi-builder-workspace/.derivedData/Build/Intermediates.noindex/swift-crypto.build/Debug-xros/CCryptoBoringSSL-t.build/Objects-normal-tsan/arm64/trust_token.o.scan -- /Applications/Xcode-27.0.0-Release.Candidate.app/Contents/Developer/Toolchains/XcodeDefault.xctoolchain/usr/bin/clang -x c -ivfsstatcache /Users/admin/builder/spi-builder-workspace/.derivedData/SDKStatCaches.noindex/xros27.0-24M361-e829b21a6f8c9b70876ba0858053c044735bd543db762f57723cac368afd1ce4.sdkstatcache -target arm64-apple-xros1.0 -fmessage-length\=0 -fdiagnostics-show-note-include-stack -fmacro-backtrace-limit\=0 -fno-color-diagnostics -fmodules-prune-interval\=86400 -fmodules-prune-after\=345600 -fbuild-session-file\=/Users/admin/builder/spi-builder-workspace/.derivedData/ModuleCache.noindex/Session.modulevalidation -fmodules-validate-once-per-build-session -Wnon-modular-include-in-framework-module -Werror\=non-modular-include-in-framework-module -Wno-trigraphs -Wno-missing-field-initializers -Wno-missing-prototypes -Wno-return-type -Wno-missing-braces -Wparentheses -Wswitch -Wno-unused-function -Wno-unused-label -Wno-unused-parameter -Wno-unused-variable -Wunused-value -Wno-empty-body -Wno-uninitialized -Wno-unknown-pragmas -w -Wno-shadow -Wno-four-char-constants -Wno-conversion -Wno-constant-conversion -Wno-int-conversion -Wno-bool-conversion -Wno-enum-conversion -Wno-float-conversion -Wno-non-literal-null-conversion -Wno-objc-literal-conversion -Wshorten-64-to-32 -Wpointer-sign -Wno-newline-eof -Wno-implicit-fallthrough -isysroot /Applications/Xcode-27.0.0-Release.Candidate.app/Contents/Developer/Platforms/XROS.platform/Developer/SDKs/XROS27.0.sdk -fstrict-aliasing -Wdeprecated-declarations -Wno-sign-conversion -Wno-infinite-recursion -Wno-comma -Wno-block-capture-autoreleasing -Wno-strict-prototypes -Wno-semicolon-before-method-body -index-store-path /Users/admin/builder/spi-builder-workspace/.derivedData/Index.noindex/DataStore @/Users/admin/builder/spi-builder-workspace/.derivedData/Build/Intermediates.noindex/swift-crypto.build/Debug-xros/CCryptoBoringSSL-t.build/Objects-normal-tsan/arm64/7187679823f38a2a940e0043cdf9d637-common-args.resp -MMD -MT dependencies -MF /Users/admin/builder/spi-builder-workspace/.derivedData/Build/Intermediates.noindex/swift-crypto.build/Debug-xros/CCryptoBoringSSL-t.build/Objects-normal-tsan/arm64/trust_token.d --serialize-diagnostics /Users/admin/builder/spi-builder-workspace/.derivedData/Build/Intermediates.noindex/swift-crypto.build/Debug-xros/CCryptoBoringSSL-t.build/Objects-normal-tsan/arm64/trust_token.dia -c /Users/admin/builder/spi-builder-workspace/.dependencies/checkouts/swift-crypto/Sources/CCryptoBoringSSL/crypto/trust_token/trust_token.c -o /Users/admin/builder/spi-builder-workspace/.derivedData/Build/Intermediates.noindex/swift-crypto.build/Debug-xros/CCryptoBoringSSL-t.build/Objects-normal-tsan/arm64/trust_token.o -index-unit-output-path /swift-crypto.build/Debug-xros/CCryptoBoringSSL-t.build/Objects-normal-tsan/arm64/trust_token.o
ScanDependencies /Users/admin/builder/spi-builder-workspace/.derivedData/Build/Intermediates.noindex/swift-crypto.build/Debug-xros/CCryptoBoringSSL-t.build/Objects-normal-tsan/arm64/tls_cbc.o /Users/admin/builder/spi-builder-workspace/.dependencies/checkouts/swift-crypto/Sources/CCryptoBoringSSL/crypto/cipher_extra/tls_cbc.c normal arm64 c com.apple.compilers.llvm.clang.1_0.compiler (in target 'CCryptoBoringSSL' from project 'swift-crypto')
    cd /Users/admin/builder/spi-builder-workspace/.swiftpm/xcode

    Using response file: /Users/admin/builder/spi-builder-workspace/.derivedData/Build/Intermediates.noindex/swift-crypto.build/Debug-xros/CCryptoBoringSSL-t.build/Objects-normal-tsan/arm64/7187679823f38a2a940e0043cdf9d637-common-args.resp

    builtin-ScanDependencies -o /Users/admin/builder/spi-builder-workspace/.derivedData/Build/Intermediates.noindex/swift-crypto.build/Debug-xros/CCryptoBoringSSL-t.build/Objects-normal-tsan/arm64/tls_cbc.o.scan -- /Applications/Xcode-27.0.0-Release.Candidate.app/Contents/Developer/Toolchains/XcodeDefault.xctoolchain/usr/bin/clang -x c -ivfsstatcache /Users/admin/builder/spi-builder-workspace/.derivedData/SDKStatCaches.noindex/xros27.0-24M361-e829b21a6f8c9b70876ba0858053c044735bd543db762f57723cac368afd1ce4.sdkstatcache -target arm64-apple-xros1.0 -fmessage-length\=0 -fdiagnostics-show-note-include-stack -fmacro-backtrace-limit\=0 -fno-color-diagnostics -fmodules-prune-interval\=86400 -fmodules-prune-after\=345600 -fbuild-session-file\=/Users/admin/builder/spi-builder-workspace/.derivedData/ModuleCache.noindex/Session.modulevalidation -fmodules-validate-once-per-build-session -Wnon-modular-include-in-framework-module -Werror\=non-modular-include-in-framework-module -Wno-trigraphs -Wno-missing-field-initializers -Wno-missing-prototypes -Wno-return-type -Wno-missing-braces -Wparentheses -Wswitch -Wno-unused-function -Wno-unused-label -Wno-unused-parameter -Wno-unused-variable -Wunused-value -Wno-empty-body -Wno-uninitialized -Wno-unknown-pragmas -w -Wno-shadow -Wno-four-char-constants -Wno-conversion -Wno-constant-conversion -Wno-int-conversion -Wno-bool-conversion -Wno-enum-conversion -Wno-float-conversion -Wno-non-literal-null-conversion -Wno-objc-literal-conversion -Wshorten-64-to-32 -Wpointer-sign -Wno-newline-eof -Wno-implicit-fallthrough -isysroot /Applications/Xcode-27.0.0-Release.Candidate.app/Contents/Developer/Platforms/XROS.platform/Developer/SDKs/XROS27.0.sdk -fstrict-aliasing -Wdeprecated-declarations -Wno-sign-conversion -Wno-infinite-recursion -Wno-comma -Wno-block-capture-autoreleasing -Wno-strict-prototypes -Wno-semicolon-before-method-body -index-store-path /Users/admin/builder/spi-builder-workspace/.derivedData/Index.noindex/DataStore @/Users/admin/builder/spi-builder-workspace/.derivedData/Build/Intermediates.noindex/swift-crypto.build/Debug-xros/CCryptoBoringSSL-t.build/Objects-normal-tsan/arm64/7187679823f38a2a940e0043cdf9d637-common-args.resp -MMD -MT dependencies -MF /Users/admin/builder/spi-builder-workspace/.derivedData/Build/Intermediates.noindex/swift-crypto.build/Debug-xros/CCryptoBoringSSL-t.build/Objects-normal-tsan/arm64/tls_cbc.d --serialize-diagnostics /Users/admin/builder/spi-builder-workspace/.derivedData/Build/Intermediates.noindex/swift-crypto.build/Debug-xros/CCryptoBoringSSL-t.build/Objects-normal-tsan/arm64/tls_cbc.dia -c /Users/admin/builder/spi-builder-workspace/.dependencies/checkouts/swift-crypto/Sources/CCryptoBoringSSL/crypto/cipher_extra/tls_cbc.c -o /Users/admin/builder/spi-builder-workspace/.derivedData/Build/Intermediates.noindex/swift-crypto.build/Debug-xros/CCryptoBoringSSL-t.build/Objects-normal-tsan/arm64/tls_cbc.o -index-unit-output-path /swift-crypto.build/Debug-xros/CCryptoBoringSSL-t.build/Objects-normal-tsan/arm64/tls_cbc.o
PrecompileModule /Users/admin/builder/spi-builder-workspace/.derivedData/Build/Intermediates.noindex/ExplicitPrecompiledModules/Darwin-8VZ1FAX1ZKOO00CS468UGOKF3.scan
    cd /
    builtin-precompileModule /Users/admin/builder/spi-builder-workspace/.derivedData/Build/Intermediates.noindex/ExplicitPrecompiledModules/Darwin-8VZ1FAX1ZKOO00CS468UGOKF3.scan
CompileC /Users/admin/builder/spi-builder-workspace/.derivedData/Build/Intermediates.noindex/swift-crypto.build/Debug-xros/CCryptoBoringSSL-t.build/Objects-normal-tsan/arm64/trust_token.o /Users/admin/builder/spi-builder-workspace/.dependencies/checkouts/swift-crypto/Sources/CCryptoBoringSSL/crypto/trust_token/trust_token.c normal arm64 c com.apple.compilers.llvm.clang.1_0.compiler (in target 'CCryptoBoringSSL' from project 'swift-crypto')
    cd /Users/admin/builder/spi-builder-workspace/.swiftpm/xcode

    Using response file: /Users/admin/builder/spi-builder-workspace/.derivedData/Build/Intermediates.noindex/swift-crypto.build/Debug-xros/CCryptoBoringSSL-t.build/Objects-normal-tsan/arm64/7187679823f38a2a940e0043cdf9d637-common-args.resp

    /Applications/Xcode-27.0.0-Release.Candidate.app/Contents/Developer/Toolchains/XcodeDefault.xctoolchain/usr/bin/clang -x c -ivfsstatcache /Users/admin/builder/spi-builder-workspace/.derivedData/SDKStatCaches.noindex/xros27.0-24M361-e829b21a6f8c9b70876ba0858053c044735bd543db762f57723cac368afd1ce4.sdkstatcache -target arm64-apple-xros1.0 -fmessage-length\=0 -fdiagnostics-show-note-include-stack -fmacro-backtrace-limit\=0 -fno-color-diagnostics -fmodules-prune-interval\=86400 -fmodules-prune-after\=345600 -fbuild-session-file\=/Users/admin/builder/spi-builder-workspace/.derivedData/ModuleCache.noindex/Session.modulevalidation -fmodules-validate-once-per-build-session -Wnon-modular-include-in-framework-module -Werror\=non-modular-include-in-framework-module -Wno-trigraphs -Wno-missing-field-initializers -Wno-missing-prototypes -Wno-return-type -Wno-missing-braces -Wparentheses -Wswitch -Wno-unused-function -Wno-unused-label -Wno-unused-parameter -Wno-unused-variable -Wunused-value -Wno-empty-body -Wno-uninitialized -Wno-unknown-pragmas -w -Wno-shadow -Wno-four-char-constants -Wno-conversion -Wno-constant-conversion -Wno-int-conversion -Wno-bool-conversion -Wno-enum-conversion -Wno-float-conversion -Wno-non-literal-null-conversion -Wno-objc-literal-conversion -Wshorten-64-to-32 -Wpointer-sign -Wno-newline-eof -Wno-implicit-fallthrough -isysroot /Applications/Xcode-27.0.0-Release.Candidate.app/Contents/Developer/Platforms/XROS.platform/Developer/SDKs/XROS27.0.sdk -fstrict-aliasing -Wdeprecated-declarations -Wno-sign-conversion -Wno-infinite-recursion -Wno-comma -Wno-block-capture-autoreleasing -Wno-strict-prototypes -Wno-semicolon-before-method-body -index-store-path /Users/admin/builder/spi-builder-workspace/.derivedData/Index.noindex/DataStore @/Users/admin/builder/spi-builder-workspace/.derivedData/Build/Intermediates.noindex/swift-crypto.build/Debug-xros/CCryptoBoringSSL-t.build/Objects-normal-tsan/arm64/7187679823f38a2a940e0043cdf9d637-common-args.resp -MMD -MT dependencies -MF /Users/admin/builder/spi-builder-workspace/.derivedData/Build/Intermediates.noindex/swift-crypto.build/Debug-xros/CCryptoBoringSSL-t.build/Objects-normal-tsan/arm64/trust_token.d --serialize-diagnostics /Users/admin/builder/spi-builder-workspace/.derivedData/Build/Intermediates.noindex/swift-crypto.build/Debug-xros/CCryptoBoringSSL-t.build/Objects-normal-tsan/arm64/trust_token.dia -c /Users/admin/builder/spi-builder-workspace/.dependencies/checkouts/swift-crypto/Sources/CCryptoBoringSSL/crypto/trust_token/trust_token.c -o /Users/admin/builder/spi-builder-workspace/.derivedData/Build/Intermediates.noindex/swift-crypto.build/Debug-xros/CCryptoBoringSSL-t.build/Objects-normal-tsan/arm64/trust_token.o -index-unit-output-path /swift-crypto.build/Debug-xros/CCryptoBoringSSL-t.build/Objects-normal-tsan/arm64/trust_token.o
CompileC /Users/admin/builder/spi-builder-workspace/.derivedData/Build/Intermediates.noindex/swift-crypto.build/Debug-xros/CCryptoBoringSSL-t.build/Objects-normal-tsan/arm64/tls_cbc.o /Users/admin/builder/spi-builder-workspace/.dependencies/checkouts/swift-crypto/Sources/CCryptoBoringSSL/crypto/cipher_extra/tls_cbc.c normal arm64 c com.apple.compilers.llvm.clang.1_0.compiler (in target 'CCryptoBoringSSL' from project 'swift-crypto')
    cd /Users/admin/builder/spi-builder-workspace/.swiftpm/xcode

    Using response file: /Users/admin/builder/spi-builder-workspace/.derivedData/Build/Intermediates.noindex/swift-crypto.build/Debug-xros/CCryptoBoringSSL-t.build/Objects-normal-tsan/arm64/7187679823f38a2a940e0043cdf9d637-common-args.resp

    /Applications/Xcode-27.0.0-Release.Candidate.app/Contents/Developer/Toolchains/XcodeDefault.xctoolchain/usr/bin/clang -x c -ivfsstatcache /Users/admin/builder/spi-builder-workspace/.derivedData/SDKStatCaches.noindex/xros27.0-24M361-e829b21a6f8c9b70876ba0858053c044735bd543db762f57723cac368afd1ce4.sdkstatcache -target arm64-apple-xros1.0 -fmessage-length\=0 -fdiagnostics-show-note-include-stack -fmacro-backtrace-limit\=0 -fno-color-diagnostics -fmodules-prune-interval\=86400 -fmodules-prune-after\=345600 -fbuild-session-file\=/Users/admin/builder/spi-builder-workspace/.derivedData/ModuleCache.noindex/Session.modulevalidation -fmodules-validate-once-per-build-session -Wnon-modular-include-in-framework-module -Werror\=non-modular-include-in-framework-module -Wno-trigraphs -Wno-missing-field-initializers -Wno-missing-prototypes -Wno-return-type -Wno-missing-braces -Wparentheses -Wswitch -Wno-unused-function -Wno-unused-label -Wno-unused-parameter -Wno-unused-variable -Wunused-value -Wno-empty-body -Wno-uninitialized -Wno-unknown-pragmas -w -Wno-shadow -Wno-four-char-constants -Wno-conversion -Wno-constant-conversion -Wno-int-conversion -Wno-bool-conversion -Wno-enum-conversion -Wno-float-conversion -Wno-non-literal-null-conversion -Wno-objc-literal-conversion -Wshorten-64-to-32 -Wpointer-sign -Wno-newline-eof -Wno-implicit-fallthrough -isysroot /Applications/Xcode-27.0.0-Release.Candidate.app/Contents/Developer/Platforms/XROS.platform/Developer/SDKs/XROS27.0.sdk -fstrict-aliasing -Wdeprecated-declarations -Wno-sign-conversion -Wno-infinite-recursion -Wno-comma -Wno-block-capture-autoreleasing -Wno-strict-prototypes -Wno-semicolon-before-method-body -index-store-path /Users/admin/builder/spi-builder-workspace/.derivedData/Index.noindex/DataStore @/Users/admin/builder/spi-builder-workspace/.derivedData/Build/Intermediates.noindex/swift-crypto.build/Debug-xros/CCryptoBoringSSL-t.build/Objects-normal-tsan/arm64/7187679823f38a2a940e0043cdf9d637-common-args.resp -MMD -MT dependencies -MF /Users/admin/builder/spi-builder-workspace/.derivedData/Build/Intermediates.noindex/swift-crypto.build/Debug-xros/CCryptoBoringSSL-t.build/Objects-normal-tsan/arm64/tls_cbc.d --serialize-diagnostics /Users/admin/builder/spi-builder-workspace/.derivedData/Build/Intermediates.noindex/swift-crypto.build/Debug-xros/CCryptoBoringSSL-t.build/Objects-normal-tsan/arm64/tls_cbc.dia -c /Users/admin/builder/spi-builder-workspace/.dependencies/checkouts/swift-crypto/Sources/CCryptoBoringSSL/crypto/cipher_extra/tls_cbc.c -o /Users/admin/builder/spi-builder-workspace/.derivedData/Build/Intermediates.noindex/swift-crypto.build/Debug-xros/CCryptoBoringSSL-t.build/Objects-normal-tsan/arm64/tls_cbc.o -index-unit-output-path /swift-crypto.build/Debug-xros/CCryptoBoringSSL-t.build/Objects-normal-tsan/arm64/tls_cbc.o
ScanDependencies /Users/admin/builder/spi-builder-workspace/.derivedData/Build/Intermediates.noindex/swift-crypto.build/Debug-xros/CCryptoBoringSSL-t.build/Objects-normal-tsan/arm64/time_support.o /Users/admin/builder/spi-builder-workspace/.dependencies/checkouts/swift-crypto/Sources/CCryptoBoringSSL/crypto/asn1/time_support.c normal arm64 c com.apple.compilers.llvm.clang.1_0.compiler (in target 'CCryptoBoringSSL' from project 'swift-crypto')
    cd /Users/admin/builder/spi-builder-workspace/.swiftpm/xcode

    Using response file: /Users/admin/builder/spi-builder-workspace/.derivedData/Build/Intermediates.noindex/swift-crypto.build/Debug-xros/CCryptoBoringSSL-t.build/Objects-normal-tsan/arm64/7187679823f38a2a940e0043cdf9d637-common-args.resp

    builtin-ScanDependencies -o /Users/admin/builder/spi-builder-workspace/.derivedData/Build/Intermediates.noindex/swift-crypto.build/Debug-xros/CCryptoBoringSSL-t.build/Objects-normal-tsan/arm64/time_support.o.scan -- /Applications/Xcode-27.0.0-Release.Candidate.app/Contents/Developer/Toolchains/XcodeDefault.xctoolchain/usr/bin/clang -x c -ivfsstatcache /Users/admin/builder/spi-builder-workspace/.derivedData/SDKStatCaches.noindex/xros27.0-24M361-e829b21a6f8c9b70876ba0858053c044735bd543db762f57723cac368afd1ce4.sdkstatcache -target arm64-apple-xros1.0 -fmessage-length\=0 -fdiagnostics-show-note-include-stack -fmacro-backtrace-limit\=0 -fno-color-diagnostics -fmodules-prune-interval\=86400 -fmodules-prune-after\=345600 -fbuild-session-file\=/Users/admin/builder/spi-builder-workspace/.derivedData/ModuleCache.noindex/Session.modulevalidation -fmodules-validate-once-per-build-session -Wnon-modular-include-in-framework-module -Werror\=non-modular-include-in-framework-module -Wno-trigraphs -Wno-missing-field-initializers -Wno-missing-prototypes -Wno-return-type -Wno-missing-braces -Wparentheses -Wswitch -Wno-unused-function -Wno-unused-label -Wno-unused-parameter -Wno-unused-variable -Wunused-value -Wno-empty-body -Wno-uninitialized -Wno-unknown-pragmas -w -Wno-shadow -Wno-four-char-constants -Wno-conversion -Wno-constant-conversion -Wno-int-conversion -Wno-bool-conversion -Wno-enum-conversion -Wno-float-conversion -Wno-non-literal-null-conversion -Wno-objc-literal-conversion -Wshorten-64-to-32 -Wpointer-sign -Wno-newline-eof -Wno-implicit-fallthrough -isysroot /Applications/Xcode-27.0.0-Release.Candidate.app/Contents/Developer/Platforms/XROS.platform/Developer/SDKs/XROS27.0.sdk -fstrict-aliasing -Wdeprecated-declarations -Wno-sign-conversion -Wno-infinite-recursion -Wno-comma -Wno-block-capture-autoreleasing -Wno-strict-prototypes -Wno-semicolon-before-method-body -index-store-path /Users/admin/builder/spi-builder-workspace/.derivedData/Index.noindex/DataStore @/Users/admin/builder/spi-builder-workspace/.derivedData/Build/Intermediates.noindex/swift-crypto.build/Debug-xros/CCryptoBoringSSL-t.build/Objects-normal-tsan/arm64/7187679823f38a2a940e0043cdf9d637-common-args.resp -MMD -MT dependencies -MF /Users/admin/builder/spi-builder-workspace/.derivedData/Build/Intermediates.noindex/swift-crypto.build/Debug-xros/CCryptoBoringSSL-t.build/Objects-normal-tsan/arm64/time_support.d --serialize-diagnostics /Users/admin/builder/spi-builder-workspace/.derivedData/Build/Intermediates.noindex/swift-crypto.build/Debug-xros/CCryptoBoringSSL-t.build/Objects-normal-tsan/arm64/time_support.dia -c /Users/admin/builder/spi-builder-workspace/.dependencies/checkouts/swift-crypto/Sources/CCryptoBoringSSL/crypto/asn1/time_support.c -o /Users/admin/builder/spi-builder-workspace/.derivedData/Build/Intermediates.noindex/swift-crypto.build/Debug-xros/CCryptoBoringSSL-t.build/Objects-normal-tsan/arm64/time_support.o -index-unit-output-path /swift-crypto.build/Debug-xros/CCryptoBoringSSL-t.build/Objects-normal-tsan/arm64/time_support.o
SwiftExplicitDependencyGeneratePcm arm64 /Users/admin/builder/spi-builder-workspace/.derivedData/SDKExplicitPrecompiledModules/_Builtin_inttypes-9DU9NJC5HKVLIXJ97CZROETBU.pcm
ScanDependencies /Users/admin/builder/spi-builder-workspace/.derivedData/Build/Intermediates.noindex/swift-crypto.build/Debug-xros/CCryptoBoringSSL-t.build/Objects-normal-tsan/arm64/thread_win.o /Users/admin/builder/spi-builder-workspace/.dependencies/checkouts/swift-crypto/Sources/CCryptoBoringSSL/crypto/thread_win.c normal arm64 c com.apple.compilers.llvm.clang.1_0.compiler (in target 'CCryptoBoringSSL' from project 'swift-crypto')
    cd /Users/admin/builder/spi-builder-workspace/.swiftpm/xcode

    Using response file: /Users/admin/builder/spi-builder-workspace/.derivedData/Build/Intermediates.noindex/swift-crypto.build/Debug-xros/CCryptoBoringSSL-t.build/Objects-normal-tsan/arm64/7187679823f38a2a940e0043cdf9d637-common-args.resp

    builtin-ScanDependencies -o /Users/admin/builder/spi-builder-workspace/.derivedData/Build/Intermediates.noindex/swift-crypto.build/Debug-xros/CCryptoBoringSSL-t.build/Objects-normal-tsan/arm64/thread_win.o.scan -- /Applications/Xcode-27.0.0-Release.Candidate.app/Contents/Developer/Toolchains/XcodeDefault.xctoolchain/usr/bin/clang -x c -ivfsstatcache /Users/admin/builder/spi-builder-workspace/.derivedData/SDKStatCaches.noindex/xros27.0-24M361-e829b21a6f8c9b70876ba0858053c044735bd543db762f57723cac368afd1ce4.sdkstatcache -target arm64-apple-xros1.0 -fmessage-length\=0 -fdiagnostics-show-note-include-stack -fmacro-backtrace-limit\=0 -fno-color-diagnostics -fmodules-prune-interval\=86400 -fmodules-prune-after\=345600 -fbuild-session-file\=/Users/admin/builder/spi-builder-workspace/.derivedData/ModuleCache.noindex/Session.modulevalidation -fmodules-validate-once-per-build-session -Wnon-modular-include-in-framework-module -Werror\=non-modular-include-in-framework-module -Wno-trigraphs -Wno-missing-field-initializers -Wno-missing-prototypes -Wno-return-type -Wno-missing-braces -Wparentheses -Wswitch -Wno-unused-function -Wno-unused-label -Wno-unused-parameter -Wno-unused-variable -Wunused-value -Wno-empty-body -Wno-uninitialized -Wno-unknown-pragmas -w -Wno-shadow -Wno-four-char-constants -Wno-conversion -Wno-constant-conversion -Wno-int-conversion -Wno-bool-conversion -Wno-enum-conversion -Wno-float-conversion -Wno-non-literal-null-conversion -Wno-objc-literal-conversion -Wshorten-64-to-32 -Wpointer-sign -Wno-newline-eof -Wno-implicit-fallthrough -isysroot /Applications/Xcode-27.0.0-Release.Candidate.app/Contents/Developer/Platforms/XROS.platform/Developer/SDKs/XROS27.0.sdk -fstrict-aliasing -Wdeprecated-declarations -Wno-sign-conversion -Wno-infinite-recursion -Wno-comma -Wno-block-capture-autoreleasing -Wno-strict-prototypes -Wno-semicolon-before-method-body -index-store-path /Users/admin/builder/spi-builder-workspace/.derivedData/Index.noindex/DataStore @/Users/admin/builder/spi-builder-workspace/.derivedData/Build/Intermediates.noindex/swift-crypto.build/Debug-xros/CCryptoBoringSSL-t.build/Objects-normal-tsan/arm64/7187679823f38a2a940e0043cdf9d637-common-args.resp -MMD -MT dependencies -MF /Users/admin/builder/spi-builder-workspace/.derivedData/Build/Intermediates.noindex/swift-crypto.build/Debug-xros/CCryptoBoringSSL-t.build/Objects-normal-tsan/arm64/thread_win.d --serialize-diagnostics /Users/admin/builder/spi-builder-workspace/.derivedData/Build/Intermediates.noindex/swift-crypto.build/Debug-xros/CCryptoBoringSSL-t.build/Objects-normal-tsan/arm64/thread_win.dia -c /Users/admin/builder/spi-builder-workspace/.dependencies/checkouts/swift-crypto/Sources/CCryptoBoringSSL/crypto/thread_win.c -o /Users/admin/builder/spi-builder-workspace/.derivedData/Build/Intermediates.noindex/swift-crypto.build/Debug-xros/CCryptoBoringSSL-t.build/Objects-normal-tsan/arm64/thread_win.o -index-unit-output-path /swift-crypto.build/Debug-xros/CCryptoBoringSSL-t.build/Objects-normal-tsan/arm64/thread_win.o
CompileC /Users/admin/builder/spi-builder-workspace/.derivedData/Build/Intermediates.noindex/swift-crypto.build/Debug-xros/CCryptoBoringSSL-t.build/Objects-normal-tsan/arm64/time_support.o /Users/admin/builder/spi-builder-workspace/.dependencies/checkouts/swift-crypto/Sources/CCryptoBoringSSL/crypto/asn1/time_support.c normal arm64 c com.apple.compilers.llvm.clang.1_0.compiler (in target 'CCryptoBoringSSL' from project 'swift-crypto')
    cd /Users/admin/builder/spi-builder-workspace/.swiftpm/xcode

    Using response file: /Users/admin/builder/spi-builder-workspace/.derivedData/Build/Intermediates.noindex/swift-crypto.build/Debug-xros/CCryptoBoringSSL-t.build/Objects-normal-tsan/arm64/7187679823f38a2a940e0043cdf9d637-common-args.resp

    /Applications/Xcode-27.0.0-Release.Candidate.app/Contents/Developer/Toolchains/XcodeDefault.xctoolchain/usr/bin/clang -x c -ivfsstatcache /Users/admin/builder/spi-builder-workspace/.derivedData/SDKStatCaches.noindex/xros27.0-24M361-e829b21a6f8c9b70876ba0858053c044735bd543db762f57723cac368afd1ce4.sdkstatcache -target arm64-apple-xros1.0 -fmessage-length\=0 -fdiagnostics-show-note-include-stack -fmacro-backtrace-limit\=0 -fno-color-diagnostics -fmodules-prune-interval\=86400 -fmodules-prune-after\=345600 -fbuild-session-file\=/Users/admin/builder/spi-builder-workspace/.derivedData/ModuleCache.noindex/Session.modulevalidation -fmodules-validate-once-per-build-session -Wnon-modular-include-in-framework-module -Werror\=non-modular-include-in-framework-module -Wno-trigraphs -Wno-missing-field-initializers -Wno-missing-prototypes -Wno-return-type -Wno-missing-braces -Wparentheses -Wswitch -Wno-unused-function -Wno-unused-label -Wno-unused-parameter -Wno-unused-variable -Wunused-value -Wno-empty-body -Wno-uninitialized -Wno-unknown-pragmas -w -Wno-shadow -Wno-four-char-constants -Wno-conversion -Wno-constant-conversion -Wno-int-conversion -Wno-bool-conversion -Wno-enum-conversion -Wno-float-conversion -Wno-non-literal-null-conversion -Wno-objc-literal-conversion -Wshorten-64-to-32 -Wpointer-sign -Wno-newline-eof -Wno-implicit-fallthrough -isysroot /Applications/Xcode-27.0.0-Release.Candidate.app/Contents/Developer/Platforms/XROS.platform/Developer/SDKs/XROS27.0.sdk -fstrict-aliasing -Wdeprecated-declarations -Wno-sign-conversion -Wno-infinite-recursion -Wno-comma -Wno-block-capture-autoreleasing -Wno-strict-prototypes -Wno-semicolon-before-method-body -index-store-path /Users/admin/builder/spi-builder-workspace/.derivedData/Index.noindex/DataStore @/Users/admin/builder/spi-builder-workspace/.derivedData/Build/Intermediates.noindex/swift-crypto.build/Debug-xros/CCryptoBoringSSL-t.build/Objects-normal-tsan/arm64/7187679823f38a2a940e0043cdf9d637-common-args.resp -MMD -MT dependencies -MF /Users/admin/builder/spi-builder-workspace/.derivedData/Build/Intermediates.noindex/swift-crypto.build/Debug-xros/CCryptoBoringSSL-t.build/Objects-normal-tsan/arm64/time_support.d --serialize-diagnostics /Users/admin/builder/spi-builder-workspace/.derivedData/Build/Intermediates.noindex/swift-crypto.build/Debug-xros/CCryptoBoringSSL-t.build/Objects-normal-tsan/arm64/time_support.dia -c /Users/admin/builder/spi-builder-workspace/.dependencies/checkouts/swift-crypto/Sources/CCryptoBoringSSL/crypto/asn1/time_support.c -o /Users/admin/builder/spi-builder-workspace/.derivedData/Build/Intermediates.noindex/swift-crypto.build/Debug-xros/CCryptoBoringSSL-t.build/Objects-normal-tsan/arm64/time_support.o -index-unit-output-path /swift-crypto.build/Debug-xros/CCryptoBoringSSL-t.build/Objects-normal-tsan/arm64/time_support.o
SwiftExplicitDependencyGeneratePcm arm64 /Users/admin/builder/spi-builder-workspace/.derivedData/SDKExplicitPrecompiledModules/_Builtin_limits-425JDMN5HPM3D0UEI8LEHP6NM.pcm
SwiftExplicitDependencyGeneratePcm arm64 /Users/admin/builder/spi-builder-workspace/.derivedData/SDKExplicitPrecompiledModules/_DarwinFoundation2-ENTECK156YEWITZRRBTOCE4KR.pcm
CompileC /Users/admin/builder/spi-builder-workspace/.derivedData/Build/Intermediates.noindex/swift-crypto.build/Debug-xros/CCryptoBoringSSL-t.build/Objects-normal-tsan/arm64/thread_win.o /Users/admin/builder/spi-builder-workspace/.dependencies/checkouts/swift-crypto/Sources/CCryptoBoringSSL/crypto/thread_win.c normal arm64 c com.apple.compilers.llvm.clang.1_0.compiler (in target 'CCryptoBoringSSL' from project 'swift-crypto')
    cd /Users/admin/builder/spi-builder-workspace/.swiftpm/xcode

    Using response file: /Users/admin/builder/spi-builder-workspace/.derivedData/Build/Intermediates.noindex/swift-crypto.build/Debug-xros/CCryptoBoringSSL-t.build/Objects-normal-tsan/arm64/7187679823f38a2a940e0043cdf9d637-common-args.resp

    /Applications/Xcode-27.0.0-Release.Candidate.app/Contents/Developer/Toolchains/XcodeDefault.xctoolchain/usr/bin/clang -x c -ivfsstatcache /Users/admin/builder/spi-builder-workspace/.derivedData/SDKStatCaches.noindex/xros27.0-24M361-e829b21a6f8c9b70876ba0858053c044735bd543db762f57723cac368afd1ce4.sdkstatcache -target arm64-apple-xros1.0 -fmessage-length\=0 -fdiagnostics-show-note-include-stack -fmacro-backtrace-limit\=0 -fno-color-diagnostics -fmodules-prune-interval\=86400 -fmodules-prune-after\=345600 -fbuild-session-file\=/Users/admin/builder/spi-builder-workspace/.derivedData/ModuleCache.noindex/Session.modulevalidation -fmodules-validate-once-per-build-session -Wnon-modular-include-in-framework-module -Werror\=non-modular-include-in-framework-module -Wno-trigraphs -Wno-missing-field-initializers -Wno-missing-prototypes -Wno-return-type -Wno-missing-braces -Wparentheses -Wswitch -Wno-unused-function -Wno-unused-label -Wno-unused-parameter -Wno-unused-variable -Wunused-value -Wno-empty-body -Wno-uninitialized -Wno-unknown-pragmas -w -Wno-shadow -Wno-four-char-constants -Wno-conversion -Wno-constant-conversion -Wno-int-conversion -Wno-bool-conversion -Wno-enum-conversion -Wno-float-conversion -Wno-non-literal-null-conversion -Wno-objc-literal-conversion -Wshorten-64-to-32 -Wpointer-sign -Wno-newline-eof -Wno-implicit-fallthrough -isysroot /Applications/Xcode-27.0.0-Release.Candidate.app/Contents/Developer/Platforms/XROS.platform/Developer/SDKs/XROS27.0.sdk -fstrict-aliasing -Wdeprecated-declarations -Wno-sign-conversion -Wno-infinite-recursion -Wno-comma -Wno-block-capture-autoreleasing -Wno-strict-prototypes -Wno-semicolon-before-method-body -index-store-path /Users/admin/builder/spi-builder-workspace/.derivedData/Index.noindex/DataStore @/Users/admin/builder/spi-builder-workspace/.derivedData/Build/Intermediates.noindex/swift-crypto.build/Debug-xros/CCryptoBoringSSL-t.build/Objects-normal-tsan/arm64/7187679823f38a2a940e0043cdf9d637-common-args.resp -MMD -MT dependencies -MF /Users/admin/builder/spi-builder-workspace/.derivedData/Build/Intermediates.noindex/swift-crypto.build/Debug-xros/CCryptoBoringSSL-t.build/Objects-normal-tsan/arm64/thread_win.d --serialize-diagnostics /Users/admin/builder/spi-builder-workspace/.derivedData/Build/Intermediates.noindex/swift-crypto.build/Debug-xros/CCryptoBoringSSL-t.build/Objects-normal-tsan/arm64/thread_win.dia -c /Users/admin/builder/spi-builder-workspace/.dependencies/checkouts/swift-crypto/Sources/CCryptoBoringSSL/crypto/thread_win.c -o /Users/admin/builder/spi-builder-workspace/.derivedData/Build/Intermediates.noindex/swift-crypto.build/Debug-xros/CCryptoBoringSSL-t.build/Objects-normal-tsan/arm64/thread_win.o -index-unit-output-path /swift-crypto.build/Debug-xros/CCryptoBoringSSL-t.build/Objects-normal-tsan/arm64/thread_win.o
ScanDependencies /Users/admin/builder/spi-builder-workspace/.derivedData/Build/Intermediates.noindex/swift-crypto.build/Debug-xros/CCryptoBoringSSL-t.build/Objects-normal-tsan/arm64/thread_pthread.o /Users/admin/builder/spi-builder-workspace/.dependencies/checkouts/swift-crypto/Sources/CCryptoBoringSSL/crypto/thread_pthread.c normal arm64 c com.apple.compilers.llvm.clang.1_0.compiler (in target 'CCryptoBoringSSL' from project 'swift-crypto')
    cd /Users/admin/builder/spi-builder-workspace/.swiftpm/xcode

    Using response file: /Users/admin/builder/spi-builder-workspace/.derivedData/Build/Intermediates.noindex/swift-crypto.build/Debug-xros/CCryptoBoringSSL-t.build/Objects-normal-tsan/arm64/7187679823f38a2a940e0043cdf9d637-common-args.resp

    builtin-ScanDependencies -o /Users/admin/builder/spi-builder-workspace/.derivedData/Build/Intermediates.noindex/swift-crypto.build/Debug-xros/CCryptoBoringSSL-t.build/Objects-normal-tsan/arm64/thread_pthread.o.scan -- /Applications/Xcode-27.0.0-Release.Candidate.app/Contents/Developer/Toolchains/XcodeDefault.xctoolchain/usr/bin/clang -x c -ivfsstatcache /Users/admin/builder/spi-builder-workspace/.derivedData/SDKStatCaches.noindex/xros27.0-24M361-e829b21a6f8c9b70876ba0858053c044735bd543db762f57723cac368afd1ce4.sdkstatcache -target arm64-apple-xros1.0 -fmessage-length\=0 -fdiagnostics-show-note-include-stack -fmacro-backtrace-limit\=0 -fno-color-diagnostics -fmodules-prune-interval\=86400 -fmodules-prune-after\=345600 -fbuild-session-file\=/Users/admin/builder/spi-builder-workspace/.derivedData/ModuleCache.noindex/Session.modulevalidation -fmodules-validate-once-per-build-session -Wnon-modular-include-in-framework-module -Werror\=non-modular-include-in-framework-module -Wno-trigraphs -Wno-missing-field-initializers -Wno-missing-prototypes -Wno-return-type -Wno-missing-braces -Wparentheses -Wswitch -Wno-unused-function -Wno-unused-label -Wno-unused-parameter -Wno-unused-variable -Wunused-value -Wno-empty-body -Wno-uninitialized -Wno-unknown-pragmas -w -Wno-shadow -Wno-four-char-constants -Wno-conversion -Wno-constant-conversion -Wno-int-conversion -Wno-bool-conversion -Wno-enum-conversion -Wno-float-conversion -Wno-non-literal-null-conversion -Wno-objc-literal-conversion -Wshorten-64-to-32 -Wpointer-sign -Wno-newline-eof -Wno-implicit-fallthrough -isysroot /Applications/Xcode-27.0.0-Release.Candidate.app/Contents/Developer/Platforms/XROS.platform/Developer/SDKs/XROS27.0.sdk -fstrict-aliasing -Wdeprecated-declarations -Wno-sign-conversion -Wno-infinite-recursion -Wno-comma -Wno-block-capture-autoreleasing -Wno-strict-prototypes -Wno-semicolon-before-method-body -index-store-path /Users/admin/builder/spi-builder-workspace/.derivedData/Index.noindex/DataStore @/Users/admin/builder/spi-builder-workspace/.derivedData/Build/Intermediates.noindex/swift-crypto.build/Debug-xros/CCryptoBoringSSL-t.build/Objects-normal-tsan/arm64/7187679823f38a2a940e0043cdf9d637-common-args.resp -MMD -MT dependencies -MF /Users/admin/builder/spi-builder-workspace/.derivedData/Build/Intermediates.noindex/swift-crypto.build/Debug-xros/CCryptoBoringSSL-t.build/Objects-normal-tsan/arm64/thread_pthread.d --serialize-diagnostics /Users/admin/builder/spi-builder-workspace/.derivedData/Build/Intermediates.noindex/swift-crypto.build/Debug-xros/CCryptoBoringSSL-t.build/Objects-normal-tsan/arm64/thread_pthread.dia -c /Users/admin/builder/spi-builder-workspace/.dependencies/checkouts/swift-crypto/Sources/CCryptoBoringSSL/crypto/thread_pthread.c -o /Users/admin/builder/spi-builder-workspace/.derivedData/Build/Intermediates.noindex/swift-crypto.build/Debug-xros/CCryptoBoringSSL-t.build/Objects-normal-tsan/arm64/thread_pthread.o -index-unit-output-path /swift-crypto.build/Debug-xros/CCryptoBoringSSL-t.build/Objects-normal-tsan/arm64/thread_pthread.o
ScanDependencies /Users/admin/builder/spi-builder-workspace/.derivedData/Build/Intermediates.noindex/swift-crypto.build/Debug-xros/CCryptoBoringSSL-t.build/Objects-normal-tsan/arm64/thread_none.o /Users/admin/builder/spi-builder-workspace/.dependencies/checkouts/swift-crypto/Sources/CCryptoBoringSSL/crypto/thread_none.c normal arm64 c com.apple.compilers.llvm.clang.1_0.compiler (in target 'CCryptoBoringSSL' from project 'swift-crypto')
    cd /Users/admin/builder/spi-builder-workspace/.swiftpm/xcode

    Using response file: /Users/admin/builder/spi-builder-workspace/.derivedData/Build/Intermediates.noindex/swift-crypto.build/Debug-xros/CCryptoBoringSSL-t.build/Objects-normal-tsan/arm64/7187679823f38a2a940e0043cdf9d637-common-args.resp

    builtin-ScanDependencies -o /Users/admin/builder/spi-builder-workspace/.derivedData/Build/Intermediates.noindex/swift-crypto.build/Debug-xros/CCryptoBoringSSL-t.build/Objects-normal-tsan/arm64/thread_none.o.scan -- /Applications/Xcode-27.0.0-Release.Candidate.app/Contents/Developer/Toolchains/XcodeDefault.xctoolchain/usr/bin/clang -x c -ivfsstatcache /Users/admin/builder/spi-builder-workspace/.derivedData/SDKStatCaches.noindex/xros27.0-24M361-e829b21a6f8c9b70876ba0858053c044735bd543db762f57723cac368afd1ce4.sdkstatcache -target arm64-apple-xros1.0 -fmessage-length\=0 -fdiagnostics-show-note-include-stack -fmacro-backtrace-limit\=0 -fno-color-diagnostics -fmodules-prune-interval\=86400 -fmodules-prune-after\=345600 -fbuild-session-file\=/Users/admin/builder/spi-builder-workspace/.derivedData/ModuleCache.noindex/Session.modulevalidation -fmodules-validate-once-per-build-session -Wnon-modular-include-in-framework-module -Werror\=non-modular-include-in-framework-module -Wno-trigraphs -Wno-missing-field-initializers -Wno-missing-prototypes -Wno-return-type -Wno-missing-braces -Wparentheses -Wswitch -Wno-unused-function -Wno-unused-label -Wno-unused-parameter -Wno-unused-variable -Wunused-value -Wno-empty-body -Wno-uninitialized -Wno-unknown-pragmas -w -Wno-shadow -Wno-four-char-constants -Wno-conversion -Wno-constant-conversion -Wno-int-conversion -Wno-bool-conversion -Wno-enum-conversion -Wno-float-conversion -Wno-non-literal-null-conversion -Wno-objc-literal-conversion -Wshorten-64-to-32 -Wpointer-sign -Wno-newline-eof -Wno-implicit-fallthrough -isysroot /Applications/Xcode-27.0.0-Release.Candidate.app/Contents/Developer/Platforms/XROS.platform/Developer/SDKs/XROS27.0.sdk -fstrict-aliasing -Wdeprecated-declarations -Wno-sign-conversion -Wno-infinite-recursion -Wno-comma -Wno-block-capture-autoreleasing -Wno-strict-prototypes -Wno-semicolon-before-method-body -index-store-path /Users/admin/builder/spi-builder-workspace/.derivedData/Index.noindex/DataStore @/Users/admin/builder/spi-builder-workspace/.derivedData/Build/Intermediates.noindex/swift-crypto.build/Debug-xros/CCryptoBoringSSL-t.build/Objects-normal-tsan/arm64/7187679823f38a2a940e0043cdf9d637-common-args.resp -MMD -MT dependencies -MF /Users/admin/builder/spi-builder-workspace/.derivedData/Build/Intermediates.noindex/swift-crypto.build/Debug-xros/CCryptoBoringSSL-t.build/Objects-normal-tsan/arm64/thread_none.d --serialize-diagnostics /Users/admin/builder/spi-builder-workspace/.derivedData/Build/Intermediates.noindex/swift-crypto.build/Debug-xros/CCryptoBoringSSL-t.build/Objects-normal-tsan/arm64/thread_none.dia -c /Users/admin/builder/spi-builder-workspace/.dependencies/checkouts/swift-crypto/Sources/CCryptoBoringSSL/crypto/thread_none.c -o /Users/admin/builder/spi-builder-workspace/.derivedData/Build/Intermediates.noindex/swift-crypto.build/Debug-xros/CCryptoBoringSSL-t.build/Objects-normal-tsan/arm64/thread_none.o -index-unit-output-path /swift-crypto.build/Debug-xros/CCryptoBoringSSL-t.build/Objects-normal-tsan/arm64/thread_none.o
ScanDependencies /Users/admin/builder/spi-builder-workspace/.derivedData/Build/Intermediates.noindex/swift-crypto.build/Debug-xros/CCryptoBoringSSL-t.build/Objects-normal-tsan/arm64/thread.o /Users/admin/builder/spi-builder-workspace/.dependencies/checkouts/swift-crypto/Sources/CCryptoBoringSSL/crypto/thread.c normal arm64 c com.apple.compilers.llvm.clang.1_0.compiler (in target 'CCryptoBoringSSL' from project 'swift-crypto')
    cd /Users/admin/builder/spi-builder-workspace/.swiftpm/xcode

    Using response file: /Users/admin/builder/spi-builder-workspace/.derivedData/Build/Intermediates.noindex/swift-crypto.build/Debug-xros/CCryptoBoringSSL-t.build/Objects-normal-tsan/arm64/7187679823f38a2a940e0043cdf9d637-common-args.resp

    builtin-ScanDependencies -o /Users/admin/builder/spi-builder-workspace/.derivedData/Build/Intermediates.noindex/swift-crypto.build/Debug-xros/CCryptoBoringSSL-t.build/Objects-normal-tsan/arm64/thread.o.scan -- /Applications/Xcode-27.0.0-Release.Candidate.app/Contents/Developer/Toolchains/XcodeDefault.xctoolchain/usr/bin/clang -x c -ivfsstatcache /Users/admin/builder/spi-builder-workspace/.derivedData/SDKStatCaches.noindex/xros27.0-24M361-e829b21a6f8c9b70876ba0858053c044735bd543db762f57723cac368afd1ce4.sdkstatcache -target arm64-apple-xros1.0 -fmessage-length\=0 -fdiagnostics-show-note-include-stack -fmacro-backtrace-limit\=0 -fno-color-diagnostics -fmodules-prune-interval\=86400 -fmodules-prune-after\=345600 -fbuild-session-file\=/Users/admin/builder/spi-builder-workspace/.derivedData/ModuleCache.noindex/Session.modulevalidation -fmodules-validate-once-per-build-session -Wnon-modular-include-in-framework-module -Werror\=non-modular-include-in-framework-module -Wno-trigraphs -Wno-missing-field-initializers -Wno-missing-prototypes -Wno-return-type -Wno-missing-braces -Wparentheses -Wswitch -Wno-unused-function -Wno-unused-label -Wno-unused-parameter -Wno-unused-variable -Wunused-value -Wno-empty-body -Wno-uninitialized -Wno-unknown-pragmas -w -Wno-shadow -Wno-four-char-constants -Wno-conversion -Wno-constant-conversion -Wno-int-conversion -Wno-bool-conversion -Wno-enum-conversion -Wno-float-conversion -Wno-non-literal-null-conversion -Wno-objc-literal-conversion -Wshorten-64-to-32 -Wpointer-sign -Wno-newline-eof -Wno-implicit-fallthrough -isysroot /Applications/Xcode-27.0.0-Release.Candidate.app/Contents/Developer/Platforms/XROS.platform/Developer/SDKs/XROS27.0.sdk -fstrict-aliasing -Wdeprecated-declarations -Wno-sign-conversion -Wno-infinite-recursion -Wno-comma -Wno-block-capture-autoreleasing -Wno-strict-prototypes -Wno-semicolon-before-method-body -index-store-path /Users/admin/builder/spi-builder-workspace/.derivedData/Index.noindex/DataStore @/Users/admin/builder/spi-builder-workspace/.derivedData/Build/Intermediates.noindex/swift-crypto.build/Debug-xros/CCryptoBoringSSL-t.build/Objects-normal-tsan/arm64/7187679823f38a2a940e0043cdf9d637-common-args.resp -MMD -MT dependencies -MF /Users/admin/builder/spi-builder-workspace/.derivedData/Build/Intermediates.noindex/swift-crypto.build/Debug-xros/CCryptoBoringSSL-t.build/Objects-normal-tsan/arm64/thread.d --serialize-diagnostics /Users/admin/builder/spi-builder-workspace/.derivedData/Build/Intermediates.noindex/swift-crypto.build/Debug-xros/CCryptoBoringSSL-t.build/Objects-normal-tsan/arm64/thread.dia -c /Users/admin/builder/spi-builder-workspace/.dependencies/checkouts/swift-crypto/Sources/CCryptoBoringSSL/crypto/thread.c -o /Users/admin/builder/spi-builder-workspace/.derivedData/Build/Intermediates.noindex/swift-crypto.build/Debug-xros/CCryptoBoringSSL-t.build/Objects-normal-tsan/arm64/thread.o -index-unit-output-path /swift-crypto.build/Debug-xros/CCryptoBoringSSL-t.build/Objects-normal-tsan/arm64/thread.o
SwiftExplicitDependencyGeneratePcm arm64 /Users/admin/builder/spi-builder-workspace/.derivedData/SDKExplicitPrecompiledModules/Darwin-ET1KOXI5QIB2QZ81K0LJ5SCNP.pcm
ScanDependencies /Users/admin/builder/spi-builder-workspace/.derivedData/Build/Intermediates.noindex/swift-crypto.build/Debug-xros/CCryptoBoringSSL-t.build/Objects-normal-tsan/arm64/tasn_utl.o /Users/admin/builder/spi-builder-workspace/.dependencies/checkouts/swift-crypto/Sources/CCryptoBoringSSL/crypto/asn1/tasn_utl.c normal arm64 c com.apple.compilers.llvm.clang.1_0.compiler (in target 'CCryptoBoringSSL' from project 'swift-crypto')
    cd /Users/admin/builder/spi-builder-workspace/.swiftpm/xcode

    Using response file: /Users/admin/builder/spi-builder-workspace/.derivedData/Build/Intermediates.noindex/swift-crypto.build/Debug-xros/CCryptoBoringSSL-t.build/Objects-normal-tsan/arm64/7187679823f38a2a940e0043cdf9d637-common-args.resp

    builtin-ScanDependencies -o /Users/admin/builder/spi-builder-workspace/.derivedData/Build/Intermediates.noindex/swift-crypto.build/Debug-xros/CCryptoBoringSSL-t.build/Objects-normal-tsan/arm64/tasn_utl.o.scan -- /Applications/Xcode-27.0.0-Release.Candidate.app/Contents/Developer/Toolchains/XcodeDefault.xctoolchain/usr/bin/clang -x c -ivfsstatcache /Users/admin/builder/spi-builder-workspace/.derivedData/SDKStatCaches.noindex/xros27.0-24M361-e829b21a6f8c9b70876ba0858053c044735bd543db762f57723cac368afd1ce4.sdkstatcache -target arm64-apple-xros1.0 -fmessage-length\=0 -fdiagnostics-show-note-include-stack -fmacro-backtrace-limit\=0 -fno-color-diagnostics -fmodules-prune-interval\=86400 -fmodules-prune-after\=345600 -fbuild-session-file\=/Users/admin/builder/spi-builder-workspace/.derivedData/ModuleCache.noindex/Session.modulevalidation -fmodules-validate-once-per-build-session -Wnon-modular-include-in-framework-module -Werror\=non-modular-include-in-framework-module -Wno-trigraphs -Wno-missing-field-initializers -Wno-missing-prototypes -Wno-return-type -Wno-missing-braces -Wparentheses -Wswitch -Wno-unused-function -Wno-unused-label -Wno-unused-parameter -Wno-unused-variable -Wunused-value -Wno-empty-body -Wno-uninitialized -Wno-unknown-pragmas -w -Wno-shadow -Wno-four-char-constants -Wno-conversion -Wno-constant-conversion -Wno-int-conversion -Wno-bool-conversion -Wno-enum-conversion -Wno-float-conversion -Wno-non-literal-null-conversion -Wno-objc-literal-conversion -Wshorten-64-to-32 -Wpointer-sign -Wno-newline-eof -Wno-implicit-fallthrough -isysroot /Applications/Xcode-27.0.0-Release.Candidate.app/Contents/Developer/Platforms/XROS.platform/Developer/SDKs/XROS27.0.sdk -fstrict-aliasing -Wdeprecated-declarations -Wno-sign-conversion -Wno-infinite-recursion -Wno-comma -Wno-block-capture-autoreleasing -Wno-strict-prototypes -Wno-semicolon-before-method-body -index-store-path /Users/admin/builder/spi-builder-workspace/.derivedData/Index.noindex/DataStore @/Users/admin/builder/spi-builder-workspace/.derivedData/Build/Intermediates.noindex/swift-crypto.build/Debug-xros/CCryptoBoringSSL-t.build/Objects-normal-tsan/arm64/7187679823f38a2a940e0043cdf9d637-common-args.resp -MMD -MT dependencies -MF /Users/admin/builder/spi-builder-workspace/.derivedData/Build/Intermediates.noindex/swift-crypto.build/Debug-xros/CCryptoBoringSSL-t.build/Objects-normal-tsan/arm64/tasn_utl.d --serialize-diagnostics /Users/admin/builder/spi-builder-workspace/.derivedData/Build/Intermediates.noindex/swift-crypto.build/Debug-xros/CCryptoBoringSSL-t.build/Objects-normal-tsan/arm64/tasn_utl.dia -c /Users/admin/builder/spi-builder-workspace/.dependencies/checkouts/swift-crypto/Sources/CCryptoBoringSSL/crypto/asn1/tasn_utl.c -o /Users/admin/builder/spi-builder-workspace/.derivedData/Build/Intermediates.noindex/swift-crypto.build/Debug-xros/CCryptoBoringSSL-t.build/Objects-normal-tsan/arm64/tasn_utl.o -index-unit-output-path /swift-crypto.build/Debug-xros/CCryptoBoringSSL-t.build/Objects-normal-tsan/arm64/tasn_utl.o
ScanDependencies /Users/admin/builder/spi-builder-workspace/.derivedData/Build/Intermediates.noindex/swift-crypto.build/Debug-xros/CCryptoBoringSSL-t.build/Objects-normal-tsan/arm64/tasn_typ.o /Users/admin/builder/spi-builder-workspace/.dependencies/checkouts/swift-crypto/Sources/CCryptoBoringSSL/crypto/asn1/tasn_typ.c normal arm64 c com.apple.compilers.llvm.clang.1_0.compiler (in target 'CCryptoBoringSSL' from project 'swift-crypto')
    cd /Users/admin/builder/spi-builder-workspace/.swiftpm/xcode

    Using response file: /Users/admin/builder/spi-builder-workspace/.derivedData/Build/Intermediates.noindex/swift-crypto.build/Debug-xros/CCryptoBoringSSL-t.build/Objects-normal-tsan/arm64/7187679823f38a2a940e0043cdf9d637-common-args.resp

    builtin-ScanDependencies -o /Users/admin/builder/spi-builder-workspace/.derivedData/Build/Intermediates.noindex/swift-crypto.build/Debug-xros/CCryptoBoringSSL-t.build/Objects-normal-tsan/arm64/tasn_typ.o.scan -- /Applications/Xcode-27.0.0-Release.Candidate.app/Contents/Developer/Toolchains/XcodeDefault.xctoolchain/usr/bin/clang -x c -ivfsstatcache /Users/admin/builder/spi-builder-workspace/.derivedData/SDKStatCaches.noindex/xros27.0-24M361-e829b21a6f8c9b70876ba0858053c044735bd543db762f57723cac368afd1ce4.sdkstatcache -target arm64-apple-xros1.0 -fmessage-length\=0 -fdiagnostics-show-note-include-stack -fmacro-backtrace-limit\=0 -fno-color-diagnostics -fmodules-prune-interval\=86400 -fmodules-prune-after\=345600 -fbuild-session-file\=/Users/admin/builder/spi-builder-workspace/.derivedData/ModuleCache.noindex/Session.modulevalidation -fmodules-validate-once-per-build-session -Wnon-modular-include-in-framework-module -Werror\=non-modular-include-in-framework-module -Wno-trigraphs -Wno-missing-field-initializers -Wno-missing-prototypes -Wno-return-type -Wno-missing-braces -Wparentheses -Wswitch -Wno-unused-function -Wno-unused-label -Wno-unused-parameter -Wno-unused-variable -Wunused-value -Wno-empty-body -Wno-uninitialized -Wno-unknown-pragmas -w -Wno-shadow -Wno-four-char-constants -Wno-conversion -Wno-constant-conversion -Wno-int-conversion -Wno-bool-conversion -Wno-enum-conversion -Wno-float-conversion -Wno-non-literal-null-conversion -Wno-objc-literal-conversion -Wshorten-64-to-32 -Wpointer-sign -Wno-newline-eof -Wno-implicit-fallthrough -isysroot /Applications/Xcode-27.0.0-Release.Candidate.app/Contents/Developer/Platforms/XROS.platform/Developer/SDKs/XROS27.0.sdk -fstrict-aliasing -Wdeprecated-declarations -Wno-sign-conversion -Wno-infinite-recursion -Wno-comma -Wno-block-capture-autoreleasing -Wno-strict-prototypes -Wno-semicolon-before-method-body -index-store-path /Users/admin/builder/spi-builder-workspace/.derivedData/Index.noindex/DataStore @/Users/admin/builder/spi-builder-workspace/.derivedData/Build/Intermediates.noindex/swift-crypto.build/Debug-xros/CCryptoBoringSSL-t.build/Objects-normal-tsan/arm64/7187679823f38a2a940e0043cdf9d637-common-args.resp -MMD -MT dependencies -MF /Users/admin/builder/spi-builder-workspace/.derivedData/Build/Intermediates.noindex/swift-crypto.build/Debug-xros/CCryptoBoringSSL-t.build/Objects-normal-tsan/arm64/tasn_typ.d --serialize-diagnostics /Users/admin/builder/spi-builder-workspace/.derivedData/Build/Intermediates.noindex/swift-crypto.build/Debug-xros/CCryptoBoringSSL-t.build/Objects-normal-tsan/arm64/tasn_typ.dia -c /Users/admin/builder/spi-builder-workspace/.dependencies/checkouts/swift-crypto/Sources/CCryptoBoringSSL/crypto/asn1/tasn_typ.c -o /Users/admin/builder/spi-builder-workspace/.derivedData/Build/Intermediates.noindex/swift-crypto.build/Debug-xros/CCryptoBoringSSL-t.build/Objects-normal-tsan/arm64/tasn_typ.o -index-unit-output-path /swift-crypto.build/Debug-xros/CCryptoBoringSSL-t.build/Objects-normal-tsan/arm64/tasn_typ.o
CompileC /Users/admin/builder/spi-builder-workspace/.derivedData/Build/Intermediates.noindex/swift-crypto.build/Debug-xros/CCryptoBoringSSL-t.build/Objects-normal-tsan/arm64/thread_pthread.o /Users/admin/builder/spi-builder-workspace/.dependencies/checkouts/swift-crypto/Sources/CCryptoBoringSSL/crypto/thread_pthread.c normal arm64 c com.apple.compilers.llvm.clang.1_0.compiler (in target 'CCryptoBoringSSL' from project 'swift-crypto')
    cd /Users/admin/builder/spi-builder-workspace/.swiftpm/xcode

    Using response file: /Users/admin/builder/spi-builder-workspace/.derivedData/Build/Intermediates.noindex/swift-crypto.build/Debug-xros/CCryptoBoringSSL-t.build/Objects-normal-tsan/arm64/7187679823f38a2a940e0043cdf9d637-common-args.resp

    /Applications/Xcode-27.0.0-Release.Candidate.app/Contents/Developer/Toolchains/XcodeDefault.xctoolchain/usr/bin/clang -x c -ivfsstatcache /Users/admin/builder/spi-builder-workspace/.derivedData/SDKStatCaches.noindex/xros27.0-24M361-e829b21a6f8c9b70876ba0858053c044735bd543db762f57723cac368afd1ce4.sdkstatcache -target arm64-apple-xros1.0 -fmessage-length\=0 -fdiagnostics-show-note-include-stack -fmacro-backtrace-limit\=0 -fno-color-diagnostics -fmodules-prune-interval\=86400 -fmodules-prune-after\=345600 -fbuild-session-file\=/Users/admin/builder/spi-builder-workspace/.derivedData/ModuleCache.noindex/Session.modulevalidation -fmodules-validate-once-per-build-session -Wnon-modular-include-in-framework-module -Werror\=non-modular-include-in-framework-module -Wno-trigraphs -Wno-missing-field-initializers -Wno-missing-prototypes -Wno-return-type -Wno-missing-braces -Wparentheses -Wswitch -Wno-unused-function -Wno-unused-label -Wno-unused-parameter -Wno-unused-variable -Wunused-value -Wno-empty-body -Wno-uninitialized -Wno-unknown-pragmas -w -Wno-shadow -Wno-four-char-constants -Wno-conversion -Wno-constant-conversion -Wno-int-conversion -Wno-bool-conversion -Wno-enum-conversion -Wno-float-conversion -Wno-non-literal-null-conversion -Wno-objc-literal-conversion -Wshorten-64-to-32 -Wpointer-sign -Wno-newline-eof -Wno-implicit-fallthrough -isysroot /Applications/Xcode-27.0.0-Release.Candidate.app/Contents/Developer/Platforms/XROS.platform/Developer/SDKs/XROS27.0.sdk -fstrict-aliasing -Wdeprecated-declarations -Wno-sign-conversion -Wno-infinite-recursion -Wno-comma -Wno-block-capture-autoreleasing -Wno-strict-prototypes -Wno-semicolon-before-method-body -index-store-path /Users/admin/builder/spi-builder-workspace/.derivedData/Index.noindex/DataStore @/Users/admin/builder/spi-builder-workspace/.derivedData/Build/Intermediates.noindex/swift-crypto.build/Debug-xros/CCryptoBoringSSL-t.build/Objects-normal-tsan/arm64/7187679823f38a2a940e0043cdf9d637-common-args.resp -MMD -MT dependencies -MF /Users/admin/builder/spi-builder-workspace/.derivedData/Build/Intermediates.noindex/swift-crypto.build/Debug-xros/CCryptoBoringSSL-t.build/Objects-normal-tsan/arm64/thread_pthread.d --serialize-diagnostics /Users/admin/builder/spi-builder-workspace/.derivedData/Build/Intermediates.noindex/swift-crypto.build/Debug-xros/CCryptoBoringSSL-t.build/Objects-normal-tsan/arm64/thread_pthread.dia -c /Users/admin/builder/spi-builder-workspace/.dependencies/checkouts/swift-crypto/Sources/CCryptoBoringSSL/crypto/thread_pthread.c -o /Users/admin/builder/spi-builder-workspace/.derivedData/Build/Intermediates.noindex/swift-crypto.build/Debug-xros/CCryptoBoringSSL-t.build/Objects-normal-tsan/arm64/thread_pthread.o -index-unit-output-path /swift-crypto.build/Debug-xros/CCryptoBoringSSL-t.build/Objects-normal-tsan/arm64/thread_pthread.o
ScanDependencies /Users/admin/builder/spi-builder-workspace/.derivedData/Build/Intermediates.noindex/swift-crypto.build/Debug-xros/CCryptoBoringSSL-t.build/Objects-normal-tsan/arm64/tasn_new.o /Users/admin/builder/spi-builder-workspace/.dependencies/checkouts/swift-crypto/Sources/CCryptoBoringSSL/crypto/asn1/tasn_new.c normal arm64 c com.apple.compilers.llvm.clang.1_0.compiler (in target 'CCryptoBoringSSL' from project 'swift-crypto')
    cd /Users/admin/builder/spi-builder-workspace/.swiftpm/xcode

    Using response file: /Users/admin/builder/spi-builder-workspace/.derivedData/Build/Intermediates.noindex/swift-crypto.build/Debug-xros/CCryptoBoringSSL-t.build/Objects-normal-tsan/arm64/7187679823f38a2a940e0043cdf9d637-common-args.resp

    builtin-ScanDependencies -o /Users/admin/builder/spi-builder-workspace/.derivedData/Build/Intermediates.noindex/swift-crypto.build/Debug-xros/CCryptoBoringSSL-t.build/Objects-normal-tsan/arm64/tasn_new.o.scan -- /Applications/Xcode-27.0.0-Release.Candidate.app/Contents/Developer/Toolchains/XcodeDefault.xctoolchain/usr/bin/clang -x c -ivfsstatcache /Users/admin/builder/spi-builder-workspace/.derivedData/SDKStatCaches.noindex/xros27.0-24M361-e829b21a6f8c9b70876ba0858053c044735bd543db762f57723cac368afd1ce4.sdkstatcache -target arm64-apple-xros1.0 -fmessage-length\=0 -fdiagnostics-show-note-include-stack -fmacro-backtrace-limit\=0 -fno-color-diagnostics -fmodules-prune-interval\=86400 -fmodules-prune-after\=345600 -fbuild-session-file\=/Users/admin/builder/spi-builder-workspace/.derivedData/ModuleCache.noindex/Session.modulevalidation -fmodules-validate-once-per-build-session -Wnon-modular-include-in-framework-module -Werror\=non-modular-include-in-framework-module -Wno-trigraphs -Wno-missing-field-initializers -Wno-missing-prototypes -Wno-return-type -Wno-missing-braces -Wparentheses -Wswitch -Wno-unused-function -Wno-unused-label -Wno-unused-parameter -Wno-unused-variable -Wunused-value -Wno-empty-body -Wno-uninitialized -Wno-unknown-pragmas -w -Wno-shadow -Wno-four-char-constants -Wno-conversion -Wno-constant-conversion -Wno-int-conversion -Wno-bool-conversion -Wno-enum-conversion -Wno-float-conversion -Wno-non-literal-null-conversion -Wno-objc-literal-conversion -Wshorten-64-to-32 -Wpointer-sign -Wno-newline-eof -Wno-implicit-fallthrough -isysroot /Applications/Xcode-27.0.0-Release.Candidate.app/Contents/Developer/Platforms/XROS.platform/Developer/SDKs/XROS27.0.sdk -fstrict-aliasing -Wdeprecated-declarations -Wno-sign-conversion -Wno-infinite-recursion -Wno-comma -Wno-block-capture-autoreleasing -Wno-strict-prototypes -Wno-semicolon-before-method-body -index-store-path /Users/admin/builder/spi-builder-workspace/.derivedData/Index.noindex/DataStore @/Users/admin/builder/spi-builder-workspace/.derivedData/Build/Intermediates.noindex/swift-crypto.build/Debug-xros/CCryptoBoringSSL-t.build/Objects-normal-tsan/arm64/7187679823f38a2a940e0043cdf9d637-common-args.resp -MMD -MT dependencies -MF /Users/admin/builder/spi-builder-workspace/.derivedData/Build/Intermediates.noindex/swift-crypto.build/Debug-xros/CCryptoBoringSSL-t.build/Objects-normal-tsan/arm64/tasn_new.d --serialize-diagnostics /Users/admin/builder/spi-builder-workspace/.derivedData/Build/Intermediates.noindex/swift-crypto.build/Debug-xros/CCryptoBoringSSL-t.build/Objects-normal-tsan/arm64/tasn_new.dia -c /Users/admin/builder/spi-builder-workspace/.dependencies/checkouts/swift-crypto/Sources/CCryptoBoringSSL/crypto/asn1/tasn_new.c -o /Users/admin/builder/spi-builder-workspace/.derivedData/Build/Intermediates.noindex/swift-crypto.build/Debug-xros/CCryptoBoringSSL-t.build/Objects-normal-tsan/arm64/tasn_new.o -index-unit-output-path /swift-crypto.build/Debug-xros/CCryptoBoringSSL-t.build/Objects-normal-tsan/arm64/tasn_new.o
CompileC /Users/admin/builder/spi-builder-workspace/.derivedData/Build/Intermediates.noindex/swift-crypto.build/Debug-xros/CCryptoBoringSSL-t.build/Objects-normal-tsan/arm64/thread_none.o /Users/admin/builder/spi-builder-workspace/.dependencies/checkouts/swift-crypto/Sources/CCryptoBoringSSL/crypto/thread_none.c normal arm64 c com.apple.compilers.llvm.clang.1_0.compiler (in target 'CCryptoBoringSSL' from project 'swift-crypto')
    cd /Users/admin/builder/spi-builder-workspace/.swiftpm/xcode

    Using response file: /Users/admin/builder/spi-builder-workspace/.derivedData/Build/Intermediates.noindex/swift-crypto.build/Debug-xros/CCryptoBoringSSL-t.build/Objects-normal-tsan/arm64/7187679823f38a2a940e0043cdf9d637-common-args.resp

    /Applications/Xcode-27.0.0-Release.Candidate.app/Contents/Developer/Toolchains/XcodeDefault.xctoolchain/usr/bin/clang -x c -ivfsstatcache /Users/admin/builder/spi-builder-workspace/.derivedData/SDKStatCaches.noindex/xros27.0-24M361-e829b21a6f8c9b70876ba0858053c044735bd543db762f57723cac368afd1ce4.sdkstatcache -target arm64-apple-xros1.0 -fmessage-length\=0 -fdiagnostics-show-note-include-stack -fmacro-backtrace-limit\=0 -fno-color-diagnostics -fmodules-prune-interval\=86400 -fmodules-prune-after\=345600 -fbuild-session-file\=/Users/admin/builder/spi-builder-workspace/.derivedData/ModuleCache.noindex/Session.modulevalidation -fmodules-validate-once-per-build-session -Wnon-modular-include-in-framework-module -Werror\=non-modular-include-in-framework-module -Wno-trigraphs -Wno-missing-field-initializers -Wno-missing-prototypes -Wno-return-type -Wno-missing-braces -Wparentheses -Wswitch -Wno-unused-function -Wno-unused-label -Wno-unused-parameter -Wno-unused-variable -Wunused-value -Wno-empty-body -Wno-uninitialized -Wno-unknown-pragmas -w -Wno-shadow -Wno-four-char-constants -Wno-conversion -Wno-constant-conversion -Wno-int-conversion -Wno-bool-conversion -Wno-enum-conversion -Wno-float-conversion -Wno-non-literal-null-conversion -Wno-objc-literal-conversion -Wshorten-64-to-32 -Wpointer-sign -Wno-newline-eof -Wno-implicit-fallthrough -isysroot /Applications/Xcode-27.0.0-Release.Candidate.app/Contents/Developer/Platforms/XROS.platform/Developer/SDKs/XROS27.0.sdk -fstrict-aliasing -Wdeprecated-declarations -Wno-sign-conversion -Wno-infinite-recursion -Wno-comma -Wno-block-capture-autoreleasing -Wno-strict-prototypes -Wno-semicolon-before-method-body -index-store-path /Users/admin/builder/spi-builder-workspace/.derivedData/Index.noindex/DataStore @/Users/admin/builder/spi-builder-workspace/.derivedData/Build/Intermediates.noindex/swift-crypto.build/Debug-xros/CCryptoBoringSSL-t.build/Objects-normal-tsan/arm64/7187679823f38a2a940e0043cdf9d637-common-args.resp -MMD -MT dependencies -MF /Users/admin/builder/spi-builder-workspace/.derivedData/Build/Intermediates.noindex/swift-crypto.build/Debug-xros/CCryptoBoringSSL-t.build/Objects-normal-tsan/arm64/thread_none.d --serialize-diagnostics /Users/admin/builder/spi-builder-workspace/.derivedData/Build/Intermediates.noindex/swift-crypto.build/Debug-xros/CCryptoBoringSSL-t.build/Objects-normal-tsan/arm64/thread_none.dia -c /Users/admin/builder/spi-builder-workspace/.dependencies/checkouts/swift-crypto/Sources/CCryptoBoringSSL/crypto/thread_none.c -o /Users/admin/builder/spi-builder-workspace/.derivedData/Build/Intermediates.noindex/swift-crypto.build/Debug-xros/CCryptoBoringSSL-t.build/Objects-normal-tsan/arm64/thread_none.o -index-unit-output-path /swift-crypto.build/Debug-xros/CCryptoBoringSSL-t.build/Objects-normal-tsan/arm64/thread_none.o
CompileC /Users/admin/builder/spi-builder-workspace/.derivedData/Build/Intermediates.noindex/swift-crypto.build/Debug-xros/CCryptoBoringSSL-t.build/Objects-normal-tsan/arm64/thread.o /Users/admin/builder/spi-builder-workspace/.dependencies/checkouts/swift-crypto/Sources/CCryptoBoringSSL/crypto/thread.c normal arm64 c com.apple.compilers.llvm.clang.1_0.compiler (in target 'CCryptoBoringSSL' from project 'swift-crypto')
    cd /Users/admin/builder/spi-builder-workspace/.swiftpm/xcode

    Using response file: /Users/admin/builder/spi-builder-workspace/.derivedData/Build/Intermediates.noindex/swift-crypto.build/Debug-xros/CCryptoBoringSSL-t.build/Objects-normal-tsan/arm64/7187679823f38a2a940e0043cdf9d637-common-args.resp

    /Applications/Xcode-27.0.0-Release.Candidate.app/Contents/Developer/Toolchains/XcodeDefault.xctoolchain/usr/bin/clang -x c -ivfsstatcache /Users/admin/builder/spi-builder-workspace/.derivedData/SDKStatCaches.noindex/xros27.0-24M361-e829b21a6f8c9b70876ba0858053c044735bd543db762f57723cac368afd1ce4.sdkstatcache -target arm64-apple-xros1.0 -fmessage-length\=0 -fdiagnostics-show-note-include-stack -fmacro-backtrace-limit\=0 -fno-color-diagnostics -fmodules-prune-interval\=86400 -fmodules-prune-after\=345600 -fbuild-session-file\=/Users/admin/builder/spi-builder-workspace/.derivedData/ModuleCache.noindex/Session.modulevalidation -fmodules-validate-once-per-build-session -Wnon-modular-include-in-framework-module -Werror\=non-modular-include-in-framework-module -Wno-trigraphs -Wno-missing-field-initializers -Wno-missing-prototypes -Wno-return-type -Wno-missing-braces -Wparentheses -Wswitch -Wno-unused-function -Wno-unused-label -Wno-unused-parameter -Wno-unused-variable -Wunused-value -Wno-empty-body -Wno-uninitialized -Wno-unknown-pragmas -w -Wno-shadow -Wno-four-char-constants -Wno-conversion -Wno-constant-conversion -Wno-int-conversion -Wno-bool-conversion -Wno-enum-conversion -Wno-float-conversion -Wno-non-literal-null-conversion -Wno-objc-literal-conversion -Wshorten-64-to-32 -Wpointer-sign -Wno-newline-eof -Wno-implicit-fallthrough -isysroot /Applications/Xcode-27.0.0-Release.Candidate.app/Contents/Developer/Platforms/XROS.platform/Developer/SDKs/XROS27.0.sdk -fstrict-aliasing -Wdeprecated-declarations -Wno-sign-conversion -Wno-infinite-recursion -Wno-comma -Wno-block-capture-autoreleasing -Wno-strict-prototypes -Wno-semicolon-before-method-body -index-store-path /Users/admin/builder/spi-builder-workspace/.derivedData/Index.noindex/DataStore @/Users/admin/builder/spi-builder-workspace/.derivedData/Build/Intermediates.noindex/swift-crypto.build/Debug-xros/CCryptoBoringSSL-t.build/Objects-normal-tsan/arm64/7187679823f38a2a940e0043cdf9d637-common-args.resp -MMD -MT dependencies -MF /Users/admin/builder/spi-builder-workspace/.derivedData/Build/Intermediates.noindex/swift-crypto.build/Debug-xros/CCryptoBoringSSL-t.build/Objects-normal-tsan/arm64/thread.d --serialize-diagnostics /Users/admin/builder/spi-builder-workspace/.derivedData/Build/Intermediates.noindex/swift-crypto.build/Debug-xros/CCryptoBoringSSL-t.build/Objects-normal-tsan/arm64/thread.dia -c /Users/admin/builder/spi-builder-workspace/.dependencies/checkouts/swift-crypto/Sources/CCryptoBoringSSL/crypto/thread.c -o /Users/admin/builder/spi-builder-workspace/.derivedData/Build/Intermediates.noindex/swift-crypto.build/Debug-xros/CCryptoBoringSSL-t.build/Objects-normal-tsan/arm64/thread.o -index-unit-output-path /swift-crypto.build/Debug-xros/CCryptoBoringSSL-t.build/Objects-normal-tsan/arm64/thread.o
ScanDependencies /Users/admin/builder/spi-builder-workspace/.derivedData/Build/Intermediates.noindex/swift-crypto.build/Debug-xros/CCryptoBoringSSL-t.build/Objects-normal-tsan/arm64/tasn_fre.o /Users/admin/builder/spi-builder-workspace/.dependencies/checkouts/swift-crypto/Sources/CCryptoBoringSSL/crypto/asn1/tasn_fre.c normal arm64 c com.apple.compilers.llvm.clang.1_0.compiler (in target 'CCryptoBoringSSL' from project 'swift-crypto')
    cd /Users/admin/builder/spi-builder-workspace/.swiftpm/xcode

    Using response file: /Users/admin/builder/spi-builder-workspace/.derivedData/Build/Intermediates.noindex/swift-crypto.build/Debug-xros/CCryptoBoringSSL-t.build/Objects-normal-tsan/arm64/7187679823f38a2a940e0043cdf9d637-common-args.resp

    builtin-ScanDependencies -o /Users/admin/builder/spi-builder-workspace/.derivedData/Build/Intermediates.noindex/swift-crypto.build/Debug-xros/CCryptoBoringSSL-t.build/Objects-normal-tsan/arm64/tasn_fre.o.scan -- /Applications/Xcode-27.0.0-Release.Candidate.app/Contents/Developer/Toolchains/XcodeDefault.xctoolchain/usr/bin/clang -x c -ivfsstatcache /Users/admin/builder/spi-builder-workspace/.derivedData/SDKStatCaches.noindex/xros27.0-24M361-e829b21a6f8c9b70876ba0858053c044735bd543db762f57723cac368afd1ce4.sdkstatcache -target arm64-apple-xros1.0 -fmessage-length\=0 -fdiagnostics-show-note-include-stack -fmacro-backtrace-limit\=0 -fno-color-diagnostics -fmodules-prune-interval\=86400 -fmodules-prune-after\=345600 -fbuild-session-file\=/Users/admin/builder/spi-builder-workspace/.derivedData/ModuleCache.noindex/Session.modulevalidation -fmodules-validate-once-per-build-session -Wnon-modular-include-in-framework-module -Werror\=non-modular-include-in-framework-module -Wno-trigraphs -Wno-missing-field-initializers -Wno-missing-prototypes -Wno-return-type -Wno-missing-braces -Wparentheses -Wswitch -Wno-unused-function -Wno-unused-label -Wno-unused-parameter -Wno-unused-variable -Wunused-value -Wno-empty-body -Wno-uninitialized -Wno-unknown-pragmas -w -Wno-shadow -Wno-four-char-constants -Wno-conversion -Wno-constant-conversion -Wno-int-conversion -Wno-bool-conversion -Wno-enum-conversion -Wno-float-conversion -Wno-non-literal-null-conversion -Wno-objc-literal-conversion -Wshorten-64-to-32 -Wpointer-sign -Wno-newline-eof -Wno-implicit-fallthrough -isysroot /Applications/Xcode-27.0.0-Release.Candidate.app/Contents/Developer/Platforms/XROS.platform/Developer/SDKs/XROS27.0.sdk -fstrict-aliasing -Wdeprecated-declarations -Wno-sign-conversion -Wno-infinite-recursion -Wno-comma -Wno-block-capture-autoreleasing -Wno-strict-prototypes -Wno-semicolon-before-method-body -index-store-path /Users/admin/builder/spi-builder-workspace/.derivedData/Index.noindex/DataStore @/Users/admin/builder/spi-builder-workspace/.derivedData/Build/Intermediates.noindex/swift-crypto.build/Debug-xros/CCryptoBoringSSL-t.build/Objects-normal-tsan/arm64/7187679823f38a2a940e0043cdf9d637-common-args.resp -MMD -MT dependencies -MF /Users/admin/builder/spi-builder-workspace/.derivedData/Build/Intermediates.noindex/swift-crypto.build/Debug-xros/CCryptoBoringSSL-t.build/Objects-normal-tsan/arm64/tasn_fre.d --serialize-diagnostics /Users/admin/builder/spi-builder-workspace/.derivedData/Build/Intermediates.noindex/swift-crypto.build/Debug-xros/CCryptoBoringSSL-t.build/Objects-normal-tsan/arm64/tasn_fre.dia -c /Users/admin/builder/spi-builder-workspace/.dependencies/checkouts/swift-crypto/Sources/CCryptoBoringSSL/crypto/asn1/tasn_fre.c -o /Users/admin/builder/spi-builder-workspace/.derivedData/Build/Intermediates.noindex/swift-crypto.build/Debug-xros/CCryptoBoringSSL-t.build/Objects-normal-tsan/arm64/tasn_fre.o -index-unit-output-path /swift-crypto.build/Debug-xros/CCryptoBoringSSL-t.build/Objects-normal-tsan/arm64/tasn_fre.o
ScanDependencies /Users/admin/builder/spi-builder-workspace/.derivedData/Build/Intermediates.noindex/swift-crypto.build/Debug-xros/CCryptoBoringSSL-t.build/Objects-normal-tsan/arm64/tasn_enc.o /Users/admin/builder/spi-builder-workspace/.dependencies/checkouts/swift-crypto/Sources/CCryptoBoringSSL/crypto/asn1/tasn_enc.c normal arm64 c com.apple.compilers.llvm.clang.1_0.compiler (in target 'CCryptoBoringSSL' from project 'swift-crypto')
    cd /Users/admin/builder/spi-builder-workspace/.swiftpm/xcode

    Using response file: /Users/admin/builder/spi-builder-workspace/.derivedData/Build/Intermediates.noindex/swift-crypto.build/Debug-xros/CCryptoBoringSSL-t.build/Objects-normal-tsan/arm64/7187679823f38a2a940e0043cdf9d637-common-args.resp

    builtin-ScanDependencies -o /Users/admin/builder/spi-builder-workspace/.derivedData/Build/Intermediates.noindex/swift-crypto.build/Debug-xros/CCryptoBoringSSL-t.build/Objects-normal-tsan/arm64/tasn_enc.o.scan -- /Applications/Xcode-27.0.0-Release.Candidate.app/Contents/Developer/Toolchains/XcodeDefault.xctoolchain/usr/bin/clang -x c -ivfsstatcache /Users/admin/builder/spi-builder-workspace/.derivedData/SDKStatCaches.noindex/xros27.0-24M361-e829b21a6f8c9b70876ba0858053c044735bd543db762f57723cac368afd1ce4.sdkstatcache -target arm64-apple-xros1.0 -fmessage-length\=0 -fdiagnostics-show-note-include-stack -fmacro-backtrace-limit\=0 -fno-color-diagnostics -fmodules-prune-interval\=86400 -fmodules-prune-after\=345600 -fbuild-session-file\=/Users/admin/builder/spi-builder-workspace/.derivedData/ModuleCache.noindex/Session.modulevalidation -fmodules-validate-once-per-build-session -Wnon-modular-include-in-framework-module -Werror\=non-modular-include-in-framework-module -Wno-trigraphs -Wno-missing-field-initializers -Wno-missing-prototypes -Wno-return-type -Wno-missing-braces -Wparentheses -Wswitch -Wno-unused-function -Wno-unused-label -Wno-unused-parameter -Wno-unused-variable -Wunused-value -Wno-empty-body -Wno-uninitialized -Wno-unknown-pragmas -w -Wno-shadow -Wno-four-char-constants -Wno-conversion -Wno-constant-conversion -Wno-int-conversion -Wno-bool-conversion -Wno-enum-conversion -Wno-float-conversion -Wno-non-literal-null-conversion -Wno-objc-literal-conversion -Wshorten-64-to-32 -Wpointer-sign -Wno-newline-eof -Wno-implicit-fallthrough -isysroot /Applications/Xcode-27.0.0-Release.Candidate.app/Contents/Developer/Platforms/XROS.platform/Developer/SDKs/XROS27.0.sdk -fstrict-aliasing -Wdeprecated-declarations -Wno-sign-conversion -Wno-infinite-recursion -Wno-comma -Wno-block-capture-autoreleasing -Wno-strict-prototypes -Wno-semicolon-before-method-body -index-store-path /Users/admin/builder/spi-builder-workspace/.derivedData/Index.noindex/DataStore @/Users/admin/builder/spi-builder-workspace/.derivedData/Build/Intermediates.noindex/swift-crypto.build/Debug-xros/CCryptoBoringSSL-t.build/Objects-normal-tsan/arm64/7187679823f38a2a940e0043cdf9d637-common-args.resp -MMD -MT dependencies -MF /Users/admin/builder/spi-builder-workspace/.derivedData/Build/Intermediates.noindex/swift-crypto.build/Debug-xros/CCryptoBoringSSL-t.build/Objects-normal-tsan/arm64/tasn_enc.d --serialize-diagnostics /Users/admin/builder/spi-builder-workspace/.derivedData/Build/Intermediates.noindex/swift-crypto.build/Debug-xros/CCryptoBoringSSL-t.build/Objects-normal-tsan/arm64/tasn_enc.dia -c /Users/admin/builder/spi-builder-workspace/.dependencies/checkouts/swift-crypto/Sources/CCryptoBoringSSL/crypto/asn1/tasn_enc.c -o /Users/admin/builder/spi-builder-workspace/.derivedData/Build/Intermediates.noindex/swift-crypto.build/Debug-xros/CCryptoBoringSSL-t.build/Objects-normal-tsan/arm64/tasn_enc.o -index-unit-output-path /swift-crypto.build/Debug-xros/CCryptoBoringSSL-t.build/Objects-normal-tsan/arm64/tasn_enc.o
ScanDependencies /Users/admin/builder/spi-builder-workspace/.derivedData/Build/Intermediates.noindex/swift-crypto.build/Debug-xros/CCryptoBoringSSL-t.build/Objects-normal-tsan/arm64/tasn_dec.o /Users/admin/builder/spi-builder-workspace/.dependencies/checkouts/swift-crypto/Sources/CCryptoBoringSSL/crypto/asn1/tasn_dec.c normal arm64 c com.apple.compilers.llvm.clang.1_0.compiler (in target 'CCryptoBoringSSL' from project 'swift-crypto')
    cd /Users/admin/builder/spi-builder-workspace/.swiftpm/xcode

    Using response file: /Users/admin/builder/spi-builder-workspace/.derivedData/Build/Intermediates.noindex/swift-crypto.build/Debug-xros/CCryptoBoringSSL-t.build/Objects-normal-tsan/arm64/7187679823f38a2a940e0043cdf9d637-common-args.resp

    builtin-ScanDependencies -o /Users/admin/builder/spi-builder-workspace/.derivedData/Build/Intermediates.noindex/swift-crypto.build/Debug-xros/CCryptoBoringSSL-t.build/Objects-normal-tsan/arm64/tasn_dec.o.scan -- /Applications/Xcode-27.0.0-Release.Candidate.app/Contents/Developer/Toolchains/XcodeDefault.xctoolchain/usr/bin/clang -x c -ivfsstatcache /Users/admin/builder/spi-builder-workspace/.derivedData/SDKStatCaches.noindex/xros27.0-24M361-e829b21a6f8c9b70876ba0858053c044735bd543db762f57723cac368afd1ce4.sdkstatcache -target arm64-apple-xros1.0 -fmessage-length\=0 -fdiagnostics-show-note-include-stack -fmacro-backtrace-limit\=0 -fno-color-diagnostics -fmodules-prune-interval\=86400 -fmodules-prune-after\=345600 -fbuild-session-file\=/Users/admin/builder/spi-builder-workspace/.derivedData/ModuleCache.noindex/Session.modulevalidation -fmodules-validate-once-per-build-session -Wnon-modular-include-in-framework-module -Werror\=non-modular-include-in-framework-module -Wno-trigraphs -Wno-missing-field-initializers -Wno-missing-prototypes -Wno-return-type -Wno-missing-braces -Wparentheses -Wswitch -Wno-unused-function -Wno-unused-label -Wno-unused-parameter -Wno-unused-variable -Wunused-value -Wno-empty-body -Wno-uninitialized -Wno-unknown-pragmas -w -Wno-shadow -Wno-four-char-constants -Wno-conversion -Wno-constant-conversion -Wno-int-conversion -Wno-bool-conversion -Wno-enum-conversion -Wno-float-conversion -Wno-non-literal-null-conversion -Wno-objc-literal-conversion -Wshorten-64-to-32 -Wpointer-sign -Wno-newline-eof -Wno-implicit-fallthrough -isysroot /Applications/Xcode-27.0.0-Release.Candidate.app/Contents/Developer/Platforms/XROS.platform/Developer/SDKs/XROS27.0.sdk -fstrict-aliasing -Wdeprecated-declarations -Wno-sign-conversion -Wno-infinite-recursion -Wno-comma -Wno-block-capture-autoreleasing -Wno-strict-prototypes -Wno-semicolon-before-method-body -index-store-path /Users/admin/builder/spi-builder-workspace/.derivedData/Index.noindex/DataStore @/Users/admin/builder/spi-builder-workspace/.derivedData/Build/Intermediates.noindex/swift-crypto.build/Debug-xros/CCryptoBoringSSL-t.build/Objects-normal-tsan/arm64/7187679823f38a2a940e0043cdf9d637-common-args.resp -MMD -MT dependencies -MF /Users/admin/builder/spi-builder-workspace/.derivedData/Build/Intermediates.noindex/swift-crypto.build/Debug-xros/CCryptoBoringSSL-t.build/Objects-normal-tsan/arm64/tasn_dec.d --serialize-diagnostics /Users/admin/builder/spi-builder-workspace/.derivedData/Build/Intermediates.noindex/swift-crypto.build/Debug-xros/CCryptoBoringSSL-t.build/Objects-normal-tsan/arm64/tasn_dec.dia -c /Users/admin/builder/spi-builder-workspace/.dependencies/checkouts/swift-crypto/Sources/CCryptoBoringSSL/crypto/asn1/tasn_dec.c -o /Users/admin/builder/spi-builder-workspace/.derivedData/Build/Intermediates.noindex/swift-crypto.build/Debug-xros/CCryptoBoringSSL-t.build/Objects-normal-tsan/arm64/tasn_dec.o -index-unit-output-path /swift-crypto.build/Debug-xros/CCryptoBoringSSL-t.build/Objects-normal-tsan/arm64/tasn_dec.o
ScanDependencies /Users/admin/builder/spi-builder-workspace/.derivedData/Build/Intermediates.noindex/swift-crypto.build/Debug-xros/CCryptoBoringSSL-t.build/Objects-normal-tsan/arm64/stack.o /Users/admin/builder/spi-builder-workspace/.dependencies/checkouts/swift-crypto/Sources/CCryptoBoringSSL/crypto/stack/stack.c normal arm64 c com.apple.compilers.llvm.clang.1_0.compiler (in target 'CCryptoBoringSSL' from project 'swift-crypto')
    cd /Users/admin/builder/spi-builder-workspace/.swiftpm/xcode

    Using response file: /Users/admin/builder/spi-builder-workspace/.derivedData/Build/Intermediates.noindex/swift-crypto.build/Debug-xros/CCryptoBoringSSL-t.build/Objects-normal-tsan/arm64/7187679823f38a2a940e0043cdf9d637-common-args.resp

    builtin-ScanDependencies -o /Users/admin/builder/spi-builder-workspace/.derivedData/Build/Intermediates.noindex/swift-crypto.build/Debug-xros/CCryptoBoringSSL-t.build/Objects-normal-tsan/arm64/stack.o.scan -- /Applications/Xcode-27.0.0-Release.Candidate.app/Contents/Developer/Toolchains/XcodeDefault.xctoolchain/usr/bin/clang -x c -ivfsstatcache /Users/admin/builder/spi-builder-workspace/.derivedData/SDKStatCaches.noindex/xros27.0-24M361-e829b21a6f8c9b70876ba0858053c044735bd543db762f57723cac368afd1ce4.sdkstatcache -target arm64-apple-xros1.0 -fmessage-length\=0 -fdiagnostics-show-note-include-stack -fmacro-backtrace-limit\=0 -fno-color-diagnostics -fmodules-prune-interval\=86400 -fmodules-prune-after\=345600 -fbuild-session-file\=/Users/admin/builder/spi-builder-workspace/.derivedData/ModuleCache.noindex/Session.modulevalidation -fmodules-validate-once-per-build-session -Wnon-modular-include-in-framework-module -Werror\=non-modular-include-in-framework-module -Wno-trigraphs -Wno-missing-field-initializers -Wno-missing-prototypes -Wno-return-type -Wno-missing-braces -Wparentheses -Wswitch -Wno-unused-function -Wno-unused-label -Wno-unused-parameter -Wno-unused-variable -Wunused-value -Wno-empty-body -Wno-uninitialized -Wno-unknown-pragmas -w -Wno-shadow -Wno-four-char-constants -Wno-conversion -Wno-constant-conversion -Wno-int-conversion -Wno-bool-conversion -Wno-enum-conversion -Wno-float-conversion -Wno-non-literal-null-conversion -Wno-objc-literal-conversion -Wshorten-64-to-32 -Wpointer-sign -Wno-newline-eof -Wno-implicit-fallthrough -isysroot /Applications/Xcode-27.0.0-Release.Candidate.app/Contents/Developer/Platforms/XROS.platform/Developer/SDKs/XROS27.0.sdk -fstrict-aliasing -Wdeprecated-declarations -Wno-sign-conversion -Wno-infinite-recursion -Wno-comma -Wno-block-capture-autoreleasing -Wno-strict-prototypes -Wno-semicolon-before-method-body -index-store-path /Users/admin/builder/spi-builder-workspace/.derivedData/Index.noindex/DataStore @/Users/admin/builder/spi-builder-workspace/.derivedData/Build/Intermediates.noindex/swift-crypto.build/Debug-xros/CCryptoBoringSSL-t.build/Objects-normal-tsan/arm64/7187679823f38a2a940e0043cdf9d637-common-args.resp -MMD -MT dependencies -MF /Users/admin/builder/spi-builder-workspace/.derivedData/Build/Intermediates.noindex/swift-crypto.build/Debug-xros/CCryptoBoringSSL-t.build/Objects-normal-tsan/arm64/stack.d --serialize-diagnostics /Users/admin/builder/spi-builder-workspace/.derivedData/Build/Intermediates.noindex/swift-crypto.build/Debug-xros/CCryptoBoringSSL-t.build/Objects-normal-tsan/arm64/stack.dia -c /Users/admin/builder/spi-builder-workspace/.dependencies/checkouts/swift-crypto/Sources/CCryptoBoringSSL/crypto/stack/stack.c -o /Users/admin/builder/spi-builder-workspace/.derivedData/Build/Intermediates.noindex/swift-crypto.build/Debug-xros/CCryptoBoringSSL-t.build/Objects-normal-tsan/arm64/stack.o -index-unit-output-path /swift-crypto.build/Debug-xros/CCryptoBoringSSL-t.build/Objects-normal-tsan/arm64/stack.o
SwiftEmitModule normal arm64 Emitting\ module\ for\ OpenCombine (in target 'OpenCombine' from project 'OpenCombine')
SwiftCompile normal arm64 (in target 'OpenCombine' from project 'OpenCombine')
    cd /Users/admin/builder/spi-builder-workspace/.swiftpm/xcode

/Users/admin/builder/spi-builder-workspace/.dependencies/checkouts/OpenCombine/Sources/OpenCombine/Helpers/Locking.swift:29:33: error: cannot find type '__UnfairLock' in scope
27 | #endif // WASI
28 |
29 | internal typealias UnfairLock = __UnfairLock
   |                                 `- error: cannot find type '__UnfairLock' in scope
30 | internal typealias UnfairRecursiveLock = __UnfairRecursiveLock
31 |
/Users/admin/builder/spi-builder-workspace/.dependencies/checkouts/OpenCombine/Sources/OpenCombine/Helpers/Locking.swift:30:42: error: cannot find type '__UnfairRecursiveLock' in scope
28 |
29 | internal typealias UnfairLock = __UnfairLock
30 | internal typealias UnfairRecursiveLock = __UnfairRecursiveLock
   |                                          `- error: cannot find type '__UnfairRecursiveLock' in scope
31 |
CompileC /Users/admin/builder/spi-builder-workspace/.derivedData/Build/Intermediates.noindex/swift-crypto.build/Debug-xros/CCryptoBoringSSL-t.build/Objects-normal-tsan/arm64/tasn_utl.o /Users/admin/builder/spi-builder-workspace/.dependencies/checkouts/swift-crypto/Sources/CCryptoBoringSSL/crypto/asn1/tasn_utl.c normal arm64 c com.apple.compilers.llvm.clang.1_0.compiler (in target 'CCryptoBoringSSL' from project 'swift-crypto')
    cd /Users/admin/builder/spi-builder-workspace/.swiftpm/xcode

    Using response file: /Users/admin/builder/spi-builder-workspace/.derivedData/Build/Intermediates.noindex/swift-crypto.build/Debug-xros/CCryptoBoringSSL-t.build/Objects-normal-tsan/arm64/7187679823f38a2a940e0043cdf9d637-common-args.resp

    /Applications/Xcode-27.0.0-Release.Candidate.app/Contents/Developer/Toolchains/XcodeDefault.xctoolchain/usr/bin/clang -x c -ivfsstatcache /Users/admin/builder/spi-builder-workspace/.derivedData/SDKStatCaches.noindex/xros27.0-24M361-e829b21a6f8c9b70876ba0858053c044735bd543db762f57723cac368afd1ce4.sdkstatcache -target arm64-apple-xros1.0 -fmessage-length\=0 -fdiagnostics-show-note-include-stack -fmacro-backtrace-limit\=0 -fno-color-diagnostics -fmodules-prune-interval\=86400 -fmodules-prune-after\=345600 -fbuild-session-file\=/Users/admin/builder/spi-builder-workspace/.derivedData/ModuleCache.noindex/Session.modulevalidation -fmodules-validate-once-per-build-session -Wnon-modular-include-in-framework-module -Werror\=non-modular-include-in-framework-module -Wno-trigraphs -Wno-missing-field-initializers -Wno-missing-prototypes -Wno-return-type -Wno-missing-braces -Wparentheses -Wswitch -Wno-unused-function -Wno-unused-label -Wno-unused-parameter -Wno-unused-variable -Wunused-value -Wno-empty-body -Wno-uninitialized -Wno-unknown-pragmas -w -Wno-shadow -Wno-four-char-constants -Wno-conversion -Wno-constant-conversion -Wno-int-conversion -Wno-bool-conversion -Wno-enum-conversion -Wno-float-conversion -Wno-non-literal-null-conversion -Wno-objc-literal-conversion -Wshorten-64-to-32 -Wpointer-sign -Wno-newline-eof -Wno-implicit-fallthrough -isysroot /Applications/Xcode-27.0.0-Release.Candidate.app/Contents/Developer/Platforms/XROS.platform/Developer/SDKs/XROS27.0.sdk -fstrict-aliasing -Wdeprecated-declarations -Wno-sign-conversion -Wno-infinite-recursion -Wno-comma -Wno-block-capture-autoreleasing -Wno-strict-prototypes -Wno-semicolon-before-method-body -index-store-path /Users/admin/builder/spi-builder-workspace/.derivedData/Index.noindex/DataStore @/Users/admin/builder/spi-builder-workspace/.derivedData/Build/Intermediates.noindex/swift-crypto.build/Debug-xros/CCryptoBoringSSL-t.build/Objects-normal-tsan/arm64/7187679823f38a2a940e0043cdf9d637-common-args.resp -MMD -MT dependencies -MF /Users/admin/builder/spi-builder-workspace/.derivedData/Build/Intermediates.noindex/swift-crypto.build/Debug-xros/CCryptoBoringSSL-t.build/Objects-normal-tsan/arm64/tasn_utl.d --serialize-diagnostics /Users/admin/builder/spi-builder-workspace/.derivedData/Build/Intermediates.noindex/swift-crypto.build/Debug-xros/CCryptoBoringSSL-t.build/Objects-normal-tsan/arm64/tasn_utl.dia -c /Users/admin/builder/spi-builder-workspace/.dependencies/checkouts/swift-crypto/Sources/CCryptoBoringSSL/crypto/asn1/tasn_utl.c -o /Users/admin/builder/spi-builder-workspace/.derivedData/Build/Intermediates.noindex/swift-crypto.build/Debug-xros/CCryptoBoringSSL-t.build/Objects-normal-tsan/arm64/tasn_utl.o -index-unit-output-path /swift-crypto.build/Debug-xros/CCryptoBoringSSL-t.build/Objects-normal-tsan/arm64/tasn_utl.o
CompileC /Users/admin/builder/spi-builder-workspace/.derivedData/Build/Intermediates.noindex/swift-crypto.build/Debug-xros/CCryptoBoringSSL-t.build/Objects-normal-tsan/arm64/tasn_new.o /Users/admin/builder/spi-builder-workspace/.dependencies/checkouts/swift-crypto/Sources/CCryptoBoringSSL/crypto/asn1/tasn_new.c normal arm64 c com.apple.compilers.llvm.clang.1_0.compiler (in target 'CCryptoBoringSSL' from project 'swift-crypto')
    cd /Users/admin/builder/spi-builder-workspace/.swiftpm/xcode

    Using response file: /Users/admin/builder/spi-builder-workspace/.derivedData/Build/Intermediates.noindex/swift-crypto.build/Debug-xros/CCryptoBoringSSL-t.build/Objects-normal-tsan/arm64/7187679823f38a2a940e0043cdf9d637-common-args.resp

    /Applications/Xcode-27.0.0-Release.Candidate.app/Contents/Developer/Toolchains/XcodeDefault.xctoolchain/usr/bin/clang -x c -ivfsstatcache /Users/admin/builder/spi-builder-workspace/.derivedData/SDKStatCaches.noindex/xros27.0-24M361-e829b21a6f8c9b70876ba0858053c044735bd543db762f57723cac368afd1ce4.sdkstatcache -target arm64-apple-xros1.0 -fmessage-length\=0 -fdiagnostics-show-note-include-stack -fmacro-backtrace-limit\=0 -fno-color-diagnostics -fmodules-prune-interval\=86400 -fmodules-prune-after\=345600 -fbuild-session-file\=/Users/admin/builder/spi-builder-workspace/.derivedData/ModuleCache.noindex/Session.modulevalidation -fmodules-validate-once-per-build-session -Wnon-modular-include-in-framework-module -Werror\=non-modular-include-in-framework-module -Wno-trigraphs -Wno-missing-field-initializers -Wno-missing-prototypes -Wno-return-type -Wno-missing-braces -Wparentheses -Wswitch -Wno-unused-function -Wno-unused-label -Wno-unused-parameter -Wno-unused-variable -Wunused-value -Wno-empty-body -Wno-uninitialized -Wno-unknown-pragmas -w -Wno-shadow -Wno-four-char-constants -Wno-conversion -Wno-constant-conversion -Wno-int-conversion -Wno-bool-conversion -Wno-enum-conversion -Wno-float-conversion -Wno-non-literal-null-conversion -Wno-objc-literal-conversion -Wshorten-64-to-32 -Wpointer-sign -Wno-newline-eof -Wno-implicit-fallthrough -isysroot /Applications/Xcode-27.0.0-Release.Candidate.app/Contents/Developer/Platforms/XROS.platform/Developer/SDKs/XROS27.0.sdk -fstrict-aliasing -Wdeprecated-declarations -Wno-sign-conversion -Wno-infinite-recursion -Wno-comma -Wno-block-capture-autoreleasing -Wno-strict-prototypes -Wno-semicolon-before-method-body -index-store-path /Users/admin/builder/spi-builder-workspace/.derivedData/Index.noindex/DataStore @/Users/admin/builder/spi-builder-workspace/.derivedData/Build/Intermediates.noindex/swift-crypto.build/Debug-xros/CCryptoBoringSSL-t.build/Objects-normal-tsan/arm64/7187679823f38a2a940e0043cdf9d637-common-args.resp -MMD -MT dependencies -MF /Users/admin/builder/spi-builder-workspace/.derivedData/Build/Intermediates.noindex/swift-crypto.build/Debug-xros/CCryptoBoringSSL-t.build/Objects-normal-tsan/arm64/tasn_new.d --serialize-diagnostics /Users/admin/builder/spi-builder-workspace/.derivedData/Build/Intermediates.noindex/swift-crypto.build/Debug-xros/CCryptoBoringSSL-t.build/Objects-normal-tsan/arm64/tasn_new.dia -c /Users/admin/builder/spi-builder-workspace/.dependencies/checkouts/swift-crypto/Sources/CCryptoBoringSSL/crypto/asn1/tasn_new.c -o /Users/admin/builder/spi-builder-workspace/.derivedData/Build/Intermediates.noindex/swift-crypto.build/Debug-xros/CCryptoBoringSSL-t.build/Objects-normal-tsan/arm64/tasn_new.o -index-unit-output-path /swift-crypto.build/Debug-xros/CCryptoBoringSSL-t.build/Objects-normal-tsan/arm64/tasn_new.o
CompileC /Users/admin/builder/spi-builder-workspace/.derivedData/Build/Intermediates.noindex/swift-crypto.build/Debug-xros/CCryptoBoringSSL-t.build/Objects-normal-tsan/arm64/tasn_typ.o /Users/admin/builder/spi-builder-workspace/.dependencies/checkouts/swift-crypto/Sources/CCryptoBoringSSL/crypto/asn1/tasn_typ.c normal arm64 c com.apple.compilers.llvm.clang.1_0.compiler (in target 'CCryptoBoringSSL' from project 'swift-crypto')
    cd /Users/admin/builder/spi-builder-workspace/.swiftpm/xcode

    Using response file: /Users/admin/builder/spi-builder-workspace/.derivedData/Build/Intermediates.noindex/swift-crypto.build/Debug-xros/CCryptoBoringSSL-t.build/Objects-normal-tsan/arm64/7187679823f38a2a940e0043cdf9d637-common-args.resp

    /Applications/Xcode-27.0.0-Release.Candidate.app/Contents/Developer/Toolchains/XcodeDefault.xctoolchain/usr/bin/clang -x c -ivfsstatcache /Users/admin/builder/spi-builder-workspace/.derivedData/SDKStatCaches.noindex/xros27.0-24M361-e829b21a6f8c9b70876ba0858053c044735bd543db762f57723cac368afd1ce4.sdkstatcache -target arm64-apple-xros1.0 -fmessage-length\=0 -fdiagnostics-show-note-include-stack -fmacro-backtrace-limit\=0 -fno-color-diagnostics -fmodules-prune-interval\=86400 -fmodules-prune-after\=345600 -fbuild-session-file\=/Users/admin/builder/spi-builder-workspace/.derivedData/ModuleCache.noindex/Session.modulevalidation -fmodules-validate-once-per-build-session -Wnon-modular-include-in-framework-module -Werror\=non-modular-include-in-framework-module -Wno-trigraphs -Wno-missing-field-initializers -Wno-missing-prototypes -Wno-return-type -Wno-missing-braces -Wparentheses -Wswitch -Wno-unused-function -Wno-unused-label -Wno-unused-parameter -Wno-unused-variable -Wunused-value -Wno-empty-body -Wno-uninitialized -Wno-unknown-pragmas -w -Wno-shadow -Wno-four-char-constants -Wno-conversion -Wno-constant-conversion -Wno-int-conversion -Wno-bool-conversion -Wno-enum-conversion -Wno-float-conversion -Wno-non-literal-null-conversion -Wno-objc-literal-conversion -Wshorten-64-to-32 -Wpointer-sign -Wno-newline-eof -Wno-implicit-fallthrough -isysroot /Applications/Xcode-27.0.0-Release.Candidate.app/Contents/Developer/Platforms/XROS.platform/Developer/SDKs/XROS27.0.sdk -fstrict-aliasing -Wdeprecated-declarations -Wno-sign-conversion -Wno-infinite-recursion -Wno-comma -Wno-block-capture-autoreleasing -Wno-strict-prototypes -Wno-semicolon-before-method-body -index-store-path /Users/admin/builder/spi-builder-workspace/.derivedData/Index.noindex/DataStore @/Users/admin/builder/spi-builder-workspace/.derivedData/Build/Intermediates.noindex/swift-crypto.build/Debug-xros/CCryptoBoringSSL-t.build/Objects-normal-tsan/arm64/7187679823f38a2a940e0043cdf9d637-common-args.resp -MMD -MT dependencies -MF /Users/admin/builder/spi-builder-workspace/.derivedData/Build/Intermediates.noindex/swift-crypto.build/Debug-xros/CCryptoBoringSSL-t.build/Objects-normal-tsan/arm64/tasn_typ.d --serialize-diagnostics /Users/admin/builder/spi-builder-workspace/.derivedData/Build/Intermediates.noindex/swift-crypto.build/Debug-xros/CCryptoBoringSSL-t.build/Objects-normal-tsan/arm64/tasn_typ.dia -c /Users/admin/builder/spi-builder-workspace/.dependencies/checkouts/swift-crypto/Sources/CCryptoBoringSSL/crypto/asn1/tasn_typ.c -o /Users/admin/builder/spi-builder-workspace/.derivedData/Build/Intermediates.noindex/swift-crypto.build/Debug-xros/CCryptoBoringSSL-t.build/Objects-normal-tsan/arm64/tasn_typ.o -index-unit-output-path /swift-crypto.build/Debug-xros/CCryptoBoringSSL-t.build/Objects-normal-tsan/arm64/tasn_typ.o
CompileC /Users/admin/builder/spi-builder-workspace/.derivedData/Build/Intermediates.noindex/swift-crypto.build/Debug-xros/CCryptoBoringSSL-t.build/Objects-normal-tsan/arm64/tasn_fre.o /Users/admin/builder/spi-builder-workspace/.dependencies/checkouts/swift-crypto/Sources/CCryptoBoringSSL/crypto/asn1/tasn_fre.c normal arm64 c com.apple.compilers.llvm.clang.1_0.compiler (in target 'CCryptoBoringSSL' from project 'swift-crypto')
    cd /Users/admin/builder/spi-builder-workspace/.swiftpm/xcode

    Using response file: /Users/admin/builder/spi-builder-workspace/.derivedData/Build/Intermediates.noindex/swift-crypto.build/Debug-xros/CCryptoBoringSSL-t.build/Objects-normal-tsan/arm64/7187679823f38a2a940e0043cdf9d637-common-args.resp

    /Applications/Xcode-27.0.0-Release.Candidate.app/Contents/Developer/Toolchains/XcodeDefault.xctoolchain/usr/bin/clang -x c -ivfsstatcache /Users/admin/builder/spi-builder-workspace/.derivedData/SDKStatCaches.noindex/xros27.0-24M361-e829b21a6f8c9b70876ba0858053c044735bd543db762f57723cac368afd1ce4.sdkstatcache -target arm64-apple-xros1.0 -fmessage-length\=0 -fdiagnostics-show-note-include-stack -fmacro-backtrace-limit\=0 -fno-color-diagnostics -fmodules-prune-interval\=86400 -fmodules-prune-after\=345600 -fbuild-session-file\=/Users/admin/builder/spi-builder-workspace/.derivedData/ModuleCache.noindex/Session.modulevalidation -fmodules-validate-once-per-build-session -Wnon-modular-include-in-framework-module -Werror\=non-modular-include-in-framework-module -Wno-trigraphs -Wno-missing-field-initializers -Wno-missing-prototypes -Wno-return-type -Wno-missing-braces -Wparentheses -Wswitch -Wno-unused-function -Wno-unused-label -Wno-unused-parameter -Wno-unused-variable -Wunused-value -Wno-empty-body -Wno-uninitialized -Wno-unknown-pragmas -w -Wno-shadow -Wno-four-char-constants -Wno-conversion -Wno-constant-conversion -Wno-int-conversion -Wno-bool-conversion -Wno-enum-conversion -Wno-float-conversion -Wno-non-literal-null-conversion -Wno-objc-literal-conversion -Wshorten-64-to-32 -Wpointer-sign -Wno-newline-eof -Wno-implicit-fallthrough -isysroot /Applications/Xcode-27.0.0-Release.Candidate.app/Contents/Developer/Platforms/XROS.platform/Developer/SDKs/XROS27.0.sdk -fstrict-aliasing -Wdeprecated-declarations -Wno-sign-conversion -Wno-infinite-recursion -Wno-comma -Wno-block-capture-autoreleasing -Wno-strict-prototypes -Wno-semicolon-before-method-body -index-store-path /Users/admin/builder/spi-builder-workspace/.derivedData/Index.noindex/DataStore @/Users/admin/builder/spi-builder-workspace/.derivedData/Build/Intermediates.noindex/swift-crypto.build/Debug-xros/CCryptoBoringSSL-t.build/Objects-normal-tsan/arm64/7187679823f38a2a940e0043cdf9d637-common-args.resp -MMD -MT dependencies -MF /Users/admin/builder/spi-builder-workspace/.derivedData/Build/Intermediates.noindex/swift-crypto.build/Debug-xros/CCryptoBoringSSL-t.build/Objects-normal-tsan/arm64/tasn_fre.d --serialize-diagnostics /Users/admin/builder/spi-builder-workspace/.derivedData/Build/Intermediates.noindex/swift-crypto.build/Debug-xros/CCryptoBoringSSL-t.build/Objects-normal-tsan/arm64/tasn_fre.dia -c /Users/admin/builder/spi-builder-workspace/.dependencies/checkouts/swift-crypto/Sources/CCryptoBoringSSL/crypto/asn1/tasn_fre.c -o /Users/admin/builder/spi-builder-workspace/.derivedData/Build/Intermediates.noindex/swift-crypto.build/Debug-xros/CCryptoBoringSSL-t.build/Objects-normal-tsan/arm64/tasn_fre.o -index-unit-output-path /swift-crypto.build/Debug-xros/CCryptoBoringSSL-t.build/Objects-normal-tsan/arm64/tasn_fre.o
CompileC /Users/admin/builder/spi-builder-workspace/.derivedData/Build/Intermediates.noindex/swift-crypto.build/Debug-xros/CCryptoBoringSSL-t.build/Objects-normal-tsan/arm64/tasn_enc.o /Users/admin/builder/spi-builder-workspace/.dependencies/checkouts/swift-crypto/Sources/CCryptoBoringSSL/crypto/asn1/tasn_enc.c normal arm64 c com.apple.compilers.llvm.clang.1_0.compiler (in target 'CCryptoBoringSSL' from project 'swift-crypto')
    cd /Users/admin/builder/spi-builder-workspace/.swiftpm/xcode

    Using response file: /Users/admin/builder/spi-builder-workspace/.derivedData/Build/Intermediates.noindex/swift-crypto.build/Debug-xros/CCryptoBoringSSL-t.build/Objects-normal-tsan/arm64/7187679823f38a2a940e0043cdf9d637-common-args.resp

    /Applications/Xcode-27.0.0-Release.Candidate.app/Contents/Developer/Toolchains/XcodeDefault.xctoolchain/usr/bin/clang -x c -ivfsstatcache /Users/admin/builder/spi-builder-workspace/.derivedData/SDKStatCaches.noindex/xros27.0-24M361-e829b21a6f8c9b70876ba0858053c044735bd543db762f57723cac368afd1ce4.sdkstatcache -target arm64-apple-xros1.0 -fmessage-length\=0 -fdiagnostics-show-note-include-stack -fmacro-backtrace-limit\=0 -fno-color-diagnostics -fmodules-prune-interval\=86400 -fmodules-prune-after\=345600 -fbuild-session-file\=/Users/admin/builder/spi-builder-workspace/.derivedData/ModuleCache.noindex/Session.modulevalidation -fmodules-validate-once-per-build-session -Wnon-modular-include-in-framework-module -Werror\=non-modular-include-in-framework-module -Wno-trigraphs -Wno-missing-field-initializers -Wno-missing-prototypes -Wno-return-type -Wno-missing-braces -Wparentheses -Wswitch -Wno-unused-function -Wno-unused-label -Wno-unused-parameter -Wno-unused-variable -Wunused-value -Wno-empty-body -Wno-uninitialized -Wno-unknown-pragmas -w -Wno-shadow -Wno-four-char-constants -Wno-conversion -Wno-constant-conversion -Wno-int-conversion -Wno-bool-conversion -Wno-enum-conversion -Wno-float-conversion -Wno-non-literal-null-conversion -Wno-objc-literal-conversion -Wshorten-64-to-32 -Wpointer-sign -Wno-newline-eof -Wno-implicit-fallthrough -isysroot /Applications/Xcode-27.0.0-Release.Candidate.app/Contents/Developer/Platforms/XROS.platform/Developer/SDKs/XROS27.0.sdk -fstrict-aliasing -Wdeprecated-declarations -Wno-sign-conversion -Wno-infinite-recursion -Wno-comma -Wno-block-capture-autoreleasing -Wno-strict-prototypes -Wno-semicolon-before-method-body -index-store-path /Users/admin/builder/spi-builder-workspace/.derivedData/Index.noindex/DataStore @/Users/admin/builder/spi-builder-workspace/.derivedData/Build/Intermediates.noindex/swift-crypto.build/Debug-xros/CCryptoBoringSSL-t.build/Objects-normal-tsan/arm64/7187679823f38a2a940e0043cdf9d637-common-args.resp -MMD -MT dependencies -MF /Users/admin/builder/spi-builder-workspace/.derivedData/Build/Intermediates.noindex/swift-crypto.build/Debug-xros/CCryptoBoringSSL-t.build/Objects-normal-tsan/arm64/tasn_enc.d --serialize-diagnostics /Users/admin/builder/spi-builder-workspace/.derivedData/Build/Intermediates.noindex/swift-crypto.build/Debug-xros/CCryptoBoringSSL-t.build/Objects-normal-tsan/arm64/tasn_enc.dia -c /Users/admin/builder/spi-builder-workspace/.dependencies/checkouts/swift-crypto/Sources/CCryptoBoringSSL/crypto/asn1/tasn_enc.c -o /Users/admin/builder/spi-builder-workspace/.derivedData/Build/Intermediates.noindex/swift-crypto.build/Debug-xros/CCryptoBoringSSL-t.build/Objects-normal-tsan/arm64/tasn_enc.o -index-unit-output-path /swift-crypto.build/Debug-xros/CCryptoBoringSSL-t.build/Objects-normal-tsan/arm64/tasn_enc.o
CompileC /Users/admin/builder/spi-builder-workspace/.derivedData/Build/Intermediates.noindex/swift-crypto.build/Debug-xros/CCryptoBoringSSL-t.build/Objects-normal-tsan/arm64/tasn_dec.o /Users/admin/builder/spi-builder-workspace/.dependencies/checkouts/swift-crypto/Sources/CCryptoBoringSSL/crypto/asn1/tasn_dec.c normal arm64 c com.apple.compilers.llvm.clang.1_0.compiler (in target 'CCryptoBoringSSL' from project 'swift-crypto')
    cd /Users/admin/builder/spi-builder-workspace/.swiftpm/xcode

    Using response file: /Users/admin/builder/spi-builder-workspace/.derivedData/Build/Intermediates.noindex/swift-crypto.build/Debug-xros/CCryptoBoringSSL-t.build/Objects-normal-tsan/arm64/7187679823f38a2a940e0043cdf9d637-common-args.resp

    /Applications/Xcode-27.0.0-Release.Candidate.app/Contents/Developer/Toolchains/XcodeDefault.xctoolchain/usr/bin/clang -x c -ivfsstatcache /Users/admin/builder/spi-builder-workspace/.derivedData/SDKStatCaches.noindex/xros27.0-24M361-e829b21a6f8c9b70876ba0858053c044735bd543db762f57723cac368afd1ce4.sdkstatcache -target arm64-apple-xros1.0 -fmessage-length\=0 -fdiagnostics-show-note-include-stack -fmacro-backtrace-limit\=0 -fno-color-diagnostics -fmodules-prune-interval\=86400 -fmodules-prune-after\=345600 -fbuild-session-file\=/Users/admin/builder/spi-builder-workspace/.derivedData/ModuleCache.noindex/Session.modulevalidation -fmodules-validate-once-per-build-session -Wnon-modular-include-in-framework-module -Werror\=non-modular-include-in-framework-module -Wno-trigraphs -Wno-missing-field-initializers -Wno-missing-prototypes -Wno-return-type -Wno-missing-braces -Wparentheses -Wswitch -Wno-unused-function -Wno-unused-label -Wno-unused-parameter -Wno-unused-variable -Wunused-value -Wno-empty-body -Wno-uninitialized -Wno-unknown-pragmas -w -Wno-shadow -Wno-four-char-constants -Wno-conversion -Wno-constant-conversion -Wno-int-conversion -Wno-bool-conversion -Wno-enum-conversion -Wno-float-conversion -Wno-non-literal-null-conversion -Wno-objc-literal-conversion -Wshorten-64-to-32 -Wpointer-sign -Wno-newline-eof -Wno-implicit-fallthrough -isysroot /Applications/Xcode-27.0.0-Release.Candidate.app/Contents/Developer/Platforms/XROS.platform/Developer/SDKs/XROS27.0.sdk -fstrict-aliasing -Wdeprecated-declarations -Wno-sign-conversion -Wno-infinite-recursion -Wno-comma -Wno-block-capture-autoreleasing -Wno-strict-prototypes -Wno-semicolon-before-method-body -index-store-path /Users/admin/builder/spi-builder-workspace/.derivedData/Index.noindex/DataStore @/Users/admin/builder/spi-builder-workspace/.derivedData/Build/Intermediates.noindex/swift-crypto.build/Debug-xros/CCryptoBoringSSL-t.build/Objects-normal-tsan/arm64/7187679823f38a2a940e0043cdf9d637-common-args.resp -MMD -MT dependencies -MF /Users/admin/builder/spi-builder-workspace/.derivedData/Build/Intermediates.noindex/swift-crypto.build/Debug-xros/CCryptoBoringSSL-t.build/Objects-normal-tsan/arm64/tasn_dec.d --serialize-diagnostics /Users/admin/builder/spi-builder-workspace/.derivedData/Build/Intermediates.noindex/swift-crypto.build/Debug-xros/CCryptoBoringSSL-t.build/Objects-normal-tsan/arm64/tasn_dec.dia -c /Users/admin/builder/spi-builder-workspace/.dependencies/checkouts/swift-crypto/Sources/CCryptoBoringSSL/crypto/asn1/tasn_dec.c -o /Users/admin/builder/spi-builder-workspace/.derivedData/Build/Intermediates.noindex/swift-crypto.build/Debug-xros/CCryptoBoringSSL-t.build/Objects-normal-tsan/arm64/tasn_dec.o -index-unit-output-path /swift-crypto.build/Debug-xros/CCryptoBoringSSL-t.build/Objects-normal-tsan/arm64/tasn_dec.o
CompileC /Users/admin/builder/spi-builder-workspace/.derivedData/Build/Intermediates.noindex/swift-crypto.build/Debug-xros/CCryptoBoringSSL-t.build/Objects-normal-tsan/arm64/stack.o /Users/admin/builder/spi-builder-workspace/.dependencies/checkouts/swift-crypto/Sources/CCryptoBoringSSL/crypto/stack/stack.c normal arm64 c com.apple.compilers.llvm.clang.1_0.compiler (in target 'CCryptoBoringSSL' from project 'swift-crypto')
    cd /Users/admin/builder/spi-builder-workspace/.swiftpm/xcode

    Using response file: /Users/admin/builder/spi-builder-workspace/.derivedData/Build/Intermediates.noindex/swift-crypto.build/Debug-xros/CCryptoBoringSSL-t.build/Objects-normal-tsan/arm64/7187679823f38a2a940e0043cdf9d637-common-args.resp

    /Applications/Xcode-27.0.0-Release.Candidate.app/Contents/Developer/Toolchains/XcodeDefault.xctoolchain/usr/bin/clang -x c -ivfsstatcache /Users/admin/builder/spi-builder-workspace/.derivedData/SDKStatCaches.noindex/xros27.0-24M361-e829b21a6f8c9b70876ba0858053c044735bd543db762f57723cac368afd1ce4.sdkstatcache -target arm64-apple-xros1.0 -fmessage-length\=0 -fdiagnostics-show-note-include-stack -fmacro-backtrace-limit\=0 -fno-color-diagnostics -fmodules-prune-interval\=86400 -fmodules-prune-after\=345600 -fbuild-session-file\=/Users/admin/builder/spi-builder-workspace/.derivedData/ModuleCache.noindex/Session.modulevalidation -fmodules-validate-once-per-build-session -Wnon-modular-include-in-framework-module -Werror\=non-modular-include-in-framework-module -Wno-trigraphs -Wno-missing-field-initializers -Wno-missing-prototypes -Wno-return-type -Wno-missing-braces -Wparentheses -Wswitch -Wno-unused-function -Wno-unused-label -Wno-unused-parameter -Wno-unused-variable -Wunused-value -Wno-empty-body -Wno-uninitialized -Wno-unknown-pragmas -w -Wno-shadow -Wno-four-char-constants -Wno-conversion -Wno-constant-conversion -Wno-int-conversion -Wno-bool-conversion -Wno-enum-conversion -Wno-float-conversion -Wno-non-literal-null-conversion -Wno-objc-literal-conversion -Wshorten-64-to-32 -Wpointer-sign -Wno-newline-eof -Wno-implicit-fallthrough -isysroot /Applications/Xcode-27.0.0-Release.Candidate.app/Contents/Developer/Platforms/XROS.platform/Developer/SDKs/XROS27.0.sdk -fstrict-aliasing -Wdeprecated-declarations -Wno-sign-conversion -Wno-infinite-recursion -Wno-comma -Wno-block-capture-autoreleasing -Wno-strict-prototypes -Wno-semicolon-before-method-body -index-store-path /Users/admin/builder/spi-builder-workspace/.derivedData/Index.noindex/DataStore @/Users/admin/builder/spi-builder-workspace/.derivedData/Build/Intermediates.noindex/swift-crypto.build/Debug-xros/CCryptoBoringSSL-t.build/Objects-normal-tsan/arm64/7187679823f38a2a940e0043cdf9d637-common-args.resp -MMD -MT dependencies -MF /Users/admin/builder/spi-builder-workspace/.derivedData/Build/Intermediates.noindex/swift-crypto.build/Debug-xros/CCryptoBoringSSL-t.build/Objects-normal-tsan/arm64/stack.d --serialize-diagnostics /Users/admin/builder/spi-builder-workspace/.derivedData/Build/Intermediates.noindex/swift-crypto.build/Debug-xros/CCryptoBoringSSL-t.build/Objects-normal-tsan/arm64/stack.dia -c /Users/admin/builder/spi-builder-workspace/.dependencies/checkouts/swift-crypto/Sources/CCryptoBoringSSL/crypto/stack/stack.c -o /Users/admin/builder/spi-builder-workspace/.derivedData/Build/Intermediates.noindex/swift-crypto.build/Debug-xros/CCryptoBoringSSL-t.build/Objects-normal-tsan/arm64/stack.o -index-unit-output-path /swift-crypto.build/Debug-xros/CCryptoBoringSSL-t.build/Objects-normal-tsan/arm64/stack.o
SwiftExplicitDependencyGeneratePcm arm64 /Users/admin/builder/spi-builder-workspace/.derivedData/SDKExplicitPrecompiledModules/_Builtin_stdint-8OR6T47OOYJA90ZBO3N1USDE.pcm
SwiftExplicitDependencyGeneratePcm arm64 /Users/admin/builder/spi-builder-workspace/.derivedData/SDKExplicitPrecompiledModules/sys_types-AYM0BHR77VKMWZCO2T0XGV2HF.pcm
SwiftExplicitDependencyGeneratePcm arm64 /Users/admin/builder/spi-builder-workspace/.derivedData/SDKExplicitPrecompiledModules/string_h-2GT67HHHHK5CF1V1S31LH0PU2.pcm
SwiftCompile normal arm64 Compiling\ Subject+Void.swift,\ Subscriber+Void.swift,\ Subscribers.Assign.swift,\ Subscribers.Completion.swift,\ Subscribers.Demand.swift,\ Subscribers.Sink.swift,\ Subscribers.swift,\ Subscription.swift,\ Subscriptions.swift,\ _Introspection.swift /Users/admin/builder/spi-builder-workspace/.dependencies/checkouts/OpenCombine/Sources/OpenCombine/Subject+Void.swift /Users/admin/builder/spi-builder-workspace/.dependencies/checkouts/OpenCombine/Sources/OpenCombine/Subscriber+Void.swift /Users/admin/builder/spi-builder-workspace/.dependencies/checkouts/OpenCombine/Sources/OpenCombine/Subscribers/Subscribers.Assign.swift /Users/admin/builder/spi-builder-workspace/.dependencies/checkouts/OpenCombine/Sources/OpenCombine/Subscribers/Subscribers.Completion.swift /Users/admin/builder/spi-builder-workspace/.dependencies/checkouts/OpenCombine/Sources/OpenCombine/Subscribers/Subscribers.Demand.swift /Users/admin/builder/spi-builder-workspace/.dependencies/checkouts/OpenCombine/Sources/OpenCombine/Subscribers/Subscribers.Sink.swift /Users/admin/builder/spi-builder-workspace/.dependencies/checkouts/OpenCombine/Sources/OpenCombine/Subscribers/Subscribers.swift /Users/admin/builder/spi-builder-workspace/.dependencies/checkouts/OpenCombine/Sources/OpenCombine/Subscription.swift /Users/admin/builder/spi-builder-workspace/.dependencies/checkouts/OpenCombine/Sources/OpenCombine/Subscriptions.swift /Users/admin/builder/spi-builder-workspace/.dependencies/checkouts/OpenCombine/Sources/OpenCombine/_Introspection.swift (in target 'OpenCombine' from project 'OpenCombine')
/Users/admin/builder/spi-builder-workspace/.dependencies/checkouts/OpenCombine/Sources/OpenCombine/Helpers/Locking.swift:29:33: error: cannot find type '__UnfairLock' in scope
27 | #endif // WASI
28 |
29 | internal typealias UnfairLock = __UnfairLock
   |                                 `- error: cannot find type '__UnfairLock' in scope
30 | internal typealias UnfairRecursiveLock = __UnfairRecursiveLock
31 |
Failed frontend command:
/Applications/Xcode-27.0.0-Release.Candidate.app/Contents/Developer/Toolchains/XcodeDefault.xctoolchain/usr/bin/swift-frontend -frontend -c /Users/admin/builder/spi-builder-workspace/.dependencies/checkouts/OpenCombine/Sources/OpenCombine/AnyCancellable.swift /Users/admin/builder/spi-builder-workspace/.dependencies/checkouts/OpenCombine/Sources/OpenCombine/AnyPublisher.swift /Users/admin/builder/spi-builder-workspace/.dependencies/checkouts/OpenCombine/Sources/OpenCombine/AnySubscriber.swift /Users/admin/builder/spi-builder-workspace/.dependencies/checkouts/OpenCombine/Sources/OpenCombine/Cancellable.swift /Users/admin/builder/spi-builder-workspace/.dependencies/checkouts/OpenCombine/Sources/OpenCombine/Codable.swift /Users/admin/builder/spi-builder-workspace/.dependencies/checkouts/OpenCombine/Sources/OpenCombine/CombineIdentifier.swift /Users/admin/builder/spi-builder-workspace/.dependencies/checkouts/OpenCombine/Sources/OpenCombine/Concurrency/ConcurrencyHelpers.swift /Users/admin/builder/spi-builder-workspace/.dependencies/checkouts/OpenCombine/Sources/OpenCombine/Concurrency/Future+Concurrency.swift /Users/admin/builder/spi-builder-workspace/.dependencies/checkouts/OpenCombine/Sources/OpenCombine/Concurrency/GENERATED-Publisher+Concurrency.swift /Users/admin/builder/spi-builder-workspace/.dependencies/checkouts/OpenCombine/Sources/OpenCombine/CurrentValueSubject.swift /Users/admin/builder/spi-builder-workspace/.dependencies/checkouts/OpenCombine/Sources/OpenCombine/CustomCombineIdentifierConvertible.swift /Users/admin/builder/spi-builder-workspace/.dependencies/checkouts/OpenCombine/Sources/OpenCombine/Future.swift /Users/admin/builder/spi-builder-workspace/.dependencies/checkouts/OpenCombine/Sources/OpenCombine/GENERATED-RootProtocols.swift /Users/admin/builder/spi-builder-workspace/.dependencies/checkouts/OpenCombine/Sources/OpenCombine/Helpers/ConduitBase.swift /Users/admin/builder/spi-builder-workspace/.dependencies/checkouts/OpenCombine/Sources/OpenCombine/Helpers/ConduitList.swift /Users/admin/builder/spi-builder-workspace/.dependencies/checkouts/OpenCombine/Sources/OpenCombine/Helpers/DebugHook.swift /Users/admin/builder/spi-builder-workspace/.dependencies/checkouts/OpenCombine/Sources/OpenCombine/Helpers/FilterProducer.swift /Users/admin/builder/spi-builder-workspace/.dependencies/checkouts/OpenCombine/Sources/OpenCombine/Helpers/Locking.swift /Users/admin/builder/spi-builder-workspace/.dependencies/checkouts/OpenCombine/Sources/OpenCombine/Helpers/PartialCompletion.swift /Users/admin/builder/spi-builder-workspace/.dependencies/checkouts/OpenCombine/Sources/OpenCombine/Helpers/PublishedSubject.swift /Users/admin/builder/spi-builder-workspace/.dependencies/checkouts/OpenCombine/Sources/OpenCombine/Helpers/PublishedSubscriber.swift /Users/admin/builder/spi-builder-workspace/.dependencies/checkouts/OpenCombine/Sources/OpenCombine/Helpers/ReduceProducer.swift /Users/admin/builder/spi-builder-workspace/.dependencies/checkouts/OpenCombine/Sources/OpenCombine/Helpers/SubjectSubscriber.swift /Users/admin/builder/spi-builder-workspace/.dependencies/checkouts/OpenCombine/Sources/OpenCombine/Helpers/SubscriberTap.swift /Users/admin/builder/spi-builder-workspace/.dependencies/checkouts/OpenCombine/Sources/OpenCombine/Helpers/SubscriptionStatus.swift /Users/admin/builder/spi-builder-workspace/.dependencies/checkouts/OpenCombine/Sources/OpenCombine/Helpers/SubscriptionTap.swift /Users/admin/builder/spi-builder-workspace/.dependencies/checkouts/OpenCombine/Sources/OpenCombine/Helpers/Utils.swift /Users/admin/builder/spi-builder-workspace/.dependencies/checkouts/OpenCombine/Sources/OpenCombine/Helpers/Violations.swift /Users/admin/builder/spi-builder-workspace/.dependencies/checkouts/OpenCombine/Sources/OpenCombine/ImmediateScheduler.swift /Users/admin/builder/spi-builder-workspace/.dependencies/checkouts/OpenCombine/Sources/OpenCombine/ObservableObject.swift /Users/admin/builder/spi-builder-workspace/.dependencies/checkouts/OpenCombine/Sources/OpenCombine/PassthroughSubject.swift /Users/admin/builder/spi-builder-workspace/.dependencies/checkouts/OpenCombine/Sources/OpenCombine/Published.swift /Users/admin/builder/spi-builder-workspace/.dependencies/checkouts/OpenCombine/Sources/OpenCombine/Publisher+Subscribe.swift /Users/admin/builder/spi-builder-workspace/.dependencies/checkouts/OpenCombine/Sources/OpenCombine/Publishers/Deferred.swift /Users/admin/builder/spi-builder-workspace/.dependencies/checkouts/OpenCombine/Sources/OpenCombine/Publishers/Empty.swift /Users/admin/builder/spi-builder-workspace/.dependencies/checkouts/OpenCombine/Sources/OpenCombine/Publishers/Fail.swift /Users/admin/builder/spi-builder-workspace/.dependencies/checkouts/OpenCombine/Sources/OpenCombine/Publishers/GENERATED-Publishers.Catch.swift /Users/admin/builder/spi-builder-workspace/.dependencies/checkouts/OpenCombine/Sources/OpenCombine/Publishers/GENERATED-Publishers.Encode.swift /Users/admin/builder/spi-builder-workspace/.dependencies/checkouts/OpenCombine/Sources/OpenCombine/Publishers/GENERATED-Publishers.MapKeyPath.swift /Users/admin/builder/spi-builder-workspace/.dependencies/checkouts/OpenCombine/Sources/OpenCombine/Publishers/Just.swift /Users/admin/builder/spi-builder-workspace/.dependencies/checkouts/OpenCombine/Sources/OpenCombine/Publishers/Optional.Publisher.swift /Users/admin/builder/spi-builder-workspace/.dependencies/checkouts/OpenCombine/Sources/OpenCombine/Publishers/Publishers.AllSatisfy.swift /Users/admin/builder/spi-builder-workspace/.dependencies/checkouts/OpenCombine/Sources/OpenCombine/Publishers/Publishers.AssertNoFailure.swift /Users/admin/builder/spi-builder-workspace/.dependencies/checkouts/OpenCombine/Sources/OpenCombine/Publishers/Publishers.Autoconnect.swift /Users/admin/builder/spi-builder-workspace/.dependencies/checkouts/OpenCombine/Sources/OpenCombine/Publishers/Publishers.Breakpoint.swift /Users/admin/builder/spi-builder-workspace/.dependencies/checkouts/OpenCombine/Sources/OpenCombine/Publishers/Publishers.Buffer.swift /Users/admin/builder/spi-builder-workspace/.dependencies/checkouts/OpenCombine/Sources/OpenCombine/Publishers/Publishers.Collect.swift /Users/admin/builder/spi-builder-workspace/.dependencies/checkouts/OpenCombine/Sources/OpenCombine/Publishers/Publishers.CollectByCount.swift /Users/admin/builder/spi-builder-workspace/.dependencies/checkouts/OpenCombine/Sources/OpenCombine/Publishers/Publishers.CompactMap.swift /Users/admin/builder/spi-builder-workspace/.dependencies/checkouts/OpenCombine/Sources/OpenCombine/Publishers/Publishers.Comparison.swift /Users/admin/builder/spi-builder-workspace/.dependencies/checkouts/OpenCombine/Sources/OpenCombine/Publishers/Publishers.Concatenate.swift /Users/admin/builder/spi-builder-workspace/.dependencies/checkouts/OpenCombine/Sources/OpenCombine/Publishers/Publishers.Contains.swift /Users/admin/builder/spi-builder-workspace/.dependencies/checkouts/OpenCombine/Sources/OpenCombine/Publishers/Publishers.Count.swift /Users/admin/builder/spi-builder-workspace/.dependencies/checkouts/OpenCombine/Sources/OpenCombine/Publishers/Publishers.Debounce.swift /Users/admin/builder/spi-builder-workspace/.dependencies/checkouts/OpenCombine/Sources/OpenCombine/Publishers/Publishers.Delay.swift /Users/admin/builder/spi-builder-workspace/.dependencies/checkouts/OpenCombine/Sources/OpenCombine/Publishers/Publishers.Drop.swift /Users/admin/builder/spi-builder-workspace/.dependencies/checkouts/OpenCombine/Sources/OpenCombine/Publishers/Publishers.DropUntilOutput.swift /Users/admin/builder/spi-builder-workspace/.dependencies/checkouts/OpenCombine/Sources/OpenCombine/Publishers/Publishers.DropWhile.swift /Users/admin/builder/spi-builder-workspace/.dependencies/checkouts/OpenCombine/Sources/OpenCombine/Publishers/Publishers.Filter.swift /Users/admin/builder/spi-builder-workspace/.dependencies/checkouts/OpenCombine/Sources/OpenCombine/Publishers/Publishers.First.swift /Users/admin/builder/spi-builder-workspace/.dependencies/checkouts/OpenCombine/Sources/OpenCombine/Publishers/Publishers.FlatMap.swift /Users/admin/builder/spi-builder-workspace/.dependencies/checkouts/OpenCombine/Sources/OpenCombine/Publishers/Publishers.HandleEvents.swift /Users/admin/builder/spi-builder-workspace/.dependencies/checkouts/OpenCombine/Sources/OpenCombine/Publishers/Publishers.IgnoreOutput.swift /Users/admin/builder/spi-builder-workspace/.dependencies/checkouts/OpenCombine/Sources/OpenCombine/Publishers/Publishers.Last.swift /Users/admin/builder/spi-builder-workspace/.dependencies/checkouts/OpenCombine/Sources/OpenCombine/Publishers/Publishers.MakeConnectable.swift /Users/admin/builder/spi-builder-workspace/.dependencies/checkouts/OpenCombine/Sources/OpenCombine/Publishers/Publishers.Map.swift /Users/admin/builder/spi-builder-workspace/.dependencies/checkouts/OpenCombine/Sources/OpenCombine/Publishers/Publishers.MapError.swift /Users/admin/builder/spi-builder-workspace/.dependencies/checkouts/OpenCombine/Sources/OpenCombine/Publishers/Publishers.MeasureInterval.swift /Users/admin/builder/spi-builder-workspace/.dependencies/checkouts/OpenCombine/Sources/OpenCombine/Publishers/Publishers.Multicast.swift /Users/admin/builder/spi-builder-workspace/.dependencies/checkouts/OpenCombine/Sources/OpenCombine/Publishers/Publishers.Output.swift /Users/admin/builder/spi-builder-workspace/.dependencies/checkouts/OpenCombine/Sources/OpenCombine/Publishers/Publishers.PrefixUntilOutput.swift /Users/admin/builder/spi-builder-workspace/.dependencies/checkouts/OpenCombine/Sources/OpenCombine/Publishers/Publishers.PrefixWhile.swift /Users/admin/builder/spi-builder-workspace/.dependencies/checkouts/OpenCombine/Sources/OpenCombine/Publishers/Publishers.Print.swift /Users/admin/builder/spi-builder-workspace/.dependencies/checkouts/OpenCombine/Sources/OpenCombine/Publishers/Publishers.ReceiveOn.swift /Users/admin/builder/spi-builder-workspace/.dependencies/checkouts/OpenCombine/Sources/OpenCombine/Publishers/Publishers.Reduce.swift /Users/admin/builder/spi-builder-workspace/.dependencies/checkouts/OpenCombine/Sources/OpenCombine/Publishers/Publishers.RemoveDuplicates.swift /Users/admin/builder/spi-builder-workspace/.dependencies/checkouts/OpenCombine/Sources/OpenCombine/Publishers/Publishers.ReplaceEmpty.swift /Users/admin/builder/spi-builder-workspace/.dependencies/checkouts/OpenCombine/Sources/OpenCombine/Publishers/Publishers.ReplaceError.swift /Users/admin/builder/spi-builder-workspace/.dependencies/checkouts/OpenCombine/Sources/OpenCombine/Publishers/Publishers.Retry.swift /Users/admin/builder/spi-builder-workspace/.dependencies/checkouts/OpenCombine/Sources/OpenCombine/Publishers/Publishers.Scan.swift /Users/admin/builder/spi-builder-workspace/.dependencies/checkouts/OpenCombine/Sources/OpenCombine/Publishers/Publishers.Sequence.swift /Users/admin/builder/spi-builder-workspace/.dependencies/checkouts/OpenCombine/Sources/OpenCombine/Publishers/Publishers.SetFailureType.swift /Users/admin/builder/spi-builder-workspace/.dependencies/checkouts/OpenCombine/Sources/OpenCombine/Publishers/Publishers.Share.swift /Users/admin/builder/spi-builder-workspace/.dependencies/checkouts/OpenCombine/Sources/OpenCombine/Publishers/Publishers.SubscribeOn.swift /Users/admin/builder/spi-builder-workspace/.dependencies/checkouts/OpenCombine/Sources/OpenCombine/Publishers/Publishers.SwitchToLatest.swift /Users/admin/builder/spi-builder-workspace/.dependencies/checkouts/OpenCombine/Sources/OpenCombine/Publishers/Publishers.Throttle.swift /Users/admin/builder/spi-builder-workspace/.dependencies/checkouts/OpenCombine/Sources/OpenCombine/Publishers/Publishers.Timeout.swift /Users/admin/builder/spi-builder-workspace/.dependencies/checkouts/OpenCombine/Sources/OpenCombine/Publishers/Publishers.Zip.swift /Users/admin/builder/spi-builder-workspace/.dependencies/checkouts/OpenCombine/Sources/OpenCombine/Publishers/Publishers.swift /Users/admin/builder/spi-builder-workspace/.dependencies/checkouts/OpenCombine/Sources/OpenCombine/Publishers/Record.swift /Users/admin/builder/spi-builder-workspace/.dependencies/checkouts/OpenCombine/Sources/OpenCombine/Publishers/Result.Publisher.swift /Users/admin/builder/spi-builder-workspace/.dependencies/checkouts/OpenCombine/Sources/OpenCombine/Result.swift /Users/admin/builder/spi-builder-workspace/.dependencies/checkouts/OpenCombine/Sources/OpenCombine/Scheduler.swift -primary-file /Users/admin/builder/spi-builder-workspace/.dependencies/checkouts/OpenCombine/Sources/OpenCombine/Subject+Void.swift -primary-file /Users/admin/builder/spi-builder-workspace/.dependencies/checkouts/OpenCombine/Sources/OpenCombine/Subscriber+Void.swift -primary-file /Users/admin/builder/spi-builder-workspace/.dependencies/checkouts/OpenCombine/Sources/OpenCombine/Subscribers/Subscribers.Assign.swift -primary-file /Users/admin/builder/spi-builder-workspace/.dependencies/checkouts/OpenCombine/Sources/OpenCombine/Subscribers/Subscribers.Completion.swift -primary-file /Users/admin/builder/spi-builder-workspace/.dependencies/checkouts/OpenCombine/Sources/OpenCombine/Subscribers/Subscribers.Demand.swift -primary-file /Users/admin/builder/spi-builder-workspace/.dependencies/checkouts/OpenCombine/Sources/OpenCombine/Subscribers/Subscribers.Sink.swift -primary-file /Users/admin/builder/spi-builder-workspace/.dependencies/checkouts/OpenCombine/Sources/OpenCombine/Subscribers/Subscribers.swift -primary-file /Users/admin/builder/spi-builder-workspace/.dependencies/checkouts/OpenCombine/Sources/OpenCombine/Subscription.swift -primary-file /Users/admin/builder/spi-builder-workspace/.dependencies/checkouts/OpenCombine/Sources/OpenCombine/Subscriptions.swift -primary-file /Users/admin/builder/spi-builder-workspace/.dependencies/checkouts/OpenCombine/Sources/OpenCombine/_Introspection.swift -supplementary-output-file-map /Users/admin/builder/spi-builder-workspace/.derivedData/Build/Intermediates.noindex/OpenCombine.build/Debug-xros/OpenCombine-t.build/Objects-normal-tsan/arm64/supplementaryOutputs-20 -target arm64-apple-xros1.0 -module-can-import-version Combine 3023 0 -module-can-import-version _Concurrency 6.4.0.31 0 -disable-cross-import-overlay-search -load-resolved-plugin /Applications/Xcode-27.0.0-Release.Candidate.app/Contents/Developer/Platforms/XROS.platform/Developer/usr/lib/swift/host/plugins/libSwiftMacros.dylib\#/Applications/Xcode-27.0.0-Release.Candidate.app/Contents/Developer/Platforms/XROS.platform/Developer/usr/bin/swift-plugin-server\#SwiftMacros -disable-implicit-swift-modules -Xcc -fno-implicit-modules -Xcc -fno-implicit-module-maps -explicit-swift-module-map-file /Users/admin/builder/spi-builder-workspace/.derivedData/Build/Intermediates.noindex/OpenCombine.build/Debug-xros/OpenCombine-t.build/Objects-normal-tsan/arm64/OpenCombine-dependencies-1.json -Xllvm -aarch64-use-tbi -enable-objc-interop -sdk /Applications/Xcode-27.0.0-Release.Candidate.app/Contents/Developer/Platforms/XROS.platform/Developer/SDKs/XROS27.0.sdk -I /Users/admin/builder/spi-builder-workspace/.derivedData/Build/Products/Debug-xros -Isystem /Applications/Xcode-27.0.0-Release.Candidate.app/Contents/Developer/Platforms/XROS.platform/Developer/usr/lib -F /Users/admin/builder/spi-builder-workspace/.derivedData/Build/Products/Debug-xros -F /Applications/Xcode-27.0.0-Release.Candidate.app/Contents/Developer/Platforms/XROS.platform/Developer/Library/Frameworks -F /Applications/Xcode-27.0.0-Release.Candidate.app/Contents/Developer/Platforms/XROS.platform/Developer/SDKs/XROS27.0.sdk/Developer/Library/Frameworks -module-cache-path /Users/admin/builder/spi-builder-workspace/.derivedData/Build/Intermediates.noindex/SwiftExplicitPrecompiledModules -no-color-diagnostics -Xcc -fno-color-diagnostics -enable-testing -g -debug-info-format\=dwarf -dwarf-version\=4 -suppress-warnings -sanitize\=thread -swift-version 5 -Onone -D SWIFT_PACKAGE -D DEBUG -D SWIFT_MODULE_RESOURCE_BUNDLE_UNAVAILABLE -D Xcode -serialize-debugging-options -enable-experimental-feature DebugDescriptionMacro -empty-abi-descriptor -validate-clang-modules-once -clang-build-session-file /Users/admin/builder/spi-builder-workspace/.derivedData/ModuleCache.noindex/Session.modulevalidation -Xcc -working-directory -Xcc /Users/admin/builder/spi-builder-workspace/.swiftpm/xcode -enable-anonymous-context-mangled-names -file-compilation-dir /Users/admin/builder/spi-builder-workspace/.swiftpm/xcode -Xcc -D_LIBCPP_HARDENING_MODE\=_LIBCPP_HARDENING_MODE_DEBUG -Xcc -ivfsstatcache -Xcc /Users/admin/builder/spi-builder-workspace/.derivedData/SDKStatCaches.noindex/xros27.0-24M361-e829b21a6f8c9b70876ba0858053c044735bd543db762f57723cac368afd1ce4.sdkstatcache -Xcc -fmodules-prune-interval\=86400 -Xcc -fmodules-prune-after\=345600 -Xcc -I/Users/admin/builder/spi-builder-workspace/.derivedData/Build/Products/Debug-xros/include -Xcc -I/Users/admin/builder/spi-builder-workspace/.derivedData/Build/Intermediates.noindex/OpenCombine.build/Debug-xros/OpenCombine-t.build/DerivedSources-normal/arm64 -Xcc -I/Users/admin/builder/spi-builder-workspace/.derivedData/Build/Intermediates.noindex/OpenCombine.build/Debug-xros/OpenCombine-t.build/DerivedSources/arm64 -Xcc -I/Users/admin/builder/spi-builder-workspace/.derivedData/Build/Intermediates.noindex/OpenCombine.build/Debug-xros/OpenCombine-t.build/DerivedSources -Xcc -DSWIFT_PACKAGE -Xcc -DDEBUG\=1 -no-auto-bridging-header-chaining -module-name OpenCombine -const-gather-protocols-file /Users/admin/builder/spi-builder-workspace/.derivedData/Build/Intermediates.noindex/OpenCombine.build/Debug-xros/OpenCombine-t.build/Objects-normal-tsan/arm64/OpenCombine_const_extract_protocols.json -disable-clang-spi -clang-target arm64-apple-xros27.0 -target-sdk-version 27.0 -target-sdk-name xros27.0 -in-process-plugin-server-path /Applications/Xcode-27.0.0-Release.Candidate.app/Contents/Developer/Toolchains/XcodeDefault.xctoolchain/usr/lib/swift/host/libSwiftInProcPluginServer.dylib -parse-as-library -o /Users/admin/builder/spi-builder-workspace/.derivedData/Build/Intermediates.noindex/OpenCombine.build/Debug-xros/OpenCombine-t.build/Objects-normal-tsan/arm64/Subject+Void.o -o /Users/admin/builder/spi-builder-workspace/.derivedData/Build/Intermediates.noindex/OpenCombine.build/Debug-xros/OpenCombine-t.build/Objects-normal-tsan/arm64/Subscriber+Void.o -o /Users/admin/builder/spi-builder-workspace/.derivedData/Build/Intermediates.noindex/OpenCombine.build/Debug-xros/OpenCombine-t.build/Objects-normal-tsan/arm64/Subscribers.Assign.o -o /Users/admin/builder/spi-builder-workspace/.derivedData/Build/Intermediates.noindex/OpenCombine.build/Debug-xros/OpenCombine-t.build/Objects-normal-tsan/arm64/Subscribers.Completion.o -o /Users/admin/builder/spi-builder-workspace/.derivedData/Build/Intermediates.noindex/OpenCombine.build/Debug-xros/OpenCombine-t.build/Objects-normal-tsan/arm64/Subscribers.Demand.o -o /Users/admin/builder/spi-builder-workspace/.derivedData/Build/Intermediates.noindex/OpenCombine.build/Debug-xros/OpenCombine-t.build/Objects-normal-tsan/arm64/Subscribers.Sink.o -o /Users/admin/builder/spi-builder-workspace/.derivedData/Build/Intermediates.noindex/OpenCombine.build/Debug-xros/OpenCombine-t.build/Objects-normal-tsan/arm64/Subscribers.o -o /Users/admin/builder/spi-builder-workspace/.derivedData/Build/Intermediates.noindex/OpenCombine.build/Debug-xros/OpenCombine-t.build/Objects-normal-tsan/arm64/Subscription.o -o /Users/admin/builder/spi-builder-workspace/.derivedData/Build/Intermediates.noindex/OpenCombine.build/Debug-xros/OpenCombine-t.build/Objects-normal-tsan/arm64/Subscriptions.o -o /Users/admin/builder/spi-builder-workspace/.derivedData/Build/Intermediates.noindex/OpenCombine.build/Debug-xros/OpenCombine-t.build/Objects-normal-tsan/arm64/_Introspection.o -debug-module-path /Users/admin/builder/spi-builder-workspace/.derivedData/Build/Intermediates.noindex/OpenCombine.build/Debug-xros/OpenCombine-t.build/Objects-normal-tsan/arm64/OpenCombine.swiftmodule -index-unit-output-path /OpenCombine.build/Debug-xros/OpenCombine-t.build/Objects-normal-tsan/arm64/Subject+Void.o -index-unit-output-path /OpenCombine.build/Debug-xros/OpenCombine-t.build/Objects-normal-tsan/arm64/Subscriber+Void.o -index-unit-output-path /OpenCombine.build/Debug-xros/OpenCombine-t.build/Objects-normal-tsan/arm64/Subscribers.Assign.o -index-unit-output-path /OpenCombine.build/Debug-xros/OpenCombine-t.build/Objects-normal-tsan/arm64/Subscribers.Completion.o -index-unit-output-path /OpenCombine.build/Debug-xros/OpenCombine-t.build/Objects-normal-tsan/arm64/Subscribers.Demand.o -index-unit-output-path /OpenCombine.build/Debug-xros/OpenCombine-t.build/Objects-normal-tsan/arm64/Subscribers.Sink.o -index-unit-output-path /OpenCombine.build/Debug-xros/OpenCombine-t.build/Objects-normal-tsan/arm64/Subscribers.o -index-unit-output-path /OpenCombine.build/Debug-xros/OpenCombine-t.build/Objects-normal-tsan/arm64/Subscription.o -index-unit-output-path /OpenCombine.build/Debug-xros/OpenCombine-t.build/Objects-normal-tsan/arm64/Subscriptions.o -index-unit-output-path /OpenCombine.build/Debug-xros/OpenCombine-t.build/Objects-normal-tsan/arm64/_Introspection.o -index-store-path /Users/admin/builder/spi-builder-workspace/.derivedData/Index.noindex/DataStore -index-system-modules
SwiftCompile normal arm64 /Users/admin/builder/spi-builder-workspace/.dependencies/checkouts/OpenCombine/Sources/OpenCombine/Subject+Void.swift (in target 'OpenCombine' from project 'OpenCombine')
    cd /Users/admin/builder/spi-builder-workspace/.swiftpm/xcode
    builtin-SwiftPerFileCompile Subject+Void.swift
SwiftCompile normal arm64 /Users/admin/builder/spi-builder-workspace/.dependencies/checkouts/OpenCombine/Sources/OpenCombine/Subscriber+Void.swift (in target 'OpenCombine' from project 'OpenCombine')
    cd /Users/admin/builder/spi-builder-workspace/.swiftpm/xcode
    builtin-SwiftPerFileCompile Subscriber+Void.swift
SwiftCompile normal arm64 /Users/admin/builder/spi-builder-workspace/.dependencies/checkouts/OpenCombine/Sources/OpenCombine/Subscribers/Subscribers.Assign.swift (in target 'OpenCombine' from project 'OpenCombine')
    cd /Users/admin/builder/spi-builder-workspace/.swiftpm/xcode
    builtin-SwiftPerFileCompile Subscribers.Assign.swift
SwiftCompile normal arm64 /Users/admin/builder/spi-builder-workspace/.dependencies/checkouts/OpenCombine/Sources/OpenCombine/Subscribers/Subscribers.Completion.swift (in target 'OpenCombine' from project 'OpenCombine')
    cd /Users/admin/builder/spi-builder-workspace/.swiftpm/xcode
    builtin-SwiftPerFileCompile Subscribers.Completion.swift
SwiftCompile normal arm64 /Users/admin/builder/spi-builder-workspace/.dependencies/checkouts/OpenCombine/Sources/OpenCombine/Subscribers/Subscribers.Demand.swift (in target 'OpenCombine' from project 'OpenCombine')
    cd /Users/admin/builder/spi-builder-workspace/.swiftpm/xcode
    builtin-SwiftPerFileCompile Subscribers.Demand.swift
SwiftCompile normal arm64 /Users/admin/builder/spi-builder-workspace/.dependencies/checkouts/OpenCombine/Sources/OpenCombine/Subscribers/Subscribers.Sink.swift (in target 'OpenCombine' from project 'OpenCombine')
    cd /Users/admin/builder/spi-builder-workspace/.swiftpm/xcode
    builtin-SwiftPerFileCompile Subscribers.Sink.swift
SwiftCompile normal arm64 /Users/admin/builder/spi-builder-workspace/.dependencies/checkouts/OpenCombine/Sources/OpenCombine/Subscribers/Subscribers.swift (in target 'OpenCombine' from project 'OpenCombine')
    cd /Users/admin/builder/spi-builder-workspace/.swiftpm/xcode
    builtin-SwiftPerFileCompile Subscribers.swift
SwiftCompile normal arm64 /Users/admin/builder/spi-builder-workspace/.dependencies/checkouts/OpenCombine/Sources/OpenCombine/Subscription.swift (in target 'OpenCombine' from project 'OpenCombine')
    cd /Users/admin/builder/spi-builder-workspace/.swiftpm/xcode
    builtin-SwiftPerFileCompile Subscription.swift
SwiftCompile normal arm64 /Users/admin/builder/spi-builder-workspace/.dependencies/checkouts/OpenCombine/Sources/OpenCombine/Subscriptions.swift (in target 'OpenCombine' from project 'OpenCombine')
    cd /Users/admin/builder/spi-builder-workspace/.swiftpm/xcode
    builtin-SwiftPerFileCompile Subscriptions.swift
SwiftCompile normal arm64 /Users/admin/builder/spi-builder-workspace/.dependencies/checkouts/OpenCombine/Sources/OpenCombine/_Introspection.swift (in target 'OpenCombine' from project 'OpenCombine')
    cd /Users/admin/builder/spi-builder-workspace/.swiftpm/xcode
    builtin-SwiftPerFileCompile _Introspection.swift
SwiftCompile normal arm64 Compiling\ Publishers.SubscribeOn.swift,\ Publishers.SwitchToLatest.swift,\ Publishers.Throttle.swift,\ Publishers.Timeout.swift,\ Publishers.Zip.swift,\ Publishers.swift,\ Record.swift,\ Result.Publisher.swift,\ Result.swift,\ Scheduler.swift /Users/admin/builder/spi-builder-workspace/.dependencies/checkouts/OpenCombine/Sources/OpenCombine/Publishers/Publishers.SubscribeOn.swift /Users/admin/builder/spi-builder-workspace/.dependencies/checkouts/OpenCombine/Sources/OpenCombine/Publishers/Publishers.SwitchToLatest.swift /Users/admin/builder/spi-builder-workspace/.dependencies/checkouts/OpenCombine/Sources/OpenCombine/Publishers/Publishers.Throttle.swift /Users/admin/builder/spi-builder-workspace/.dependencies/checkouts/OpenCombine/Sources/OpenCombine/Publishers/Publishers.Timeout.swift /Users/admin/builder/spi-builder-workspace/.dependencies/checkouts/OpenCombine/Sources/OpenCombine/Publishers/Publishers.Zip.swift /Users/admin/builder/spi-builder-workspace/.dependencies/checkouts/OpenCombine/Sources/OpenCombine/Publishers/Publishers.swift /Users/admin/builder/spi-builder-workspace/.dependencies/checkouts/OpenCombine/Sources/OpenCombine/Publishers/Record.swift /Users/admin/builder/spi-builder-workspace/.dependencies/checkouts/OpenCombine/Sources/OpenCombine/Publishers/Result.Publisher.swift /Users/admin/builder/spi-builder-workspace/.dependencies/checkouts/OpenCombine/Sources/OpenCombine/Result.swift /Users/admin/builder/spi-builder-workspace/.dependencies/checkouts/OpenCombine/Sources/OpenCombine/Scheduler.swift (in target 'OpenCombine' from project 'OpenCombine')
SwiftCompile normal arm64 /Users/admin/builder/spi-builder-workspace/.dependencies/checkouts/OpenCombine/Sources/OpenCombine/Publishers/Publishers.SubscribeOn.swift (in target 'OpenCombine' from project 'OpenCombine')
    cd /Users/admin/builder/spi-builder-workspace/.swiftpm/xcode
    builtin-SwiftPerFileCompile Publishers.SubscribeOn.swift
SwiftCompile normal arm64 /Users/admin/builder/spi-builder-workspace/.dependencies/checkouts/OpenCombine/Sources/OpenCombine/Publishers/Publishers.SwitchToLatest.swift (in target 'OpenCombine' from project 'OpenCombine')
    cd /Users/admin/builder/spi-builder-workspace/.swiftpm/xcode
    builtin-SwiftPerFileCompile Publishers.SwitchToLatest.swift
SwiftCompile normal arm64 /Users/admin/builder/spi-builder-workspace/.dependencies/checkouts/OpenCombine/Sources/OpenCombine/Publishers/Publishers.Throttle.swift (in target 'OpenCombine' from project 'OpenCombine')
    cd /Users/admin/builder/spi-builder-workspace/.swiftpm/xcode
    builtin-SwiftPerFileCompile Publishers.Throttle.swift
SwiftCompile normal arm64 /Users/admin/builder/spi-builder-workspace/.dependencies/checkouts/OpenCombine/Sources/OpenCombine/Publishers/Publishers.Timeout.swift (in target 'OpenCombine' from project 'OpenCombine')
    cd /Users/admin/builder/spi-builder-workspace/.swiftpm/xcode
    builtin-SwiftPerFileCompile Publishers.Timeout.swift
SwiftCompile normal arm64 /Users/admin/builder/spi-builder-workspace/.dependencies/checkouts/OpenCombine/Sources/OpenCombine/Publishers/Publishers.Zip.swift (in target 'OpenCombine' from project 'OpenCombine')
    cd /Users/admin/builder/spi-builder-workspace/.swiftpm/xcode
    builtin-SwiftPerFileCompile Publishers.Zip.swift
SwiftCompile normal arm64 /Users/admin/builder/spi-builder-workspace/.dependencies/checkouts/OpenCombine/Sources/OpenCombine/Publishers/Publishers.swift (in target 'OpenCombine' from project 'OpenCombine')
    cd /Users/admin/builder/spi-builder-workspace/.swiftpm/xcode
    builtin-SwiftPerFileCompile Publishers.swift
SwiftCompile normal arm64 /Users/admin/builder/spi-builder-workspace/.dependencies/checkouts/OpenCombine/Sources/OpenCombine/Publishers/Record.swift (in target 'OpenCombine' from project 'OpenCombine')
    cd /Users/admin/builder/spi-builder-workspace/.swiftpm/xcode
    builtin-SwiftPerFileCompile Record.swift
SwiftCompile normal arm64 /Users/admin/builder/spi-builder-workspace/.dependencies/checkouts/OpenCombine/Sources/OpenCombine/Publishers/Result.Publisher.swift (in target 'OpenCombine' from project 'OpenCombine')
    cd /Users/admin/builder/spi-builder-workspace/.swiftpm/xcode
    builtin-SwiftPerFileCompile Result.Publisher.swift
SwiftCompile normal arm64 /Users/admin/builder/spi-builder-workspace/.dependencies/checkouts/OpenCombine/Sources/OpenCombine/Result.swift (in target 'OpenCombine' from project 'OpenCombine')
    cd /Users/admin/builder/spi-builder-workspace/.swiftpm/xcode
    builtin-SwiftPerFileCompile Result.swift
SwiftCompile normal arm64 /Users/admin/builder/spi-builder-workspace/.dependencies/checkouts/OpenCombine/Sources/OpenCombine/Scheduler.swift (in target 'OpenCombine' from project 'OpenCombine')
    cd /Users/admin/builder/spi-builder-workspace/.swiftpm/xcode
    builtin-SwiftPerFileCompile Scheduler.swift
/Users/admin/builder/spi-builder-workspace/.dependencies/checkouts/OpenCombine/Sources/OpenCombine/Helpers/Locking.swift:29:33: error: cannot find type '__UnfairLock' in scope
27 | #endif // WASI
28 |
29 | internal typealias UnfairLock = __UnfairLock
   |                                 `- error: cannot find type '__UnfairLock' in scope
30 | internal typealias UnfairRecursiveLock = __UnfairRecursiveLock
31 |
SwiftCompile normal arm64 Compiling\ Publishers.Debounce.swift,\ Publishers.Delay.swift,\ Publishers.Drop.swift,\ Publishers.DropUntilOutput.swift,\ Publishers.DropWhile.swift,\ Publishers.Filter.swift,\ Publishers.First.swift,\ Publishers.FlatMap.swift,\ Publishers.HandleEvents.swift,\ Publishers.IgnoreOutput.swift /Users/admin/builder/spi-builder-workspace/.dependencies/checkouts/OpenCombine/Sources/OpenCombine/Publishers/Publishers.Debounce.swift /Users/admin/builder/spi-builder-workspace/.dependencies/checkouts/OpenCombine/Sources/OpenCombine/Publishers/Publishers.Delay.swift /Users/admin/builder/spi-builder-workspace/.dependencies/checkouts/OpenCombine/Sources/OpenCombine/Publishers/Publishers.Drop.swift /Users/admin/builder/spi-builder-workspace/.dependencies/checkouts/OpenCombine/Sources/OpenCombine/Publishers/Publishers.DropUntilOutput.swift /Users/admin/builder/spi-builder-workspace/.dependencies/checkouts/OpenCombine/Sources/OpenCombine/Publishers/Publishers.DropWhile.swift /Users/admin/builder/spi-builder-workspace/.dependencies/checkouts/OpenCombine/Sources/OpenCombine/Publishers/Publishers.Filter.swift /Users/admin/builder/spi-builder-workspace/.dependencies/checkouts/OpenCombine/Sources/OpenCombine/Publishers/Publishers.First.swift /Users/admin/builder/spi-builder-workspace/.dependencies/checkouts/OpenCombine/Sources/OpenCombine/Publishers/Publishers.FlatMap.swift /Users/admin/builder/spi-builder-workspace/.dependencies/checkouts/OpenCombine/Sources/OpenCombine/Publishers/Publishers.HandleEvents.swift /Users/admin/builder/spi-builder-workspace/.dependencies/checkouts/OpenCombine/Sources/OpenCombine/Publishers/Publishers.IgnoreOutput.swift (in target 'OpenCombine' from project 'OpenCombine')
/Users/admin/builder/spi-builder-workspace/.dependencies/checkouts/OpenCombine/Sources/OpenCombine/Helpers/Locking.swift:29:33: error: cannot find type '__UnfairLock' in scope
27 | #endif // WASI
28 |
29 | internal typealias UnfairLock = __UnfairLock
   |                                 `- error: cannot find type '__UnfairLock' in scope
30 | internal typealias UnfairRecursiveLock = __UnfairRecursiveLock
31 |
SwiftCompile normal arm64 /Users/admin/builder/spi-builder-workspace/.dependencies/checkouts/OpenCombine/Sources/OpenCombine/Publishers/Publishers.Debounce.swift (in target 'OpenCombine' from project 'OpenCombine')
    cd /Users/admin/builder/spi-builder-workspace/.swiftpm/xcode
    builtin-SwiftPerFileCompile Publishers.Debounce.swift
SwiftCompile normal arm64 /Users/admin/builder/spi-builder-workspace/.dependencies/checkouts/OpenCombine/Sources/OpenCombine/Publishers/Publishers.Delay.swift (in target 'OpenCombine' from project 'OpenCombine')
    cd /Users/admin/builder/spi-builder-workspace/.swiftpm/xcode
    builtin-SwiftPerFileCompile Publishers.Delay.swift
SwiftCompile normal arm64 /Users/admin/builder/spi-builder-workspace/.dependencies/checkouts/OpenCombine/Sources/OpenCombine/Publishers/Publishers.Drop.swift (in target 'OpenCombine' from project 'OpenCombine')
    cd /Users/admin/builder/spi-builder-workspace/.swiftpm/xcode
    builtin-SwiftPerFileCompile Publishers.Drop.swift
SwiftCompile normal arm64 /Users/admin/builder/spi-builder-workspace/.dependencies/checkouts/OpenCombine/Sources/OpenCombine/Publishers/Publishers.DropUntilOutput.swift (in target 'OpenCombine' from project 'OpenCombine')
    cd /Users/admin/builder/spi-builder-workspace/.swiftpm/xcode
    builtin-SwiftPerFileCompile Publishers.DropUntilOutput.swift
SwiftCompile normal arm64 /Users/admin/builder/spi-builder-workspace/.dependencies/checkouts/OpenCombine/Sources/OpenCombine/Publishers/Publishers.DropWhile.swift (in target 'OpenCombine' from project 'OpenCombine')
    cd /Users/admin/builder/spi-builder-workspace/.swiftpm/xcode
    builtin-SwiftPerFileCompile Publishers.DropWhile.swift
SwiftCompile normal arm64 /Users/admin/builder/spi-builder-workspace/.dependencies/checkouts/OpenCombine/Sources/OpenCombine/Publishers/Publishers.Filter.swift (in target 'OpenCombine' from project 'OpenCombine')
    cd /Users/admin/builder/spi-builder-workspace/.swiftpm/xcode
    builtin-SwiftPerFileCompile Publishers.Filter.swift
SwiftCompile normal arm64 /Users/admin/builder/spi-builder-workspace/.dependencies/checkouts/OpenCombine/Sources/OpenCombine/Publishers/Publishers.First.swift (in target 'OpenCombine' from project 'OpenCombine')
    cd /Users/admin/builder/spi-builder-workspace/.swiftpm/xcode
    builtin-SwiftPerFileCompile Publishers.First.swift
SwiftCompile normal arm64 /Users/admin/builder/spi-builder-workspace/.dependencies/checkouts/OpenCombine/Sources/OpenCombine/Publishers/Publishers.FlatMap.swift (in target 'OpenCombine' from project 'OpenCombine')
    cd /Users/admin/builder/spi-builder-workspace/.swiftpm/xcode
    builtin-SwiftPerFileCompile Publishers.FlatMap.swift
SwiftCompile normal arm64 /Users/admin/builder/spi-builder-workspace/.dependencies/checkouts/OpenCombine/Sources/OpenCombine/Publishers/Publishers.HandleEvents.swift (in target 'OpenCombine' from project 'OpenCombine')
    cd /Users/admin/builder/spi-builder-workspace/.swiftpm/xcode
    builtin-SwiftPerFileCompile Publishers.HandleEvents.swift
SwiftCompile normal arm64 /Users/admin/builder/spi-builder-workspace/.dependencies/checkouts/OpenCombine/Sources/OpenCombine/Publishers/Publishers.IgnoreOutput.swift (in target 'OpenCombine' from project 'OpenCombine')
    cd /Users/admin/builder/spi-builder-workspace/.swiftpm/xcode
    builtin-SwiftPerFileCompile Publishers.IgnoreOutput.swift
SwiftCompile normal arm64 Compiling\ SubjectSubscriber.swift,\ SubscriberTap.swift,\ SubscriptionStatus.swift,\ SubscriptionTap.swift,\ Utils.swift,\ Violations.swift,\ ImmediateScheduler.swift,\ ObservableObject.swift,\ PassthroughSubject.swift,\ Published.swift,\ Publisher+Subscribe.swift /Users/admin/builder/spi-builder-workspace/.dependencies/checkouts/OpenCombine/Sources/OpenCombine/Helpers/SubjectSubscriber.swift /Users/admin/builder/spi-builder-workspace/.dependencies/checkouts/OpenCombine/Sources/OpenCombine/Helpers/SubscriberTap.swift /Users/admin/builder/spi-builder-workspace/.dependencies/checkouts/OpenCombine/Sources/OpenCombine/Helpers/SubscriptionStatus.swift /Users/admin/builder/spi-builder-workspace/.dependencies/checkouts/OpenCombine/Sources/OpenCombine/Helpers/SubscriptionTap.swift /Users/admin/builder/spi-builder-workspace/.dependencies/checkouts/OpenCombine/Sources/OpenCombine/Helpers/Utils.swift /Users/admin/builder/spi-builder-workspace/.dependencies/checkouts/OpenCombine/Sources/OpenCombine/Helpers/Violations.swift /Users/admin/builder/spi-builder-workspace/.dependencies/checkouts/OpenCombine/Sources/OpenCombine/ImmediateScheduler.swift /Users/admin/builder/spi-builder-workspace/.dependencies/checkouts/OpenCombine/Sources/OpenCombine/ObservableObject.swift /Users/admin/builder/spi-builder-workspace/.dependencies/checkouts/OpenCombine/Sources/OpenCombine/PassthroughSubject.swift /Users/admin/builder/spi-builder-workspace/.dependencies/checkouts/OpenCombine/Sources/OpenCombine/Published.swift /Users/admin/builder/spi-builder-workspace/.dependencies/checkouts/OpenCombine/Sources/OpenCombine/Publisher+Subscribe.swift (in target 'OpenCombine' from project 'OpenCombine')
/Users/admin/builder/spi-builder-workspace/.dependencies/checkouts/OpenCombine/Sources/OpenCombine/Helpers/Locking.swift:29:33: error: cannot find type '__UnfairLock' in scope
27 | #endif // WASI
28 |
29 | internal typealias UnfairLock = __UnfairLock
   |                                 `- error: cannot find type '__UnfairLock' in scope
30 | internal typealias UnfairRecursiveLock = __UnfairRecursiveLock
31 |
/Users/admin/builder/spi-builder-workspace/.dependencies/checkouts/OpenCombine/Sources/OpenCombine/Helpers/Locking.swift:30:42: error: cannot find type '__UnfairRecursiveLock' in scope
28 |
29 | internal typealias UnfairLock = __UnfairLock
30 | internal typealias UnfairRecursiveLock = __UnfairRecursiveLock
   |                                          `- error: cannot find type '__UnfairRecursiveLock' in scope
31 |
SwiftCompile normal arm64 /Users/admin/builder/spi-builder-workspace/.dependencies/checkouts/OpenCombine/Sources/OpenCombine/Helpers/SubjectSubscriber.swift (in target 'OpenCombine' from project 'OpenCombine')
    cd /Users/admin/builder/spi-builder-workspace/.swiftpm/xcode
    builtin-SwiftPerFileCompile SubjectSubscriber.swift
SwiftCompile normal arm64 /Users/admin/builder/spi-builder-workspace/.dependencies/checkouts/OpenCombine/Sources/OpenCombine/Helpers/SubscriberTap.swift (in target 'OpenCombine' from project 'OpenCombine')
    cd /Users/admin/builder/spi-builder-workspace/.swiftpm/xcode
    builtin-SwiftPerFileCompile SubscriberTap.swift
SwiftCompile normal arm64 /Users/admin/builder/spi-builder-workspace/.dependencies/checkouts/OpenCombine/Sources/OpenCombine/Helpers/SubscriptionStatus.swift (in target 'OpenCombine' from project 'OpenCombine')
    cd /Users/admin/builder/spi-builder-workspace/.swiftpm/xcode
    builtin-SwiftPerFileCompile SubscriptionStatus.swift
SwiftCompile normal arm64 /Users/admin/builder/spi-builder-workspace/.dependencies/checkouts/OpenCombine/Sources/OpenCombine/Helpers/SubscriptionTap.swift (in target 'OpenCombine' from project 'OpenCombine')
    cd /Users/admin/builder/spi-builder-workspace/.swiftpm/xcode
    builtin-SwiftPerFileCompile SubscriptionTap.swift
SwiftCompile normal arm64 /Users/admin/builder/spi-builder-workspace/.dependencies/checkouts/OpenCombine/Sources/OpenCombine/Helpers/Utils.swift (in target 'OpenCombine' from project 'OpenCombine')
    cd /Users/admin/builder/spi-builder-workspace/.swiftpm/xcode
    builtin-SwiftPerFileCompile Utils.swift
SwiftCompile normal arm64 /Users/admin/builder/spi-builder-workspace/.dependencies/checkouts/OpenCombine/Sources/OpenCombine/Helpers/Violations.swift (in target 'OpenCombine' from project 'OpenCombine')
    cd /Users/admin/builder/spi-builder-workspace/.swiftpm/xcode
    builtin-SwiftPerFileCompile Violations.swift
SwiftCompile normal arm64 /Users/admin/builder/spi-builder-workspace/.dependencies/checkouts/OpenCombine/Sources/OpenCombine/ImmediateScheduler.swift (in target 'OpenCombine' from project 'OpenCombine')
    cd /Users/admin/builder/spi-builder-workspace/.swiftpm/xcode
    builtin-SwiftPerFileCompile ImmediateScheduler.swift
SwiftCompile normal arm64 /Users/admin/builder/spi-builder-workspace/.dependencies/checkouts/OpenCombine/Sources/OpenCombine/ObservableObject.swift (in target 'OpenCombine' from project 'OpenCombine')
    cd /Users/admin/builder/spi-builder-workspace/.swiftpm/xcode
    builtin-SwiftPerFileCompile ObservableObject.swift
SwiftCompile normal arm64 /Users/admin/builder/spi-builder-workspace/.dependencies/checkouts/OpenCombine/Sources/OpenCombine/PassthroughSubject.swift (in target 'OpenCombine' from project 'OpenCombine')
    cd /Users/admin/builder/spi-builder-workspace/.swiftpm/xcode
    builtin-SwiftPerFileCompile PassthroughSubject.swift
SwiftCompile normal arm64 /Users/admin/builder/spi-builder-workspace/.dependencies/checkouts/OpenCombine/Sources/OpenCombine/Published.swift (in target 'OpenCombine' from project 'OpenCombine')
    cd /Users/admin/builder/spi-builder-workspace/.swiftpm/xcode
    builtin-SwiftPerFileCompile Published.swift
SwiftCompile normal arm64 /Users/admin/builder/spi-builder-workspace/.dependencies/checkouts/OpenCombine/Sources/OpenCombine/Publisher+Subscribe.swift (in target 'OpenCombine' from project 'OpenCombine')
    cd /Users/admin/builder/spi-builder-workspace/.swiftpm/xcode
    builtin-SwiftPerFileCompile Publisher+Subscribe.swift
SwiftCompile normal arm64 Compiling\ Publishers.Autoconnect.swift,\ Publishers.Breakpoint.swift,\ Publishers.Buffer.swift,\ Publishers.Collect.swift,\ Publishers.CollectByCount.swift,\ Publishers.CompactMap.swift,\ Publishers.Comparison.swift,\ Publishers.Concatenate.swift,\ Publishers.Contains.swift,\ Publishers.Count.swift /Users/admin/builder/spi-builder-workspace/.dependencies/checkouts/OpenCombine/Sources/OpenCombine/Publishers/Publishers.Autoconnect.swift /Users/admin/builder/spi-builder-workspace/.dependencies/checkouts/OpenCombine/Sources/OpenCombine/Publishers/Publishers.Breakpoint.swift /Users/admin/builder/spi-builder-workspace/.dependencies/checkouts/OpenCombine/Sources/OpenCombine/Publishers/Publishers.Buffer.swift /Users/admin/builder/spi-builder-workspace/.dependencies/checkouts/OpenCombine/Sources/OpenCombine/Publishers/Publishers.Collect.swift /Users/admin/builder/spi-builder-workspace/.dependencies/checkouts/OpenCombine/Sources/OpenCombine/Publishers/Publishers.CollectByCount.swift /Users/admin/builder/spi-builder-workspace/.dependencies/checkouts/OpenCombine/Sources/OpenCombine/Publishers/Publishers.CompactMap.swift /Users/admin/builder/spi-builder-workspace/.dependencies/checkouts/OpenCombine/Sources/OpenCombine/Publishers/Publishers.Comparison.swift /Users/admin/builder/spi-builder-workspace/.dependencies/checkouts/OpenCombine/Sources/OpenCombine/Publishers/Publishers.Concatenate.swift /Users/admin/builder/spi-builder-workspace/.dependencies/checkouts/OpenCombine/Sources/OpenCombine/Publishers/Publishers.Contains.swift /Users/admin/builder/spi-builder-workspace/.dependencies/checkouts/OpenCombine/Sources/OpenCombine/Publishers/Publishers.Count.swift (in target 'OpenCombine' from project 'OpenCombine')
/Users/admin/builder/spi-builder-workspace/.dependencies/checkouts/OpenCombine/Sources/OpenCombine/Helpers/Locking.swift:29:33: error: cannot find type '__UnfairLock' in scope
27 | #endif // WASI
28 |
29 | internal typealias UnfairLock = __UnfairLock
   |                                 `- error: cannot find type '__UnfairLock' in scope
30 | internal typealias UnfairRecursiveLock = __UnfairRecursiveLock
31 |
/Users/admin/builder/spi-builder-workspace/.dependencies/checkouts/OpenCombine/Sources/OpenCombine/Publishers/Publishers.Breakpoint.swift:202:17: error: cannot find '__stopInDebugger' in scope
200 |         func receive(subscription: Subscription) {
201 |             if breakpoint.receiveSubscription?(subscription) == true {
202 |                 __stopInDebugger()
    |                 `- error: cannot find '__stopInDebugger' in scope
203 |             }
204 |             downstream.receive(subscription: subscription)
/Users/admin/builder/spi-builder-workspace/.dependencies/checkouts/OpenCombine/Sources/OpenCombine/Publishers/Publishers.Breakpoint.swift:209:17: error: cannot find '__stopInDebugger' in scope
207 |         func receive(_ input: Upstream.Output) -> Subscribers.Demand {
208 |             if breakpoint.receiveOutput?(input) == true {
209 |                 __stopInDebugger()
    |                 `- error: cannot find '__stopInDebugger' in scope
210 |             }
211 |             return downstream.receive(input)
SwiftCompile normal arm64 /Users/admin/builder/spi-builder-workspace/.dependencies/checkouts/OpenCombine/Sources/OpenCombine/Publishers/Publishers.Autoconnect.swift (in target 'OpenCombine' from project 'OpenCombine')
    cd /Users/admin/builder/spi-builder-workspace/.swiftpm/xcode
    builtin-SwiftPerFileCompile Publishers.Autoconnect.swift
SwiftCompile normal arm64 /Users/admin/builder/spi-builder-workspace/.dependencies/checkouts/OpenCombine/Sources/OpenCombine/Publishers/Publishers.Breakpoint.swift (in target 'OpenCombine' from project 'OpenCombine')
    cd /Users/admin/builder/spi-builder-workspace/.swiftpm/xcode
    builtin-SwiftPerFileCompile Publishers.Breakpoint.swift
SwiftCompile normal arm64 /Users/admin/builder/spi-builder-workspace/.dependencies/checkouts/OpenCombine/Sources/OpenCombine/Publishers/Publishers.Buffer.swift (in target 'OpenCombine' from project 'OpenCombine')
    cd /Users/admin/builder/spi-builder-workspace/.swiftpm/xcode
    builtin-SwiftPerFileCompile Publishers.Buffer.swift
SwiftCompile normal arm64 /Users/admin/builder/spi-builder-workspace/.dependencies/checkouts/OpenCombine/Sources/OpenCombine/Publishers/Publishers.Collect.swift (in target 'OpenCombine' from project 'OpenCombine')
    cd /Users/admin/builder/spi-builder-workspace/.swiftpm/xcode
    builtin-SwiftPerFileCompile Publishers.Collect.swift
SwiftCompile normal arm64 /Users/admin/builder/spi-builder-workspace/.dependencies/checkouts/OpenCombine/Sources/OpenCombine/Publishers/Publishers.CollectByCount.swift (in target 'OpenCombine' from project 'OpenCombine')
    cd /Users/admin/builder/spi-builder-workspace/.swiftpm/xcode
    builtin-SwiftPerFileCompile Publishers.CollectByCount.swift
SwiftCompile normal arm64 /Users/admin/builder/spi-builder-workspace/.dependencies/checkouts/OpenCombine/Sources/OpenCombine/Publishers/Publishers.CompactMap.swift (in target 'OpenCombine' from project 'OpenCombine')
    cd /Users/admin/builder/spi-builder-workspace/.swiftpm/xcode
    builtin-SwiftPerFileCompile Publishers.CompactMap.swift
SwiftCompile normal arm64 /Users/admin/builder/spi-builder-workspace/.dependencies/checkouts/OpenCombine/Sources/OpenCombine/Publishers/Publishers.Comparison.swift (in target 'OpenCombine' from project 'OpenCombine')
    cd /Users/admin/builder/spi-builder-workspace/.swiftpm/xcode
    builtin-SwiftPerFileCompile Publishers.Comparison.swift
SwiftCompile normal arm64 /Users/admin/builder/spi-builder-workspace/.dependencies/checkouts/OpenCombine/Sources/OpenCombine/Publishers/Publishers.Concatenate.swift (in target 'OpenCombine' from project 'OpenCombine')
    cd /Users/admin/builder/spi-builder-workspace/.swiftpm/xcode
    builtin-SwiftPerFileCompile Publishers.Concatenate.swift
SwiftCompile normal arm64 /Users/admin/builder/spi-builder-workspace/.dependencies/checkouts/OpenCombine/Sources/OpenCombine/Publishers/Publishers.Contains.swift (in target 'OpenCombine' from project 'OpenCombine')
    cd /Users/admin/builder/spi-builder-workspace/.swiftpm/xcode
    builtin-SwiftPerFileCompile Publishers.Contains.swift
SwiftCompile normal arm64 /Users/admin/builder/spi-builder-workspace/.dependencies/checkouts/OpenCombine/Sources/OpenCombine/Publishers/Publishers.Count.swift (in target 'OpenCombine' from project 'OpenCombine')
    cd /Users/admin/builder/spi-builder-workspace/.swiftpm/xcode
    builtin-SwiftPerFileCompile Publishers.Count.swift
SwiftExplicitDependencyGeneratePcm arm64 /Users/admin/builder/spi-builder-workspace/.derivedData/SDKExplicitPrecompiledModules/_DarwinFoundation3-9ZHN6JKBS40BBA81RQMV8H0IC.pcm
SwiftCompile normal arm64 Compiling\ Future.swift,\ GENERATED-RootProtocols.swift,\ ConduitBase.swift,\ ConduitList.swift,\ DebugHook.swift,\ FilterProducer.swift,\ Locking.swift,\ PartialCompletion.swift,\ PublishedSubject.swift,\ PublishedSubscriber.swift,\ ReduceProducer.swift /Users/admin/builder/spi-builder-workspace/.dependencies/checkouts/OpenCombine/Sources/OpenCombine/Future.swift /Users/admin/builder/spi-builder-workspace/.dependencies/checkouts/OpenCombine/Sources/OpenCombine/GENERATED-RootProtocols.swift /Users/admin/builder/spi-builder-workspace/.dependencies/checkouts/OpenCombine/Sources/OpenCombine/Helpers/ConduitBase.swift /Users/admin/builder/spi-builder-workspace/.dependencies/checkouts/OpenCombine/Sources/OpenCombine/Helpers/ConduitList.swift /Users/admin/builder/spi-builder-workspace/.dependencies/checkouts/OpenCombine/Sources/OpenCombine/Helpers/DebugHook.swift /Users/admin/builder/spi-builder-workspace/.dependencies/checkouts/OpenCombine/Sources/OpenCombine/Helpers/FilterProducer.swift /Users/admin/builder/spi-builder-workspace/.dependencies/checkouts/OpenCombine/Sources/OpenCombine/Helpers/Locking.swift /Users/admin/builder/spi-builder-workspace/.dependencies/checkouts/OpenCombine/Sources/OpenCombine/Helpers/PartialCompletion.swift /Users/admin/builder/spi-builder-workspace/.dependencies/checkouts/OpenCombine/Sources/OpenCombine/Helpers/PublishedSubject.swift /Users/admin/builder/spi-builder-workspace/.dependencies/checkouts/OpenCombine/Sources/OpenCombine/Helpers/PublishedSubscriber.swift /Users/admin/builder/spi-builder-workspace/.dependencies/checkouts/OpenCombine/Sources/OpenCombine/Helpers/ReduceProducer.swift (in target 'OpenCombine' from project 'OpenCombine')
/Users/admin/builder/spi-builder-workspace/.dependencies/checkouts/OpenCombine/Sources/OpenCombine/Helpers/Locking.swift:29:33: error: cannot find type '__UnfairLock' in scope
27 | #endif // WASI
28 |
29 | internal typealias UnfairLock = __UnfairLock
   |                                 `- error: cannot find type '__UnfairLock' in scope
30 | internal typealias UnfairRecursiveLock = __UnfairRecursiveLock
31 |
SwiftCompile normal arm64 /Users/admin/builder/spi-builder-workspace/.dependencies/checkouts/OpenCombine/Sources/OpenCombine/Future.swift (in target 'OpenCombine' from project 'OpenCombine')
    cd /Users/admin/builder/spi-builder-workspace/.swiftpm/xcode
    builtin-SwiftPerFileCompile Future.swift
SwiftCompile normal arm64 /Users/admin/builder/spi-builder-workspace/.dependencies/checkouts/OpenCombine/Sources/OpenCombine/GENERATED-RootProtocols.swift (in target 'OpenCombine' from project 'OpenCombine')
    cd /Users/admin/builder/spi-builder-workspace/.swiftpm/xcode
    builtin-SwiftPerFileCompile GENERATED-RootProtocols.swift
SwiftCompile normal arm64 /Users/admin/builder/spi-builder-workspace/.dependencies/checkouts/OpenCombine/Sources/OpenCombine/Helpers/ConduitBase.swift (in target 'OpenCombine' from project 'OpenCombine')
    cd /Users/admin/builder/spi-builder-workspace/.swiftpm/xcode
    builtin-SwiftPerFileCompile ConduitBase.swift
SwiftCompile normal arm64 /Users/admin/builder/spi-builder-workspace/.dependencies/checkouts/OpenCombine/Sources/OpenCombine/Helpers/ConduitList.swift (in target 'OpenCombine' from project 'OpenCombine')
    cd /Users/admin/builder/spi-builder-workspace/.swiftpm/xcode
    builtin-SwiftPerFileCompile ConduitList.swift
SwiftCompile normal arm64 /Users/admin/builder/spi-builder-workspace/.dependencies/checkouts/OpenCombine/Sources/OpenCombine/Helpers/DebugHook.swift (in target 'OpenCombine' from project 'OpenCombine')
    cd /Users/admin/builder/spi-builder-workspace/.swiftpm/xcode
    builtin-SwiftPerFileCompile DebugHook.swift
SwiftCompile normal arm64 /Users/admin/builder/spi-builder-workspace/.dependencies/checkouts/OpenCombine/Sources/OpenCombine/Helpers/FilterProducer.swift (in target 'OpenCombine' from project 'OpenCombine')
    cd /Users/admin/builder/spi-builder-workspace/.swiftpm/xcode
    builtin-SwiftPerFileCompile FilterProducer.swift
SwiftCompile normal arm64 /Users/admin/builder/spi-builder-workspace/.dependencies/checkouts/OpenCombine/Sources/OpenCombine/Helpers/Locking.swift (in target 'OpenCombine' from project 'OpenCombine')
    cd /Users/admin/builder/spi-builder-workspace/.swiftpm/xcode
    builtin-SwiftPerFileCompile Locking.swift
SwiftCompile normal arm64 /Users/admin/builder/spi-builder-workspace/.dependencies/checkouts/OpenCombine/Sources/OpenCombine/Helpers/PartialCompletion.swift (in target 'OpenCombine' from project 'OpenCombine')
    cd /Users/admin/builder/spi-builder-workspace/.swiftpm/xcode
    builtin-SwiftPerFileCompile PartialCompletion.swift
SwiftCompile normal arm64 /Users/admin/builder/spi-builder-workspace/.dependencies/checkouts/OpenCombine/Sources/OpenCombine/Helpers/PublishedSubject.swift (in target 'OpenCombine' from project 'OpenCombine')
    cd /Users/admin/builder/spi-builder-workspace/.swiftpm/xcode
    builtin-SwiftPerFileCompile PublishedSubject.swift
SwiftCompile normal arm64 /Users/admin/builder/spi-builder-workspace/.dependencies/checkouts/OpenCombine/Sources/OpenCombine/Helpers/PublishedSubscriber.swift (in target 'OpenCombine' from project 'OpenCombine')
    cd /Users/admin/builder/spi-builder-workspace/.swiftpm/xcode
    builtin-SwiftPerFileCompile PublishedSubscriber.swift
SwiftCompile normal arm64 /Users/admin/builder/spi-builder-workspace/.dependencies/checkouts/OpenCombine/Sources/OpenCombine/Helpers/ReduceProducer.swift (in target 'OpenCombine' from project 'OpenCombine')
    cd /Users/admin/builder/spi-builder-workspace/.swiftpm/xcode
    builtin-SwiftPerFileCompile ReduceProducer.swift
SwiftCompile normal arm64 Compiling\ AnyCancellable.swift,\ AnyPublisher.swift,\ AnySubscriber.swift,\ Cancellable.swift,\ Codable.swift,\ CombineIdentifier.swift,\ ConcurrencyHelpers.swift,\ Future+Concurrency.swift,\ GENERATED-Publisher+Concurrency.swift,\ CurrentValueSubject.swift,\ CustomCombineIdentifierConvertible.swift /Users/admin/builder/spi-builder-workspace/.dependencies/checkouts/OpenCombine/Sources/OpenCombine/AnyCancellable.swift /Users/admin/builder/spi-builder-workspace/.dependencies/checkouts/OpenCombine/Sources/OpenCombine/AnyPublisher.swift /Users/admin/builder/spi-builder-workspace/.dependencies/checkouts/OpenCombine/Sources/OpenCombine/AnySubscriber.swift /Users/admin/builder/spi-builder-workspace/.dependencies/checkouts/OpenCombine/Sources/OpenCombine/Cancellable.swift /Users/admin/builder/spi-builder-workspace/.dependencies/checkouts/OpenCombine/Sources/OpenCombine/Codable.swift /Users/admin/builder/spi-builder-workspace/.dependencies/checkouts/OpenCombine/Sources/OpenCombine/CombineIdentifier.swift /Users/admin/builder/spi-builder-workspace/.dependencies/checkouts/OpenCombine/Sources/OpenCombine/Concurrency/ConcurrencyHelpers.swift /Users/admin/builder/spi-builder-workspace/.dependencies/checkouts/OpenCombine/Sources/OpenCombine/Concurrency/Future+Concurrency.swift /Users/admin/builder/spi-builder-workspace/.dependencies/checkouts/OpenCombine/Sources/OpenCombine/Concurrency/GENERATED-Publisher+Concurrency.swift /Users/admin/builder/spi-builder-workspace/.dependencies/checkouts/OpenCombine/Sources/OpenCombine/CurrentValueSubject.swift /Users/admin/builder/spi-builder-workspace/.dependencies/checkouts/OpenCombine/Sources/OpenCombine/CustomCombineIdentifierConvertible.swift (in target 'OpenCombine' from project 'OpenCombine')
/Users/admin/builder/spi-builder-workspace/.dependencies/checkouts/OpenCombine/Sources/OpenCombine/CombineIdentifier.swift:34:20: error: cannot find '__nextCombineIdentifier' in scope
32 |     /// Creates a unique Combine identifier.
33 |     public init() {
34 |         rawValue = __nextCombineIdentifier()
   |                    `- error: cannot find '__nextCombineIdentifier' in scope
35 |     }
36 |
/Users/admin/builder/spi-builder-workspace/.dependencies/checkouts/OpenCombine/Sources/OpenCombine/Helpers/Locking.swift:29:33: error: cannot find type '__UnfairLock' in scope
27 | #endif // WASI
28 |
29 | internal typealias UnfairLock = __UnfairLock
   |                                 `- error: cannot find type '__UnfairLock' in scope
30 | internal typealias UnfairRecursiveLock = __UnfairRecursiveLock
31 |
SwiftCompile normal arm64 /Users/admin/builder/spi-builder-workspace/.dependencies/checkouts/OpenCombine/Sources/OpenCombine/AnyCancellable.swift (in target 'OpenCombine' from project 'OpenCombine')
    cd /Users/admin/builder/spi-builder-workspace/.swiftpm/xcode
    builtin-SwiftPerFileCompile AnyCancellable.swift
SwiftCompile normal arm64 /Users/admin/builder/spi-builder-workspace/.dependencies/checkouts/OpenCombine/Sources/OpenCombine/AnyPublisher.swift (in target 'OpenCombine' from project 'OpenCombine')
    cd /Users/admin/builder/spi-builder-workspace/.swiftpm/xcode
    builtin-SwiftPerFileCompile AnyPublisher.swift
SwiftCompile normal arm64 /Users/admin/builder/spi-builder-workspace/.dependencies/checkouts/OpenCombine/Sources/OpenCombine/AnySubscriber.swift (in target 'OpenCombine' from project 'OpenCombine')
    cd /Users/admin/builder/spi-builder-workspace/.swiftpm/xcode
    builtin-SwiftPerFileCompile AnySubscriber.swift
SwiftCompile normal arm64 /Users/admin/builder/spi-builder-workspace/.dependencies/checkouts/OpenCombine/Sources/OpenCombine/Cancellable.swift (in target 'OpenCombine' from project 'OpenCombine')
    cd /Users/admin/builder/spi-builder-workspace/.swiftpm/xcode
    builtin-SwiftPerFileCompile Cancellable.swift
SwiftCompile normal arm64 /Users/admin/builder/spi-builder-workspace/.dependencies/checkouts/OpenCombine/Sources/OpenCombine/Codable.swift (in target 'OpenCombine' from project 'OpenCombine')
    cd /Users/admin/builder/spi-builder-workspace/.swiftpm/xcode
    builtin-SwiftPerFileCompile Codable.swift
SwiftCompile normal arm64 /Users/admin/builder/spi-builder-workspace/.dependencies/checkouts/OpenCombine/Sources/OpenCombine/CombineIdentifier.swift (in target 'OpenCombine' from project 'OpenCombine')
    cd /Users/admin/builder/spi-builder-workspace/.swiftpm/xcode
    builtin-SwiftPerFileCompile CombineIdentifier.swift
SwiftCompile normal arm64 /Users/admin/builder/spi-builder-workspace/.dependencies/checkouts/OpenCombine/Sources/OpenCombine/Concurrency/ConcurrencyHelpers.swift (in target 'OpenCombine' from project 'OpenCombine')
    cd /Users/admin/builder/spi-builder-workspace/.swiftpm/xcode
    builtin-SwiftPerFileCompile ConcurrencyHelpers.swift
SwiftCompile normal arm64 /Users/admin/builder/spi-builder-workspace/.dependencies/checkouts/OpenCombine/Sources/OpenCombine/Concurrency/Future+Concurrency.swift (in target 'OpenCombine' from project 'OpenCombine')
    cd /Users/admin/builder/spi-builder-workspace/.swiftpm/xcode
    builtin-SwiftPerFileCompile Future+Concurrency.swift
SwiftCompile normal arm64 /Users/admin/builder/spi-builder-workspace/.dependencies/checkouts/OpenCombine/Sources/OpenCombine/Concurrency/GENERATED-Publisher+Concurrency.swift (in target 'OpenCombine' from project 'OpenCombine')
    cd /Users/admin/builder/spi-builder-workspace/.swiftpm/xcode
    builtin-SwiftPerFileCompile GENERATED-Publisher+Concurrency.swift
SwiftCompile normal arm64 /Users/admin/builder/spi-builder-workspace/.dependencies/checkouts/OpenCombine/Sources/OpenCombine/CurrentValueSubject.swift (in target 'OpenCombine' from project 'OpenCombine')
    cd /Users/admin/builder/spi-builder-workspace/.swiftpm/xcode
    builtin-SwiftPerFileCompile CurrentValueSubject.swift
SwiftCompile normal arm64 /Users/admin/builder/spi-builder-workspace/.dependencies/checkouts/OpenCombine/Sources/OpenCombine/CustomCombineIdentifierConvertible.swift (in target 'OpenCombine' from project 'OpenCombine')
    cd /Users/admin/builder/spi-builder-workspace/.swiftpm/xcode
    builtin-SwiftPerFileCompile CustomCombineIdentifierConvertible.swift
CompileC /Users/admin/builder/spi-builder-workspace/.derivedData/Build/Intermediates.noindex/swift-crypto.build/Debug-xros/CCryptoBoringSSL-t.build/Objects-normal-tsan/arm64/urandom.o /Users/admin/builder/spi-builder-workspace/.dependencies/checkouts/swift-crypto/Sources/CCryptoBoringSSL/crypto/fipsmodule/rand/urandom.c normal arm64 c com.apple.compilers.llvm.clang.1_0.compiler (in target 'CCryptoBoringSSL' from project 'swift-crypto')
    cd /Users/admin/builder/spi-builder-workspace/.swiftpm/xcode

    Using response file: /Users/admin/builder/spi-builder-workspace/.derivedData/Build/Intermediates.noindex/swift-crypto.build/Debug-xros/CCryptoBoringSSL-t.build/Objects-normal-tsan/arm64/7187679823f38a2a940e0043cdf9d637-common-args.resp

    /Applications/Xcode-27.0.0-Release.Candidate.app/Contents/Developer/Toolchains/XcodeDefault.xctoolchain/usr/bin/clang -x c -ivfsstatcache /Users/admin/builder/spi-builder-workspace/.derivedData/SDKStatCaches.noindex/xros27.0-24M361-e829b21a6f8c9b70876ba0858053c044735bd543db762f57723cac368afd1ce4.sdkstatcache -target arm64-apple-xros1.0 -fmessage-length\=0 -fdiagnostics-show-note-include-stack -fmacro-backtrace-limit\=0 -fno-color-diagnostics -fmodules-prune-interval\=86400 -fmodules-prune-after\=345600 -fbuild-session-file\=/Users/admin/builder/spi-builder-workspace/.derivedData/ModuleCache.noindex/Session.modulevalidation -fmodules-validate-once-per-build-session -Wnon-modular-include-in-framework-module -Werror\=non-modular-include-in-framework-module -Wno-trigraphs -Wno-missing-field-initializers -Wno-missing-prototypes -Wno-return-type -Wno-missing-braces -Wparentheses -Wswitch -Wno-unused-function -Wno-unused-label -Wno-unused-parameter -Wno-unused-variable -Wunused-value -Wno-empty-body -Wno-uninitialized -Wno-unknown-pragmas -w -Wno-shadow -Wno-four-char-constants -Wno-conversion -Wno-constant-conversion -Wno-int-conversion -Wno-bool-conversion -Wno-enum-conversion -Wno-float-conversion -Wno-non-literal-null-conversion -Wno-objc-literal-conversion -Wshorten-64-to-32 -Wpointer-sign -Wno-newline-eof -Wno-implicit-fallthrough -isysroot /Applications/Xcode-27.0.0-Release.Candidate.app/Contents/Developer/Platforms/XROS.platform/Developer/SDKs/XROS27.0.sdk -fstrict-aliasing -Wdeprecated-declarations -Wno-sign-conversion -Wno-infinite-recursion -Wno-comma -Wno-block-capture-autoreleasing -Wno-strict-prototypes -Wno-semicolon-before-method-body -index-store-path /Users/admin/builder/spi-builder-workspace/.derivedData/Index.noindex/DataStore @/Users/admin/builder/spi-builder-workspace/.derivedData/Build/Intermediates.noindex/swift-crypto.build/Debug-xros/CCryptoBoringSSL-t.build/Objects-normal-tsan/arm64/7187679823f38a2a940e0043cdf9d637-common-args.resp -MMD -MT dependencies -MF /Users/admin/builder/spi-builder-workspace/.derivedData/Build/Intermediates.noindex/swift-crypto.build/Debug-xros/CCryptoBoringSSL-t.build/Objects-normal-tsan/arm64/urandom.d --serialize-diagnostics /Users/admin/builder/spi-builder-workspace/.derivedData/Build/Intermediates.noindex/swift-crypto.build/Debug-xros/CCryptoBoringSSL-t.build/Objects-normal-tsan/arm64/urandom.dia -c /Users/admin/builder/spi-builder-workspace/.dependencies/checkouts/swift-crypto/Sources/CCryptoBoringSSL/crypto/fipsmodule/rand/urandom.c -o /Users/admin/builder/spi-builder-workspace/.derivedData/Build/Intermediates.noindex/swift-crypto.build/Debug-xros/CCryptoBoringSSL-t.build/Objects-normal-tsan/arm64/urandom.o -index-unit-output-path /swift-crypto.build/Debug-xros/CCryptoBoringSSL-t.build/Objects-normal-tsan/arm64/urandom.o
SwiftExplicitDependencyGeneratePcm arm64 /Users/admin/builder/spi-builder-workspace/.derivedData/SDKExplicitPrecompiledModules/_Builtin_inttypes-11B64KJD36B3YOHBR1BBXBJY8.pcm
SwiftExplicitDependencyGeneratePcm arm64 /Users/admin/builder/spi-builder-workspace/.derivedData/Build/Intermediates.noindex/SwiftExplicitPrecompiledModules/CCryptoBoringSSL-7NXKF8EF1QKZUQ9HWXML68Y5D.pcm
SwiftEmitModule normal arm64 Emitting\ module\ for\ Logging (in target 'Logging' from project 'swift-log')
SwiftCompile normal arm64 (in target 'Logging' from project 'swift-log')
    cd /Users/admin/builder/spi-builder-workspace/.swiftpm/xcode

SwiftExplicitDependencyGeneratePcm arm64 /Users/admin/builder/spi-builder-workspace/.derivedData/SDKExplicitPrecompiledModules/Darwin-60P5LVNQO3ESRRM5DCJ05PFNK.pcm
SwiftExplicitDependencyGeneratePcm arm64 /Users/admin/builder/spi-builder-workspace/.derivedData/Build/Intermediates.noindex/SwiftExplicitPrecompiledModules/CCryptoBoringSSLShims-12XAAPXKAMDFRB4M52Z9OOZ5X.pcm
PruneExplicitPrecompiledModules /Users/admin/builder/spi-builder-workspace/.derivedData/Build/Intermediates.noindex/ExplicitPrecompiledModules
PruneExplicitPrecompiledModules /Users/admin/builder/spi-builder-workspace/.derivedData/SDKExplicitPrecompiledModules
PruneExplicitPrecompiledModules /Users/admin/builder/spi-builder-workspace/.derivedData/Build/Intermediates.noindex/SwiftExplicitPrecompiledModules
2026-09-22 03:16:13.762 xcodebuild[1653:7848] [MT] IDERunDestination: Supported platforms for the buildables in the current scheme is empty.
2026-09-22 03:16:13.864 xcodebuild[1653:7848] [MT] IDERunDestination: Supported platforms for the buildables in the current scheme is empty.
** BUILD FAILED **
The following build commands failed:
	SwiftCompile normal arm64 Compiling\ Subject+Void.swift,\ Subscriber+Void.swift,\ Subscribers.Assign.swift,\ Subscribers.Completion.swift,\ Subscribers.Demand.swift,\ Subscribers.Sink.swift,\ Subscribers.swift,\ Subscription.swift,\ Subscriptions.swift,\ _Introspection.swift /Users/admin/builder/spi-builder-workspace/.dependencies/checkouts/OpenCombine/Sources/OpenCombine/Subject+Void.swift /Users/admin/builder/spi-builder-workspace/.dependencies/checkouts/OpenCombine/Sources/OpenCombine/Subscriber+Void.swift /Users/admin/builder/spi-builder-workspace/.dependencies/checkouts/OpenCombine/Sources/OpenCombine/Subscribers/Subscribers.Assign.swift /Users/admin/builder/spi-builder-workspace/.dependencies/checkouts/OpenCombine/Sources/OpenCombine/Subscribers/Subscribers.Completion.swift /Users/admin/builder/spi-builder-workspace/.dependencies/checkouts/OpenCombine/Sources/OpenCombine/Subscribers/Subscribers.Demand.swift /Users/admin/builder/spi-builder-workspace/.dependencies/checkouts/OpenCombine/Sources/OpenCombine/Subscribers/Subscribers.Sink.swift /Users/admin/builder/spi-builder-workspace/.dependencies/checkouts/OpenCombine/Sources/OpenCombine/Subscribers/Subscribers.swift /Users/admin/builder/spi-builder-workspace/.dependencies/checkouts/OpenCombine/Sources/OpenCombine/Subscription.swift /Users/admin/builder/spi-builder-workspace/.dependencies/checkouts/OpenCombine/Sources/OpenCombine/Subscriptions.swift /Users/admin/builder/spi-builder-workspace/.dependencies/checkouts/OpenCombine/Sources/OpenCombine/_Introspection.swift (in target 'OpenCombine' from project 'OpenCombine')
	SwiftCompile normal arm64 /Users/admin/builder/spi-builder-workspace/.dependencies/checkouts/OpenCombine/Sources/OpenCombine/Subscribers/Subscribers.Assign.swift (in target 'OpenCombine' from project 'OpenCombine')
	Building workspace SpotifyAPI with scheme SpotifyAPI
(3 failures)
BUILD FAILURE 6.4 visionOS