Build Information
Failed to build DRLSetlistFM, reference 1.0.0 (12a4ca), with Swift 6.4 for visionOS using Xcode 27.0 on 19 Sep 2026 08:49:44 UTC.
Build Command
env DEVELOPER_DIR=/Applications/Xcode-27.0.0-Release.Candidate.app xcrun xcodebuild -IDEClonedSourcePackagesDirPathOverride=$PWD/.dependencies -skipMacroValidation -skipPackagePluginValidation -derivedDataPath $PWD/.derivedData build -scheme DRLSetlistFM -destination generic/platform=xrOSBuild Log
========================================
RunAll
========================================
Builder version: 5.1.0
Interrupt handler set up.
========================================
Checkout
========================================
Clone URL: https://github.com/bdh777psu/DRLSetlistFM.git
Reference: 1.0.0
Initialized empty Git repository in /Users/admin/builder/spi-builder-workspace/.git/
From https://github.com/bdh777psu/DRLSetlistFM
* tag 1.0.0 -> FETCH_HEAD
HEAD is now at 12a4ca6 Initial commit
Cloned https://github.com/bdh777psu/DRLSetlistFM.git
Revision (git rev-parse @):
12a4ca6a092cdb3f3e0b33352dcc8e23d4f1f913
SPI manifest file found: $PWD/.spi.yml
SUCCESS checkout https://github.com/bdh777psu/DRLSetlistFM.git at 1.0.0
========================================
Build
========================================
Selected platform: visionOS
Swift version: 6.4
Building package at path: $PWD
https://github.com/bdh777psu/DRLSetlistFM.git
Command line invocation:
/Applications/Xcode-27.0.0-Release.Candidate.app/Contents/Developer/usr/bin/xcodebuild -IDEClonedSourcePackagesDirPathOverride=/Users/admin/builder/spi-builder-workspace/.dependencies -resolvePackageDependencies
Resolve Package Graph
Fetching from https://github.com/Alamofire/Alamofire.git
Creating working copy of package ‘Alamofire’
Checking out 4.9.1 of package ‘Alamofire’
Resolve Package Graph
Resolved source packages:
DRLSetlistFM: /Users/admin/builder/spi-builder-workspace
Alamofire: https://github.com/Alamofire/Alamofire.git @ 4.9.1
resolved source packages: DRLSetlistFM, Alamofire
2026-09-19 04:48:50.071 xcodebuild[524:3006] [MT] IDERunDestination: Supported platforms for the buildables in the current scheme is empty.
{
"dependencies" : [
{
"identity" : "alamofire",
"requirement" : {
"range" : [
{
"lower_bound" : "4.9.0",
"upper_bound" : "5.0.0"
}
]
},
"type" : "sourceControl",
"url" : "https://github.com/Alamofire/Alamofire.git"
}
],
"manifest_display_name" : "DRLSetlistFM",
"name" : "DRLSetlistFM",
"path" : "/Users/admin/builder/spi-builder-workspace",
"platforms" : [
],
"products" : [
{
"name" : "DRLSetlistFM",
"targets" : [
"DRLSetlistFM"
],
"type" : {
"library" : [
"automatic"
]
}
}
],
"targets" : [
{
"c99name" : "DRLSetlistFM",
"module_type" : "SwiftTarget",
"name" : "DRLSetlistFM",
"path" : "Sources/DRLSetlistFM",
"product_dependencies" : [
"Alamofire"
],
"product_memberships" : [
"DRLSetlistFM"
],
"sources" : [
"APIHelper.swift",
"APIs.swift",
"APIs/SFMartistMbidAPI.swift",
"APIs/SFMartistMbidSetlistsAPI.swift",
"APIs/SFMcityGeoIdAPI.swift",
"APIs/SFMsearchArtistsAPI.swift",
"APIs/SFMsearchCitiesAPI.swift",
"APIs/SFMsearchCountriesAPI.swift",
"APIs/SFMsearchSetlistsAPI.swift",
"APIs/SFMsearchVenuesAPI.swift",
"APIs/SFMsetlistBySetlistIdAPI.swift",
"APIs/SFMsetlistVersionByVersionIdAPI.swift",
"APIs/SFMuserByUserIdAPI.swift",
"APIs/SFMuserByUserIdEditedAPI.swift",
"APIs/SFMuserByUserIdattendedAPI.swift",
"APIs/SFMvenueByVenueIdAPI.swift",
"APIs/SFMvenueByVenueIdsetlistsAPI.swift",
"AlamofireImplementations.swift",
"CodableHelper.swift",
"Configuration.swift",
"Extensions.swift",
"JSONEncodableEncoding.swift",
"JSONEncodingHelper.swift",
"JSONValue.swift",
"Models.swift",
"Models/JsonArtist.swift",
"Models/JsonArtists.swift",
"Models/JsonCities.swift",
"Models/JsonCity.swift",
"Models/JsonCoords.swift",
"Models/JsonCountries.swift",
"Models/JsonCountry.swift",
"Models/JsonError.swift",
"Models/JsonSet.swift",
"Models/JsonSetlist.swift",
"Models/JsonSetlists.swift",
"Models/JsonSong.swift",
"Models/JsonTour.swift",
"Models/JsonUser.swift",
"Models/JsonVenue.swift",
"Models/JsonVenues.swift"
],
"type" : "library"
}
],
"tools_version" : "5.4"
}
{
"workspace" : {
"name" : "DRLSetlistFM",
"schemes" : [
"DRLSetlistFM"
]
}
}
2026-09-19 04:49:31.447 xcodebuild[681:4278] [MT] IDERunDestination: Supported platforms for the buildables in the current scheme is empty.
Running build ...
env DEVELOPER_DIR=/Applications/Xcode-27.0.0-Release.Candidate.app xcrun xcodebuild -IDEClonedSourcePackagesDirPathOverride=$PWD/.dependencies -skipMacroValidation -skipPackagePluginValidation -derivedDataPath $PWD/.derivedData build -scheme DRLSetlistFM -destination generic/platform=xrOS
Command line invocation:
/Applications/Xcode-27.0.0-Release.Candidate.app/Contents/Developer/usr/bin/xcodebuild -IDEClonedSourcePackagesDirPathOverride=/Users/admin/builder/spi-builder-workspace/.dependencies -skipMacroValidation -skipPackagePluginValidation -derivedDataPath /Users/admin/builder/spi-builder-workspace/.derivedData build -scheme DRLSetlistFM -destination generic/platform=xrOS
Resolve Package Graph
Resolve Package Graph
Resolved source packages:
Alamofire: https://github.com/Alamofire/Alamofire.git @ 4.9.1
DRLSetlistFM: /Users/admin/builder/spi-builder-workspace
ComputePackagePrebuildTargetDependencyGraph
Prepare packages
CreateBuildRequest
SendProjectDescription
CreateBuildOperation
ComputeTargetDependencyGraph
note: Building targets in dependency order
note: Target dependency graph (4 targets)
Target 'DRLSetlistFM-product' in project 'DRLSetlistFM'
➜ Explicit dependency on target 'DRLSetlistFM' in project 'DRLSetlistFM'
➜ Explicit dependency on target 'Alamofire-product' in project 'Alamofire'
Target 'DRLSetlistFM' in project 'DRLSetlistFM'
➜ Explicit dependency on target 'Alamofire-product' in project 'Alamofire'
Target 'Alamofire-product' in project 'Alamofire'
➜ Explicit dependency on target 'Alamofire' in project 'Alamofire'
Target 'Alamofire' in project 'Alamofire' (no dependencies)
GatherProvisioningInputs
CreateBuildDescription
ExecuteExternalTool /Applications/Xcode-27.0.0-Release.Candidate.app/Contents/Developer/Toolchains/XcodeDefault.xctoolchain/usr/bin/clang -v -E -dM -isysroot /Applications/Xcode-27.0.0-Release.Candidate.app/Contents/Developer/Platforms/XROS.platform/Developer/SDKs/XROS27.0.sdk -x c -c /dev/null
ExecuteExternalTool /Applications/Xcode-27.0.0-Release.Candidate.app/Contents/Developer/Toolchains/XcodeDefault.xctoolchain/usr/bin/swiftc --version
ExecuteExternalTool /Applications/Xcode-27.0.0-Release.Candidate.app/Contents/Developer/Toolchains/XcodeDefault.xctoolchain/usr/bin/ld -version_details
Build description signature: 0b267fb6f9c3f9fa85624642c3af27a7
Build description path: /Users/admin/builder/spi-builder-workspace/.derivedData/Build/Intermediates.noindex/XCBuildData/0b267fb6f9c3f9fa85624642c3af27a7.xcbuilddata
CreateBuildDirectory /Users/admin/builder/spi-builder-workspace/.derivedData/SDKExplicitPrecompiledModules
cd /Users/admin/builder/spi-builder-workspace/.swiftpm/xcode
builtin-create-build-directory /Users/admin/builder/spi-builder-workspace/.derivedData/SDKExplicitPrecompiledModules
CreateBuildDirectory /Users/admin/builder/spi-builder-workspace/.derivedData/ModuleCache.noindex
cd /Users/admin/builder/spi-builder-workspace/.swiftpm/xcode
builtin-create-build-directory /Users/admin/builder/spi-builder-workspace/.derivedData/ModuleCache.noindex
CreateBuildDirectory /Users/admin/builder/spi-builder-workspace/.derivedData/CompilationCache.noindex
cd /Users/admin/builder/spi-builder-workspace/.swiftpm/xcode
builtin-create-build-directory /Users/admin/builder/spi-builder-workspace/.derivedData/CompilationCache.noindex
ClangStatCache /Applications/Xcode-27.0.0-Release.Candidate.app/Contents/Developer/Toolchains/XcodeDefault.xctoolchain/usr/bin/clang-stat-cache /Applications/Xcode-27.0.0-Release.Candidate.app/Contents/Developer/Platforms/XROS.platform/Developer/SDKs/XROS27.0.sdk /Users/admin/builder/spi-builder-workspace/.derivedData/SDKStatCaches.noindex/xros27.0-24M361-e829b21a6f8c9b70876ba0858053c044735bd543db762f57723cac368afd1ce4.sdkstatcache
cd /Users/admin/builder/spi-builder-workspace/.swiftpm/xcode
/Applications/Xcode-27.0.0-Release.Candidate.app/Contents/Developer/Toolchains/XcodeDefault.xctoolchain/usr/bin/clang-stat-cache /Applications/Xcode-27.0.0-Release.Candidate.app/Contents/Developer/Platforms/XROS.platform/Developer/SDKs/XROS27.0.sdk -o /Users/admin/builder/spi-builder-workspace/.derivedData/SDKStatCaches.noindex/xros27.0-24M361-e829b21a6f8c9b70876ba0858053c044735bd543db762f57723cac368afd1ce4.sdkstatcache
CreateBuildDirectory /Users/admin/builder/spi-builder-workspace/.derivedData/Build/Products
cd /Users/admin/builder/spi-builder-workspace/.swiftpm/xcode
builtin-create-build-directory /Users/admin/builder/spi-builder-workspace/.derivedData/Build/Products
CreateBuildDirectory /Users/admin/builder/spi-builder-workspace/.derivedData/Build/Intermediates.noindex
cd /Users/admin/builder/spi-builder-workspace/.swiftpm/xcode
builtin-create-build-directory /Users/admin/builder/spi-builder-workspace/.derivedData/Build/Intermediates.noindex
CreateBuildDirectory /Users/admin/builder/spi-builder-workspace/.derivedData/Build/Intermediates.noindex/SwiftExplicitPrecompiledModules
cd /Users/admin/builder/spi-builder-workspace/.swiftpm/xcode
builtin-create-build-directory /Users/admin/builder/spi-builder-workspace/.derivedData/Build/Intermediates.noindex/SwiftExplicitPrecompiledModules
CreateBuildDirectory /Users/admin/builder/spi-builder-workspace/.derivedData/Build/Intermediates.noindex/ExplicitPrecompiledModules
cd /Users/admin/builder/spi-builder-workspace/.swiftpm/xcode
builtin-create-build-directory /Users/admin/builder/spi-builder-workspace/.derivedData/Build/Intermediates.noindex/ExplicitPrecompiledModules
CreateBuildDirectory /Users/admin/builder/spi-builder-workspace/.derivedData/Build/Intermediates.noindex/PrecompiledHeaders
cd /Users/admin/builder/spi-builder-workspace/.swiftpm/xcode
builtin-create-build-directory /Users/admin/builder/spi-builder-workspace/.derivedData/Build/Intermediates.noindex/PrecompiledHeaders
CreateBuildDirectory /Users/admin/builder/spi-builder-workspace/.derivedData/Build/Intermediates.noindex/EagerLinkingTBDs/Debug-xros
cd /Users/admin/builder/spi-builder-workspace/.swiftpm/xcode
builtin-create-build-directory /Users/admin/builder/spi-builder-workspace/.derivedData/Build/Intermediates.noindex/EagerLinkingTBDs/Debug-xros
CreateBuildDirectory /Users/admin/builder/spi-builder-workspace/.derivedData/Build/Products/Debug-xros
cd /Users/admin/builder/spi-builder-workspace/.swiftpm/xcode
builtin-create-build-directory /Users/admin/builder/spi-builder-workspace/.derivedData/Build/Products/Debug-xros
CreateBuildDirectory /Users/admin/builder/spi-builder-workspace/.derivedData/Build/Products/Debug-xros/PackageFrameworks
cd /Users/admin/builder/spi-builder-workspace/.swiftpm/xcode
builtin-create-build-directory /Users/admin/builder/spi-builder-workspace/.derivedData/Build/Products/Debug-xros/PackageFrameworks
WriteAuxiliaryFile /Users/admin/builder/spi-builder-workspace/.derivedData/Build/Intermediates.noindex/DRLSetlistFM.build/Debug-xros/DRLSetlistFM-t.build/DRLSetlistFM.DependencyStaticMetadataFileList (in target 'DRLSetlistFM' from project 'DRLSetlistFM')
cd /Users/admin/builder/spi-builder-workspace
write-file /Users/admin/builder/spi-builder-workspace/.derivedData/Build/Intermediates.noindex/DRLSetlistFM.build/Debug-xros/DRLSetlistFM-t.build/DRLSetlistFM.DependencyStaticMetadataFileList
WriteAuxiliaryFile /Users/admin/builder/spi-builder-workspace/.derivedData/Build/Intermediates.noindex/DRLSetlistFM.build/Debug-xros/DRLSetlistFM-t.build/DRLSetlistFM.DependencyMetadataFileList (in target 'DRLSetlistFM' from project 'DRLSetlistFM')
cd /Users/admin/builder/spi-builder-workspace
write-file /Users/admin/builder/spi-builder-workspace/.derivedData/Build/Intermediates.noindex/DRLSetlistFM.build/Debug-xros/DRLSetlistFM-t.build/DRLSetlistFM.DependencyMetadataFileList
WriteAuxiliaryFile /Users/admin/builder/spi-builder-workspace/.derivedData/Build/Intermediates.noindex/DRLSetlistFM.build/Debug-xros/DRLSetlistFM-t.build/DRLSetlistFM.modulemap (in target 'DRLSetlistFM' from project 'DRLSetlistFM')
cd /Users/admin/builder/spi-builder-workspace
write-file /Users/admin/builder/spi-builder-workspace/.derivedData/Build/Intermediates.noindex/DRLSetlistFM.build/Debug-xros/DRLSetlistFM-t.build/DRLSetlistFM.modulemap
WriteAuxiliaryFile /Users/admin/builder/spi-builder-workspace/.derivedData/Build/Intermediates.noindex/DRLSetlistFM.build/Debug-xros/DRLSetlistFM-t.build/Objects-normal/arm64/DRLSetlistFM_const_extract_protocols.json (in target 'DRLSetlistFM' from project 'DRLSetlistFM')
cd /Users/admin/builder/spi-builder-workspace
write-file /Users/admin/builder/spi-builder-workspace/.derivedData/Build/Intermediates.noindex/DRLSetlistFM.build/Debug-xros/DRLSetlistFM-t.build/Objects-normal/arm64/DRLSetlistFM_const_extract_protocols.json
WriteAuxiliaryFile /Users/admin/builder/spi-builder-workspace/.derivedData/Build/Intermediates.noindex/DRLSetlistFM.build/Debug-xros/DRLSetlistFM-t.build/Objects-normal/arm64/DRLSetlistFM-OutputFileMap.json (in target 'DRLSetlistFM' from project 'DRLSetlistFM')
cd /Users/admin/builder/spi-builder-workspace
write-file /Users/admin/builder/spi-builder-workspace/.derivedData/Build/Intermediates.noindex/DRLSetlistFM.build/Debug-xros/DRLSetlistFM-t.build/Objects-normal/arm64/DRLSetlistFM-OutputFileMap.json
WriteAuxiliaryFile /Users/admin/builder/spi-builder-workspace/.derivedData/Build/Intermediates.noindex/DRLSetlistFM.build/Debug-xros/DRLSetlistFM-t.build/Objects-normal/arm64/DRLSetlistFM.LinkFileList (in target 'DRLSetlistFM' from project 'DRLSetlistFM')
cd /Users/admin/builder/spi-builder-workspace
write-file /Users/admin/builder/spi-builder-workspace/.derivedData/Build/Intermediates.noindex/DRLSetlistFM.build/Debug-xros/DRLSetlistFM-t.build/Objects-normal/arm64/DRLSetlistFM.LinkFileList
WriteAuxiliaryFile /Users/admin/builder/spi-builder-workspace/.derivedData/Build/Intermediates.noindex/DRLSetlistFM.build/Debug-xros/DRLSetlistFM-t.build/Objects-normal/arm64/DRLSetlistFM.SwiftFileList (in target 'DRLSetlistFM' from project 'DRLSetlistFM')
cd /Users/admin/builder/spi-builder-workspace
write-file /Users/admin/builder/spi-builder-workspace/.derivedData/Build/Intermediates.noindex/DRLSetlistFM.build/Debug-xros/DRLSetlistFM-t.build/Objects-normal/arm64/DRLSetlistFM.SwiftFileList
WriteAuxiliaryFile /Users/admin/builder/spi-builder-workspace/.derivedData/Build/Intermediates.noindex/DRLSetlistFM.build/Debug-xros/DRLSetlistFM-t.build/Objects-normal/arm64/DRLSetlistFM.SwiftConstValuesFileList (in target 'DRLSetlistFM' from project 'DRLSetlistFM')
cd /Users/admin/builder/spi-builder-workspace
write-file /Users/admin/builder/spi-builder-workspace/.derivedData/Build/Intermediates.noindex/DRLSetlistFM.build/Debug-xros/DRLSetlistFM-t.build/Objects-normal/arm64/DRLSetlistFM.SwiftConstValuesFileList
WriteAuxiliaryFile /Users/admin/builder/spi-builder-workspace/.derivedData/Build/Intermediates.noindex/Alamofire.build/Debug-xros/Alamofire-t.build/Objects-normal/arm64/Alamofire_const_extract_protocols.json (in target 'Alamofire' from project 'Alamofire')
cd /Users/admin/builder/spi-builder-workspace/.dependencies/checkouts/Alamofire
write-file /Users/admin/builder/spi-builder-workspace/.derivedData/Build/Intermediates.noindex/Alamofire.build/Debug-xros/Alamofire-t.build/Objects-normal/arm64/Alamofire_const_extract_protocols.json
WriteAuxiliaryFile /Users/admin/builder/spi-builder-workspace/.derivedData/Build/Intermediates.noindex/Alamofire.build/Debug-xros/Alamofire-t.build/Objects-normal/arm64/Alamofire.SwiftFileList (in target 'Alamofire' from project 'Alamofire')
cd /Users/admin/builder/spi-builder-workspace/.dependencies/checkouts/Alamofire
write-file /Users/admin/builder/spi-builder-workspace/.derivedData/Build/Intermediates.noindex/Alamofire.build/Debug-xros/Alamofire-t.build/Objects-normal/arm64/Alamofire.SwiftFileList
WriteAuxiliaryFile /Users/admin/builder/spi-builder-workspace/.derivedData/Build/Intermediates.noindex/Alamofire.build/Debug-xros/Alamofire-t.build/Objects-normal/arm64/Alamofire.SwiftConstValuesFileList (in target 'Alamofire' from project 'Alamofire')
cd /Users/admin/builder/spi-builder-workspace/.dependencies/checkouts/Alamofire
write-file /Users/admin/builder/spi-builder-workspace/.derivedData/Build/Intermediates.noindex/Alamofire.build/Debug-xros/Alamofire-t.build/Objects-normal/arm64/Alamofire.SwiftConstValuesFileList
WriteAuxiliaryFile /Users/admin/builder/spi-builder-workspace/.derivedData/Build/Intermediates.noindex/Alamofire.build/Debug-xros/Alamofire-t.build/Objects-normal/arm64/Alamofire.LinkFileList (in target 'Alamofire' from project 'Alamofire')
cd /Users/admin/builder/spi-builder-workspace/.dependencies/checkouts/Alamofire
write-file /Users/admin/builder/spi-builder-workspace/.derivedData/Build/Intermediates.noindex/Alamofire.build/Debug-xros/Alamofire-t.build/Objects-normal/arm64/Alamofire.LinkFileList
WriteAuxiliaryFile /Users/admin/builder/spi-builder-workspace/.derivedData/Build/Intermediates.noindex/Alamofire.build/Debug-xros/Alamofire-t.build/Objects-normal/arm64/Alamofire-OutputFileMap.json (in target 'Alamofire' from project 'Alamofire')
cd /Users/admin/builder/spi-builder-workspace/.dependencies/checkouts/Alamofire
write-file /Users/admin/builder/spi-builder-workspace/.derivedData/Build/Intermediates.noindex/Alamofire.build/Debug-xros/Alamofire-t.build/Objects-normal/arm64/Alamofire-OutputFileMap.json
WriteAuxiliaryFile /Users/admin/builder/spi-builder-workspace/.derivedData/Build/Intermediates.noindex/Alamofire.build/Debug-xros/Alamofire-t.build/Alamofire.DependencyStaticMetadataFileList (in target 'Alamofire' from project 'Alamofire')
cd /Users/admin/builder/spi-builder-workspace/.dependencies/checkouts/Alamofire
write-file /Users/admin/builder/spi-builder-workspace/.derivedData/Build/Intermediates.noindex/Alamofire.build/Debug-xros/Alamofire-t.build/Alamofire.DependencyStaticMetadataFileList
WriteAuxiliaryFile /Users/admin/builder/spi-builder-workspace/.derivedData/Build/Intermediates.noindex/Alamofire.build/Debug-xros/Alamofire-t.build/Alamofire.modulemap (in target 'Alamofire' from project 'Alamofire')
cd /Users/admin/builder/spi-builder-workspace/.dependencies/checkouts/Alamofire
write-file /Users/admin/builder/spi-builder-workspace/.derivedData/Build/Intermediates.noindex/Alamofire.build/Debug-xros/Alamofire-t.build/Alamofire.modulemap
Copy /Users/admin/builder/spi-builder-workspace/.derivedData/Build/Intermediates.noindex/GeneratedModuleMaps-xros/DRLSetlistFM.modulemap /Users/admin/builder/spi-builder-workspace/.derivedData/Build/Intermediates.noindex/DRLSetlistFM.build/Debug-xros/DRLSetlistFM-t.build/DRLSetlistFM.modulemap (in target 'DRLSetlistFM' from project 'DRLSetlistFM')
cd /Users/admin/builder/spi-builder-workspace
builtin-copy -exclude .DS_Store -exclude CVS -exclude .svn -exclude .git -exclude .hg -resolve-src-symlinks /Users/admin/builder/spi-builder-workspace/.derivedData/Build/Intermediates.noindex/DRLSetlistFM.build/Debug-xros/DRLSetlistFM-t.build/DRLSetlistFM.modulemap /Users/admin/builder/spi-builder-workspace/.derivedData/Build/Intermediates.noindex/GeneratedModuleMaps-xros
WriteAuxiliaryFile /Users/admin/builder/spi-builder-workspace/.derivedData/Build/Intermediates.noindex/Alamofire.build/Debug-xros/Alamofire-t.build/Alamofire.DependencyMetadataFileList (in target 'Alamofire' from project 'Alamofire')
cd /Users/admin/builder/spi-builder-workspace/.dependencies/checkouts/Alamofire
write-file /Users/admin/builder/spi-builder-workspace/.derivedData/Build/Intermediates.noindex/Alamofire.build/Debug-xros/Alamofire-t.build/Alamofire.DependencyMetadataFileList
Copy /Users/admin/builder/spi-builder-workspace/.derivedData/Build/Intermediates.noindex/GeneratedModuleMaps-xros/Alamofire.modulemap /Users/admin/builder/spi-builder-workspace/.derivedData/Build/Intermediates.noindex/Alamofire.build/Debug-xros/Alamofire-t.build/Alamofire.modulemap (in target 'Alamofire' from project 'Alamofire')
cd /Users/admin/builder/spi-builder-workspace/.dependencies/checkouts/Alamofire
builtin-copy -exclude .DS_Store -exclude CVS -exclude .svn -exclude .git -exclude .hg -resolve-src-symlinks /Users/admin/builder/spi-builder-workspace/.derivedData/Build/Intermediates.noindex/Alamofire.build/Debug-xros/Alamofire-t.build/Alamofire.modulemap /Users/admin/builder/spi-builder-workspace/.derivedData/Build/Intermediates.noindex/GeneratedModuleMaps-xros
SwiftDriver Alamofire normal arm64 com.apple.xcode.tools.swift.compiler (in target 'Alamofire' from project 'Alamofire')
cd /Users/admin/builder/spi-builder-workspace/.swiftpm/xcode
builtin-SwiftDriver -- /Applications/Xcode-27.0.0-Release.Candidate.app/Contents/Developer/Toolchains/XcodeDefault.xctoolchain/usr/bin/swiftc -parse-as-library -module-name Alamofire -Onone @/Users/admin/builder/spi-builder-workspace/.derivedData/Build/Intermediates.noindex/Alamofire.build/Debug-xros/Alamofire-t.build/Objects-normal/arm64/Alamofire.SwiftFileList -DSWIFT_PACKAGE -DDEBUG -DSWIFT_MODULE_RESOURCE_BUNDLE_UNAVAILABLE -DXcode -plugin-path /Applications/Xcode-27.0.0-Release.Candidate.app/Contents/Developer/Toolchains/XcodeDefault.xctoolchain/usr/lib/swift/host/plugins/testing -enable-experimental-feature DebugDescriptionMacro -sdk /Applications/Xcode-27.0.0-Release.Candidate.app/Contents/Developer/Platforms/XROS.platform/Developer/SDKs/XROS27.0.sdk -target arm64-apple-xros1.0 -g -module-cache-path /Users/admin/builder/spi-builder-workspace/.derivedData/ModuleCache.noindex -Xfrontend -serialize-debugging-options -enable-testing -suppress-warnings -index-store-path /Users/admin/builder/spi-builder-workspace/.derivedData/Index.noindex/DataStore -Xcc -D_LIBCPP_HARDENING_MODE\=_LIBCPP_HARDENING_MODE_DEBUG -swift-version 5 -I /Users/admin/builder/spi-builder-workspace/.derivedData/Build/Products/Debug-xros -Isystem /Applications/Xcode-27.0.0-Release.Candidate.app/Contents/Developer/Platforms/XROS.platform/Developer/usr/lib -F /Users/admin/builder/spi-builder-workspace/.derivedData/Build/Products/Debug-xros -F /Applications/Xcode-27.0.0-Release.Candidate.app/Contents/Developer/Platforms/XROS.platform/Developer/Library/Frameworks -F /Applications/Xcode-27.0.0-Release.Candidate.app/Contents/Developer/Platforms/XROS.platform/Developer/SDKs/XROS27.0.sdk/Developer/Library/Frameworks -c -j10 -enable-batch-mode -incremental -Xcc -ivfsstatcache -Xcc /Users/admin/builder/spi-builder-workspace/.derivedData/SDKStatCaches.noindex/xros27.0-24M361-e829b21a6f8c9b70876ba0858053c044735bd543db762f57723cac368afd1ce4.sdkstatcache -output-file-map /Users/admin/builder/spi-builder-workspace/.derivedData/Build/Intermediates.noindex/Alamofire.build/Debug-xros/Alamofire-t.build/Objects-normal/arm64/Alamofire-OutputFileMap.json -save-temps -no-color-diagnostics -explicit-module-build -module-cache-path /Users/admin/builder/spi-builder-workspace/.derivedData/Build/Intermediates.noindex/SwiftExplicitPrecompiledModules -clang-scanner-module-cache-path /Users/admin/builder/spi-builder-workspace/.derivedData/ModuleCache.noindex -sdk-module-cache-path /Users/admin/builder/spi-builder-workspace/.derivedData/SDKExplicitPrecompiledModules -emit-dependencies -emit-module -emit-module-path /Users/admin/builder/spi-builder-workspace/.derivedData/Build/Intermediates.noindex/Alamofire.build/Debug-xros/Alamofire-t.build/Objects-normal/arm64/Alamofire.swiftmodule -serialize-diagnostics -dependency-scan-serialize-diagnostics-path /Users/admin/builder/spi-builder-workspace/.derivedData/Build/Intermediates.noindex/Alamofire.build/Debug-xros/Alamofire-t.build/Objects-normal/arm64/Alamofire-dependency-scan.dia -validate-clang-modules-once -clang-build-session-file /Users/admin/builder/spi-builder-workspace/.derivedData/ModuleCache.noindex/Session.modulevalidation -Xcc -fmodules-prune-interval\=86400 -Xcc -fmodules-prune-after\=345600 -emit-const-values -const-gather-protocols-list /Users/admin/builder/spi-builder-workspace/.derivedData/Build/Intermediates.noindex/Alamofire.build/Debug-xros/Alamofire-t.build/Objects-normal/arm64/Alamofire_const_extract_protocols.json -Xcc -I/Users/admin/builder/spi-builder-workspace/.derivedData/Build/Products/Debug-xros/include -Xcc -I/Users/admin/builder/spi-builder-workspace/.derivedData/Build/Intermediates.noindex/Alamofire.build/Debug-xros/Alamofire-t.build/DerivedSources-normal/arm64 -Xcc -I/Users/admin/builder/spi-builder-workspace/.derivedData/Build/Intermediates.noindex/Alamofire.build/Debug-xros/Alamofire-t.build/DerivedSources/arm64 -Xcc -I/Users/admin/builder/spi-builder-workspace/.derivedData/Build/Intermediates.noindex/Alamofire.build/Debug-xros/Alamofire-t.build/DerivedSources -Xcc -DSWIFT_PACKAGE -Xcc -DDEBUG\=1 -emit-objc-header -emit-objc-header-path /Users/admin/builder/spi-builder-workspace/.derivedData/Build/Intermediates.noindex/Alamofire.build/Debug-xros/Alamofire-t.build/Objects-normal/arm64/Alamofire-Swift.h -working-directory /Users/admin/builder/spi-builder-workspace/.swiftpm/xcode -experimental-emit-module-separately -disable-cmo
SwiftExplicitDependencyGeneratePcm arm64 /Users/admin/builder/spi-builder-workspace/.derivedData/SDKExplicitPrecompiledModules/_SwiftConcurrencyShims-C8XHKSHX96D5YYALNM4W70Z0O.pcm
SwiftExplicitDependencyGeneratePcm arm64 /Users/admin/builder/spi-builder-workspace/.derivedData/SDKExplicitPrecompiledModules/ptrauth-1WBA714DZSVUL5JQDJ08CLKZ.pcm
SwiftExplicitDependencyGeneratePcm arm64 /Users/admin/builder/spi-builder-workspace/.derivedData/SDKExplicitPrecompiledModules/ptrcheck-BXA97MNLI4BB0HF5I8MJE403D.pcm
SwiftExplicitDependencyGeneratePcm arm64 /Users/admin/builder/spi-builder-workspace/.derivedData/SDKExplicitPrecompiledModules/_AvailabilityInternal-1Q8IQP6M38UWSGZ95UCEY2M44.pcm
SwiftExplicitDependencyGeneratePcm arm64 /Users/admin/builder/spi-builder-workspace/.derivedData/SDKExplicitPrecompiledModules/_Builtin_stddef-5NQ9Z1GV07GBSRQGAQCGXGVRI.pcm
SwiftExplicitDependencyGeneratePcm arm64 /Users/admin/builder/spi-builder-workspace/.derivedData/SDKExplicitPrecompiledModules/SwiftShims-CI4H5RO9IYFFWQ2COB512Q2S9.pcm
SwiftExplicitDependencyGeneratePcm arm64 /Users/admin/builder/spi-builder-workspace/.derivedData/SDKExplicitPrecompiledModules/_Builtin_stdarg-CDA349K2K4US766844K8E0PVA.pcm
SwiftExplicitDependencyGeneratePcm arm64 /Users/admin/builder/spi-builder-workspace/.derivedData/SDKExplicitPrecompiledModules/_Builtin_float-6WKHNW5S40U2QGHXXGETUDIRA.pcm
SwiftExplicitDependencyGeneratePcm arm64 /Users/admin/builder/spi-builder-workspace/.derivedData/SDKExplicitPrecompiledModules/_Builtin_stdbool-5BU2ADS7JXQMYENKQHW9X8XOU.pcm
SwiftExplicitDependencyGeneratePcm arm64 /Users/admin/builder/spi-builder-workspace/.derivedData/SDKExplicitPrecompiledModules/_DarwinFoundation1-5RGRVV2TZ6WC4WZW5IXF8NQ04.pcm
SwiftExplicitDependencyGeneratePcm arm64 /Users/admin/builder/spi-builder-workspace/.derivedData/SDKExplicitPrecompiledModules/_DarwinFoundation2-ENTECK156YEWITZRRBTOCE4KR.pcm
SwiftExplicitDependencyGeneratePcm arm64 /Users/admin/builder/spi-builder-workspace/.derivedData/SDKExplicitPrecompiledModules/_Builtin_limits-425JDMN5HPM3D0UEI8LEHP6NM.pcm
SwiftExplicitDependencyGeneratePcm arm64 /Users/admin/builder/spi-builder-workspace/.derivedData/SDKExplicitPrecompiledModules/sys_types-AYM0BHR77VKMWZCO2T0XGV2HF.pcm
SwiftExplicitDependencyGeneratePcm arm64 /Users/admin/builder/spi-builder-workspace/.derivedData/SDKExplicitPrecompiledModules/_Builtin_stdint-8OR6T47OOYJA90ZBO3N1USDE.pcm
SwiftExplicitDependencyGeneratePcm arm64 /Users/admin/builder/spi-builder-workspace/.derivedData/SDKExplicitPrecompiledModules/string_h-2GT67HHHHK5CF1V1S31LH0PU2.pcm
SwiftExplicitDependencyGeneratePcm arm64 /Users/admin/builder/spi-builder-workspace/.derivedData/SDKExplicitPrecompiledModules/_DarwinFoundation3-9ZHN6JKBS40BBA81RQMV8H0IC.pcm
SwiftExplicitDependencyGeneratePcm arm64 /Users/admin/builder/spi-builder-workspace/.derivedData/SDKExplicitPrecompiledModules/_Builtin_inttypes-11B64KJD36B3YOHBR1BBXBJY8.pcm
SwiftExplicitDependencyGeneratePcm arm64 /Users/admin/builder/spi-builder-workspace/.derivedData/SDKExplicitPrecompiledModules/Darwin-60P5LVNQO3ESRRM5DCJ05PFNK.pcm
SwiftExplicitDependencyGeneratePcm arm64 /Users/admin/builder/spi-builder-workspace/.derivedData/SDKExplicitPrecompiledModules/ObjectiveC-26TIBFYCEJZVP216ZZAU1X8KN.pcm
SwiftExplicitDependencyGeneratePcm arm64 /Users/admin/builder/spi-builder-workspace/.derivedData/SDKExplicitPrecompiledModules/os_object-692CJ8BG6RE5H04487EJJOVXW.pcm
SwiftExplicitDependencyGeneratePcm arm64 /Users/admin/builder/spi-builder-workspace/.derivedData/SDKExplicitPrecompiledModules/os_workgroup-4U1VXMWIZD80E7PRUQF2G7P9X.pcm
SwiftExplicitDependencyGeneratePcm arm64 /Users/admin/builder/spi-builder-workspace/.derivedData/SDKExplicitPrecompiledModules/Dispatch-CLT3466HKC22GCKAWSCNG0H7T.pcm
SwiftExplicitDependencyGeneratePcm arm64 /Users/admin/builder/spi-builder-workspace/.derivedData/SDKExplicitPrecompiledModules/XPC-EP5EU7FNGP4VOA3EDM18P1KHO.pcm
SwiftExplicitDependencyGeneratePcm arm64 /Users/admin/builder/spi-builder-workspace/.derivedData/SDKExplicitPrecompiledModules/CoreFoundation-AVLTZVCXBU2TO75JCN4AGU8XJ.pcm
SwiftExplicitDependencyGeneratePcm arm64 /Users/admin/builder/spi-builder-workspace/.derivedData/SDKExplicitPrecompiledModules/CFNetwork-5MI70N1VLDQSWTX4COWLMSIRO.pcm
SwiftExplicitDependencyGeneratePcm arm64 /Users/admin/builder/spi-builder-workspace/.derivedData/SDKExplicitPrecompiledModules/SystemConfiguration-9ZRTM3I7E0VI9U5I2YVCU37YI.pcm
SwiftExplicitDependencyGeneratePcm arm64 /Users/admin/builder/spi-builder-workspace/.derivedData/SDKExplicitPrecompiledModules/Security-8TH2M8WJIQMET4SADWX0N8372.pcm
SwiftExplicitDependencyGeneratePcm arm64 /Users/admin/builder/spi-builder-workspace/.derivedData/SDKExplicitPrecompiledModules/Foundation-8GON1KVEKRN3NOQI8RETBRWJP.pcm
SwiftEmitModule normal arm64 Emitting\ module\ for\ Alamofire (in target 'Alamofire' from project 'Alamofire')
SwiftCompile normal arm64 (in target 'Alamofire' from project 'Alamofire')
cd /Users/admin/builder/spi-builder-workspace/.swiftpm/xcode
SwiftCompile normal arm64 Compiling\ TaskDelegate.swift /Users/admin/builder/spi-builder-workspace/.dependencies/checkouts/Alamofire/Source/TaskDelegate.swift (in target 'Alamofire' from project 'Alamofire')
SwiftCompile normal arm64 /Users/admin/builder/spi-builder-workspace/.dependencies/checkouts/Alamofire/Source/TaskDelegate.swift (in target 'Alamofire' from project 'Alamofire')
cd /Users/admin/builder/spi-builder-workspace/.swiftpm/xcode
builtin-SwiftPerFileCompile TaskDelegate.swift
SwiftCompile normal arm64 Compiling\ Timeline.swift /Users/admin/builder/spi-builder-workspace/.dependencies/checkouts/Alamofire/Source/Timeline.swift (in target 'Alamofire' from project 'Alamofire')
SwiftCompile normal arm64 /Users/admin/builder/spi-builder-workspace/.dependencies/checkouts/Alamofire/Source/Timeline.swift (in target 'Alamofire' from project 'Alamofire')
cd /Users/admin/builder/spi-builder-workspace/.swiftpm/xcode
builtin-SwiftPerFileCompile Timeline.swift
SwiftCompile normal arm64 Compiling\ Validation.swift /Users/admin/builder/spi-builder-workspace/.dependencies/checkouts/Alamofire/Source/Validation.swift (in target 'Alamofire' from project 'Alamofire')
SwiftCompile normal arm64 /Users/admin/builder/spi-builder-workspace/.dependencies/checkouts/Alamofire/Source/Validation.swift (in target 'Alamofire' from project 'Alamofire')
cd /Users/admin/builder/spi-builder-workspace/.swiftpm/xcode
builtin-SwiftPerFileCompile Validation.swift
SwiftCompile normal arm64 Compiling\ SessionDelegate.swift,\ SessionManager.swift /Users/admin/builder/spi-builder-workspace/.dependencies/checkouts/Alamofire/Source/SessionDelegate.swift /Users/admin/builder/spi-builder-workspace/.dependencies/checkouts/Alamofire/Source/SessionManager.swift (in target 'Alamofire' from project 'Alamofire')
SwiftCompile normal arm64 /Users/admin/builder/spi-builder-workspace/.dependencies/checkouts/Alamofire/Source/SessionDelegate.swift (in target 'Alamofire' from project 'Alamofire')
cd /Users/admin/builder/spi-builder-workspace/.swiftpm/xcode
builtin-SwiftPerFileCompile SessionDelegate.swift
SwiftCompile normal arm64 /Users/admin/builder/spi-builder-workspace/.dependencies/checkouts/Alamofire/Source/SessionManager.swift (in target 'Alamofire' from project 'Alamofire')
cd /Users/admin/builder/spi-builder-workspace/.swiftpm/xcode
builtin-SwiftPerFileCompile SessionManager.swift
SwiftCompile normal arm64 Compiling\ ParameterEncoding.swift,\ Request.swift /Users/admin/builder/spi-builder-workspace/.dependencies/checkouts/Alamofire/Source/ParameterEncoding.swift /Users/admin/builder/spi-builder-workspace/.dependencies/checkouts/Alamofire/Source/Request.swift (in target 'Alamofire' from project 'Alamofire')
SwiftCompile normal arm64 /Users/admin/builder/spi-builder-workspace/.dependencies/checkouts/Alamofire/Source/ParameterEncoding.swift (in target 'Alamofire' from project 'Alamofire')
cd /Users/admin/builder/spi-builder-workspace/.swiftpm/xcode
builtin-SwiftPerFileCompile ParameterEncoding.swift
SwiftCompile normal arm64 /Users/admin/builder/spi-builder-workspace/.dependencies/checkouts/Alamofire/Source/Request.swift (in target 'Alamofire' from project 'Alamofire')
cd /Users/admin/builder/spi-builder-workspace/.swiftpm/xcode
builtin-SwiftPerFileCompile Request.swift
SwiftCompile normal arm64 Compiling\ Response.swift,\ ResponseSerialization.swift /Users/admin/builder/spi-builder-workspace/.dependencies/checkouts/Alamofire/Source/Response.swift /Users/admin/builder/spi-builder-workspace/.dependencies/checkouts/Alamofire/Source/ResponseSerialization.swift (in target 'Alamofire' from project 'Alamofire')
SwiftCompile normal arm64 /Users/admin/builder/spi-builder-workspace/.dependencies/checkouts/Alamofire/Source/Response.swift (in target 'Alamofire' from project 'Alamofire')
cd /Users/admin/builder/spi-builder-workspace/.swiftpm/xcode
builtin-SwiftPerFileCompile Response.swift
SwiftCompile normal arm64 /Users/admin/builder/spi-builder-workspace/.dependencies/checkouts/Alamofire/Source/ResponseSerialization.swift (in target 'Alamofire' from project 'Alamofire')
cd /Users/admin/builder/spi-builder-workspace/.swiftpm/xcode
builtin-SwiftPerFileCompile ResponseSerialization.swift
SwiftCompile normal arm64 Compiling\ AFError.swift,\ Alamofire.swift /Users/admin/builder/spi-builder-workspace/.dependencies/checkouts/Alamofire/Source/AFError.swift /Users/admin/builder/spi-builder-workspace/.dependencies/checkouts/Alamofire/Source/Alamofire.swift (in target 'Alamofire' from project 'Alamofire')
SwiftCompile normal arm64 /Users/admin/builder/spi-builder-workspace/.dependencies/checkouts/Alamofire/Source/AFError.swift (in target 'Alamofire' from project 'Alamofire')
cd /Users/admin/builder/spi-builder-workspace/.swiftpm/xcode
builtin-SwiftPerFileCompile AFError.swift
SwiftCompile normal arm64 /Users/admin/builder/spi-builder-workspace/.dependencies/checkouts/Alamofire/Source/Alamofire.swift (in target 'Alamofire' from project 'Alamofire')
cd /Users/admin/builder/spi-builder-workspace/.swiftpm/xcode
builtin-SwiftPerFileCompile Alamofire.swift
SwiftCompile normal arm64 Compiling\ DispatchQueue+Alamofire.swift,\ MultipartFormData.swift /Users/admin/builder/spi-builder-workspace/.dependencies/checkouts/Alamofire/Source/DispatchQueue+Alamofire.swift /Users/admin/builder/spi-builder-workspace/.dependencies/checkouts/Alamofire/Source/MultipartFormData.swift (in target 'Alamofire' from project 'Alamofire')
/Users/admin/builder/spi-builder-workspace/.dependencies/checkouts/Alamofire/Source/MultipartFormData.swift:539:22: error: cannot find 'UTTypeCreatePreferredIdentifierForTag' in scope
537 | private func mimeType(forPathExtension pathExtension: String) -> String {
538 | if
539 | let id = UTTypeCreatePreferredIdentifierForTag(kUTTagClassFilenameExtension, pathExtension as CFString, nil)?.takeRetainedValue(),
| `- error: cannot find 'UTTypeCreatePreferredIdentifierForTag' in scope
540 | let contentType = UTTypeCopyPreferredTagWithClass(id, kUTTagClassMIMEType)?.takeRetainedValue()
541 | {
/Users/admin/builder/spi-builder-workspace/.dependencies/checkouts/Alamofire/Source/MultipartFormData.swift:539:60: error: cannot find 'kUTTagClassFilenameExtension' in scope
537 | private func mimeType(forPathExtension pathExtension: String) -> String {
538 | if
539 | let id = UTTypeCreatePreferredIdentifierForTag(kUTTagClassFilenameExtension, pathExtension as CFString, nil)?.takeRetainedValue(),
| `- error: cannot find 'kUTTagClassFilenameExtension' in scope
540 | let contentType = UTTypeCopyPreferredTagWithClass(id, kUTTagClassMIMEType)?.takeRetainedValue()
541 | {
/Users/admin/builder/spi-builder-workspace/.dependencies/checkouts/Alamofire/Source/MultipartFormData.swift:540:31: error: cannot find 'UTTypeCopyPreferredTagWithClass' in scope
538 | if
539 | let id = UTTypeCreatePreferredIdentifierForTag(kUTTagClassFilenameExtension, pathExtension as CFString, nil)?.takeRetainedValue(),
540 | let contentType = UTTypeCopyPreferredTagWithClass(id, kUTTagClassMIMEType)?.takeRetainedValue()
| `- error: cannot find 'UTTypeCopyPreferredTagWithClass' in scope
541 | {
542 | return contentType as String
/Users/admin/builder/spi-builder-workspace/.dependencies/checkouts/Alamofire/Source/MultipartFormData.swift:540:67: error: cannot find 'kUTTagClassMIMEType' in scope
538 | if
539 | let id = UTTypeCreatePreferredIdentifierForTag(kUTTagClassFilenameExtension, pathExtension as CFString, nil)?.takeRetainedValue(),
540 | let contentType = UTTypeCopyPreferredTagWithClass(id, kUTTagClassMIMEType)?.takeRetainedValue()
| `- error: cannot find 'kUTTagClassMIMEType' in scope
541 | {
542 | return contentType as String
Failed frontend command:
/Applications/Xcode-27.0.0-Release.Candidate.app/Contents/Developer/Toolchains/XcodeDefault.xctoolchain/usr/bin/swift-frontend -frontend -c /Users/admin/builder/spi-builder-workspace/.dependencies/checkouts/Alamofire/Source/AFError.swift /Users/admin/builder/spi-builder-workspace/.dependencies/checkouts/Alamofire/Source/Alamofire.swift -primary-file /Users/admin/builder/spi-builder-workspace/.dependencies/checkouts/Alamofire/Source/DispatchQueue+Alamofire.swift -primary-file /Users/admin/builder/spi-builder-workspace/.dependencies/checkouts/Alamofire/Source/MultipartFormData.swift /Users/admin/builder/spi-builder-workspace/.dependencies/checkouts/Alamofire/Source/NetworkReachabilityManager.swift /Users/admin/builder/spi-builder-workspace/.dependencies/checkouts/Alamofire/Source/Notifications.swift /Users/admin/builder/spi-builder-workspace/.dependencies/checkouts/Alamofire/Source/ParameterEncoding.swift /Users/admin/builder/spi-builder-workspace/.dependencies/checkouts/Alamofire/Source/Request.swift /Users/admin/builder/spi-builder-workspace/.dependencies/checkouts/Alamofire/Source/Response.swift /Users/admin/builder/spi-builder-workspace/.dependencies/checkouts/Alamofire/Source/ResponseSerialization.swift /Users/admin/builder/spi-builder-workspace/.dependencies/checkouts/Alamofire/Source/Result.swift /Users/admin/builder/spi-builder-workspace/.dependencies/checkouts/Alamofire/Source/ServerTrustPolicy.swift /Users/admin/builder/spi-builder-workspace/.dependencies/checkouts/Alamofire/Source/SessionDelegate.swift /Users/admin/builder/spi-builder-workspace/.dependencies/checkouts/Alamofire/Source/SessionManager.swift /Users/admin/builder/spi-builder-workspace/.dependencies/checkouts/Alamofire/Source/TaskDelegate.swift /Users/admin/builder/spi-builder-workspace/.dependencies/checkouts/Alamofire/Source/Timeline.swift /Users/admin/builder/spi-builder-workspace/.dependencies/checkouts/Alamofire/Source/Validation.swift -emit-dependencies-path /Users/admin/builder/spi-builder-workspace/.derivedData/Build/Intermediates.noindex/Alamofire.build/Debug-xros/Alamofire-t.build/Objects-normal/arm64/DispatchQueue+Alamofire.d -emit-const-values-path /Users/admin/builder/spi-builder-workspace/.derivedData/Build/Intermediates.noindex/Alamofire.build/Debug-xros/Alamofire-t.build/Objects-normal/arm64/DispatchQueue+Alamofire.swiftconstvalues -emit-reference-dependencies-path /Users/admin/builder/spi-builder-workspace/.derivedData/Build/Intermediates.noindex/Alamofire.build/Debug-xros/Alamofire-t.build/Objects-normal/arm64/DispatchQueue+Alamofire.swiftdeps -serialize-diagnostics-path /Users/admin/builder/spi-builder-workspace/.derivedData/Build/Intermediates.noindex/Alamofire.build/Debug-xros/Alamofire-t.build/Objects-normal/arm64/DispatchQueue+Alamofire.dia -emit-dependencies-path /Users/admin/builder/spi-builder-workspace/.derivedData/Build/Intermediates.noindex/Alamofire.build/Debug-xros/Alamofire-t.build/Objects-normal/arm64/MultipartFormData.d -emit-const-values-path /Users/admin/builder/spi-builder-workspace/.derivedData/Build/Intermediates.noindex/Alamofire.build/Debug-xros/Alamofire-t.build/Objects-normal/arm64/MultipartFormData.swiftconstvalues -emit-reference-dependencies-path /Users/admin/builder/spi-builder-workspace/.derivedData/Build/Intermediates.noindex/Alamofire.build/Debug-xros/Alamofire-t.build/Objects-normal/arm64/MultipartFormData.swiftdeps -serialize-diagnostics-path /Users/admin/builder/spi-builder-workspace/.derivedData/Build/Intermediates.noindex/Alamofire.build/Debug-xros/Alamofire-t.build/Objects-normal/arm64/MultipartFormData.dia -target arm64-apple-xros1.0 -disable-cross-import-overlay-search -load-resolved-plugin /Applications/Xcode-27.0.0-Release.Candidate.app/Contents/Developer/Platforms/XROS.platform/Developer/usr/lib/swift/host/plugins/libFoundationMacros.dylib\#/Applications/Xcode-27.0.0-Release.Candidate.app/Contents/Developer/Platforms/XROS.platform/Developer/usr/bin/swift-plugin-server\#FoundationMacros -load-resolved-plugin /Applications/Xcode-27.0.0-Release.Candidate.app/Contents/Developer/Platforms/XROS.platform/Developer/usr/lib/swift/host/plugins/libObservationMacros.dylib\#/Applications/Xcode-27.0.0-Release.Candidate.app/Contents/Developer/Platforms/XROS.platform/Developer/usr/bin/swift-plugin-server\#ObservationMacros -load-resolved-plugin /Applications/Xcode-27.0.0-Release.Candidate.app/Contents/Developer/Platforms/XROS.platform/Developer/usr/lib/swift/host/plugins/libSwiftMacros.dylib\#/Applications/Xcode-27.0.0-Release.Candidate.app/Contents/Developer/Platforms/XROS.platform/Developer/usr/bin/swift-plugin-server\#SwiftMacros -disable-implicit-swift-modules -Xcc -fno-implicit-modules -Xcc -fno-implicit-module-maps -explicit-swift-module-map-file /Users/admin/builder/spi-builder-workspace/.derivedData/Build/Intermediates.noindex/Alamofire.build/Debug-xros/Alamofire-t.build/Objects-normal/arm64/Alamofire-dependencies-1.json -Xllvm -aarch64-use-tbi -enable-objc-interop -stack-check -sdk /Applications/Xcode-27.0.0-Release.Candidate.app/Contents/Developer/Platforms/XROS.platform/Developer/SDKs/XROS27.0.sdk -I /Users/admin/builder/spi-builder-workspace/.derivedData/Build/Products/Debug-xros -Isystem /Applications/Xcode-27.0.0-Release.Candidate.app/Contents/Developer/Platforms/XROS.platform/Developer/usr/lib -F /Users/admin/builder/spi-builder-workspace/.derivedData/Build/Products/Debug-xros -F /Applications/Xcode-27.0.0-Release.Candidate.app/Contents/Developer/Platforms/XROS.platform/Developer/Library/Frameworks -F /Applications/Xcode-27.0.0-Release.Candidate.app/Contents/Developer/Platforms/XROS.platform/Developer/SDKs/XROS27.0.sdk/Developer/Library/Frameworks -module-cache-path /Users/admin/builder/spi-builder-workspace/.derivedData/Build/Intermediates.noindex/SwiftExplicitPrecompiledModules -no-color-diagnostics -Xcc -fno-color-diagnostics -enable-testing -g -debug-info-format\=dwarf -dwarf-version\=4 -suppress-warnings -swift-version 5 -Onone -D SWIFT_PACKAGE -D DEBUG -D SWIFT_MODULE_RESOURCE_BUNDLE_UNAVAILABLE -D Xcode -serialize-debugging-options -enable-experimental-feature DebugDescriptionMacro -empty-abi-descriptor -validate-clang-modules-once -clang-build-session-file /Users/admin/builder/spi-builder-workspace/.derivedData/ModuleCache.noindex/Session.modulevalidation -Xcc -working-directory -Xcc /Users/admin/builder/spi-builder-workspace/.swiftpm/xcode -enable-anonymous-context-mangled-names -file-compilation-dir /Users/admin/builder/spi-builder-workspace/.swiftpm/xcode -Xcc -D_LIBCPP_HARDENING_MODE\=_LIBCPP_HARDENING_MODE_DEBUG -Xcc -ivfsstatcache -Xcc /Users/admin/builder/spi-builder-workspace/.derivedData/SDKStatCaches.noindex/xros27.0-24M361-e829b21a6f8c9b70876ba0858053c044735bd543db762f57723cac368afd1ce4.sdkstatcache -Xcc -fmodules-prune-interval\=86400 -Xcc -fmodules-prune-after\=345600 -Xcc -I/Users/admin/builder/spi-builder-workspace/.derivedData/Build/Products/Debug-xros/include -Xcc -I/Users/admin/builder/spi-builder-workspace/.derivedData/Build/Intermediates.noindex/Alamofire.build/Debug-xros/Alamofire-t.build/DerivedSources-normal/arm64 -Xcc -I/Users/admin/builder/spi-builder-workspace/.derivedData/Build/Intermediates.noindex/Alamofire.build/Debug-xros/Alamofire-t.build/DerivedSources/arm64 -Xcc -I/Users/admin/builder/spi-builder-workspace/.derivedData/Build/Intermediates.noindex/Alamofire.build/Debug-xros/Alamofire-t.build/DerivedSources -Xcc -DSWIFT_PACKAGE -Xcc -DDEBUG\=1 -no-auto-bridging-header-chaining -module-name Alamofire -const-gather-protocols-file /Users/admin/builder/spi-builder-workspace/.derivedData/Build/Intermediates.noindex/Alamofire.build/Debug-xros/Alamofire-t.build/Objects-normal/arm64/Alamofire_const_extract_protocols.json -disable-clang-spi -clang-target arm64-apple-xros27.0 -target-sdk-version 27.0 -target-sdk-name xros27.0 -in-process-plugin-server-path /Applications/Xcode-27.0.0-Release.Candidate.app/Contents/Developer/Toolchains/XcodeDefault.xctoolchain/usr/lib/swift/host/libSwiftInProcPluginServer.dylib -parse-as-library -o /Users/admin/builder/spi-builder-workspace/.derivedData/Build/Intermediates.noindex/Alamofire.build/Debug-xros/Alamofire-t.build/Objects-normal/arm64/DispatchQueue+Alamofire.o -o /Users/admin/builder/spi-builder-workspace/.derivedData/Build/Intermediates.noindex/Alamofire.build/Debug-xros/Alamofire-t.build/Objects-normal/arm64/MultipartFormData.o -debug-module-path /Users/admin/builder/spi-builder-workspace/.derivedData/Build/Intermediates.noindex/Alamofire.build/Debug-xros/Alamofire-t.build/Objects-normal/arm64/Alamofire.swiftmodule -index-unit-output-path /Alamofire.build/Debug-xros/Alamofire-t.build/Objects-normal/arm64/DispatchQueue+Alamofire.o -index-unit-output-path /Alamofire.build/Debug-xros/Alamofire-t.build/Objects-normal/arm64/MultipartFormData.o -index-store-path /Users/admin/builder/spi-builder-workspace/.derivedData/Index.noindex/DataStore -index-system-modules
SwiftCompile normal arm64 /Users/admin/builder/spi-builder-workspace/.dependencies/checkouts/Alamofire/Source/DispatchQueue+Alamofire.swift (in target 'Alamofire' from project 'Alamofire')
cd /Users/admin/builder/spi-builder-workspace/.swiftpm/xcode
builtin-SwiftPerFileCompile DispatchQueue+Alamofire.swift
SwiftCompile normal arm64 /Users/admin/builder/spi-builder-workspace/.dependencies/checkouts/Alamofire/Source/MultipartFormData.swift (in target 'Alamofire' from project 'Alamofire')
cd /Users/admin/builder/spi-builder-workspace/.swiftpm/xcode
builtin-SwiftPerFileCompile MultipartFormData.swift
SwiftCompile normal arm64 Compiling\ Result.swift,\ ServerTrustPolicy.swift /Users/admin/builder/spi-builder-workspace/.dependencies/checkouts/Alamofire/Source/Result.swift /Users/admin/builder/spi-builder-workspace/.dependencies/checkouts/Alamofire/Source/ServerTrustPolicy.swift (in target 'Alamofire' from project 'Alamofire')
SwiftCompile normal arm64 /Users/admin/builder/spi-builder-workspace/.dependencies/checkouts/Alamofire/Source/Result.swift (in target 'Alamofire' from project 'Alamofire')
cd /Users/admin/builder/spi-builder-workspace/.swiftpm/xcode
builtin-SwiftPerFileCompile Result.swift
SwiftCompile normal arm64 /Users/admin/builder/spi-builder-workspace/.dependencies/checkouts/Alamofire/Source/ServerTrustPolicy.swift (in target 'Alamofire' from project 'Alamofire')
cd /Users/admin/builder/spi-builder-workspace/.swiftpm/xcode
builtin-SwiftPerFileCompile ServerTrustPolicy.swift
SwiftCompile normal arm64 Compiling\ NetworkReachabilityManager.swift,\ Notifications.swift /Users/admin/builder/spi-builder-workspace/.dependencies/checkouts/Alamofire/Source/NetworkReachabilityManager.swift /Users/admin/builder/spi-builder-workspace/.dependencies/checkouts/Alamofire/Source/Notifications.swift (in target 'Alamofire' from project 'Alamofire')
SwiftCompile normal arm64 /Users/admin/builder/spi-builder-workspace/.dependencies/checkouts/Alamofire/Source/NetworkReachabilityManager.swift (in target 'Alamofire' from project 'Alamofire')
cd /Users/admin/builder/spi-builder-workspace/.swiftpm/xcode
builtin-SwiftPerFileCompile NetworkReachabilityManager.swift
SwiftCompile normal arm64 /Users/admin/builder/spi-builder-workspace/.dependencies/checkouts/Alamofire/Source/Notifications.swift (in target 'Alamofire' from project 'Alamofire')
cd /Users/admin/builder/spi-builder-workspace/.swiftpm/xcode
builtin-SwiftPerFileCompile Notifications.swift
SwiftDriverJobDiscovery normal arm64 Emitting module for Alamofire (in target 'Alamofire' from project 'Alamofire')
SwiftDriver\ Compilation\ Requirements Alamofire normal arm64 com.apple.xcode.tools.swift.compiler (in target 'Alamofire' from project 'Alamofire')
cd /Users/admin/builder/spi-builder-workspace/.swiftpm/xcode
builtin-Swift-Compilation-Requirements -- /Applications/Xcode-27.0.0-Release.Candidate.app/Contents/Developer/Toolchains/XcodeDefault.xctoolchain/usr/bin/swiftc -parse-as-library -module-name Alamofire -Onone @/Users/admin/builder/spi-builder-workspace/.derivedData/Build/Intermediates.noindex/Alamofire.build/Debug-xros/Alamofire-t.build/Objects-normal/arm64/Alamofire.SwiftFileList -DSWIFT_PACKAGE -DDEBUG -DSWIFT_MODULE_RESOURCE_BUNDLE_UNAVAILABLE -DXcode -plugin-path /Applications/Xcode-27.0.0-Release.Candidate.app/Contents/Developer/Toolchains/XcodeDefault.xctoolchain/usr/lib/swift/host/plugins/testing -enable-experimental-feature DebugDescriptionMacro -sdk /Applications/Xcode-27.0.0-Release.Candidate.app/Contents/Developer/Platforms/XROS.platform/Developer/SDKs/XROS27.0.sdk -target arm64-apple-xros1.0 -g -module-cache-path /Users/admin/builder/spi-builder-workspace/.derivedData/ModuleCache.noindex -Xfrontend -serialize-debugging-options -enable-testing -suppress-warnings -index-store-path /Users/admin/builder/spi-builder-workspace/.derivedData/Index.noindex/DataStore -Xcc -D_LIBCPP_HARDENING_MODE\=_LIBCPP_HARDENING_MODE_DEBUG -swift-version 5 -I /Users/admin/builder/spi-builder-workspace/.derivedData/Build/Products/Debug-xros -Isystem /Applications/Xcode-27.0.0-Release.Candidate.app/Contents/Developer/Platforms/XROS.platform/Developer/usr/lib -F /Users/admin/builder/spi-builder-workspace/.derivedData/Build/Products/Debug-xros -F /Applications/Xcode-27.0.0-Release.Candidate.app/Contents/Developer/Platforms/XROS.platform/Developer/Library/Frameworks -F /Applications/Xcode-27.0.0-Release.Candidate.app/Contents/Developer/Platforms/XROS.platform/Developer/SDKs/XROS27.0.sdk/Developer/Library/Frameworks -c -j10 -enable-batch-mode -incremental -Xcc -ivfsstatcache -Xcc /Users/admin/builder/spi-builder-workspace/.derivedData/SDKStatCaches.noindex/xros27.0-24M361-e829b21a6f8c9b70876ba0858053c044735bd543db762f57723cac368afd1ce4.sdkstatcache -output-file-map /Users/admin/builder/spi-builder-workspace/.derivedData/Build/Intermediates.noindex/Alamofire.build/Debug-xros/Alamofire-t.build/Objects-normal/arm64/Alamofire-OutputFileMap.json -save-temps -no-color-diagnostics -explicit-module-build -module-cache-path /Users/admin/builder/spi-builder-workspace/.derivedData/Build/Intermediates.noindex/SwiftExplicitPrecompiledModules -clang-scanner-module-cache-path /Users/admin/builder/spi-builder-workspace/.derivedData/ModuleCache.noindex -sdk-module-cache-path /Users/admin/builder/spi-builder-workspace/.derivedData/SDKExplicitPrecompiledModules -emit-dependencies -emit-module -emit-module-path /Users/admin/builder/spi-builder-workspace/.derivedData/Build/Intermediates.noindex/Alamofire.build/Debug-xros/Alamofire-t.build/Objects-normal/arm64/Alamofire.swiftmodule -serialize-diagnostics -dependency-scan-serialize-diagnostics-path /Users/admin/builder/spi-builder-workspace/.derivedData/Build/Intermediates.noindex/Alamofire.build/Debug-xros/Alamofire-t.build/Objects-normal/arm64/Alamofire-dependency-scan.dia -validate-clang-modules-once -clang-build-session-file /Users/admin/builder/spi-builder-workspace/.derivedData/ModuleCache.noindex/Session.modulevalidation -Xcc -fmodules-prune-interval\=86400 -Xcc -fmodules-prune-after\=345600 -emit-const-values -const-gather-protocols-list /Users/admin/builder/spi-builder-workspace/.derivedData/Build/Intermediates.noindex/Alamofire.build/Debug-xros/Alamofire-t.build/Objects-normal/arm64/Alamofire_const_extract_protocols.json -Xcc -I/Users/admin/builder/spi-builder-workspace/.derivedData/Build/Products/Debug-xros/include -Xcc -I/Users/admin/builder/spi-builder-workspace/.derivedData/Build/Intermediates.noindex/Alamofire.build/Debug-xros/Alamofire-t.build/DerivedSources-normal/arm64 -Xcc -I/Users/admin/builder/spi-builder-workspace/.derivedData/Build/Intermediates.noindex/Alamofire.build/Debug-xros/Alamofire-t.build/DerivedSources/arm64 -Xcc -I/Users/admin/builder/spi-builder-workspace/.derivedData/Build/Intermediates.noindex/Alamofire.build/Debug-xros/Alamofire-t.build/DerivedSources -Xcc -DSWIFT_PACKAGE -Xcc -DDEBUG\=1 -emit-objc-header -emit-objc-header-path /Users/admin/builder/spi-builder-workspace/.derivedData/Build/Intermediates.noindex/Alamofire.build/Debug-xros/Alamofire-t.build/Objects-normal/arm64/Alamofire-Swift.h -working-directory /Users/admin/builder/spi-builder-workspace/.swiftpm/xcode -experimental-emit-module-separately -disable-cmo
SwiftDriverJobDiscovery normal arm64 Compiling Result.swift, ServerTrustPolicy.swift (in target 'Alamofire' from project 'Alamofire')
SwiftDriverJobDiscovery normal arm64 Compiling AFError.swift, Alamofire.swift (in target 'Alamofire' from project 'Alamofire')
SwiftDriverJobDiscovery normal arm64 Compiling NetworkReachabilityManager.swift, Notifications.swift (in target 'Alamofire' from project 'Alamofire')
PruneExplicitPrecompiledModules /Users/admin/builder/spi-builder-workspace/.derivedData/Build/Intermediates.noindex/SwiftExplicitPrecompiledModules
PruneExplicitPrecompiledModules /Users/admin/builder/spi-builder-workspace/.derivedData/SDKExplicitPrecompiledModules
PruneExplicitPrecompiledModules /Users/admin/builder/spi-builder-workspace/.derivedData/Build/Intermediates.noindex/ExplicitPrecompiledModules
2026-09-19 04:49:33.736 xcodebuild[682:4329] [MT] IDERunDestination: Supported platforms for the buildables in the current scheme is empty.
** BUILD FAILED **
The following build commands failed:
SwiftCompile normal arm64 Compiling\ DispatchQueue+Alamofire.swift,\ MultipartFormData.swift /Users/admin/builder/spi-builder-workspace/.dependencies/checkouts/Alamofire/Source/DispatchQueue+Alamofire.swift /Users/admin/builder/spi-builder-workspace/.dependencies/checkouts/Alamofire/Source/MultipartFormData.swift (in target 'Alamofire' from project 'Alamofire')
SwiftCompile normal arm64 /Users/admin/builder/spi-builder-workspace/.dependencies/checkouts/Alamofire/Source/MultipartFormData.swift (in target 'Alamofire' from project 'Alamofire')
Building workspace DRLSetlistFM with scheme DRLSetlistFM
(3 failures)
Command line invocation:
/Applications/Xcode-27.0.0-Release.Candidate.app/Contents/Developer/usr/bin/xcodebuild -IDEClonedSourcePackagesDirPathOverride=/Users/admin/builder/spi-builder-workspace/.dependencies -resolvePackageDependencies
Resolve Package Graph
Resolved source packages:
Alamofire: https://github.com/Alamofire/Alamofire.git @ 4.9.1
DRLSetlistFM: /Users/admin/builder/spi-builder-workspace
resolved source packages: Alamofire, DRLSetlistFM
2026-09-19 04:49:40.585 xcodebuild[753:4678] [MT] IDERunDestination: Supported platforms for the buildables in the current scheme is empty.
{
"dependencies" : [
{
"identity" : "alamofire",
"requirement" : {
"range" : [
{
"lower_bound" : "4.9.0",
"upper_bound" : "5.0.0"
}
]
},
"type" : "sourceControl",
"url" : "https://github.com/Alamofire/Alamofire.git"
}
],
"manifest_display_name" : "DRLSetlistFM",
"name" : "DRLSetlistFM",
"path" : "/Users/admin/builder/spi-builder-workspace",
"platforms" : [
],
"products" : [
{
"name" : "DRLSetlistFM",
"targets" : [
"DRLSetlistFM"
],
"type" : {
"library" : [
"automatic"
]
}
}
],
"targets" : [
{
"c99name" : "DRLSetlistFM",
"module_type" : "SwiftTarget",
"name" : "DRLSetlistFM",
"path" : "Sources/DRLSetlistFM",
"product_dependencies" : [
"Alamofire"
],
"product_memberships" : [
"DRLSetlistFM"
],
"sources" : [
"APIHelper.swift",
"APIs.swift",
"APIs/SFMartistMbidAPI.swift",
"APIs/SFMartistMbidSetlistsAPI.swift",
"APIs/SFMcityGeoIdAPI.swift",
"APIs/SFMsearchArtistsAPI.swift",
"APIs/SFMsearchCitiesAPI.swift",
"APIs/SFMsearchCountriesAPI.swift",
"APIs/SFMsearchSetlistsAPI.swift",
"APIs/SFMsearchVenuesAPI.swift",
"APIs/SFMsetlistBySetlistIdAPI.swift",
"APIs/SFMsetlistVersionByVersionIdAPI.swift",
"APIs/SFMuserByUserIdAPI.swift",
"APIs/SFMuserByUserIdEditedAPI.swift",
"APIs/SFMuserByUserIdattendedAPI.swift",
"APIs/SFMvenueByVenueIdAPI.swift",
"APIs/SFMvenueByVenueIdsetlistsAPI.swift",
"AlamofireImplementations.swift",
"CodableHelper.swift",
"Configuration.swift",
"Extensions.swift",
"JSONEncodableEncoding.swift",
"JSONEncodingHelper.swift",
"JSONValue.swift",
"Models.swift",
"Models/JsonArtist.swift",
"Models/JsonArtists.swift",
"Models/JsonCities.swift",
"Models/JsonCity.swift",
"Models/JsonCoords.swift",
"Models/JsonCountries.swift",
"Models/JsonCountry.swift",
"Models/JsonError.swift",
"Models/JsonSet.swift",
"Models/JsonSetlist.swift",
"Models/JsonSetlists.swift",
"Models/JsonSong.swift",
"Models/JsonTour.swift",
"Models/JsonUser.swift",
"Models/JsonVenue.swift",
"Models/JsonVenues.swift"
],
"type" : "library"
}
],
"tools_version" : "5.4"
}
{
"workspace" : {
"name" : "DRLSetlistFM",
"schemes" : [
"DRLSetlistFM"
]
}
}
2026-09-19 04:49:41.828 xcodebuild[761:4745] [MT] IDERunDestination: Supported platforms for the buildables in the current scheme is empty.
Running build ...
env DEVELOPER_DIR=/Applications/Xcode-27.0.0-Release.Candidate.app xcrun xcodebuild -IDEClonedSourcePackagesDirPathOverride=$PWD/.dependencies -skipMacroValidation -skipPackagePluginValidation -derivedDataPath $PWD/.derivedData build -scheme DRLSetlistFM -destination generic/platform=xrOS
Command line invocation:
/Applications/Xcode-27.0.0-Release.Candidate.app/Contents/Developer/usr/bin/xcodebuild -IDEClonedSourcePackagesDirPathOverride=/Users/admin/builder/spi-builder-workspace/.dependencies -skipMacroValidation -skipPackagePluginValidation -derivedDataPath /Users/admin/builder/spi-builder-workspace/.derivedData build -scheme DRLSetlistFM -destination generic/platform=xrOS
Resolve Package Graph
Resolved source packages:
DRLSetlistFM: /Users/admin/builder/spi-builder-workspace
Alamofire: https://github.com/Alamofire/Alamofire.git @ 4.9.1
ComputePackagePrebuildTargetDependencyGraph
Prepare packages
CreateBuildRequest
SendProjectDescription
CreateBuildOperation
ComputeTargetDependencyGraph
note: Building targets in dependency order
note: Target dependency graph (4 targets)
Target 'DRLSetlistFM-product' in project 'DRLSetlistFM'
➜ Explicit dependency on target 'DRLSetlistFM' in project 'DRLSetlistFM'
➜ Explicit dependency on target 'Alamofire-product' in project 'Alamofire'
Target 'DRLSetlistFM' in project 'DRLSetlistFM'
➜ Explicit dependency on target 'Alamofire-product' in project 'Alamofire'
Target 'Alamofire-product' in project 'Alamofire'
➜ Explicit dependency on target 'Alamofire' in project 'Alamofire'
Target 'Alamofire' in project 'Alamofire' (no dependencies)
GatherProvisioningInputs
CreateBuildDescription
ClangStatCache /Applications/Xcode-27.0.0-Release.Candidate.app/Contents/Developer/Toolchains/XcodeDefault.xctoolchain/usr/bin/clang-stat-cache /Applications/Xcode-27.0.0-Release.Candidate.app/Contents/Developer/Platforms/XROS.platform/Developer/SDKs/XROS27.0.sdk /Users/admin/builder/spi-builder-workspace/.derivedData/SDKStatCaches.noindex/xros27.0-24M361-e829b21a6f8c9b70876ba0858053c044735bd543db762f57723cac368afd1ce4.sdkstatcache
cd /Users/admin/builder/spi-builder-workspace/.swiftpm/xcode
/Applications/Xcode-27.0.0-Release.Candidate.app/Contents/Developer/Toolchains/XcodeDefault.xctoolchain/usr/bin/clang-stat-cache /Applications/Xcode-27.0.0-Release.Candidate.app/Contents/Developer/Platforms/XROS.platform/Developer/SDKs/XROS27.0.sdk -o /Users/admin/builder/spi-builder-workspace/.derivedData/SDKStatCaches.noindex/xros27.0-24M361-e829b21a6f8c9b70876ba0858053c044735bd543db762f57723cac368afd1ce4.sdkstatcache
SwiftMergeGeneratedHeaders /Users/admin/builder/spi-builder-workspace/.derivedData/Build/Intermediates.noindex/GeneratedModuleMaps-xros/Alamofire-Swift.h /Users/admin/builder/spi-builder-workspace/.derivedData/Build/Intermediates.noindex/Alamofire.build/Debug-xros/Alamofire-t.build/Objects-normal/arm64/Alamofire-Swift.h (in target 'Alamofire' from project 'Alamofire')
cd /Users/admin/builder/spi-builder-workspace/.dependencies/checkouts/Alamofire
builtin-swiftHeaderTool -arch arm64 /Users/admin/builder/spi-builder-workspace/.derivedData/Build/Intermediates.noindex/Alamofire.build/Debug-xros/Alamofire-t.build/Objects-normal/arm64/Alamofire-Swift.h -o /Users/admin/builder/spi-builder-workspace/.derivedData/Build/Intermediates.noindex/GeneratedModuleMaps-xros/Alamofire-Swift.h
SwiftDriver Alamofire normal arm64 com.apple.xcode.tools.swift.compiler (in target 'Alamofire' from project 'Alamofire')
cd /Users/admin/builder/spi-builder-workspace/.swiftpm/xcode
builtin-SwiftDriver -- /Applications/Xcode-27.0.0-Release.Candidate.app/Contents/Developer/Toolchains/XcodeDefault.xctoolchain/usr/bin/swiftc -parse-as-library -module-name Alamofire -Onone @/Users/admin/builder/spi-builder-workspace/.derivedData/Build/Intermediates.noindex/Alamofire.build/Debug-xros/Alamofire-t.build/Objects-normal/arm64/Alamofire.SwiftFileList -DSWIFT_PACKAGE -DDEBUG -DSWIFT_MODULE_RESOURCE_BUNDLE_UNAVAILABLE -DXcode -plugin-path /Applications/Xcode-27.0.0-Release.Candidate.app/Contents/Developer/Toolchains/XcodeDefault.xctoolchain/usr/lib/swift/host/plugins/testing -enable-experimental-feature DebugDescriptionMacro -sdk /Applications/Xcode-27.0.0-Release.Candidate.app/Contents/Developer/Platforms/XROS.platform/Developer/SDKs/XROS27.0.sdk -target arm64-apple-xros1.0 -g -module-cache-path /Users/admin/builder/spi-builder-workspace/.derivedData/ModuleCache.noindex -Xfrontend -serialize-debugging-options -enable-testing -suppress-warnings -index-store-path /Users/admin/builder/spi-builder-workspace/.derivedData/Index.noindex/DataStore -Xcc -D_LIBCPP_HARDENING_MODE\=_LIBCPP_HARDENING_MODE_DEBUG -swift-version 5 -I /Users/admin/builder/spi-builder-workspace/.derivedData/Build/Products/Debug-xros -Isystem /Applications/Xcode-27.0.0-Release.Candidate.app/Contents/Developer/Platforms/XROS.platform/Developer/usr/lib -F /Users/admin/builder/spi-builder-workspace/.derivedData/Build/Products/Debug-xros -F /Applications/Xcode-27.0.0-Release.Candidate.app/Contents/Developer/Platforms/XROS.platform/Developer/Library/Frameworks -F /Applications/Xcode-27.0.0-Release.Candidate.app/Contents/Developer/Platforms/XROS.platform/Developer/SDKs/XROS27.0.sdk/Developer/Library/Frameworks -c -j10 -enable-batch-mode -incremental -Xcc -ivfsstatcache -Xcc /Users/admin/builder/spi-builder-workspace/.derivedData/SDKStatCaches.noindex/xros27.0-24M361-e829b21a6f8c9b70876ba0858053c044735bd543db762f57723cac368afd1ce4.sdkstatcache -output-file-map /Users/admin/builder/spi-builder-workspace/.derivedData/Build/Intermediates.noindex/Alamofire.build/Debug-xros/Alamofire-t.build/Objects-normal/arm64/Alamofire-OutputFileMap.json -save-temps -no-color-diagnostics -explicit-module-build -module-cache-path /Users/admin/builder/spi-builder-workspace/.derivedData/Build/Intermediates.noindex/SwiftExplicitPrecompiledModules -clang-scanner-module-cache-path /Users/admin/builder/spi-builder-workspace/.derivedData/ModuleCache.noindex -sdk-module-cache-path /Users/admin/builder/spi-builder-workspace/.derivedData/SDKExplicitPrecompiledModules -emit-dependencies -emit-module -emit-module-path /Users/admin/builder/spi-builder-workspace/.derivedData/Build/Intermediates.noindex/Alamofire.build/Debug-xros/Alamofire-t.build/Objects-normal/arm64/Alamofire.swiftmodule -serialize-diagnostics -dependency-scan-serialize-diagnostics-path /Users/admin/builder/spi-builder-workspace/.derivedData/Build/Intermediates.noindex/Alamofire.build/Debug-xros/Alamofire-t.build/Objects-normal/arm64/Alamofire-dependency-scan.dia -validate-clang-modules-once -clang-build-session-file /Users/admin/builder/spi-builder-workspace/.derivedData/ModuleCache.noindex/Session.modulevalidation -Xcc -fmodules-prune-interval\=86400 -Xcc -fmodules-prune-after\=345600 -emit-const-values -const-gather-protocols-list /Users/admin/builder/spi-builder-workspace/.derivedData/Build/Intermediates.noindex/Alamofire.build/Debug-xros/Alamofire-t.build/Objects-normal/arm64/Alamofire_const_extract_protocols.json -Xcc -I/Users/admin/builder/spi-builder-workspace/.derivedData/Build/Products/Debug-xros/include -Xcc -I/Users/admin/builder/spi-builder-workspace/.derivedData/Build/Intermediates.noindex/Alamofire.build/Debug-xros/Alamofire-t.build/DerivedSources-normal/arm64 -Xcc -I/Users/admin/builder/spi-builder-workspace/.derivedData/Build/Intermediates.noindex/Alamofire.build/Debug-xros/Alamofire-t.build/DerivedSources/arm64 -Xcc -I/Users/admin/builder/spi-builder-workspace/.derivedData/Build/Intermediates.noindex/Alamofire.build/Debug-xros/Alamofire-t.build/DerivedSources -Xcc -DSWIFT_PACKAGE -Xcc -DDEBUG\=1 -emit-objc-header -emit-objc-header-path /Users/admin/builder/spi-builder-workspace/.derivedData/Build/Intermediates.noindex/Alamofire.build/Debug-xros/Alamofire-t.build/Objects-normal/arm64/Alamofire-Swift.h -working-directory /Users/admin/builder/spi-builder-workspace/.swiftpm/xcode -experimental-emit-module-separately -disable-cmo
Copy /Users/admin/builder/spi-builder-workspace/.derivedData/Build/Products/Debug-xros/Alamofire.swiftmodule/arm64-apple-xros.swiftdoc /Users/admin/builder/spi-builder-workspace/.derivedData/Build/Intermediates.noindex/Alamofire.build/Debug-xros/Alamofire-t.build/Objects-normal/arm64/Alamofire.swiftdoc (in target 'Alamofire' from project 'Alamofire')
cd /Users/admin/builder/spi-builder-workspace/.dependencies/checkouts/Alamofire
builtin-copy -exclude .DS_Store -exclude CVS -exclude .svn -exclude .git -exclude .hg -resolve-src-symlinks -rename /Users/admin/builder/spi-builder-workspace/.derivedData/Build/Intermediates.noindex/Alamofire.build/Debug-xros/Alamofire-t.build/Objects-normal/arm64/Alamofire.swiftdoc /Users/admin/builder/spi-builder-workspace/.derivedData/Build/Products/Debug-xros/Alamofire.swiftmodule/arm64-apple-xros.swiftdoc
Copy /Users/admin/builder/spi-builder-workspace/.derivedData/Build/Products/Debug-xros/Alamofire.swiftmodule/arm64-apple-xros.abi.json /Users/admin/builder/spi-builder-workspace/.derivedData/Build/Intermediates.noindex/Alamofire.build/Debug-xros/Alamofire-t.build/Objects-normal/arm64/Alamofire.abi.json (in target 'Alamofire' from project 'Alamofire')
cd /Users/admin/builder/spi-builder-workspace/.dependencies/checkouts/Alamofire
builtin-copy -exclude .DS_Store -exclude CVS -exclude .svn -exclude .git -exclude .hg -resolve-src-symlinks -rename /Users/admin/builder/spi-builder-workspace/.derivedData/Build/Intermediates.noindex/Alamofire.build/Debug-xros/Alamofire-t.build/Objects-normal/arm64/Alamofire.abi.json /Users/admin/builder/spi-builder-workspace/.derivedData/Build/Products/Debug-xros/Alamofire.swiftmodule/arm64-apple-xros.abi.json
Copy /Users/admin/builder/spi-builder-workspace/.derivedData/Build/Products/Debug-xros/Alamofire.swiftmodule/arm64-apple-xros.swiftmodule /Users/admin/builder/spi-builder-workspace/.derivedData/Build/Intermediates.noindex/Alamofire.build/Debug-xros/Alamofire-t.build/Objects-normal/arm64/Alamofire.swiftmodule (in target 'Alamofire' from project 'Alamofire')
cd /Users/admin/builder/spi-builder-workspace/.dependencies/checkouts/Alamofire
builtin-copy -exclude .DS_Store -exclude CVS -exclude .svn -exclude .git -exclude .hg -resolve-src-symlinks -rename /Users/admin/builder/spi-builder-workspace/.derivedData/Build/Intermediates.noindex/Alamofire.build/Debug-xros/Alamofire-t.build/Objects-normal/arm64/Alamofire.swiftmodule /Users/admin/builder/spi-builder-workspace/.derivedData/Build/Products/Debug-xros/Alamofire.swiftmodule/arm64-apple-xros.swiftmodule
Copy /Users/admin/builder/spi-builder-workspace/.derivedData/Build/Products/Debug-xros/Alamofire.swiftmodule/Project/arm64-apple-xros.swiftsourceinfo /Users/admin/builder/spi-builder-workspace/.derivedData/Build/Intermediates.noindex/Alamofire.build/Debug-xros/Alamofire-t.build/Objects-normal/arm64/Alamofire.swiftsourceinfo (in target 'Alamofire' from project 'Alamofire')
cd /Users/admin/builder/spi-builder-workspace/.dependencies/checkouts/Alamofire
builtin-copy -exclude .DS_Store -exclude CVS -exclude .svn -exclude .git -exclude .hg -resolve-src-symlinks -rename /Users/admin/builder/spi-builder-workspace/.derivedData/Build/Intermediates.noindex/Alamofire.build/Debug-xros/Alamofire-t.build/Objects-normal/arm64/Alamofire.swiftsourceinfo /Users/admin/builder/spi-builder-workspace/.derivedData/Build/Products/Debug-xros/Alamofire.swiftmodule/Project/arm64-apple-xros.swiftsourceinfo
SwiftDriver DRLSetlistFM normal arm64 com.apple.xcode.tools.swift.compiler (in target 'DRLSetlistFM' from project 'DRLSetlistFM')
cd /Users/admin/builder/spi-builder-workspace/.swiftpm/xcode
builtin-SwiftDriver -- /Applications/Xcode-27.0.0-Release.Candidate.app/Contents/Developer/Toolchains/XcodeDefault.xctoolchain/usr/bin/swiftc -parse-as-library -module-name DRLSetlistFM -Onone @/Users/admin/builder/spi-builder-workspace/.derivedData/Build/Intermediates.noindex/DRLSetlistFM.build/Debug-xros/DRLSetlistFM-t.build/Objects-normal/arm64/DRLSetlistFM.SwiftFileList -DSWIFT_PACKAGE -DDEBUG -DSWIFT_MODULE_RESOURCE_BUNDLE_UNAVAILABLE -DXcode -plugin-path /Applications/Xcode-27.0.0-Release.Candidate.app/Contents/Developer/Toolchains/XcodeDefault.xctoolchain/usr/lib/swift/host/plugins/testing -enable-experimental-feature DebugDescriptionMacro -sdk /Applications/Xcode-27.0.0-Release.Candidate.app/Contents/Developer/Platforms/XROS.platform/Developer/SDKs/XROS27.0.sdk -target arm64-apple-xros1.0 -g -module-cache-path /Users/admin/builder/spi-builder-workspace/.derivedData/ModuleCache.noindex -Xfrontend -serialize-debugging-options -enable-testing -index-store-path /Users/admin/builder/spi-builder-workspace/.derivedData/Index.noindex/DataStore -Xcc -D_LIBCPP_HARDENING_MODE\=_LIBCPP_HARDENING_MODE_DEBUG -swift-version 5 -I /Users/admin/builder/spi-builder-workspace/.derivedData/Build/Products/Debug-xros -Isystem /Applications/Xcode-27.0.0-Release.Candidate.app/Contents/Developer/Platforms/XROS.platform/Developer/usr/lib -F /Users/admin/builder/spi-builder-workspace/.derivedData/Build/Products/Debug-xros/PackageFrameworks -F /Users/admin/builder/spi-builder-workspace/.derivedData/Build/Products/Debug-xros -F /Applications/Xcode-27.0.0-Release.Candidate.app/Contents/Developer/Platforms/XROS.platform/Developer/Library/Frameworks -F /Applications/Xcode-27.0.0-Release.Candidate.app/Contents/Developer/Platforms/XROS.platform/Developer/SDKs/XROS27.0.sdk/Developer/Library/Frameworks -c -j10 -enable-batch-mode -incremental -Xcc -ivfsstatcache -Xcc /Users/admin/builder/spi-builder-workspace/.derivedData/SDKStatCaches.noindex/xros27.0-24M361-e829b21a6f8c9b70876ba0858053c044735bd543db762f57723cac368afd1ce4.sdkstatcache -output-file-map /Users/admin/builder/spi-builder-workspace/.derivedData/Build/Intermediates.noindex/DRLSetlistFM.build/Debug-xros/DRLSetlistFM-t.build/Objects-normal/arm64/DRLSetlistFM-OutputFileMap.json -save-temps -no-color-diagnostics -explicit-module-build -module-cache-path /Users/admin/builder/spi-builder-workspace/.derivedData/Build/Intermediates.noindex/SwiftExplicitPrecompiledModules -clang-scanner-module-cache-path /Users/admin/builder/spi-builder-workspace/.derivedData/ModuleCache.noindex -sdk-module-cache-path /Users/admin/builder/spi-builder-workspace/.derivedData/SDKExplicitPrecompiledModules -emit-dependencies -emit-module -emit-module-path /Users/admin/builder/spi-builder-workspace/.derivedData/Build/Intermediates.noindex/DRLSetlistFM.build/Debug-xros/DRLSetlistFM-t.build/Objects-normal/arm64/DRLSetlistFM.swiftmodule -serialize-diagnostics -dependency-scan-serialize-diagnostics-path /Users/admin/builder/spi-builder-workspace/.derivedData/Build/Intermediates.noindex/DRLSetlistFM.build/Debug-xros/DRLSetlistFM-t.build/Objects-normal/arm64/DRLSetlistFM-dependency-scan.dia -validate-clang-modules-once -clang-build-session-file /Users/admin/builder/spi-builder-workspace/.derivedData/ModuleCache.noindex/Session.modulevalidation -Xcc -fmodules-prune-interval\=86400 -Xcc -fmodules-prune-after\=345600 -emit-const-values -const-gather-protocols-list /Users/admin/builder/spi-builder-workspace/.derivedData/Build/Intermediates.noindex/DRLSetlistFM.build/Debug-xros/DRLSetlistFM-t.build/Objects-normal/arm64/DRLSetlistFM_const_extract_protocols.json -Xcc -I/Users/admin/builder/spi-builder-workspace/.derivedData/Build/Products/Debug-xros/include -Xcc -I/Users/admin/builder/spi-builder-workspace/.derivedData/Build/Intermediates.noindex/DRLSetlistFM.build/Debug-xros/DRLSetlistFM-t.build/DerivedSources-normal/arm64 -Xcc -I/Users/admin/builder/spi-builder-workspace/.derivedData/Build/Intermediates.noindex/DRLSetlistFM.build/Debug-xros/DRLSetlistFM-t.build/DerivedSources/arm64 -Xcc -I/Users/admin/builder/spi-builder-workspace/.derivedData/Build/Intermediates.noindex/DRLSetlistFM.build/Debug-xros/DRLSetlistFM-t.build/DerivedSources -Xcc -DSWIFT_PACKAGE -Xcc -DDEBUG\=1 -emit-objc-header -emit-objc-header-path /Users/admin/builder/spi-builder-workspace/.derivedData/Build/Intermediates.noindex/DRLSetlistFM.build/Debug-xros/DRLSetlistFM-t.build/Objects-normal/arm64/DRLSetlistFM-Swift.h -working-directory /Users/admin/builder/spi-builder-workspace/.swiftpm/xcode -experimental-emit-module-separately -disable-cmo
SwiftCompile normal arm64 Compiling\ Request.swift /Users/admin/builder/spi-builder-workspace/.dependencies/checkouts/Alamofire/Source/Request.swift (in target 'Alamofire' from project 'Alamofire')
SwiftCompile normal arm64 /Users/admin/builder/spi-builder-workspace/.dependencies/checkouts/Alamofire/Source/Request.swift (in target 'Alamofire' from project 'Alamofire')
cd /Users/admin/builder/spi-builder-workspace/.swiftpm/xcode
builtin-SwiftPerFileCompile Request.swift
SwiftCompile normal arm64 Compiling\ ParameterEncoding.swift /Users/admin/builder/spi-builder-workspace/.dependencies/checkouts/Alamofire/Source/ParameterEncoding.swift (in target 'Alamofire' from project 'Alamofire')
SwiftCompile normal arm64 /Users/admin/builder/spi-builder-workspace/.dependencies/checkouts/Alamofire/Source/ParameterEncoding.swift (in target 'Alamofire' from project 'Alamofire')
cd /Users/admin/builder/spi-builder-workspace/.swiftpm/xcode
builtin-SwiftPerFileCompile ParameterEncoding.swift
SwiftCompile normal arm64 Compiling\ SessionDelegate.swift /Users/admin/builder/spi-builder-workspace/.dependencies/checkouts/Alamofire/Source/SessionDelegate.swift (in target 'Alamofire' from project 'Alamofire')
SwiftCompile normal arm64 /Users/admin/builder/spi-builder-workspace/.dependencies/checkouts/Alamofire/Source/SessionDelegate.swift (in target 'Alamofire' from project 'Alamofire')
cd /Users/admin/builder/spi-builder-workspace/.swiftpm/xcode
builtin-SwiftPerFileCompile SessionDelegate.swift
SwiftCompile normal arm64 Compiling\ SessionManager.swift /Users/admin/builder/spi-builder-workspace/.dependencies/checkouts/Alamofire/Source/SessionManager.swift (in target 'Alamofire' from project 'Alamofire')
SwiftCompile normal arm64 /Users/admin/builder/spi-builder-workspace/.dependencies/checkouts/Alamofire/Source/SessionManager.swift (in target 'Alamofire' from project 'Alamofire')
cd /Users/admin/builder/spi-builder-workspace/.swiftpm/xcode
builtin-SwiftPerFileCompile SessionManager.swift
SwiftCompile normal arm64 Compiling\ DispatchQueue+Alamofire.swift,\ MultipartFormData.swift /Users/admin/builder/spi-builder-workspace/.dependencies/checkouts/Alamofire/Source/DispatchQueue+Alamofire.swift /Users/admin/builder/spi-builder-workspace/.dependencies/checkouts/Alamofire/Source/MultipartFormData.swift (in target 'Alamofire' from project 'Alamofire')
/Users/admin/builder/spi-builder-workspace/.dependencies/checkouts/Alamofire/Source/MultipartFormData.swift:539:22: error: cannot find 'UTTypeCreatePreferredIdentifierForTag' in scope
537 | private func mimeType(forPathExtension pathExtension: String) -> String {
538 | if
539 | let id = UTTypeCreatePreferredIdentifierForTag(kUTTagClassFilenameExtension, pathExtension as CFString, nil)?.takeRetainedValue(),
| `- error: cannot find 'UTTypeCreatePreferredIdentifierForTag' in scope
540 | let contentType = UTTypeCopyPreferredTagWithClass(id, kUTTagClassMIMEType)?.takeRetainedValue()
541 | {
/Users/admin/builder/spi-builder-workspace/.dependencies/checkouts/Alamofire/Source/MultipartFormData.swift:539:60: error: cannot find 'kUTTagClassFilenameExtension' in scope
537 | private func mimeType(forPathExtension pathExtension: String) -> String {
538 | if
539 | let id = UTTypeCreatePreferredIdentifierForTag(kUTTagClassFilenameExtension, pathExtension as CFString, nil)?.takeRetainedValue(),
| `- error: cannot find 'kUTTagClassFilenameExtension' in scope
540 | let contentType = UTTypeCopyPreferredTagWithClass(id, kUTTagClassMIMEType)?.takeRetainedValue()
541 | {
/Users/admin/builder/spi-builder-workspace/.dependencies/checkouts/Alamofire/Source/MultipartFormData.swift:540:31: error: cannot find 'UTTypeCopyPreferredTagWithClass' in scope
538 | if
539 | let id = UTTypeCreatePreferredIdentifierForTag(kUTTagClassFilenameExtension, pathExtension as CFString, nil)?.takeRetainedValue(),
540 | let contentType = UTTypeCopyPreferredTagWithClass(id, kUTTagClassMIMEType)?.takeRetainedValue()
| `- error: cannot find 'UTTypeCopyPreferredTagWithClass' in scope
541 | {
542 | return contentType as String
/Users/admin/builder/spi-builder-workspace/.dependencies/checkouts/Alamofire/Source/MultipartFormData.swift:540:67: error: cannot find 'kUTTagClassMIMEType' in scope
538 | if
539 | let id = UTTypeCreatePreferredIdentifierForTag(kUTTagClassFilenameExtension, pathExtension as CFString, nil)?.takeRetainedValue(),
540 | let contentType = UTTypeCopyPreferredTagWithClass(id, kUTTagClassMIMEType)?.takeRetainedValue()
| `- error: cannot find 'kUTTagClassMIMEType' in scope
541 | {
542 | return contentType as String
Failed frontend command:
/Applications/Xcode-27.0.0-Release.Candidate.app/Contents/Developer/Toolchains/XcodeDefault.xctoolchain/usr/bin/swift-frontend -frontend -c /Users/admin/builder/spi-builder-workspace/.dependencies/checkouts/Alamofire/Source/AFError.swift /Users/admin/builder/spi-builder-workspace/.dependencies/checkouts/Alamofire/Source/Alamofire.swift -primary-file /Users/admin/builder/spi-builder-workspace/.dependencies/checkouts/Alamofire/Source/DispatchQueue+Alamofire.swift -primary-file /Users/admin/builder/spi-builder-workspace/.dependencies/checkouts/Alamofire/Source/MultipartFormData.swift /Users/admin/builder/spi-builder-workspace/.dependencies/checkouts/Alamofire/Source/NetworkReachabilityManager.swift /Users/admin/builder/spi-builder-workspace/.dependencies/checkouts/Alamofire/Source/Notifications.swift /Users/admin/builder/spi-builder-workspace/.dependencies/checkouts/Alamofire/Source/ParameterEncoding.swift /Users/admin/builder/spi-builder-workspace/.dependencies/checkouts/Alamofire/Source/Request.swift /Users/admin/builder/spi-builder-workspace/.dependencies/checkouts/Alamofire/Source/Response.swift /Users/admin/builder/spi-builder-workspace/.dependencies/checkouts/Alamofire/Source/ResponseSerialization.swift /Users/admin/builder/spi-builder-workspace/.dependencies/checkouts/Alamofire/Source/Result.swift /Users/admin/builder/spi-builder-workspace/.dependencies/checkouts/Alamofire/Source/ServerTrustPolicy.swift /Users/admin/builder/spi-builder-workspace/.dependencies/checkouts/Alamofire/Source/SessionDelegate.swift /Users/admin/builder/spi-builder-workspace/.dependencies/checkouts/Alamofire/Source/SessionManager.swift /Users/admin/builder/spi-builder-workspace/.dependencies/checkouts/Alamofire/Source/TaskDelegate.swift /Users/admin/builder/spi-builder-workspace/.dependencies/checkouts/Alamofire/Source/Timeline.swift /Users/admin/builder/spi-builder-workspace/.dependencies/checkouts/Alamofire/Source/Validation.swift -emit-dependencies-path /Users/admin/builder/spi-builder-workspace/.derivedData/Build/Intermediates.noindex/Alamofire.build/Debug-xros/Alamofire-t.build/Objects-normal/arm64/DispatchQueue+Alamofire.d -emit-const-values-path /Users/admin/builder/spi-builder-workspace/.derivedData/Build/Intermediates.noindex/Alamofire.build/Debug-xros/Alamofire-t.build/Objects-normal/arm64/DispatchQueue+Alamofire.swiftconstvalues -emit-reference-dependencies-path /Users/admin/builder/spi-builder-workspace/.derivedData/Build/Intermediates.noindex/Alamofire.build/Debug-xros/Alamofire-t.build/Objects-normal/arm64/DispatchQueue+Alamofire.swiftdeps -serialize-diagnostics-path /Users/admin/builder/spi-builder-workspace/.derivedData/Build/Intermediates.noindex/Alamofire.build/Debug-xros/Alamofire-t.build/Objects-normal/arm64/DispatchQueue+Alamofire.dia -emit-dependencies-path /Users/admin/builder/spi-builder-workspace/.derivedData/Build/Intermediates.noindex/Alamofire.build/Debug-xros/Alamofire-t.build/Objects-normal/arm64/MultipartFormData.d -emit-const-values-path /Users/admin/builder/spi-builder-workspace/.derivedData/Build/Intermediates.noindex/Alamofire.build/Debug-xros/Alamofire-t.build/Objects-normal/arm64/MultipartFormData.swiftconstvalues -emit-reference-dependencies-path /Users/admin/builder/spi-builder-workspace/.derivedData/Build/Intermediates.noindex/Alamofire.build/Debug-xros/Alamofire-t.build/Objects-normal/arm64/MultipartFormData.swiftdeps -serialize-diagnostics-path /Users/admin/builder/spi-builder-workspace/.derivedData/Build/Intermediates.noindex/Alamofire.build/Debug-xros/Alamofire-t.build/Objects-normal/arm64/MultipartFormData.dia -target arm64-apple-xros1.0 -disable-cross-import-overlay-search -load-resolved-plugin /Applications/Xcode-27.0.0-Release.Candidate.app/Contents/Developer/Platforms/XROS.platform/Developer/usr/lib/swift/host/plugins/libFoundationMacros.dylib\#/Applications/Xcode-27.0.0-Release.Candidate.app/Contents/Developer/Platforms/XROS.platform/Developer/usr/bin/swift-plugin-server\#FoundationMacros -load-resolved-plugin /Applications/Xcode-27.0.0-Release.Candidate.app/Contents/Developer/Platforms/XROS.platform/Developer/usr/lib/swift/host/plugins/libObservationMacros.dylib\#/Applications/Xcode-27.0.0-Release.Candidate.app/Contents/Developer/Platforms/XROS.platform/Developer/usr/bin/swift-plugin-server\#ObservationMacros -load-resolved-plugin /Applications/Xcode-27.0.0-Release.Candidate.app/Contents/Developer/Platforms/XROS.platform/Developer/usr/lib/swift/host/plugins/libSwiftMacros.dylib\#/Applications/Xcode-27.0.0-Release.Candidate.app/Contents/Developer/Platforms/XROS.platform/Developer/usr/bin/swift-plugin-server\#SwiftMacros -disable-implicit-swift-modules -Xcc -fno-implicit-modules -Xcc -fno-implicit-module-maps -explicit-swift-module-map-file /Users/admin/builder/spi-builder-workspace/.derivedData/Build/Intermediates.noindex/Alamofire.build/Debug-xros/Alamofire-t.build/Objects-normal/arm64/Alamofire-dependencies-1.json -Xllvm -aarch64-use-tbi -enable-objc-interop -stack-check -sdk /Applications/Xcode-27.0.0-Release.Candidate.app/Contents/Developer/Platforms/XROS.platform/Developer/SDKs/XROS27.0.sdk -I /Users/admin/builder/spi-builder-workspace/.derivedData/Build/Products/Debug-xros -Isystem /Applications/Xcode-27.0.0-Release.Candidate.app/Contents/Developer/Platforms/XROS.platform/Developer/usr/lib -F /Users/admin/builder/spi-builder-workspace/.derivedData/Build/Products/Debug-xros -F /Applications/Xcode-27.0.0-Release.Candidate.app/Contents/Developer/Platforms/XROS.platform/Developer/Library/Frameworks -F /Applications/Xcode-27.0.0-Release.Candidate.app/Contents/Developer/Platforms/XROS.platform/Developer/SDKs/XROS27.0.sdk/Developer/Library/Frameworks -module-cache-path /Users/admin/builder/spi-builder-workspace/.derivedData/Build/Intermediates.noindex/SwiftExplicitPrecompiledModules -no-color-diagnostics -Xcc -fno-color-diagnostics -enable-testing -g -debug-info-format\=dwarf -dwarf-version\=4 -suppress-warnings -swift-version 5 -Onone -D SWIFT_PACKAGE -D DEBUG -D SWIFT_MODULE_RESOURCE_BUNDLE_UNAVAILABLE -D Xcode -serialize-debugging-options -enable-experimental-feature DebugDescriptionMacro -empty-abi-descriptor -validate-clang-modules-once -clang-build-session-file /Users/admin/builder/spi-builder-workspace/.derivedData/ModuleCache.noindex/Session.modulevalidation -Xcc -working-directory -Xcc /Users/admin/builder/spi-builder-workspace/.swiftpm/xcode -enable-anonymous-context-mangled-names -file-compilation-dir /Users/admin/builder/spi-builder-workspace/.swiftpm/xcode -Xcc -D_LIBCPP_HARDENING_MODE\=_LIBCPP_HARDENING_MODE_DEBUG -Xcc -ivfsstatcache -Xcc /Users/admin/builder/spi-builder-workspace/.derivedData/SDKStatCaches.noindex/xros27.0-24M361-e829b21a6f8c9b70876ba0858053c044735bd543db762f57723cac368afd1ce4.sdkstatcache -Xcc -fmodules-prune-interval\=86400 -Xcc -fmodules-prune-after\=345600 -Xcc -I/Users/admin/builder/spi-builder-workspace/.derivedData/Build/Products/Debug-xros/include -Xcc -I/Users/admin/builder/spi-builder-workspace/.derivedData/Build/Intermediates.noindex/Alamofire.build/Debug-xros/Alamofire-t.build/DerivedSources-normal/arm64 -Xcc -I/Users/admin/builder/spi-builder-workspace/.derivedData/Build/Intermediates.noindex/Alamofire.build/Debug-xros/Alamofire-t.build/DerivedSources/arm64 -Xcc -I/Users/admin/builder/spi-builder-workspace/.derivedData/Build/Intermediates.noindex/Alamofire.build/Debug-xros/Alamofire-t.build/DerivedSources -Xcc -DSWIFT_PACKAGE -Xcc -DDEBUG\=1 -no-auto-bridging-header-chaining -module-name Alamofire -const-gather-protocols-file /Users/admin/builder/spi-builder-workspace/.derivedData/Build/Intermediates.noindex/Alamofire.build/Debug-xros/Alamofire-t.build/Objects-normal/arm64/Alamofire_const_extract_protocols.json -disable-clang-spi -clang-target arm64-apple-xros27.0 -target-sdk-version 27.0 -target-sdk-name xros27.0 -in-process-plugin-server-path /Applications/Xcode-27.0.0-Release.Candidate.app/Contents/Developer/Toolchains/XcodeDefault.xctoolchain/usr/lib/swift/host/libSwiftInProcPluginServer.dylib -parse-as-library -o /Users/admin/builder/spi-builder-workspace/.derivedData/Build/Intermediates.noindex/Alamofire.build/Debug-xros/Alamofire-t.build/Objects-normal/arm64/DispatchQueue+Alamofire.o -o /Users/admin/builder/spi-builder-workspace/.derivedData/Build/Intermediates.noindex/Alamofire.build/Debug-xros/Alamofire-t.build/Objects-normal/arm64/MultipartFormData.o -debug-module-path /Users/admin/builder/spi-builder-workspace/.derivedData/Build/Intermediates.noindex/Alamofire.build/Debug-xros/Alamofire-t.build/Objects-normal/arm64/Alamofire.swiftmodule -index-unit-output-path /Alamofire.build/Debug-xros/Alamofire-t.build/Objects-normal/arm64/DispatchQueue+Alamofire.o -index-unit-output-path /Alamofire.build/Debug-xros/Alamofire-t.build/Objects-normal/arm64/MultipartFormData.o -index-store-path /Users/admin/builder/spi-builder-workspace/.derivedData/Index.noindex/DataStore -index-system-modules
SwiftCompile normal arm64 /Users/admin/builder/spi-builder-workspace/.dependencies/checkouts/Alamofire/Source/DispatchQueue+Alamofire.swift (in target 'Alamofire' from project 'Alamofire')
cd /Users/admin/builder/spi-builder-workspace/.swiftpm/xcode
builtin-SwiftPerFileCompile DispatchQueue+Alamofire.swift
SwiftCompile normal arm64 /Users/admin/builder/spi-builder-workspace/.dependencies/checkouts/Alamofire/Source/MultipartFormData.swift (in target 'Alamofire' from project 'Alamofire')
cd /Users/admin/builder/spi-builder-workspace/.swiftpm/xcode
builtin-SwiftPerFileCompile MultipartFormData.swift
SwiftCompile normal arm64 Compiling\ TaskDelegate.swift /Users/admin/builder/spi-builder-workspace/.dependencies/checkouts/Alamofire/Source/TaskDelegate.swift (in target 'Alamofire' from project 'Alamofire')
SwiftCompile normal arm64 /Users/admin/builder/spi-builder-workspace/.dependencies/checkouts/Alamofire/Source/TaskDelegate.swift (in target 'Alamofire' from project 'Alamofire')
cd /Users/admin/builder/spi-builder-workspace/.swiftpm/xcode
builtin-SwiftPerFileCompile TaskDelegate.swift
SwiftEmitModule normal arm64 Emitting\ module\ for\ Alamofire (in target 'Alamofire' from project 'Alamofire')
SwiftCompile normal arm64 (in target 'Alamofire' from project 'Alamofire')
cd /Users/admin/builder/spi-builder-workspace/.swiftpm/xcode
SwiftCompile normal arm64 Compiling\ Validation.swift /Users/admin/builder/spi-builder-workspace/.dependencies/checkouts/Alamofire/Source/Validation.swift (in target 'Alamofire' from project 'Alamofire')
SwiftCompile normal arm64 /Users/admin/builder/spi-builder-workspace/.dependencies/checkouts/Alamofire/Source/Validation.swift (in target 'Alamofire' from project 'Alamofire')
cd /Users/admin/builder/spi-builder-workspace/.swiftpm/xcode
builtin-SwiftPerFileCompile Validation.swift
SwiftCompile normal arm64 Compiling\ Timeline.swift /Users/admin/builder/spi-builder-workspace/.dependencies/checkouts/Alamofire/Source/Timeline.swift (in target 'Alamofire' from project 'Alamofire')
SwiftCompile normal arm64 /Users/admin/builder/spi-builder-workspace/.dependencies/checkouts/Alamofire/Source/Timeline.swift (in target 'Alamofire' from project 'Alamofire')
cd /Users/admin/builder/spi-builder-workspace/.swiftpm/xcode
builtin-SwiftPerFileCompile Timeline.swift
SwiftCompile normal arm64 Compiling\ ResponseSerialization.swift /Users/admin/builder/spi-builder-workspace/.dependencies/checkouts/Alamofire/Source/ResponseSerialization.swift (in target 'Alamofire' from project 'Alamofire')
SwiftCompile normal arm64 /Users/admin/builder/spi-builder-workspace/.dependencies/checkouts/Alamofire/Source/ResponseSerialization.swift (in target 'Alamofire' from project 'Alamofire')
cd /Users/admin/builder/spi-builder-workspace/.swiftpm/xcode
builtin-SwiftPerFileCompile ResponseSerialization.swift
SwiftDriverJobDiscovery normal arm64 Compiling Timeline.swift (in target 'Alamofire' from project 'Alamofire')
SwiftCompile normal arm64 Compiling\ ServerTrustPolicy.swift /Users/admin/builder/spi-builder-workspace/.dependencies/checkouts/Alamofire/Source/ServerTrustPolicy.swift (in target 'Alamofire' from project 'Alamofire')
SwiftCompile normal arm64 /Users/admin/builder/spi-builder-workspace/.dependencies/checkouts/Alamofire/Source/ServerTrustPolicy.swift (in target 'Alamofire' from project 'Alamofire')
cd /Users/admin/builder/spi-builder-workspace/.swiftpm/xcode
builtin-SwiftPerFileCompile ServerTrustPolicy.swift
SwiftEmitModule normal arm64 Emitting\ module\ for\ DRLSetlistFM (in target 'DRLSetlistFM' from project 'DRLSetlistFM')
SwiftCompile normal arm64 (in target 'DRLSetlistFM' from project 'DRLSetlistFM')
cd /Users/admin/builder/spi-builder-workspace/.swiftpm/xcode
PruneExplicitPrecompiledModules /Users/admin/builder/spi-builder-workspace/.derivedData/Build/Intermediates.noindex/ExplicitPrecompiledModules
PruneExplicitPrecompiledModules /Users/admin/builder/spi-builder-workspace/.derivedData/Build/Intermediates.noindex/SwiftExplicitPrecompiledModules
PruneExplicitPrecompiledModules /Users/admin/builder/spi-builder-workspace/.derivedData/SDKExplicitPrecompiledModules
2026-09-19 04:49:42.837 xcodebuild[762:4771] [MT] IDERunDestination: Supported platforms for the buildables in the current scheme is empty.
** BUILD FAILED **
The following build commands failed:
SwiftCompile normal arm64 Compiling\ DispatchQueue+Alamofire.swift,\ MultipartFormData.swift /Users/admin/builder/spi-builder-workspace/.dependencies/checkouts/Alamofire/Source/DispatchQueue+Alamofire.swift /Users/admin/builder/spi-builder-workspace/.dependencies/checkouts/Alamofire/Source/MultipartFormData.swift (in target 'Alamofire' from project 'Alamofire')
SwiftCompile normal arm64 /Users/admin/builder/spi-builder-workspace/.dependencies/checkouts/Alamofire/Source/MultipartFormData.swift (in target 'Alamofire' from project 'Alamofire')
Building workspace DRLSetlistFM with scheme DRLSetlistFM
(3 failures)
BUILD FAILURE 6.4 visionOS