The Swift Package Index logo.Swift Package Index

Build Information

Failed to build ARCP, reference main (a0e0ef), with Swift 6.1 for macOS (SPM) on 29 Jun 2026 02:50:16 UTC.

Build Command

env DEVELOPER_DIR=/Applications/Xcode-16.3.0.app xcrun swift build --arch arm64

Build Log

[1536/1622] Compiling NIOHTTP1 NIOTypedHTTPServerUpgradeHandler.swift
<unknown>:0: warning: upcoming feature 'InferSendableFromCaptures' is already enabled as of Swift version 6
<unknown>:0: warning: upcoming feature 'GlobalActorIsolatedTypesUsability' is already enabled as of Swift version 6
<unknown>:0: warning: upcoming feature 'DisableOutwardActorInference' is already enabled as of Swift version 6
[1537/1667] Compiling NIOSSL NIOSSLServerHandler.swift
<unknown>:0: warning: upcoming feature 'InferSendableFromCaptures' is already enabled as of Swift version 6
<unknown>:0: warning: upcoming feature 'GlobalActorIsolatedTypesUsability' is already enabled as of Swift version 6
<unknown>:0: warning: upcoming feature 'DisableOutwardActorInference' is already enabled as of Swift version 6
[1538/1667] Compiling NIOTransportServices NIOFilterEmptyWritesHandler.swift
<unknown>:0: warning: upcoming feature 'InferSendableFromCaptures' is already enabled as of Swift version 6
<unknown>:0: warning: upcoming feature 'GlobalActorIsolatedTypesUsability' is already enabled as of Swift version 6
<unknown>:0: warning: upcoming feature 'DisableOutwardActorInference' is already enabled as of Swift version 6
[1539/1667] Compiling NIOTransportServices NIOTSBootstraps.swift
<unknown>:0: warning: upcoming feature 'InferSendableFromCaptures' is already enabled as of Swift version 6
<unknown>:0: warning: upcoming feature 'GlobalActorIsolatedTypesUsability' is already enabled as of Swift version 6
<unknown>:0: warning: upcoming feature 'DisableOutwardActorInference' is already enabled as of Swift version 6
[1540/1667] Compiling NIOTransportServices NIOTSChannelOptions.swift
<unknown>:0: warning: upcoming feature 'InferSendableFromCaptures' is already enabled as of Swift version 6
<unknown>:0: warning: upcoming feature 'GlobalActorIsolatedTypesUsability' is already enabled as of Swift version 6
<unknown>:0: warning: upcoming feature 'DisableOutwardActorInference' is already enabled as of Swift version 6
[1541/1676] Compiling NIOSSL CustomPrivateKey.swift
<unknown>:0: warning: upcoming feature 'InferSendableFromCaptures' is already enabled as of Swift version 6
<unknown>:0: warning: upcoming feature 'GlobalActorIsolatedTypesUsability' is already enabled as of Swift version 6
<unknown>:0: warning: upcoming feature 'DisableOutwardActorInference' is already enabled as of Swift version 6
[1542/1676] Compiling NIOSSL IdentityVerification.swift
<unknown>:0: warning: upcoming feature 'InferSendableFromCaptures' is already enabled as of Swift version 6
<unknown>:0: warning: upcoming feature 'GlobalActorIsolatedTypesUsability' is already enabled as of Swift version 6
<unknown>:0: warning: upcoming feature 'DisableOutwardActorInference' is already enabled as of Swift version 6
[1543/1676] Compiling NIOSSL SSLCertificate.swift
<unknown>:0: warning: upcoming feature 'InferSendableFromCaptures' is already enabled as of Swift version 6
<unknown>:0: warning: upcoming feature 'GlobalActorIsolatedTypesUsability' is already enabled as of Swift version 6
<unknown>:0: warning: upcoming feature 'DisableOutwardActorInference' is already enabled as of Swift version 6
[1544/1676] Compiling NIOTransportServices NIOTSListenerBootstrap.swift
<unknown>:0: warning: upcoming feature 'InferSendableFromCaptures' is already enabled as of Swift version 6
<unknown>:0: warning: upcoming feature 'GlobalActorIsolatedTypesUsability' is already enabled as of Swift version 6
<unknown>:0: warning: upcoming feature 'DisableOutwardActorInference' is already enabled as of Swift version 6
[1545/1676] Compiling NIOHTTP1 NIOTypedHTTPServerUpgraderStateMachine.swift
<unknown>:0: warning: upcoming feature 'InferSendableFromCaptures' is already enabled as of Swift version 6
<unknown>:0: warning: upcoming feature 'GlobalActorIsolatedTypesUsability' is already enabled as of Swift version 6
<unknown>:0: warning: upcoming feature 'DisableOutwardActorInference' is already enabled as of Swift version 6
[1546/1676] Emitting module NIOHTTP1
<unknown>:0: warning: upcoming feature 'InferSendableFromCaptures' is already enabled as of Swift version 6
<unknown>:0: warning: upcoming feature 'GlobalActorIsolatedTypesUsability' is already enabled as of Swift version 6
<unknown>:0: warning: upcoming feature 'DisableOutwardActorInference' is already enabled as of Swift version 6
[1547/1676] Compiling NIOSSL AndroidCABundle.swift
<unknown>:0: warning: upcoming feature 'InferSendableFromCaptures' is already enabled as of Swift version 6
<unknown>:0: warning: upcoming feature 'GlobalActorIsolatedTypesUsability' is already enabled as of Swift version 6
<unknown>:0: warning: upcoming feature 'DisableOutwardActorInference' is already enabled as of Swift version 6
[1548/1676] Compiling NIOSSL ByteBufferBIO.swift
<unknown>:0: warning: upcoming feature 'InferSendableFromCaptures' is already enabled as of Swift version 6
<unknown>:0: warning: upcoming feature 'GlobalActorIsolatedTypesUsability' is already enabled as of Swift version 6
<unknown>:0: warning: upcoming feature 'DisableOutwardActorInference' is already enabled as of Swift version 6
[1549/1676] Compiling NIOSSL LinuxCABundle.swift
<unknown>:0: warning: upcoming feature 'InferSendableFromCaptures' is already enabled as of Swift version 6
<unknown>:0: warning: upcoming feature 'GlobalActorIsolatedTypesUsability' is already enabled as of Swift version 6
<unknown>:0: warning: upcoming feature 'DisableOutwardActorInference' is already enabled as of Swift version 6
[1550/1676] Compiling NIOSSL NIOSSLClientHandler.swift
<unknown>:0: warning: upcoming feature 'InferSendableFromCaptures' is already enabled as of Swift version 6
<unknown>:0: warning: upcoming feature 'GlobalActorIsolatedTypesUsability' is already enabled as of Swift version 6
<unknown>:0: warning: upcoming feature 'DisableOutwardActorInference' is already enabled as of Swift version 6
[1551/1676] Compiling NIOSSL NIOSSLHandler+Configuration.swift
<unknown>:0: warning: upcoming feature 'InferSendableFromCaptures' is already enabled as of Swift version 6
<unknown>:0: warning: upcoming feature 'GlobalActorIsolatedTypesUsability' is already enabled as of Swift version 6
<unknown>:0: warning: upcoming feature 'DisableOutwardActorInference' is already enabled as of Swift version 6
[1552/1676] Compiling NIOSSL NIOSSLHandler.swift
<unknown>:0: warning: upcoming feature 'InferSendableFromCaptures' is already enabled as of Swift version 6
<unknown>:0: warning: upcoming feature 'GlobalActorIsolatedTypesUsability' is already enabled as of Swift version 6
<unknown>:0: warning: upcoming feature 'DisableOutwardActorInference' is already enabled as of Swift version 6
[1553/1705] Compiling NIOExtras NIOLengthFieldBitLength.swift
<unknown>:0: warning: upcoming feature 'InferSendableFromCaptures' is already enabled as of Swift version 6
<unknown>:0: warning: upcoming feature 'GlobalActorIsolatedTypesUsability' is already enabled as of Swift version 6
<unknown>:0: warning: upcoming feature 'DisableOutwardActorInference' is already enabled as of Swift version 6
[1554/1705] Compiling NIOExtras NIORequestIdentifiable.swift
<unknown>:0: warning: upcoming feature 'InferSendableFromCaptures' is already enabled as of Swift version 6
<unknown>:0: warning: upcoming feature 'GlobalActorIsolatedTypesUsability' is already enabled as of Swift version 6
<unknown>:0: warning: upcoming feature 'DisableOutwardActorInference' is already enabled as of Swift version 6
[1555/1705] Compiling NIOExtras PCAPRingBuffer.swift
<unknown>:0: warning: upcoming feature 'InferSendableFromCaptures' is already enabled as of Swift version 6
<unknown>:0: warning: upcoming feature 'GlobalActorIsolatedTypesUsability' is already enabled as of Swift version 6
<unknown>:0: warning: upcoming feature 'DisableOutwardActorInference' is already enabled as of Swift version 6
[1556/1705] Compiling NIOExtras QuiescingHelper.swift
<unknown>:0: warning: upcoming feature 'InferSendableFromCaptures' is already enabled as of Swift version 6
<unknown>:0: warning: upcoming feature 'GlobalActorIsolatedTypesUsability' is already enabled as of Swift version 6
<unknown>:0: warning: upcoming feature 'DisableOutwardActorInference' is already enabled as of Swift version 6
[1557/1707] Emitting module NIOTransportServices
<unknown>:0: warning: upcoming feature 'InferSendableFromCaptures' is already enabled as of Swift version 6
<unknown>:0: warning: upcoming feature 'GlobalActorIsolatedTypesUsability' is already enabled as of Swift version 6
<unknown>:0: warning: upcoming feature 'DisableOutwardActorInference' is already enabled as of Swift version 6
[1558/1707] Compiling NIOExtras HTTP1ProxyConnectHandler.swift
<unknown>:0: warning: upcoming feature 'InferSendableFromCaptures' is already enabled as of Swift version 6
<unknown>:0: warning: upcoming feature 'GlobalActorIsolatedTypesUsability' is already enabled as of Swift version 6
<unknown>:0: warning: upcoming feature 'DisableOutwardActorInference' is already enabled as of Swift version 6
[1559/1707] Compiling NIOExtras LineBasedFrameDecoder.swift
<unknown>:0: warning: upcoming feature 'InferSendableFromCaptures' is already enabled as of Swift version 6
<unknown>:0: warning: upcoming feature 'GlobalActorIsolatedTypesUsability' is already enabled as of Swift version 6
<unknown>:0: warning: upcoming feature 'DisableOutwardActorInference' is already enabled as of Swift version 6
[1560/1707] Compiling NIOExtras MarkedCircularBuffer+PopFirstCheckMarked.swift
<unknown>:0: warning: upcoming feature 'InferSendableFromCaptures' is already enabled as of Swift version 6
<unknown>:0: warning: upcoming feature 'GlobalActorIsolatedTypesUsability' is already enabled as of Swift version 6
<unknown>:0: warning: upcoming feature 'DisableOutwardActorInference' is already enabled as of Swift version 6
[1561/1707] Compiling NIOExtras DebugInboundEventsHandler.swift
<unknown>:0: warning: upcoming feature 'InferSendableFromCaptures' is already enabled as of Swift version 6
<unknown>:0: warning: upcoming feature 'GlobalActorIsolatedTypesUsability' is already enabled as of Swift version 6
<unknown>:0: warning: upcoming feature 'DisableOutwardActorInference' is already enabled as of Swift version 6
[1562/1707] Compiling NIOExtras DebugOutboundEventsHandler.swift
<unknown>:0: warning: upcoming feature 'InferSendableFromCaptures' is already enabled as of Swift version 6
<unknown>:0: warning: upcoming feature 'GlobalActorIsolatedTypesUsability' is already enabled as of Swift version 6
<unknown>:0: warning: upcoming feature 'DisableOutwardActorInference' is already enabled as of Swift version 6
[1563/1707] Compiling NIOExtras FixedLengthFrameDecoder.swift
<unknown>:0: warning: upcoming feature 'InferSendableFromCaptures' is already enabled as of Swift version 6
<unknown>:0: warning: upcoming feature 'GlobalActorIsolatedTypesUsability' is already enabled as of Swift version 6
<unknown>:0: warning: upcoming feature 'DisableOutwardActorInference' is already enabled as of Swift version 6
[1564/1707] Compiling NIOExtras JSONRPCFraming+ContentLengthHeader.swift
<unknown>:0: warning: upcoming feature 'InferSendableFromCaptures' is already enabled as of Swift version 6
<unknown>:0: warning: upcoming feature 'GlobalActorIsolatedTypesUsability' is already enabled as of Swift version 6
<unknown>:0: warning: upcoming feature 'DisableOutwardActorInference' is already enabled as of Swift version 6
[1565/1707] Compiling NIOExtras JSONRPCFraming.swift
<unknown>:0: warning: upcoming feature 'InferSendableFromCaptures' is already enabled as of Swift version 6
<unknown>:0: warning: upcoming feature 'GlobalActorIsolatedTypesUsability' is already enabled as of Swift version 6
<unknown>:0: warning: upcoming feature 'DisableOutwardActorInference' is already enabled as of Swift version 6
[1566/1707] Compiling NIOExtras LengthFieldBasedFrameDecoder.swift
<unknown>:0: warning: upcoming feature 'InferSendableFromCaptures' is already enabled as of Swift version 6
<unknown>:0: warning: upcoming feature 'GlobalActorIsolatedTypesUsability' is already enabled as of Swift version 6
<unknown>:0: warning: upcoming feature 'DisableOutwardActorInference' is already enabled as of Swift version 6
[1567/1707] Compiling NIOExtras LengthFieldPrepender.swift
<unknown>:0: warning: upcoming feature 'InferSendableFromCaptures' is already enabled as of Swift version 6
<unknown>:0: warning: upcoming feature 'GlobalActorIsolatedTypesUsability' is already enabled as of Swift version 6
<unknown>:0: warning: upcoming feature 'DisableOutwardActorInference' is already enabled as of Swift version 6
[1568/1707] Compiling NIOExtras NIOExtrasError.swift
<unknown>:0: warning: upcoming feature 'InferSendableFromCaptures' is already enabled as of Swift version 6
<unknown>:0: warning: upcoming feature 'GlobalActorIsolatedTypesUsability' is already enabled as of Swift version 6
<unknown>:0: warning: upcoming feature 'DisableOutwardActorInference' is already enabled as of Swift version 6
[1569/1707] Compiling NIOExtras RequestResponseHandler.swift
<unknown>:0: warning: upcoming feature 'InferSendableFromCaptures' is already enabled as of Swift version 6
<unknown>:0: warning: upcoming feature 'GlobalActorIsolatedTypesUsability' is already enabled as of Swift version 6
<unknown>:0: warning: upcoming feature 'DisableOutwardActorInference' is already enabled as of Swift version 6
[1570/1707] Compiling NIOExtras RequestResponseHandlers+State.swift
<unknown>:0: warning: upcoming feature 'InferSendableFromCaptures' is already enabled as of Swift version 6
<unknown>:0: warning: upcoming feature 'GlobalActorIsolatedTypesUsability' is already enabled as of Swift version 6
<unknown>:0: warning: upcoming feature 'DisableOutwardActorInference' is already enabled as of Swift version 6
[1571/1707] Compiling NIOTransportServices TCPOptions+SocketChannelOption.swift
<unknown>:0: warning: upcoming feature 'InferSendableFromCaptures' is already enabled as of Swift version 6
<unknown>:0: warning: upcoming feature 'GlobalActorIsolatedTypesUsability' is already enabled as of Swift version 6
<unknown>:0: warning: upcoming feature 'DisableOutwardActorInference' is already enabled as of Swift version 6
[1572/1707] Compiling NIOTransportServices UDPOptions+SocketChannelOption.swift
<unknown>:0: warning: upcoming feature 'InferSendableFromCaptures' is already enabled as of Swift version 6
<unknown>:0: warning: upcoming feature 'GlobalActorIsolatedTypesUsability' is already enabled as of Swift version 6
<unknown>:0: warning: upcoming feature 'DisableOutwardActorInference' is already enabled as of Swift version 6
<unknown>:0: warning: upcoming feature 'InferSendableFromCaptures' is already enabled as of Swift version 6
<unknown>:0: warning: upcoming feature 'GlobalActorIsolatedTypesUsability' is already enabled as of Swift version 6
<unknown>:0: warning: upcoming feature 'DisableOutwardActorInference' is already enabled as of Swift version 6
<unknown>:0: warning: upcoming feature 'InferSendableFromCaptures' is already enabled as of Swift version 6
<unknown>:0: warning: upcoming feature 'GlobalActorIsolatedTypesUsability' is already enabled as of Swift version 6
<unknown>:0: warning: upcoming feature 'DisableOutwardActorInference' is already enabled as of Swift version 6
<unknown>:0: warning: upcoming feature 'InferSendableFromCaptures' is already enabled as of Swift version 6
<unknown>:0: warning: upcoming feature 'GlobalActorIsolatedTypesUsability' is already enabled as of Swift version 6
<unknown>:0: warning: upcoming feature 'DisableOutwardActorInference' is already enabled as of Swift version 6
<unknown>:0: warning: upcoming feature 'InferSendableFromCaptures' is already enabled as of Swift version 6
<unknown>:0: warning: upcoming feature 'GlobalActorIsolatedTypesUsability' is already enabled as of Swift version 6
<unknown>:0: warning: upcoming feature 'DisableOutwardActorInference' is already enabled as of Swift version 6
<unknown>:0: warning: upcoming feature 'InferSendableFromCaptures' is already enabled as of Swift version 6
<unknown>:0: warning: upcoming feature 'GlobalActorIsolatedTypesUsability' is already enabled as of Swift version 6
<unknown>:0: warning: upcoming feature 'DisableOutwardActorInference' is already enabled as of Swift version 6
<unknown>:0: warning: upcoming feature 'InferSendableFromCaptures' is already enabled as of Swift version 6
<unknown>:0: warning: upcoming feature 'GlobalActorIsolatedTypesUsability' is already enabled as of Swift version 6
<unknown>:0: warning: upcoming feature 'DisableOutwardActorInference' is already enabled as of Swift version 6
<unknown>:0: warning: upcoming feature 'InferSendableFromCaptures' is already enabled as of Swift version 6
<unknown>:0: warning: upcoming feature 'GlobalActorIsolatedTypesUsability' is already enabled as of Swift version 6
<unknown>:0: warning: upcoming feature 'DisableOutwardActorInference' is already enabled as of Swift version 6
[1580/1708] Compiling NIOExtras RequestResponseWithIDHandler.swift
<unknown>:0: warning: upcoming feature 'InferSendableFromCaptures' is already enabled as of Swift version 6
<unknown>:0: warning: upcoming feature 'GlobalActorIsolatedTypesUsability' is already enabled as of Swift version 6
<unknown>:0: warning: upcoming feature 'DisableOutwardActorInference' is already enabled as of Swift version 6
[1581/1708] Emitting module NIOSSL
<unknown>:0: warning: upcoming feature 'InferSendableFromCaptures' is already enabled as of Swift version 6
<unknown>:0: warning: upcoming feature 'GlobalActorIsolatedTypesUsability' is already enabled as of Swift version 6
<unknown>:0: warning: upcoming feature 'DisableOutwardActorInference' is already enabled as of Swift version 6
[1582/1711] Compiling NIOWebSocket NIOWebSocketFrameAggregator.swift
<unknown>:0: warning: upcoming feature 'InferSendableFromCaptures' is already enabled as of Swift version 6
<unknown>:0: warning: upcoming feature 'GlobalActorIsolatedTypesUsability' is already enabled as of Swift version 6
<unknown>:0: warning: upcoming feature 'DisableOutwardActorInference' is already enabled as of Swift version 6
[1583/1711] Emitting module NIOWebSocket
<unknown>:0: warning: upcoming feature 'InferSendableFromCaptures' is already enabled as of Swift version 6
<unknown>:0: warning: upcoming feature 'GlobalActorIsolatedTypesUsability' is already enabled as of Swift version 6
<unknown>:0: warning: upcoming feature 'DisableOutwardActorInference' is already enabled as of Swift version 6
[1584/1711] Compiling NIOWebSocket WebSocketOpcode.swift
<unknown>:0: warning: upcoming feature 'InferSendableFromCaptures' is already enabled as of Swift version 6
<unknown>:0: warning: upcoming feature 'GlobalActorIsolatedTypesUsability' is already enabled as of Swift version 6
<unknown>:0: warning: upcoming feature 'DisableOutwardActorInference' is already enabled as of Swift version 6
[1585/1711] Compiling NIOWebSocket WebSocketFrameEncoder.swift
<unknown>:0: warning: upcoming feature 'InferSendableFromCaptures' is already enabled as of Swift version 6
<unknown>:0: warning: upcoming feature 'GlobalActorIsolatedTypesUsability' is already enabled as of Swift version 6
<unknown>:0: warning: upcoming feature 'DisableOutwardActorInference' is already enabled as of Swift version 6
[1586/1711] Compiling NIOWebSocket WebSocketFrameDecoder.swift
<unknown>:0: warning: upcoming feature 'InferSendableFromCaptures' is already enabled as of Swift version 6
<unknown>:0: warning: upcoming feature 'GlobalActorIsolatedTypesUsability' is already enabled as of Swift version 6
<unknown>:0: warning: upcoming feature 'DisableOutwardActorInference' is already enabled as of Swift version 6
[1587/1711] Compiling NIOWebSocket NIOWebSocketServerUpgrader.swift
<unknown>:0: warning: upcoming feature 'InferSendableFromCaptures' is already enabled as of Swift version 6
<unknown>:0: warning: upcoming feature 'GlobalActorIsolatedTypesUsability' is already enabled as of Swift version 6
<unknown>:0: warning: upcoming feature 'DisableOutwardActorInference' is already enabled as of Swift version 6
[1588/1711] Compiling NIOWebSocket WebSocketErrorCodes.swift
<unknown>:0: warning: upcoming feature 'InferSendableFromCaptures' is already enabled as of Swift version 6
<unknown>:0: warning: upcoming feature 'GlobalActorIsolatedTypesUsability' is already enabled as of Swift version 6
<unknown>:0: warning: upcoming feature 'DisableOutwardActorInference' is already enabled as of Swift version 6
[1589/1711] Compiling NIOWebSocket SHA1.swift
<unknown>:0: warning: upcoming feature 'InferSendableFromCaptures' is already enabled as of Swift version 6
<unknown>:0: warning: upcoming feature 'GlobalActorIsolatedTypesUsability' is already enabled as of Swift version 6
<unknown>:0: warning: upcoming feature 'DisableOutwardActorInference' is already enabled as of Swift version 6
[1590/1711] Compiling NIOWebSocket WebSocketFrame.swift
<unknown>:0: warning: upcoming feature 'InferSendableFromCaptures' is already enabled as of Swift version 6
<unknown>:0: warning: upcoming feature 'GlobalActorIsolatedTypesUsability' is already enabled as of Swift version 6
<unknown>:0: warning: upcoming feature 'DisableOutwardActorInference' is already enabled as of Swift version 6
[1591/1711] Compiling NIOWebSocket NIOWebSocketClientUpgrader.swift
<unknown>:0: warning: upcoming feature 'InferSendableFromCaptures' is already enabled as of Swift version 6
<unknown>:0: warning: upcoming feature 'GlobalActorIsolatedTypesUsability' is already enabled as of Swift version 6
<unknown>:0: warning: upcoming feature 'DisableOutwardActorInference' is already enabled as of Swift version 6
<unknown>:0: warning: upcoming feature 'InferSendableFromCaptures' is already enabled as of Swift version 6
<unknown>:0: warning: upcoming feature 'GlobalActorIsolatedTypesUsability' is already enabled as of Swift version 6
<unknown>:0: warning: upcoming feature 'DisableOutwardActorInference' is already enabled as of Swift version 6
[1593/1712] Compiling NIOSSL SSLInit.swift
<unknown>:0: warning: upcoming feature 'InferSendableFromCaptures' is already enabled as of Swift version 6
<unknown>:0: warning: upcoming feature 'GlobalActorIsolatedTypesUsability' is already enabled as of Swift version 6
<unknown>:0: warning: upcoming feature 'DisableOutwardActorInference' is already enabled as of Swift version 6
[1594/1712] Compiling NIOSSL SSLPKCS12Bundle.swift
<unknown>:0: warning: upcoming feature 'InferSendableFromCaptures' is already enabled as of Swift version 6
<unknown>:0: warning: upcoming feature 'GlobalActorIsolatedTypesUsability' is already enabled as of Swift version 6
<unknown>:0: warning: upcoming feature 'DisableOutwardActorInference' is already enabled as of Swift version 6
[1595/1712] Compiling NIOSSL SSLPrivateKey.swift
<unknown>:0: warning: upcoming feature 'InferSendableFromCaptures' is already enabled as of Swift version 6
<unknown>:0: warning: upcoming feature 'GlobalActorIsolatedTypesUsability' is already enabled as of Swift version 6
<unknown>:0: warning: upcoming feature 'DisableOutwardActorInference' is already enabled as of Swift version 6
<unknown>:0: warning: upcoming feature 'InferSendableFromCaptures' is already enabled as of Swift version 6
<unknown>:0: warning: upcoming feature 'GlobalActorIsolatedTypesUsability' is already enabled as of Swift version 6
<unknown>:0: warning: upcoming feature 'DisableOutwardActorInference' is already enabled as of Swift version 6
<unknown>:0: warning: upcoming feature 'InferSendableFromCaptures' is already enabled as of Swift version 6
<unknown>:0: warning: upcoming feature 'GlobalActorIsolatedTypesUsability' is already enabled as of Swift version 6
<unknown>:0: warning: upcoming feature 'DisableOutwardActorInference' is already enabled as of Swift version 6
<unknown>:0: warning: upcoming feature 'InferSendableFromCaptures' is already enabled as of Swift version 6
<unknown>:0: warning: upcoming feature 'GlobalActorIsolatedTypesUsability' is already enabled as of Swift version 6
<unknown>:0: warning: upcoming feature 'DisableOutwardActorInference' is already enabled as of Swift version 6
<unknown>:0: warning: upcoming feature 'InferSendableFromCaptures' is already enabled as of Swift version 6
<unknown>:0: warning: upcoming feature 'GlobalActorIsolatedTypesUsability' is already enabled as of Swift version 6
<unknown>:0: warning: upcoming feature 'DisableOutwardActorInference' is already enabled as of Swift version 6
<unknown>:0: warning: upcoming feature 'InferSendableFromCaptures' is already enabled as of Swift version 6
<unknown>:0: warning: upcoming feature 'GlobalActorIsolatedTypesUsability' is already enabled as of Swift version 6
<unknown>:0: warning: upcoming feature 'DisableOutwardActorInference' is already enabled as of Swift version 6
<unknown>:0: warning: upcoming feature 'InferSendableFromCaptures' is already enabled as of Swift version 6
<unknown>:0: warning: upcoming feature 'GlobalActorIsolatedTypesUsability' is already enabled as of Swift version 6
<unknown>:0: warning: upcoming feature 'DisableOutwardActorInference' is already enabled as of Swift version 6
<unknown>:0: warning: upcoming feature 'InferSendableFromCaptures' is already enabled as of Swift version 6
<unknown>:0: warning: upcoming feature 'GlobalActorIsolatedTypesUsability' is already enabled as of Swift version 6
<unknown>:0: warning: upcoming feature 'DisableOutwardActorInference' is already enabled as of Swift version 6
<unknown>:0: warning: upcoming feature 'InferSendableFromCaptures' is already enabled as of Swift version 6
<unknown>:0: warning: upcoming feature 'GlobalActorIsolatedTypesUsability' is already enabled as of Swift version 6
<unknown>:0: warning: upcoming feature 'DisableOutwardActorInference' is already enabled as of Swift version 6
<unknown>:0: warning: upcoming feature 'InferSendableFromCaptures' is already enabled as of Swift version 6
<unknown>:0: warning: upcoming feature 'GlobalActorIsolatedTypesUsability' is already enabled as of Swift version 6
<unknown>:0: warning: upcoming feature 'DisableOutwardActorInference' is already enabled as of Swift version 6
<unknown>:0: warning: upcoming feature 'InferSendableFromCaptures' is already enabled as of Swift version 6
<unknown>:0: warning: upcoming feature 'GlobalActorIsolatedTypesUsability' is already enabled as of Swift version 6
<unknown>:0: warning: upcoming feature 'DisableOutwardActorInference' is already enabled as of Swift version 6
[1606/1712] Emitting module NIOExtras
<unknown>:0: warning: upcoming feature 'InferSendableFromCaptures' is already enabled as of Swift version 6
<unknown>:0: warning: upcoming feature 'GlobalActorIsolatedTypesUsability' is already enabled as of Swift version 6
<unknown>:0: warning: upcoming feature 'DisableOutwardActorInference' is already enabled as of Swift version 6
[1607/1712] Compiling NIOWebSocket WebSocketProtocolErrorHandler.swift
<unknown>:0: warning: upcoming feature 'InferSendableFromCaptures' is already enabled as of Swift version 6
<unknown>:0: warning: upcoming feature 'GlobalActorIsolatedTypesUsability' is already enabled as of Swift version 6
<unknown>:0: warning: upcoming feature 'DisableOutwardActorInference' is already enabled as of Swift version 6
[1608/1712] Compiling NIOSSL SafeCompare.swift
<unknown>:0: warning: upcoming feature 'InferSendableFromCaptures' is already enabled as of Swift version 6
<unknown>:0: warning: upcoming feature 'GlobalActorIsolatedTypesUsability' is already enabled as of Swift version 6
<unknown>:0: warning: upcoming feature 'DisableOutwardActorInference' is already enabled as of Swift version 6
[1609/1712] Compiling NIOSSL Zeroization.swift
<unknown>:0: warning: upcoming feature 'InferSendableFromCaptures' is already enabled as of Swift version 6
<unknown>:0: warning: upcoming feature 'GlobalActorIsolatedTypesUsability' is already enabled as of Swift version 6
<unknown>:0: warning: upcoming feature 'DisableOutwardActorInference' is already enabled as of Swift version 6
[1610/1712] Compiling NIOSSL TLSConfiguration.swift
<unknown>:0: warning: upcoming feature 'InferSendableFromCaptures' is already enabled as of Swift version 6
<unknown>:0: warning: upcoming feature 'GlobalActorIsolatedTypesUsability' is already enabled as of Swift version 6
<unknown>:0: warning: upcoming feature 'DisableOutwardActorInference' is already enabled as of Swift version 6
<unknown>:0: warning: upcoming feature 'InferSendableFromCaptures' is already enabled as of Swift version 6
<unknown>:0: warning: upcoming feature 'GlobalActorIsolatedTypesUsability' is already enabled as of Swift version 6
<unknown>:0: warning: upcoming feature 'DisableOutwardActorInference' is already enabled as of Swift version 6
<unknown>:0: warning: upcoming feature 'InferSendableFromCaptures' is already enabled as of Swift version 6
<unknown>:0: warning: upcoming feature 'GlobalActorIsolatedTypesUsability' is already enabled as of Swift version 6
<unknown>:0: warning: upcoming feature 'DisableOutwardActorInference' is already enabled as of Swift version 6
<unknown>:0: warning: upcoming feature 'InferSendableFromCaptures' is already enabled as of Swift version 6
<unknown>:0: warning: upcoming feature 'GlobalActorIsolatedTypesUsability' is already enabled as of Swift version 6
<unknown>:0: warning: upcoming feature 'DisableOutwardActorInference' is already enabled as of Swift version 6
[1614/1712] Compiling NIOSSL UniversalBootstrapSupport.swift
<unknown>:0: warning: upcoming feature 'InferSendableFromCaptures' is already enabled as of Swift version 6
<unknown>:0: warning: upcoming feature 'GlobalActorIsolatedTypesUsability' is already enabled as of Swift version 6
<unknown>:0: warning: upcoming feature 'DisableOutwardActorInference' is already enabled as of Swift version 6
[1615/1712] Compiling NIOSSL UnsafeKeyAndChainTarget.swift
<unknown>:0: warning: upcoming feature 'InferSendableFromCaptures' is already enabled as of Swift version 6
<unknown>:0: warning: upcoming feature 'GlobalActorIsolatedTypesUsability' is already enabled as of Swift version 6
<unknown>:0: warning: upcoming feature 'DisableOutwardActorInference' is already enabled as of Swift version 6
[1616/1712] Compiling NIOSSL resource_bundle_accessor.swift
<unknown>:0: warning: upcoming feature 'InferSendableFromCaptures' is already enabled as of Swift version 6
<unknown>:0: warning: upcoming feature 'GlobalActorIsolatedTypesUsability' is already enabled as of Swift version 6
<unknown>:0: warning: upcoming feature 'DisableOutwardActorInference' is already enabled as of Swift version 6
<unknown>:0: warning: upcoming feature 'InferSendableFromCaptures' is already enabled as of Swift version 6
<unknown>:0: warning: upcoming feature 'GlobalActorIsolatedTypesUsability' is already enabled as of Swift version 6
<unknown>:0: warning: upcoming feature 'DisableOutwardActorInference' is already enabled as of Swift version 6
<unknown>:0: warning: upcoming feature 'InferSendableFromCaptures' is already enabled as of Swift version 6
<unknown>:0: warning: upcoming feature 'GlobalActorIsolatedTypesUsability' is already enabled as of Swift version 6
<unknown>:0: warning: upcoming feature 'DisableOutwardActorInference' is already enabled as of Swift version 6
[1619/1712] Compiling NIOSSL String+unsafeUninitializedCapacity.swift
<unknown>:0: warning: upcoming feature 'InferSendableFromCaptures' is already enabled as of Swift version 6
<unknown>:0: warning: upcoming feature 'GlobalActorIsolatedTypesUsability' is already enabled as of Swift version 6
<unknown>:0: warning: upcoming feature 'DisableOutwardActorInference' is already enabled as of Swift version 6
[1620/1712] Compiling NIOSSL SubjectAlternativeName.swift
<unknown>:0: warning: upcoming feature 'InferSendableFromCaptures' is already enabled as of Swift version 6
<unknown>:0: warning: upcoming feature 'GlobalActorIsolatedTypesUsability' is already enabled as of Swift version 6
<unknown>:0: warning: upcoming feature 'DisableOutwardActorInference' is already enabled as of Swift version 6
[1621/1712] Compiling NIOSSL NIOSSLSecureBytes.swift
<unknown>:0: warning: upcoming feature 'InferSendableFromCaptures' is already enabled as of Swift version 6
<unknown>:0: warning: upcoming feature 'GlobalActorIsolatedTypesUsability' is already enabled as of Swift version 6
<unknown>:0: warning: upcoming feature 'DisableOutwardActorInference' is already enabled as of Swift version 6
[1622/1712] Compiling NIOSSL RNG.swift
<unknown>:0: warning: upcoming feature 'InferSendableFromCaptures' is already enabled as of Swift version 6
<unknown>:0: warning: upcoming feature 'GlobalActorIsolatedTypesUsability' is already enabled as of Swift version 6
<unknown>:0: warning: upcoming feature 'DisableOutwardActorInference' is already enabled as of Swift version 6
<unknown>:0: warning: upcoming feature 'InferSendableFromCaptures' is already enabled as of Swift version 6
<unknown>:0: warning: upcoming feature 'GlobalActorIsolatedTypesUsability' is already enabled as of Swift version 6
<unknown>:0: warning: upcoming feature 'DisableOutwardActorInference' is already enabled as of Swift version 6
<unknown>:0: warning: upcoming feature 'InferSendableFromCaptures' is already enabled as of Swift version 6
<unknown>:0: warning: upcoming feature 'GlobalActorIsolatedTypesUsability' is already enabled as of Swift version 6
<unknown>:0: warning: upcoming feature 'DisableOutwardActorInference' is already enabled as of Swift version 6
<unknown>:0: warning: upcoming feature 'InferSendableFromCaptures' is already enabled as of Swift version 6
<unknown>:0: warning: upcoming feature 'GlobalActorIsolatedTypesUsability' is already enabled as of Swift version 6
<unknown>:0: warning: upcoming feature 'DisableOutwardActorInference' is already enabled as of Swift version 6
<unknown>:0: warning: upcoming feature 'InferSendableFromCaptures' is already enabled as of Swift version 6
<unknown>:0: warning: upcoming feature 'GlobalActorIsolatedTypesUsability' is already enabled as of Swift version 6
<unknown>:0: warning: upcoming feature 'DisableOutwardActorInference' is already enabled as of Swift version 6
<unknown>:0: warning: upcoming feature 'InferSendableFromCaptures' is already enabled as of Swift version 6
<unknown>:0: warning: upcoming feature 'GlobalActorIsolatedTypesUsability' is already enabled as of Swift version 6
<unknown>:0: warning: upcoming feature 'DisableOutwardActorInference' is already enabled as of Swift version 6
<unknown>:0: warning: upcoming feature 'InferSendableFromCaptures' is already enabled as of Swift version 6
<unknown>:0: warning: upcoming feature 'GlobalActorIsolatedTypesUsability' is already enabled as of Swift version 6
<unknown>:0: warning: upcoming feature 'DisableOutwardActorInference' is already enabled as of Swift version 6
<unknown>:0: warning: upcoming feature 'InferSendableFromCaptures' is already enabled as of Swift version 6
<unknown>:0: warning: upcoming feature 'GlobalActorIsolatedTypesUsability' is already enabled as of Swift version 6
<unknown>:0: warning: upcoming feature 'DisableOutwardActorInference' is already enabled as of Swift version 6
<unknown>:0: warning: upcoming feature 'InferSendableFromCaptures' is already enabled as of Swift version 6
<unknown>:0: warning: upcoming feature 'GlobalActorIsolatedTypesUsability' is already enabled as of Swift version 6
<unknown>:0: warning: upcoming feature 'DisableOutwardActorInference' is already enabled as of Swift version 6
<unknown>:0: warning: upcoming feature 'InferSendableFromCaptures' is already enabled as of Swift version 6
<unknown>:0: warning: upcoming feature 'GlobalActorIsolatedTypesUsability' is already enabled as of Swift version 6
<unknown>:0: warning: upcoming feature 'DisableOutwardActorInference' is already enabled as of Swift version 6
<unknown>:0: warning: upcoming feature 'InferSendableFromCaptures' is already enabled as of Swift version 6
<unknown>:0: warning: upcoming feature 'GlobalActorIsolatedTypesUsability' is already enabled as of Swift version 6
<unknown>:0: warning: upcoming feature 'DisableOutwardActorInference' is already enabled as of Swift version 6
<unknown>:0: warning: upcoming feature 'InferSendableFromCaptures' is already enabled as of Swift version 6
<unknown>:0: warning: upcoming feature 'GlobalActorIsolatedTypesUsability' is already enabled as of Swift version 6
<unknown>:0: warning: upcoming feature 'DisableOutwardActorInference' is already enabled as of Swift version 6
<unknown>:0: warning: upcoming feature 'InferSendableFromCaptures' is already enabled as of Swift version 6
<unknown>:0: warning: upcoming feature 'GlobalActorIsolatedTypesUsability' is already enabled as of Swift version 6
<unknown>:0: warning: upcoming feature 'DisableOutwardActorInference' is already enabled as of Swift version 6
<unknown>:0: warning: upcoming feature 'InferSendableFromCaptures' is already enabled as of Swift version 6
<unknown>:0: warning: upcoming feature 'GlobalActorIsolatedTypesUsability' is already enabled as of Swift version 6
<unknown>:0: warning: upcoming feature 'DisableOutwardActorInference' is already enabled as of Swift version 6
<unknown>:0: warning: upcoming feature 'InferSendableFromCaptures' is already enabled as of Swift version 6
<unknown>:0: warning: upcoming feature 'GlobalActorIsolatedTypesUsability' is already enabled as of Swift version 6
<unknown>:0: warning: upcoming feature 'DisableOutwardActorInference' is already enabled as of Swift version 6
<unknown>:0: warning: upcoming feature 'InferSendableFromCaptures' is already enabled as of Swift version 6
<unknown>:0: warning: upcoming feature 'GlobalActorIsolatedTypesUsability' is already enabled as of Swift version 6
<unknown>:0: warning: upcoming feature 'DisableOutwardActorInference' is already enabled as of Swift version 6
<unknown>:0: warning: upcoming feature 'InferSendableFromCaptures' is already enabled as of Swift version 6
<unknown>:0: warning: upcoming feature 'GlobalActorIsolatedTypesUsability' is already enabled as of Swift version 6
<unknown>:0: warning: upcoming feature 'DisableOutwardActorInference' is already enabled as of Swift version 6
<unknown>:0: warning: upcoming feature 'InferSendableFromCaptures' is already enabled as of Swift version 6
<unknown>:0: warning: upcoming feature 'GlobalActorIsolatedTypesUsability' is already enabled as of Swift version 6
<unknown>:0: warning: upcoming feature 'DisableOutwardActorInference' is already enabled as of Swift version 6
<unknown>:0: warning: upcoming feature 'InferSendableFromCaptures' is already enabled as of Swift version 6
<unknown>:0: warning: upcoming feature 'GlobalActorIsolatedTypesUsability' is already enabled as of Swift version 6
<unknown>:0: warning: upcoming feature 'DisableOutwardActorInference' is already enabled as of Swift version 6
[1641/1712] Compiling NIOExtras WritePCAPHandler.swift
<unknown>:0: warning: upcoming feature 'InferSendableFromCaptures' is already enabled as of Swift version 6
<unknown>:0: warning: upcoming feature 'GlobalActorIsolatedTypesUsability' is already enabled as of Swift version 6
<unknown>:0: warning: upcoming feature 'DisableOutwardActorInference' is already enabled as of Swift version 6
error: emit-module command failed with exit code 1 (use -v to see invocation)
[1642/1712] Emitting module JWTKit
<unknown>:0: warning: upcoming feature 'InferSendableFromCaptures' is already enabled as of Swift version 6
<unknown>:0: warning: upcoming feature 'GlobalActorIsolatedTypesUsability' is already enabled as of Swift version 6
<unknown>:0: warning: upcoming feature 'DisableOutwardActorInference' is already enabled as of Swift version 6
/Users/admin/builder/spi-builder-workspace/.build/checkouts/jwt-kit/Sources/JWTKit/MLDSA/MLDSA65+MLDSAKey.swift:5:11: error: cannot find type 'MLDSA65' in scope
 3 | @_spi(PostQuantum)
 4 | @available(iOS 26.0, macOS 26.0, watchOS 26.0, tvOS 26.0, *)
 5 | extension MLDSA65.PublicKey: MLDSAPublicKey {
   |           `- error: cannot find type 'MLDSA65' in scope
 6 |     public typealias MLDSAType = MLDSA65
 7 | }
/Users/admin/builder/spi-builder-workspace/.build/checkouts/jwt-kit/Sources/JWTKit/MLDSA/MLDSA65+MLDSAKey.swift:11:11: error: cannot find type 'MLDSA65' in scope
 9 | @_spi(PostQuantum)
10 | @available(iOS 26.0, macOS 26.0, watchOS 26.0, tvOS 26.0, *)
11 | extension MLDSA65.PrivateKey: MLDSAPrivateKey {
   |           `- error: cannot find type 'MLDSA65' in scope
12 |     public typealias MLDSAType = MLDSA65
13 | }
/Users/admin/builder/spi-builder-workspace/.build/checkouts/jwt-kit/Sources/JWTKit/MLDSA/MLDSA65+MLDSAKey.swift:17:53: error: cannot find type 'MLDSA65' in scope
15 | @_spi(PostQuantum)
16 | @available(iOS 26.0, macOS 26.0, watchOS 26.0, tvOS 26.0, *)
17 | public typealias MLDSA65PublicKey = MLDSA.PublicKey<MLDSA65>
   |                                                     `- error: cannot find type 'MLDSA65' in scope
18 |
19 | @_spi(PostQuantum)
/Users/admin/builder/spi-builder-workspace/.build/checkouts/jwt-kit/Sources/JWTKit/MLDSA/MLDSA65+MLDSAKey.swift:21:55: error: cannot find type 'MLDSA65' in scope
19 | @_spi(PostQuantum)
20 | @available(iOS 26.0, macOS 26.0, watchOS 26.0, tvOS 26.0, *)
21 | public typealias MLDSA65PrivateKey = MLDSA.PrivateKey<MLDSA65>
   |                                                       `- error: cannot find type 'MLDSA65' in scope
22 |
/Users/admin/builder/spi-builder-workspace/.build/checkouts/jwt-kit/Sources/JWTKit/MLDSA/MLDSA87+MLDSAKey.swift:5:11: error: cannot find type 'MLDSA87' in scope
 3 | @_spi(PostQuantum)
 4 | @available(iOS 26.0, macOS 26.0, watchOS 26.0, tvOS 26.0, *)
 5 | extension MLDSA87.PublicKey: MLDSAPublicKey {
   |           `- error: cannot find type 'MLDSA87' in scope
 6 |     public typealias MLDSAType = MLDSA87
 7 | }
/Users/admin/builder/spi-builder-workspace/.build/checkouts/jwt-kit/Sources/JWTKit/MLDSA/MLDSA87+MLDSAKey.swift:11:11: error: cannot find type 'MLDSA87' in scope
 9 | @_spi(PostQuantum)
10 | @available(iOS 26.0, macOS 26.0, watchOS 26.0, tvOS 26.0, *)
11 | extension MLDSA87.PrivateKey: MLDSAPrivateKey {
   |           `- error: cannot find type 'MLDSA87' in scope
12 |     public typealias MLDSAType = MLDSA87
13 | }
/Users/admin/builder/spi-builder-workspace/.build/checkouts/jwt-kit/Sources/JWTKit/MLDSA/MLDSA87+MLDSAKey.swift:17:53: error: cannot find type 'MLDSA87' in scope
15 | @_spi(PostQuantum)
16 | @available(iOS 26.0, macOS 26.0, watchOS 26.0, tvOS 26.0, *)
17 | public typealias MLDSA87PublicKey = MLDSA.PublicKey<MLDSA87>
   |                                                     `- error: cannot find type 'MLDSA87' in scope
18 |
19 | @_spi(PostQuantum)
/Users/admin/builder/spi-builder-workspace/.build/checkouts/jwt-kit/Sources/JWTKit/MLDSA/MLDSA87+MLDSAKey.swift:21:55: error: cannot find type 'MLDSA87' in scope
19 | @_spi(PostQuantum)
20 | @available(iOS 26.0, macOS 26.0, watchOS 26.0, tvOS 26.0, *)
21 | public typealias MLDSA87PrivateKey = MLDSA.PrivateKey<MLDSA87>
   |                                                       `- error: cannot find type 'MLDSA87' in scope
22 |
/Users/admin/builder/spi-builder-workspace/.build/checkouts/jwt-kit/Sources/JWTKit/MLDSA/MLDSAType.swift:13:11: error: cannot find type 'MLDSA65' in scope
11 | @_spi(PostQuantum)
12 | @available(iOS 26.0, macOS 26.0, watchOS 26.0, tvOS 26.0, *)
13 | extension MLDSA65: MLDSAType {
   |           `- error: cannot find type 'MLDSA65' in scope
14 |     public static var name: String { "ML-DSA-65" }
15 | }
/Users/admin/builder/spi-builder-workspace/.build/checkouts/jwt-kit/Sources/JWTKit/MLDSA/MLDSAType.swift:19:11: error: cannot find type 'MLDSA87' in scope
17 | @_spi(PostQuantum)
18 | @available(iOS 26.0, macOS 26.0, watchOS 26.0, tvOS 26.0, *)
19 | extension MLDSA87: MLDSAType {
   |           `- error: cannot find type 'MLDSA87' in scope
20 |     public static var name: String { "ML-DSA-87" }
21 | }
<unknown>:0: warning: upcoming feature 'InferSendableFromCaptures' is already enabled as of Swift version 6
<unknown>:0: warning: upcoming feature 'GlobalActorIsolatedTypesUsability' is already enabled as of Swift version 6
<unknown>:0: warning: upcoming feature 'DisableOutwardActorInference' is already enabled as of Swift version 6
/Users/admin/builder/spi-builder-workspace/.build/checkouts/jwt-kit/Sources/JWTKit/MLDSA/MLDSAType.swift:13:11: error: cannot find type 'MLDSA65' in scope
11 | @_spi(PostQuantum)
12 | @available(iOS 26.0, macOS 26.0, watchOS 26.0, tvOS 26.0, *)
13 | extension MLDSA65: MLDSAType {
   |           `- error: cannot find type 'MLDSA65' in scope
14 |     public static var name: String { "ML-DSA-65" }
15 | }
/Users/admin/builder/spi-builder-workspace/.build/checkouts/jwt-kit/Sources/JWTKit/MLDSA/MLDSAType.swift:19:11: error: cannot find type 'MLDSA87' in scope
17 | @_spi(PostQuantum)
18 | @available(iOS 26.0, macOS 26.0, watchOS 26.0, tvOS 26.0, *)
19 | extension MLDSA87: MLDSAType {
   |           `- error: cannot find type 'MLDSA87' in scope
20 |     public static var name: String { "ML-DSA-87" }
21 | }
<unknown>:0: warning: upcoming feature 'InferSendableFromCaptures' is already enabled as of Swift version 6
<unknown>:0: warning: upcoming feature 'GlobalActorIsolatedTypesUsability' is already enabled as of Swift version 6
<unknown>:0: warning: upcoming feature 'DisableOutwardActorInference' is already enabled as of Swift version 6
/Users/admin/builder/spi-builder-workspace/.build/checkouts/jwt-kit/Sources/JWTKit/MLDSA/MLDSAType.swift:13:11: error: cannot find type 'MLDSA65' in scope
11 | @_spi(PostQuantum)
12 | @available(iOS 26.0, macOS 26.0, watchOS 26.0, tvOS 26.0, *)
13 | extension MLDSA65: MLDSAType {
   |           `- error: cannot find type 'MLDSA65' in scope
14 |     public static var name: String { "ML-DSA-65" }
15 | }
/Users/admin/builder/spi-builder-workspace/.build/checkouts/jwt-kit/Sources/JWTKit/MLDSA/MLDSAType.swift:19:11: error: cannot find type 'MLDSA87' in scope
17 | @_spi(PostQuantum)
18 | @available(iOS 26.0, macOS 26.0, watchOS 26.0, tvOS 26.0, *)
19 | extension MLDSA87: MLDSAType {
   |           `- error: cannot find type 'MLDSA87' in scope
20 |     public static var name: String { "ML-DSA-87" }
21 | }
<unknown>:0: warning: upcoming feature 'InferSendableFromCaptures' is already enabled as of Swift version 6
<unknown>:0: warning: upcoming feature 'GlobalActorIsolatedTypesUsability' is already enabled as of Swift version 6
<unknown>:0: warning: upcoming feature 'DisableOutwardActorInference' is already enabled as of Swift version 6
/Users/admin/builder/spi-builder-workspace/.build/checkouts/jwt-kit/Sources/JWTKit/MLDSA/MLDSAType.swift:13:11: error: cannot find type 'MLDSA65' in scope
11 | @_spi(PostQuantum)
12 | @available(iOS 26.0, macOS 26.0, watchOS 26.0, tvOS 26.0, *)
13 | extension MLDSA65: MLDSAType {
   |           `- error: cannot find type 'MLDSA65' in scope
14 |     public static var name: String { "ML-DSA-65" }
15 | }
/Users/admin/builder/spi-builder-workspace/.build/checkouts/jwt-kit/Sources/JWTKit/MLDSA/MLDSAType.swift:19:11: error: cannot find type 'MLDSA87' in scope
17 | @_spi(PostQuantum)
18 | @available(iOS 26.0, macOS 26.0, watchOS 26.0, tvOS 26.0, *)
19 | extension MLDSA87: MLDSAType {
   |           `- error: cannot find type 'MLDSA87' in scope
20 |     public static var name: String { "ML-DSA-87" }
21 | }
<unknown>:0: warning: upcoming feature 'InferSendableFromCaptures' is already enabled as of Swift version 6
<unknown>:0: warning: upcoming feature 'GlobalActorIsolatedTypesUsability' is already enabled as of Swift version 6
<unknown>:0: warning: upcoming feature 'DisableOutwardActorInference' is already enabled as of Swift version 6
/Users/admin/builder/spi-builder-workspace/.build/checkouts/jwt-kit/Sources/JWTKit/MLDSA/MLDSAType.swift:13:11: error: cannot find type 'MLDSA65' in scope
11 | @_spi(PostQuantum)
12 | @available(iOS 26.0, macOS 26.0, watchOS 26.0, tvOS 26.0, *)
13 | extension MLDSA65: MLDSAType {
   |           `- error: cannot find type 'MLDSA65' in scope
14 |     public static var name: String { "ML-DSA-65" }
15 | }
/Users/admin/builder/spi-builder-workspace/.build/checkouts/jwt-kit/Sources/JWTKit/MLDSA/MLDSAType.swift:19:11: error: cannot find type 'MLDSA87' in scope
17 | @_spi(PostQuantum)
18 | @available(iOS 26.0, macOS 26.0, watchOS 26.0, tvOS 26.0, *)
19 | extension MLDSA87: MLDSAType {
   |           `- error: cannot find type 'MLDSA87' in scope
20 |     public static var name: String { "ML-DSA-87" }
21 | }
<unknown>:0: warning: upcoming feature 'InferSendableFromCaptures' is already enabled as of Swift version 6
<unknown>:0: warning: upcoming feature 'GlobalActorIsolatedTypesUsability' is already enabled as of Swift version 6
<unknown>:0: warning: upcoming feature 'DisableOutwardActorInference' is already enabled as of Swift version 6
/Users/admin/builder/spi-builder-workspace/.build/checkouts/jwt-kit/Sources/JWTKit/MLDSA/MLDSAType.swift:13:11: error: cannot find type 'MLDSA65' in scope
11 | @_spi(PostQuantum)
12 | @available(iOS 26.0, macOS 26.0, watchOS 26.0, tvOS 26.0, *)
13 | extension MLDSA65: MLDSAType {
   |           `- error: cannot find type 'MLDSA65' in scope
14 |     public static var name: String { "ML-DSA-65" }
15 | }
/Users/admin/builder/spi-builder-workspace/.build/checkouts/jwt-kit/Sources/JWTKit/MLDSA/MLDSAType.swift:19:11: error: cannot find type 'MLDSA87' in scope
17 | @_spi(PostQuantum)
18 | @available(iOS 26.0, macOS 26.0, watchOS 26.0, tvOS 26.0, *)
19 | extension MLDSA87: MLDSAType {
   |           `- error: cannot find type 'MLDSA87' in scope
20 |     public static var name: String { "ML-DSA-87" }
21 | }
<unknown>:0: warning: upcoming feature 'InferSendableFromCaptures' is already enabled as of Swift version 6
<unknown>:0: warning: upcoming feature 'GlobalActorIsolatedTypesUsability' is already enabled as of Swift version 6
<unknown>:0: warning: upcoming feature 'DisableOutwardActorInference' is already enabled as of Swift version 6
/Users/admin/builder/spi-builder-workspace/.build/checkouts/jwt-kit/Sources/JWTKit/MLDSA/MLDSAType.swift:13:11: error: cannot find type 'MLDSA65' in scope
11 | @_spi(PostQuantum)
12 | @available(iOS 26.0, macOS 26.0, watchOS 26.0, tvOS 26.0, *)
13 | extension MLDSA65: MLDSAType {
   |           `- error: cannot find type 'MLDSA65' in scope
14 |     public static var name: String { "ML-DSA-65" }
15 | }
/Users/admin/builder/spi-builder-workspace/.build/checkouts/jwt-kit/Sources/JWTKit/MLDSA/MLDSAType.swift:19:11: error: cannot find type 'MLDSA87' in scope
17 | @_spi(PostQuantum)
18 | @available(iOS 26.0, macOS 26.0, watchOS 26.0, tvOS 26.0, *)
19 | extension MLDSA87: MLDSAType {
   |           `- error: cannot find type 'MLDSA87' in scope
20 |     public static var name: String { "ML-DSA-87" }
21 | }
<unknown>:0: warning: upcoming feature 'InferSendableFromCaptures' is already enabled as of Swift version 6
<unknown>:0: warning: upcoming feature 'GlobalActorIsolatedTypesUsability' is already enabled as of Swift version 6
<unknown>:0: warning: upcoming feature 'DisableOutwardActorInference' is already enabled as of Swift version 6
/Users/admin/builder/spi-builder-workspace/.build/checkouts/jwt-kit/Sources/JWTKit/MLDSA/MLDSAType.swift:13:11: error: cannot find type 'MLDSA65' in scope
11 | @_spi(PostQuantum)
12 | @available(iOS 26.0, macOS 26.0, watchOS 26.0, tvOS 26.0, *)
13 | extension MLDSA65: MLDSAType {
   |           `- error: cannot find type 'MLDSA65' in scope
14 |     public static var name: String { "ML-DSA-65" }
15 | }
/Users/admin/builder/spi-builder-workspace/.build/checkouts/jwt-kit/Sources/JWTKit/MLDSA/MLDSAType.swift:19:11: error: cannot find type 'MLDSA87' in scope
17 | @_spi(PostQuantum)
18 | @available(iOS 26.0, macOS 26.0, watchOS 26.0, tvOS 26.0, *)
19 | extension MLDSA87: MLDSAType {
   |           `- error: cannot find type 'MLDSA87' in scope
20 |     public static var name: String { "ML-DSA-87" }
21 | }
<unknown>:0: warning: upcoming feature 'InferSendableFromCaptures' is already enabled as of Swift version 6
<unknown>:0: warning: upcoming feature 'GlobalActorIsolatedTypesUsability' is already enabled as of Swift version 6
<unknown>:0: warning: upcoming feature 'DisableOutwardActorInference' is already enabled as of Swift version 6
/Users/admin/builder/spi-builder-workspace/.build/checkouts/jwt-kit/Sources/JWTKit/MLDSA/MLDSA65+MLDSAKey.swift:5:11: error: cannot find type 'MLDSA65' in scope
 3 | @_spi(PostQuantum)
 4 | @available(iOS 26.0, macOS 26.0, watchOS 26.0, tvOS 26.0, *)
 5 | extension MLDSA65.PublicKey: MLDSAPublicKey {
   |           `- error: cannot find type 'MLDSA65' in scope
 6 |     public typealias MLDSAType = MLDSA65
 7 | }
/Users/admin/builder/spi-builder-workspace/.build/checkouts/jwt-kit/Sources/JWTKit/MLDSA/MLDSA65+MLDSAKey.swift:11:11: error: cannot find type 'MLDSA65' in scope
 9 | @_spi(PostQuantum)
10 | @available(iOS 26.0, macOS 26.0, watchOS 26.0, tvOS 26.0, *)
11 | extension MLDSA65.PrivateKey: MLDSAPrivateKey {
   |           `- error: cannot find type 'MLDSA65' in scope
12 |     public typealias MLDSAType = MLDSA65
13 | }
/Users/admin/builder/spi-builder-workspace/.build/checkouts/jwt-kit/Sources/JWTKit/MLDSA/MLDSA65+MLDSAKey.swift:17:53: error: cannot find type 'MLDSA65' in scope
15 | @_spi(PostQuantum)
16 | @available(iOS 26.0, macOS 26.0, watchOS 26.0, tvOS 26.0, *)
17 | public typealias MLDSA65PublicKey = MLDSA.PublicKey<MLDSA65>
   |                                                     `- error: cannot find type 'MLDSA65' in scope
18 |
19 | @_spi(PostQuantum)
/Users/admin/builder/spi-builder-workspace/.build/checkouts/jwt-kit/Sources/JWTKit/MLDSA/MLDSA65+MLDSAKey.swift:21:55: error: cannot find type 'MLDSA65' in scope
19 | @_spi(PostQuantum)
20 | @available(iOS 26.0, macOS 26.0, watchOS 26.0, tvOS 26.0, *)
21 | public typealias MLDSA65PrivateKey = MLDSA.PrivateKey<MLDSA65>
   |                                                       `- error: cannot find type 'MLDSA65' in scope
22 |
/Users/admin/builder/spi-builder-workspace/.build/checkouts/jwt-kit/Sources/JWTKit/MLDSA/MLDSA87+MLDSAKey.swift:5:11: error: cannot find type 'MLDSA87' in scope
 3 | @_spi(PostQuantum)
 4 | @available(iOS 26.0, macOS 26.0, watchOS 26.0, tvOS 26.0, *)
 5 | extension MLDSA87.PublicKey: MLDSAPublicKey {
   |           `- error: cannot find type 'MLDSA87' in scope
 6 |     public typealias MLDSAType = MLDSA87
 7 | }
/Users/admin/builder/spi-builder-workspace/.build/checkouts/jwt-kit/Sources/JWTKit/MLDSA/MLDSA87+MLDSAKey.swift:11:11: error: cannot find type 'MLDSA87' in scope
 9 | @_spi(PostQuantum)
10 | @available(iOS 26.0, macOS 26.0, watchOS 26.0, tvOS 26.0, *)
11 | extension MLDSA87.PrivateKey: MLDSAPrivateKey {
   |           `- error: cannot find type 'MLDSA87' in scope
12 |     public typealias MLDSAType = MLDSA87
13 | }
/Users/admin/builder/spi-builder-workspace/.build/checkouts/jwt-kit/Sources/JWTKit/MLDSA/MLDSA87+MLDSAKey.swift:17:53: error: cannot find type 'MLDSA87' in scope
15 | @_spi(PostQuantum)
16 | @available(iOS 26.0, macOS 26.0, watchOS 26.0, tvOS 26.0, *)
17 | public typealias MLDSA87PublicKey = MLDSA.PublicKey<MLDSA87>
   |                                                     `- error: cannot find type 'MLDSA87' in scope
18 |
19 | @_spi(PostQuantum)
/Users/admin/builder/spi-builder-workspace/.build/checkouts/jwt-kit/Sources/JWTKit/MLDSA/MLDSA87+MLDSAKey.swift:21:55: error: cannot find type 'MLDSA87' in scope
19 | @_spi(PostQuantum)
20 | @available(iOS 26.0, macOS 26.0, watchOS 26.0, tvOS 26.0, *)
21 | public typealias MLDSA87PrivateKey = MLDSA.PrivateKey<MLDSA87>
   |                                                       `- error: cannot find type 'MLDSA87' in scope
22 |
/Users/admin/builder/spi-builder-workspace/.build/checkouts/jwt-kit/Sources/JWTKit/MLDSA/MLDSA65+MLDSAKey.swift:6:34: error: cannot find type 'MLDSA65' in scope
 4 | @available(iOS 26.0, macOS 26.0, watchOS 26.0, tvOS 26.0, *)
 5 | extension MLDSA65.PublicKey: MLDSAPublicKey {
 6 |     public typealias MLDSAType = MLDSA65
   |                                  `- error: cannot find type 'MLDSA65' in scope
 7 | }
 8 |
/Users/admin/builder/spi-builder-workspace/.build/checkouts/jwt-kit/Sources/JWTKit/MLDSA/MLDSA65+MLDSAKey.swift:12:34: error: cannot find type 'MLDSA65' in scope
10 | @available(iOS 26.0, macOS 26.0, watchOS 26.0, tvOS 26.0, *)
11 | extension MLDSA65.PrivateKey: MLDSAPrivateKey {
12 |     public typealias MLDSAType = MLDSA65
   |                                  `- error: cannot find type 'MLDSA65' in scope
13 | }
14 |
/Users/admin/builder/spi-builder-workspace/.build/checkouts/jwt-kit/Sources/JWTKit/MLDSA/MLDSA87+MLDSAKey.swift:6:34: error: cannot find type 'MLDSA87' in scope
 4 | @available(iOS 26.0, macOS 26.0, watchOS 26.0, tvOS 26.0, *)
 5 | extension MLDSA87.PublicKey: MLDSAPublicKey {
 6 |     public typealias MLDSAType = MLDSA87
   |                                  `- error: cannot find type 'MLDSA87' in scope
 7 | }
 8 |
/Users/admin/builder/spi-builder-workspace/.build/checkouts/jwt-kit/Sources/JWTKit/MLDSA/MLDSA87+MLDSAKey.swift:12:34: error: cannot find type 'MLDSA87' in scope
10 | @available(iOS 26.0, macOS 26.0, watchOS 26.0, tvOS 26.0, *)
11 | extension MLDSA87.PrivateKey: MLDSAPrivateKey {
12 |     public typealias MLDSAType = MLDSA87
   |                                  `- error: cannot find type 'MLDSA87' in scope
13 | }
14 |
<unknown>:0: warning: upcoming feature 'InferSendableFromCaptures' is already enabled as of Swift version 6
<unknown>:0: warning: upcoming feature 'GlobalActorIsolatedTypesUsability' is already enabled as of Swift version 6
<unknown>:0: warning: upcoming feature 'DisableOutwardActorInference' is already enabled as of Swift version 6
/Users/admin/builder/spi-builder-workspace/.build/checkouts/jwt-kit/Sources/JWTKit/MLDSA/MLDSA65+MLDSAKey.swift:5:11: error: cannot find type 'MLDSA65' in scope
 3 | @_spi(PostQuantum)
 4 | @available(iOS 26.0, macOS 26.0, watchOS 26.0, tvOS 26.0, *)
 5 | extension MLDSA65.PublicKey: MLDSAPublicKey {
   |           `- error: cannot find type 'MLDSA65' in scope
 6 |     public typealias MLDSAType = MLDSA65
 7 | }
/Users/admin/builder/spi-builder-workspace/.build/checkouts/jwt-kit/Sources/JWTKit/MLDSA/MLDSA65+MLDSAKey.swift:11:11: error: cannot find type 'MLDSA65' in scope
 9 | @_spi(PostQuantum)
10 | @available(iOS 26.0, macOS 26.0, watchOS 26.0, tvOS 26.0, *)
11 | extension MLDSA65.PrivateKey: MLDSAPrivateKey {
   |           `- error: cannot find type 'MLDSA65' in scope
12 |     public typealias MLDSAType = MLDSA65
13 | }
/Users/admin/builder/spi-builder-workspace/.build/checkouts/jwt-kit/Sources/JWTKit/MLDSA/MLDSA65+MLDSAKey.swift:17:53: error: cannot find type 'MLDSA65' in scope
15 | @_spi(PostQuantum)
16 | @available(iOS 26.0, macOS 26.0, watchOS 26.0, tvOS 26.0, *)
17 | public typealias MLDSA65PublicKey = MLDSA.PublicKey<MLDSA65>
   |                                                     `- error: cannot find type 'MLDSA65' in scope
18 |
19 | @_spi(PostQuantum)
/Users/admin/builder/spi-builder-workspace/.build/checkouts/jwt-kit/Sources/JWTKit/MLDSA/MLDSA65+MLDSAKey.swift:21:55: error: cannot find type 'MLDSA65' in scope
19 | @_spi(PostQuantum)
20 | @available(iOS 26.0, macOS 26.0, watchOS 26.0, tvOS 26.0, *)
21 | public typealias MLDSA65PrivateKey = MLDSA.PrivateKey<MLDSA65>
   |                                                       `- error: cannot find type 'MLDSA65' in scope
22 |
/Users/admin/builder/spi-builder-workspace/.build/checkouts/jwt-kit/Sources/JWTKit/MLDSA/MLDSA87+MLDSAKey.swift:5:11: error: cannot find type 'MLDSA87' in scope
 3 | @_spi(PostQuantum)
 4 | @available(iOS 26.0, macOS 26.0, watchOS 26.0, tvOS 26.0, *)
 5 | extension MLDSA87.PublicKey: MLDSAPublicKey {
   |           `- error: cannot find type 'MLDSA87' in scope
 6 |     public typealias MLDSAType = MLDSA87
 7 | }
/Users/admin/builder/spi-builder-workspace/.build/checkouts/jwt-kit/Sources/JWTKit/MLDSA/MLDSA87+MLDSAKey.swift:11:11: error: cannot find type 'MLDSA87' in scope
 9 | @_spi(PostQuantum)
10 | @available(iOS 26.0, macOS 26.0, watchOS 26.0, tvOS 26.0, *)
11 | extension MLDSA87.PrivateKey: MLDSAPrivateKey {
   |           `- error: cannot find type 'MLDSA87' in scope
12 |     public typealias MLDSAType = MLDSA87
13 | }
/Users/admin/builder/spi-builder-workspace/.build/checkouts/jwt-kit/Sources/JWTKit/MLDSA/MLDSA87+MLDSAKey.swift:17:53: error: cannot find type 'MLDSA87' in scope
15 | @_spi(PostQuantum)
16 | @available(iOS 26.0, macOS 26.0, watchOS 26.0, tvOS 26.0, *)
17 | public typealias MLDSA87PublicKey = MLDSA.PublicKey<MLDSA87>
   |                                                     `- error: cannot find type 'MLDSA87' in scope
18 |
19 | @_spi(PostQuantum)
/Users/admin/builder/spi-builder-workspace/.build/checkouts/jwt-kit/Sources/JWTKit/MLDSA/MLDSA87+MLDSAKey.swift:21:55: error: cannot find type 'MLDSA87' in scope
19 | @_spi(PostQuantum)
20 | @available(iOS 26.0, macOS 26.0, watchOS 26.0, tvOS 26.0, *)
21 | public typealias MLDSA87PrivateKey = MLDSA.PrivateKey<MLDSA87>
   |                                                       `- error: cannot find type 'MLDSA87' in scope
22 |
/Users/admin/builder/spi-builder-workspace/.build/checkouts/jwt-kit/Sources/JWTKit/MLDSA/MLDSA65+MLDSAKey.swift:6:34: error: cannot find type 'MLDSA65' in scope
 4 | @available(iOS 26.0, macOS 26.0, watchOS 26.0, tvOS 26.0, *)
 5 | extension MLDSA65.PublicKey: MLDSAPublicKey {
 6 |     public typealias MLDSAType = MLDSA65
   |                                  `- error: cannot find type 'MLDSA65' in scope
 7 | }
 8 |
/Users/admin/builder/spi-builder-workspace/.build/checkouts/jwt-kit/Sources/JWTKit/MLDSA/MLDSA65+MLDSAKey.swift:12:34: error: cannot find type 'MLDSA65' in scope
10 | @available(iOS 26.0, macOS 26.0, watchOS 26.0, tvOS 26.0, *)
11 | extension MLDSA65.PrivateKey: MLDSAPrivateKey {
12 |     public typealias MLDSAType = MLDSA65
   |                                  `- error: cannot find type 'MLDSA65' in scope
13 | }
14 |
/Users/admin/builder/spi-builder-workspace/.build/checkouts/jwt-kit/Sources/JWTKit/MLDSA/MLDSA87+MLDSAKey.swift:6:34: error: cannot find type 'MLDSA87' in scope
 4 | @available(iOS 26.0, macOS 26.0, watchOS 26.0, tvOS 26.0, *)
 5 | extension MLDSA87.PublicKey: MLDSAPublicKey {
 6 |     public typealias MLDSAType = MLDSA87
   |                                  `- error: cannot find type 'MLDSA87' in scope
 7 | }
 8 |
/Users/admin/builder/spi-builder-workspace/.build/checkouts/jwt-kit/Sources/JWTKit/MLDSA/MLDSA87+MLDSAKey.swift:12:34: error: cannot find type 'MLDSA87' in scope
10 | @available(iOS 26.0, macOS 26.0, watchOS 26.0, tvOS 26.0, *)
11 | extension MLDSA87.PrivateKey: MLDSAPrivateKey {
12 |     public typealias MLDSAType = MLDSA87
   |                                  `- error: cannot find type 'MLDSA87' in scope
13 | }
14 |
<unknown>:0: warning: upcoming feature 'InferSendableFromCaptures' is already enabled as of Swift version 6
<unknown>:0: warning: upcoming feature 'GlobalActorIsolatedTypesUsability' is already enabled as of Swift version 6
<unknown>:0: warning: upcoming feature 'DisableOutwardActorInference' is already enabled as of Swift version 6
/Users/admin/builder/spi-builder-workspace/.build/checkouts/jwt-kit/Sources/JWTKit/MLDSA/MLDSA65+MLDSAKey.swift:5:11: error: cannot find type 'MLDSA65' in scope
 3 | @_spi(PostQuantum)
 4 | @available(iOS 26.0, macOS 26.0, watchOS 26.0, tvOS 26.0, *)
 5 | extension MLDSA65.PublicKey: MLDSAPublicKey {
   |           `- error: cannot find type 'MLDSA65' in scope
 6 |     public typealias MLDSAType = MLDSA65
 7 | }
/Users/admin/builder/spi-builder-workspace/.build/checkouts/jwt-kit/Sources/JWTKit/MLDSA/MLDSA65+MLDSAKey.swift:11:11: error: cannot find type 'MLDSA65' in scope
 9 | @_spi(PostQuantum)
10 | @available(iOS 26.0, macOS 26.0, watchOS 26.0, tvOS 26.0, *)
11 | extension MLDSA65.PrivateKey: MLDSAPrivateKey {
   |           `- error: cannot find type 'MLDSA65' in scope
12 |     public typealias MLDSAType = MLDSA65
13 | }
/Users/admin/builder/spi-builder-workspace/.build/checkouts/jwt-kit/Sources/JWTKit/MLDSA/MLDSA65+MLDSAKey.swift:17:53: error: cannot find type 'MLDSA65' in scope
15 | @_spi(PostQuantum)
16 | @available(iOS 26.0, macOS 26.0, watchOS 26.0, tvOS 26.0, *)
17 | public typealias MLDSA65PublicKey = MLDSA.PublicKey<MLDSA65>
   |                                                     `- error: cannot find type 'MLDSA65' in scope
18 |
19 | @_spi(PostQuantum)
/Users/admin/builder/spi-builder-workspace/.build/checkouts/jwt-kit/Sources/JWTKit/MLDSA/MLDSA65+MLDSAKey.swift:21:55: error: cannot find type 'MLDSA65' in scope
19 | @_spi(PostQuantum)
20 | @available(iOS 26.0, macOS 26.0, watchOS 26.0, tvOS 26.0, *)
21 | public typealias MLDSA65PrivateKey = MLDSA.PrivateKey<MLDSA65>
   |                                                       `- error: cannot find type 'MLDSA65' in scope
22 |
/Users/admin/builder/spi-builder-workspace/.build/checkouts/jwt-kit/Sources/JWTKit/MLDSA/MLDSA87+MLDSAKey.swift:5:11: error: cannot find type 'MLDSA87' in scope
 3 | @_spi(PostQuantum)
 4 | @available(iOS 26.0, macOS 26.0, watchOS 26.0, tvOS 26.0, *)
 5 | extension MLDSA87.PublicKey: MLDSAPublicKey {
   |           `- error: cannot find type 'MLDSA87' in scope
 6 |     public typealias MLDSAType = MLDSA87
 7 | }
/Users/admin/builder/spi-builder-workspace/.build/checkouts/jwt-kit/Sources/JWTKit/MLDSA/MLDSA87+MLDSAKey.swift:11:11: error: cannot find type 'MLDSA87' in scope
 9 | @_spi(PostQuantum)
10 | @available(iOS 26.0, macOS 26.0, watchOS 26.0, tvOS 26.0, *)
11 | extension MLDSA87.PrivateKey: MLDSAPrivateKey {
   |           `- error: cannot find type 'MLDSA87' in scope
12 |     public typealias MLDSAType = MLDSA87
13 | }
/Users/admin/builder/spi-builder-workspace/.build/checkouts/jwt-kit/Sources/JWTKit/MLDSA/MLDSA87+MLDSAKey.swift:17:53: error: cannot find type 'MLDSA87' in scope
15 | @_spi(PostQuantum)
16 | @available(iOS 26.0, macOS 26.0, watchOS 26.0, tvOS 26.0, *)
17 | public typealias MLDSA87PublicKey = MLDSA.PublicKey<MLDSA87>
   |                                                     `- error: cannot find type 'MLDSA87' in scope
18 |
19 | @_spi(PostQuantum)
/Users/admin/builder/spi-builder-workspace/.build/checkouts/jwt-kit/Sources/JWTKit/MLDSA/MLDSA87+MLDSAKey.swift:21:55: error: cannot find type 'MLDSA87' in scope
19 | @_spi(PostQuantum)
20 | @available(iOS 26.0, macOS 26.0, watchOS 26.0, tvOS 26.0, *)
21 | public typealias MLDSA87PrivateKey = MLDSA.PrivateKey<MLDSA87>
   |                                                       `- error: cannot find type 'MLDSA87' in scope
22 |
/Users/admin/builder/spi-builder-workspace/.build/checkouts/jwt-kit/Sources/JWTKit/MLDSA/MLDSA65+MLDSAKey.swift:6:34: error: cannot find type 'MLDSA65' in scope
 4 | @available(iOS 26.0, macOS 26.0, watchOS 26.0, tvOS 26.0, *)
 5 | extension MLDSA65.PublicKey: MLDSAPublicKey {
 6 |     public typealias MLDSAType = MLDSA65
   |                                  `- error: cannot find type 'MLDSA65' in scope
 7 | }
 8 |
/Users/admin/builder/spi-builder-workspace/.build/checkouts/jwt-kit/Sources/JWTKit/MLDSA/MLDSA65+MLDSAKey.swift:12:34: error: cannot find type 'MLDSA65' in scope
10 | @available(iOS 26.0, macOS 26.0, watchOS 26.0, tvOS 26.0, *)
11 | extension MLDSA65.PrivateKey: MLDSAPrivateKey {
12 |     public typealias MLDSAType = MLDSA65
   |                                  `- error: cannot find type 'MLDSA65' in scope
13 | }
14 |
/Users/admin/builder/spi-builder-workspace/.build/checkouts/jwt-kit/Sources/JWTKit/MLDSA/MLDSA87+MLDSAKey.swift:6:34: error: cannot find type 'MLDSA87' in scope
 4 | @available(iOS 26.0, macOS 26.0, watchOS 26.0, tvOS 26.0, *)
 5 | extension MLDSA87.PublicKey: MLDSAPublicKey {
 6 |     public typealias MLDSAType = MLDSA87
   |                                  `- error: cannot find type 'MLDSA87' in scope
 7 | }
 8 |
/Users/admin/builder/spi-builder-workspace/.build/checkouts/jwt-kit/Sources/JWTKit/MLDSA/MLDSA87+MLDSAKey.swift:12:34: error: cannot find type 'MLDSA87' in scope
10 | @available(iOS 26.0, macOS 26.0, watchOS 26.0, tvOS 26.0, *)
11 | extension MLDSA87.PrivateKey: MLDSAPrivateKey {
12 |     public typealias MLDSAType = MLDSA87
   |                                  `- error: cannot find type 'MLDSA87' in scope
13 | }
14 |
<unknown>:0: warning: upcoming feature 'InferSendableFromCaptures' is already enabled as of Swift version 6
<unknown>:0: warning: upcoming feature 'GlobalActorIsolatedTypesUsability' is already enabled as of Swift version 6
<unknown>:0: warning: upcoming feature 'DisableOutwardActorInference' is already enabled as of Swift version 6
/Users/admin/builder/spi-builder-workspace/.build/checkouts/jwt-kit/Sources/JWTKit/MLDSA/MLDSA65+MLDSAKey.swift:5:11: error: cannot find type 'MLDSA65' in scope
 3 | @_spi(PostQuantum)
 4 | @available(iOS 26.0, macOS 26.0, watchOS 26.0, tvOS 26.0, *)
 5 | extension MLDSA65.PublicKey: MLDSAPublicKey {
   |           `- error: cannot find type 'MLDSA65' in scope
 6 |     public typealias MLDSAType = MLDSA65
 7 | }
/Users/admin/builder/spi-builder-workspace/.build/checkouts/jwt-kit/Sources/JWTKit/MLDSA/MLDSA65+MLDSAKey.swift:11:11: error: cannot find type 'MLDSA65' in scope
 9 | @_spi(PostQuantum)
10 | @available(iOS 26.0, macOS 26.0, watchOS 26.0, tvOS 26.0, *)
11 | extension MLDSA65.PrivateKey: MLDSAPrivateKey {
   |           `- error: cannot find type 'MLDSA65' in scope
12 |     public typealias MLDSAType = MLDSA65
13 | }
/Users/admin/builder/spi-builder-workspace/.build/checkouts/jwt-kit/Sources/JWTKit/MLDSA/MLDSA65+MLDSAKey.swift:17:53: error: cannot find type 'MLDSA65' in scope
15 | @_spi(PostQuantum)
16 | @available(iOS 26.0, macOS 26.0, watchOS 26.0, tvOS 26.0, *)
17 | public typealias MLDSA65PublicKey = MLDSA.PublicKey<MLDSA65>
   |                                                     `- error: cannot find type 'MLDSA65' in scope
18 |
19 | @_spi(PostQuantum)
/Users/admin/builder/spi-builder-workspace/.build/checkouts/jwt-kit/Sources/JWTKit/MLDSA/MLDSA65+MLDSAKey.swift:21:55: error: cannot find type 'MLDSA65' in scope
19 | @_spi(PostQuantum)
20 | @available(iOS 26.0, macOS 26.0, watchOS 26.0, tvOS 26.0, *)
21 | public typealias MLDSA65PrivateKey = MLDSA.PrivateKey<MLDSA65>
   |                                                       `- error: cannot find type 'MLDSA65' in scope
22 |
/Users/admin/builder/spi-builder-workspace/.build/checkouts/jwt-kit/Sources/JWTKit/MLDSA/MLDSA87+MLDSAKey.swift:5:11: error: cannot find type 'MLDSA87' in scope
 3 | @_spi(PostQuantum)
 4 | @available(iOS 26.0, macOS 26.0, watchOS 26.0, tvOS 26.0, *)
 5 | extension MLDSA87.PublicKey: MLDSAPublicKey {
   |           `- error: cannot find type 'MLDSA87' in scope
 6 |     public typealias MLDSAType = MLDSA87
 7 | }
/Users/admin/builder/spi-builder-workspace/.build/checkouts/jwt-kit/Sources/JWTKit/MLDSA/MLDSA87+MLDSAKey.swift:11:11: error: cannot find type 'MLDSA87' in scope
 9 | @_spi(PostQuantum)
10 | @available(iOS 26.0, macOS 26.0, watchOS 26.0, tvOS 26.0, *)
11 | extension MLDSA87.PrivateKey: MLDSAPrivateKey {
   |           `- error: cannot find type 'MLDSA87' in scope
12 |     public typealias MLDSAType = MLDSA87
13 | }
/Users/admin/builder/spi-builder-workspace/.build/checkouts/jwt-kit/Sources/JWTKit/MLDSA/MLDSA87+MLDSAKey.swift:17:53: error: cannot find type 'MLDSA87' in scope
15 | @_spi(PostQuantum)
16 | @available(iOS 26.0, macOS 26.0, watchOS 26.0, tvOS 26.0, *)
17 | public typealias MLDSA87PublicKey = MLDSA.PublicKey<MLDSA87>
   |                                                     `- error: cannot find type 'MLDSA87' in scope
18 |
19 | @_spi(PostQuantum)
/Users/admin/builder/spi-builder-workspace/.build/checkouts/jwt-kit/Sources/JWTKit/MLDSA/MLDSA87+MLDSAKey.swift:21:55: error: cannot find type 'MLDSA87' in scope
19 | @_spi(PostQuantum)
20 | @available(iOS 26.0, macOS 26.0, watchOS 26.0, tvOS 26.0, *)
21 | public typealias MLDSA87PrivateKey = MLDSA.PrivateKey<MLDSA87>
   |                                                       `- error: cannot find type 'MLDSA87' in scope
22 |
/Users/admin/builder/spi-builder-workspace/.build/checkouts/jwt-kit/Sources/JWTKit/MLDSA/MLDSA65+MLDSAKey.swift:6:34: error: cannot find type 'MLDSA65' in scope
 4 | @available(iOS 26.0, macOS 26.0, watchOS 26.0, tvOS 26.0, *)
 5 | extension MLDSA65.PublicKey: MLDSAPublicKey {
 6 |     public typealias MLDSAType = MLDSA65
   |                                  `- error: cannot find type 'MLDSA65' in scope
 7 | }
 8 |
/Users/admin/builder/spi-builder-workspace/.build/checkouts/jwt-kit/Sources/JWTKit/MLDSA/MLDSA65+MLDSAKey.swift:12:34: error: cannot find type 'MLDSA65' in scope
10 | @available(iOS 26.0, macOS 26.0, watchOS 26.0, tvOS 26.0, *)
11 | extension MLDSA65.PrivateKey: MLDSAPrivateKey {
12 |     public typealias MLDSAType = MLDSA65
   |                                  `- error: cannot find type 'MLDSA65' in scope
13 | }
14 |
/Users/admin/builder/spi-builder-workspace/.build/checkouts/jwt-kit/Sources/JWTKit/MLDSA/MLDSA87+MLDSAKey.swift:6:34: error: cannot find type 'MLDSA87' in scope
 4 | @available(iOS 26.0, macOS 26.0, watchOS 26.0, tvOS 26.0, *)
 5 | extension MLDSA87.PublicKey: MLDSAPublicKey {
 6 |     public typealias MLDSAType = MLDSA87
   |                                  `- error: cannot find type 'MLDSA87' in scope
 7 | }
 8 |
/Users/admin/builder/spi-builder-workspace/.build/checkouts/jwt-kit/Sources/JWTKit/MLDSA/MLDSA87+MLDSAKey.swift:12:34: error: cannot find type 'MLDSA87' in scope
10 | @available(iOS 26.0, macOS 26.0, watchOS 26.0, tvOS 26.0, *)
11 | extension MLDSA87.PrivateKey: MLDSAPrivateKey {
12 |     public typealias MLDSAType = MLDSA87
   |                                  `- error: cannot find type 'MLDSA87' in scope
13 | }
14 |
<unknown>:0: warning: upcoming feature 'InferSendableFromCaptures' is already enabled as of Swift version 6
<unknown>:0: warning: upcoming feature 'GlobalActorIsolatedTypesUsability' is already enabled as of Swift version 6
<unknown>:0: warning: upcoming feature 'DisableOutwardActorInference' is already enabled as of Swift version 6
/Users/admin/builder/spi-builder-workspace/.build/checkouts/jwt-kit/Sources/JWTKit/MLDSA/MLDSA65+MLDSAKey.swift:5:11: error: cannot find type 'MLDSA65' in scope
 3 | @_spi(PostQuantum)
 4 | @available(iOS 26.0, macOS 26.0, watchOS 26.0, tvOS 26.0, *)
 5 | extension MLDSA65.PublicKey: MLDSAPublicKey {
   |           `- error: cannot find type 'MLDSA65' in scope
 6 |     public typealias MLDSAType = MLDSA65
 7 | }
/Users/admin/builder/spi-builder-workspace/.build/checkouts/jwt-kit/Sources/JWTKit/MLDSA/MLDSA65+MLDSAKey.swift:11:11: error: cannot find type 'MLDSA65' in scope
 9 | @_spi(PostQuantum)
10 | @available(iOS 26.0, macOS 26.0, watchOS 26.0, tvOS 26.0, *)
11 | extension MLDSA65.PrivateKey: MLDSAPrivateKey {
   |           `- error: cannot find type 'MLDSA65' in scope
12 |     public typealias MLDSAType = MLDSA65
13 | }
/Users/admin/builder/spi-builder-workspace/.build/checkouts/jwt-kit/Sources/JWTKit/MLDSA/MLDSA65+MLDSAKey.swift:17:53: error: cannot find type 'MLDSA65' in scope
15 | @_spi(PostQuantum)
16 | @available(iOS 26.0, macOS 26.0, watchOS 26.0, tvOS 26.0, *)
17 | public typealias MLDSA65PublicKey = MLDSA.PublicKey<MLDSA65>
   |                                                     `- error: cannot find type 'MLDSA65' in scope
18 |
19 | @_spi(PostQuantum)
/Users/admin/builder/spi-builder-workspace/.build/checkouts/jwt-kit/Sources/JWTKit/MLDSA/MLDSA65+MLDSAKey.swift:21:55: error: cannot find type 'MLDSA65' in scope
19 | @_spi(PostQuantum)
20 | @available(iOS 26.0, macOS 26.0, watchOS 26.0, tvOS 26.0, *)
21 | public typealias MLDSA65PrivateKey = MLDSA.PrivateKey<MLDSA65>
   |                                                       `- error: cannot find type 'MLDSA65' in scope
22 |
/Users/admin/builder/spi-builder-workspace/.build/checkouts/jwt-kit/Sources/JWTKit/MLDSA/MLDSA87+MLDSAKey.swift:5:11: error: cannot find type 'MLDSA87' in scope
 3 | @_spi(PostQuantum)
 4 | @available(iOS 26.0, macOS 26.0, watchOS 26.0, tvOS 26.0, *)
 5 | extension MLDSA87.PublicKey: MLDSAPublicKey {
   |           `- error: cannot find type 'MLDSA87' in scope
 6 |     public typealias MLDSAType = MLDSA87
 7 | }
/Users/admin/builder/spi-builder-workspace/.build/checkouts/jwt-kit/Sources/JWTKit/MLDSA/MLDSA87+MLDSAKey.swift:11:11: error: cannot find type 'MLDSA87' in scope
 9 | @_spi(PostQuantum)
10 | @available(iOS 26.0, macOS 26.0, watchOS 26.0, tvOS 26.0, *)
11 | extension MLDSA87.PrivateKey: MLDSAPrivateKey {
   |           `- error: cannot find type 'MLDSA87' in scope
12 |     public typealias MLDSAType = MLDSA87
13 | }
/Users/admin/builder/spi-builder-workspace/.build/checkouts/jwt-kit/Sources/JWTKit/MLDSA/MLDSA87+MLDSAKey.swift:17:53: error: cannot find type 'MLDSA87' in scope
15 | @_spi(PostQuantum)
16 | @available(iOS 26.0, macOS 26.0, watchOS 26.0, tvOS 26.0, *)
17 | public typealias MLDSA87PublicKey = MLDSA.PublicKey<MLDSA87>
   |                                                     `- error: cannot find type 'MLDSA87' in scope
18 |
19 | @_spi(PostQuantum)
/Users/admin/builder/spi-builder-workspace/.build/checkouts/jwt-kit/Sources/JWTKit/MLDSA/MLDSA87+MLDSAKey.swift:21:55: error: cannot find type 'MLDSA87' in scope
19 | @_spi(PostQuantum)
20 | @available(iOS 26.0, macOS 26.0, watchOS 26.0, tvOS 26.0, *)
21 | public typealias MLDSA87PrivateKey = MLDSA.PrivateKey<MLDSA87>
   |                                                       `- error: cannot find type 'MLDSA87' in scope
22 |
/Users/admin/builder/spi-builder-workspace/.build/checkouts/jwt-kit/Sources/JWTKit/MLDSA/MLDSA65+MLDSAKey.swift:6:34: error: cannot find type 'MLDSA65' in scope
 4 | @available(iOS 26.0, macOS 26.0, watchOS 26.0, tvOS 26.0, *)
 5 | extension MLDSA65.PublicKey: MLDSAPublicKey {
 6 |     public typealias MLDSAType = MLDSA65
   |                                  `- error: cannot find type 'MLDSA65' in scope
 7 | }
 8 |
/Users/admin/builder/spi-builder-workspace/.build/checkouts/jwt-kit/Sources/JWTKit/MLDSA/MLDSA65+MLDSAKey.swift:12:34: error: cannot find type 'MLDSA65' in scope
10 | @available(iOS 26.0, macOS 26.0, watchOS 26.0, tvOS 26.0, *)
11 | extension MLDSA65.PrivateKey: MLDSAPrivateKey {
12 |     public typealias MLDSAType = MLDSA65
   |                                  `- error: cannot find type 'MLDSA65' in scope
13 | }
14 |
/Users/admin/builder/spi-builder-workspace/.build/checkouts/jwt-kit/Sources/JWTKit/MLDSA/MLDSA87+MLDSAKey.swift:6:34: error: cannot find type 'MLDSA87' in scope
 4 | @available(iOS 26.0, macOS 26.0, watchOS 26.0, tvOS 26.0, *)
 5 | extension MLDSA87.PublicKey: MLDSAPublicKey {
 6 |     public typealias MLDSAType = MLDSA87
   |                                  `- error: cannot find type 'MLDSA87' in scope
 7 | }
 8 |
/Users/admin/builder/spi-builder-workspace/.build/checkouts/jwt-kit/Sources/JWTKit/MLDSA/MLDSA87+MLDSAKey.swift:12:34: error: cannot find type 'MLDSA87' in scope
10 | @available(iOS 26.0, macOS 26.0, watchOS 26.0, tvOS 26.0, *)
11 | extension MLDSA87.PrivateKey: MLDSAPrivateKey {
12 |     public typealias MLDSAType = MLDSA87
   |                                  `- error: cannot find type 'MLDSA87' in scope
13 | }
14 |
<unknown>:0: warning: upcoming feature 'InferSendableFromCaptures' is already enabled as of Swift version 6
<unknown>:0: warning: upcoming feature 'GlobalActorIsolatedTypesUsability' is already enabled as of Swift version 6
<unknown>:0: warning: upcoming feature 'DisableOutwardActorInference' is already enabled as of Swift version 6
/Users/admin/builder/spi-builder-workspace/.build/checkouts/jwt-kit/Sources/JWTKit/MLDSA/MLDSA65+MLDSAKey.swift:5:11: error: cannot find type 'MLDSA65' in scope
 3 | @_spi(PostQuantum)
 4 | @available(iOS 26.0, macOS 26.0, watchOS 26.0, tvOS 26.0, *)
 5 | extension MLDSA65.PublicKey: MLDSAPublicKey {
   |           `- error: cannot find type 'MLDSA65' in scope
 6 |     public typealias MLDSAType = MLDSA65
 7 | }
/Users/admin/builder/spi-builder-workspace/.build/checkouts/jwt-kit/Sources/JWTKit/MLDSA/MLDSA65+MLDSAKey.swift:11:11: error: cannot find type 'MLDSA65' in scope
 9 | @_spi(PostQuantum)
10 | @available(iOS 26.0, macOS 26.0, watchOS 26.0, tvOS 26.0, *)
11 | extension MLDSA65.PrivateKey: MLDSAPrivateKey {
   |           `- error: cannot find type 'MLDSA65' in scope
12 |     public typealias MLDSAType = MLDSA65
13 | }
/Users/admin/builder/spi-builder-workspace/.build/checkouts/jwt-kit/Sources/JWTKit/MLDSA/MLDSA65+MLDSAKey.swift:17:53: error: cannot find type 'MLDSA65' in scope
15 | @_spi(PostQuantum)
16 | @available(iOS 26.0, macOS 26.0, watchOS 26.0, tvOS 26.0, *)
17 | public typealias MLDSA65PublicKey = MLDSA.PublicKey<MLDSA65>
   |                                                     `- error: cannot find type 'MLDSA65' in scope
18 |
19 | @_spi(PostQuantum)
/Users/admin/builder/spi-builder-workspace/.build/checkouts/jwt-kit/Sources/JWTKit/MLDSA/MLDSA65+MLDSAKey.swift:21:55: error: cannot find type 'MLDSA65' in scope
19 | @_spi(PostQuantum)
20 | @available(iOS 26.0, macOS 26.0, watchOS 26.0, tvOS 26.0, *)
21 | public typealias MLDSA65PrivateKey = MLDSA.PrivateKey<MLDSA65>
   |                                                       `- error: cannot find type 'MLDSA65' in scope
22 |
/Users/admin/builder/spi-builder-workspace/.build/checkouts/jwt-kit/Sources/JWTKit/MLDSA/MLDSA87+MLDSAKey.swift:5:11: error: cannot find type 'MLDSA87' in scope
 3 | @_spi(PostQuantum)
 4 | @available(iOS 26.0, macOS 26.0, watchOS 26.0, tvOS 26.0, *)
 5 | extension MLDSA87.PublicKey: MLDSAPublicKey {
   |           `- error: cannot find type 'MLDSA87' in scope
 6 |     public typealias MLDSAType = MLDSA87
 7 | }
/Users/admin/builder/spi-builder-workspace/.build/checkouts/jwt-kit/Sources/JWTKit/MLDSA/MLDSA87+MLDSAKey.swift:11:11: error: cannot find type 'MLDSA87' in scope
 9 | @_spi(PostQuantum)
10 | @available(iOS 26.0, macOS 26.0, watchOS 26.0, tvOS 26.0, *)
11 | extension MLDSA87.PrivateKey: MLDSAPrivateKey {
   |           `- error: cannot find type 'MLDSA87' in scope
12 |     public typealias MLDSAType = MLDSA87
13 | }
/Users/admin/builder/spi-builder-workspace/.build/checkouts/jwt-kit/Sources/JWTKit/MLDSA/MLDSA87+MLDSAKey.swift:17:53: error: cannot find type 'MLDSA87' in scope
15 | @_spi(PostQuantum)
16 | @available(iOS 26.0, macOS 26.0, watchOS 26.0, tvOS 26.0, *)
17 | public typealias MLDSA87PublicKey = MLDSA.PublicKey<MLDSA87>
   |                                                     `- error: cannot find type 'MLDSA87' in scope
18 |
19 | @_spi(PostQuantum)
/Users/admin/builder/spi-builder-workspace/.build/checkouts/jwt-kit/Sources/JWTKit/MLDSA/MLDSA87+MLDSAKey.swift:21:55: error: cannot find type 'MLDSA87' in scope
19 | @_spi(PostQuantum)
20 | @available(iOS 26.0, macOS 26.0, watchOS 26.0, tvOS 26.0, *)
21 | public typealias MLDSA87PrivateKey = MLDSA.PrivateKey<MLDSA87>
   |                                                       `- error: cannot find type 'MLDSA87' in scope
22 |
/Users/admin/builder/spi-builder-workspace/.build/checkouts/jwt-kit/Sources/JWTKit/MLDSA/MLDSA65+MLDSAKey.swift:6:34: error: cannot find type 'MLDSA65' in scope
 4 | @available(iOS 26.0, macOS 26.0, watchOS 26.0, tvOS 26.0, *)
 5 | extension MLDSA65.PublicKey: MLDSAPublicKey {
 6 |     public typealias MLDSAType = MLDSA65
   |                                  `- error: cannot find type 'MLDSA65' in scope
 7 | }
 8 |
/Users/admin/builder/spi-builder-workspace/.build/checkouts/jwt-kit/Sources/JWTKit/MLDSA/MLDSA65+MLDSAKey.swift:12:34: error: cannot find type 'MLDSA65' in scope
10 | @available(iOS 26.0, macOS 26.0, watchOS 26.0, tvOS 26.0, *)
11 | extension MLDSA65.PrivateKey: MLDSAPrivateKey {
12 |     public typealias MLDSAType = MLDSA65
   |                                  `- error: cannot find type 'MLDSA65' in scope
13 | }
14 |
/Users/admin/builder/spi-builder-workspace/.build/checkouts/jwt-kit/Sources/JWTKit/MLDSA/MLDSA87+MLDSAKey.swift:6:34: error: cannot find type 'MLDSA87' in scope
 4 | @available(iOS 26.0, macOS 26.0, watchOS 26.0, tvOS 26.0, *)
 5 | extension MLDSA87.PublicKey: MLDSAPublicKey {
 6 |     public typealias MLDSAType = MLDSA87
   |                                  `- error: cannot find type 'MLDSA87' in scope
 7 | }
 8 |
/Users/admin/builder/spi-builder-workspace/.build/checkouts/jwt-kit/Sources/JWTKit/MLDSA/MLDSA87+MLDSAKey.swift:12:34: error: cannot find type 'MLDSA87' in scope
10 | @available(iOS 26.0, macOS 26.0, watchOS 26.0, tvOS 26.0, *)
11 | extension MLDSA87.PrivateKey: MLDSAPrivateKey {
12 |     public typealias MLDSAType = MLDSA87
   |                                  `- error: cannot find type 'MLDSA87' in scope
13 | }
14 |
<unknown>:0: warning: upcoming feature 'InferSendableFromCaptures' is already enabled as of Swift version 6
<unknown>:0: warning: upcoming feature 'GlobalActorIsolatedTypesUsability' is already enabled as of Swift version 6
<unknown>:0: warning: upcoming feature 'DisableOutwardActorInference' is already enabled as of Swift version 6
/Users/admin/builder/spi-builder-workspace/.build/checkouts/jwt-kit/Sources/JWTKit/MLDSA/MLDSA65+MLDSAKey.swift:5:11: error: cannot find type 'MLDSA65' in scope
 3 | @_spi(PostQuantum)
 4 | @available(iOS 26.0, macOS 26.0, watchOS 26.0, tvOS 26.0, *)
 5 | extension MLDSA65.PublicKey: MLDSAPublicKey {
   |           `- error: cannot find type 'MLDSA65' in scope
 6 |     public typealias MLDSAType = MLDSA65
 7 | }
/Users/admin/builder/spi-builder-workspace/.build/checkouts/jwt-kit/Sources/JWTKit/MLDSA/MLDSA65+MLDSAKey.swift:11:11: error: cannot find type 'MLDSA65' in scope
 9 | @_spi(PostQuantum)
10 | @available(iOS 26.0, macOS 26.0, watchOS 26.0, tvOS 26.0, *)
11 | extension MLDSA65.PrivateKey: MLDSAPrivateKey {
   |           `- error: cannot find type 'MLDSA65' in scope
12 |     public typealias MLDSAType = MLDSA65
13 | }
/Users/admin/builder/spi-builder-workspace/.build/checkouts/jwt-kit/Sources/JWTKit/MLDSA/MLDSA65+MLDSAKey.swift:17:53: error: cannot find type 'MLDSA65' in scope
15 | @_spi(PostQuantum)
16 | @available(iOS 26.0, macOS 26.0, watchOS 26.0, tvOS 26.0, *)
17 | public typealias MLDSA65PublicKey = MLDSA.PublicKey<MLDSA65>
   |                                                     `- error: cannot find type 'MLDSA65' in scope
18 |
19 | @_spi(PostQuantum)
/Users/admin/builder/spi-builder-workspace/.build/checkouts/jwt-kit/Sources/JWTKit/MLDSA/MLDSA65+MLDSAKey.swift:21:55: error: cannot find type 'MLDSA65' in scope
19 | @_spi(PostQuantum)
20 | @available(iOS 26.0, macOS 26.0, watchOS 26.0, tvOS 26.0, *)
21 | public typealias MLDSA65PrivateKey = MLDSA.PrivateKey<MLDSA65>
   |                                                       `- error: cannot find type 'MLDSA65' in scope
22 |
/Users/admin/builder/spi-builder-workspace/.build/checkouts/jwt-kit/Sources/JWTKit/MLDSA/MLDSA87+MLDSAKey.swift:5:11: error: cannot find type 'MLDSA87' in scope
 3 | @_spi(PostQuantum)
 4 | @available(iOS 26.0, macOS 26.0, watchOS 26.0, tvOS 26.0, *)
 5 | extension MLDSA87.PublicKey: MLDSAPublicKey {
   |           `- error: cannot find type 'MLDSA87' in scope
 6 |     public typealias MLDSAType = MLDSA87
 7 | }
/Users/admin/builder/spi-builder-workspace/.build/checkouts/jwt-kit/Sources/JWTKit/MLDSA/MLDSA87+MLDSAKey.swift:11:11: error: cannot find type 'MLDSA87' in scope
 9 | @_spi(PostQuantum)
10 | @available(iOS 26.0, macOS 26.0, watchOS 26.0, tvOS 26.0, *)
11 | extension MLDSA87.PrivateKey: MLDSAPrivateKey {
   |           `- error: cannot find type 'MLDSA87' in scope
12 |     public typealias MLDSAType = MLDSA87
13 | }
/Users/admin/builder/spi-builder-workspace/.build/checkouts/jwt-kit/Sources/JWTKit/MLDSA/MLDSA87+MLDSAKey.swift:17:53: error: cannot find type 'MLDSA87' in scope
15 | @_spi(PostQuantum)
16 | @available(iOS 26.0, macOS 26.0, watchOS 26.0, tvOS 26.0, *)
17 | public typealias MLDSA87PublicKey = MLDSA.PublicKey<MLDSA87>
   |                                                     `- error: cannot find type 'MLDSA87' in scope
18 |
19 | @_spi(PostQuantum)
/Users/admin/builder/spi-builder-workspace/.build/checkouts/jwt-kit/Sources/JWTKit/MLDSA/MLDSA87+MLDSAKey.swift:21:55: error: cannot find type 'MLDSA87' in scope
19 | @_spi(PostQuantum)
20 | @available(iOS 26.0, macOS 26.0, watchOS 26.0, tvOS 26.0, *)
21 | public typealias MLDSA87PrivateKey = MLDSA.PrivateKey<MLDSA87>
   |                                                       `- error: cannot find type 'MLDSA87' in scope
22 |
/Users/admin/builder/spi-builder-workspace/.build/checkouts/jwt-kit/Sources/JWTKit/MLDSA/MLDSA65+MLDSAKey.swift:6:34: error: cannot find type 'MLDSA65' in scope
 4 | @available(iOS 26.0, macOS 26.0, watchOS 26.0, tvOS 26.0, *)
 5 | extension MLDSA65.PublicKey: MLDSAPublicKey {
 6 |     public typealias MLDSAType = MLDSA65
   |                                  `- error: cannot find type 'MLDSA65' in scope
 7 | }
 8 |
/Users/admin/builder/spi-builder-workspace/.build/checkouts/jwt-kit/Sources/JWTKit/MLDSA/MLDSA65+MLDSAKey.swift:12:34: error: cannot find type 'MLDSA65' in scope
10 | @available(iOS 26.0, macOS 26.0, watchOS 26.0, tvOS 26.0, *)
11 | extension MLDSA65.PrivateKey: MLDSAPrivateKey {
12 |     public typealias MLDSAType = MLDSA65
   |                                  `- error: cannot find type 'MLDSA65' in scope
13 | }
14 |
/Users/admin/builder/spi-builder-workspace/.build/checkouts/jwt-kit/Sources/JWTKit/MLDSA/MLDSA87+MLDSAKey.swift:6:34: error: cannot find type 'MLDSA87' in scope
 4 | @available(iOS 26.0, macOS 26.0, watchOS 26.0, tvOS 26.0, *)
 5 | extension MLDSA87.PublicKey: MLDSAPublicKey {
 6 |     public typealias MLDSAType = MLDSA87
   |                                  `- error: cannot find type 'MLDSA87' in scope
 7 | }
 8 |
/Users/admin/builder/spi-builder-workspace/.build/checkouts/jwt-kit/Sources/JWTKit/MLDSA/MLDSA87+MLDSAKey.swift:12:34: error: cannot find type 'MLDSA87' in scope
10 | @available(iOS 26.0, macOS 26.0, watchOS 26.0, tvOS 26.0, *)
11 | extension MLDSA87.PrivateKey: MLDSAPrivateKey {
12 |     public typealias MLDSAType = MLDSA87
   |                                  `- error: cannot find type 'MLDSA87' in scope
13 | }
14 |
[1657/1727] Compiling JWTKit JWTMultiValueClaim.swift
<unknown>:0: warning: upcoming feature 'InferSendableFromCaptures' is already enabled as of Swift version 6
<unknown>:0: warning: upcoming feature 'GlobalActorIsolatedTypesUsability' is already enabled as of Swift version 6
<unknown>:0: warning: upcoming feature 'DisableOutwardActorInference' is already enabled as of Swift version 6
[1658/1727] Compiling JWTKit JWTUnixEpochClaim.swift
<unknown>:0: warning: upcoming feature 'InferSendableFromCaptures' is already enabled as of Swift version 6
<unknown>:0: warning: upcoming feature 'GlobalActorIsolatedTypesUsability' is already enabled as of Swift version 6
<unknown>:0: warning: upcoming feature 'DisableOutwardActorInference' is already enabled as of Swift version 6
[1659/1727] Compiling JWTKit LocaleClaim.swift
<unknown>:0: warning: upcoming feature 'InferSendableFromCaptures' is already enabled as of Swift version 6
<unknown>:0: warning: upcoming feature 'GlobalActorIsolatedTypesUsability' is already enabled as of Swift version 6
<unknown>:0: warning: upcoming feature 'DisableOutwardActorInference' is already enabled as of Swift version 6
[1660/1727] Compiling JWTKit NotBeforeClaim.swift
<unknown>:0: warning: upcoming feature 'InferSendableFromCaptures' is already enabled as of Swift version 6
<unknown>:0: warning: upcoming feature 'GlobalActorIsolatedTypesUsability' is already enabled as of Swift version 6
<unknown>:0: warning: upcoming feature 'DisableOutwardActorInference' is already enabled as of Swift version 6
[1661/1727] Compiling JWTKit SubjectClaim.swift
<unknown>:0: warning: upcoming feature 'InferSendableFromCaptures' is already enabled as of Swift version 6
<unknown>:0: warning: upcoming feature 'GlobalActorIsolatedTypesUsability' is already enabled as of Swift version 6
<unknown>:0: warning: upcoming feature 'DisableOutwardActorInference' is already enabled as of Swift version 6
[1662/1727] Compiling JWTKit TenantIDClaim.swift
<unknown>:0: warning: upcoming feature 'InferSendableFromCaptures' is already enabled as of Swift version 6
<unknown>:0: warning: upcoming feature 'GlobalActorIsolatedTypesUsability' is already enabled as of Swift version 6
<unknown>:0: warning: upcoming feature 'DisableOutwardActorInference' is already enabled as of Swift version 6
[1663/1727] Compiling JWTKit ECDSA.swift
<unknown>:0: warning: upcoming feature 'InferSendableFromCaptures' is already enabled as of Swift version 6
<unknown>:0: warning: upcoming feature 'GlobalActorIsolatedTypesUsability' is already enabled as of Swift version 6
<unknown>:0: warning: upcoming feature 'DisableOutwardActorInference' is already enabled as of Swift version 6
[1664/1727] Compiling JWTKit ECDSACurve.swift
<unknown>:0: warning: upcoming feature 'InferSendableFromCaptures' is already enabled as of Swift version 6
<unknown>:0: warning: upcoming feature 'GlobalActorIsolatedTypesUsability' is already enabled as of Swift version 6
<unknown>:0: warning: upcoming feature 'DisableOutwardActorInference' is already enabled as of Swift version 6
<unknown>:0: warning: upcoming feature 'InferSendableFromCaptures' is already enabled as of Swift version 6
<unknown>:0: warning: upcoming feature 'GlobalActorIsolatedTypesUsability' is already enabled as of Swift version 6
<unknown>:0: warning: upcoming feature 'DisableOutwardActorInference' is already enabled as of Swift version 6
<unknown>:0: warning: upcoming feature 'InferSendableFromCaptures' is already enabled as of Swift version 6
<unknown>:0: warning: upcoming feature 'GlobalActorIsolatedTypesUsability' is already enabled as of Swift version 6
<unknown>:0: warning: upcoming feature 'DisableOutwardActorInference' is already enabled as of Swift version 6
<unknown>:0: warning: upcoming feature 'InferSendableFromCaptures' is already enabled as of Swift version 6
<unknown>:0: warning: upcoming feature 'GlobalActorIsolatedTypesUsability' is already enabled as of Swift version 6
<unknown>:0: warning: upcoming feature 'DisableOutwardActorInference' is already enabled as of Swift version 6
<unknown>:0: warning: upcoming feature 'InferSendableFromCaptures' is already enabled as of Swift version 6
<unknown>:0: warning: upcoming feature 'GlobalActorIsolatedTypesUsability' is already enabled as of Swift version 6
<unknown>:0: warning: upcoming feature 'DisableOutwardActorInference' is already enabled as of Swift version 6
<unknown>:0: warning: upcoming feature 'InferSendableFromCaptures' is already enabled as of Swift version 6
<unknown>:0: warning: upcoming feature 'GlobalActorIsolatedTypesUsability' is already enabled as of Swift version 6
<unknown>:0: warning: upcoming feature 'DisableOutwardActorInference' is already enabled as of Swift version 6
[1670/1727] Compiling JWTKit CustomizedJSONCoders.swift
<unknown>:0: warning: upcoming feature 'InferSendableFromCaptures' is already enabled as of Swift version 6
<unknown>:0: warning: upcoming feature 'GlobalActorIsolatedTypesUsability' is already enabled as of Swift version 6
<unknown>:0: warning: upcoming feature 'DisableOutwardActorInference' is already enabled as of Swift version 6
[1671/1727] Compiling JWTKit Utilities.swift
<unknown>:0: warning: upcoming feature 'InferSendableFromCaptures' is already enabled as of Swift version 6
<unknown>:0: warning: upcoming feature 'GlobalActorIsolatedTypesUsability' is already enabled as of Swift version 6
<unknown>:0: warning: upcoming feature 'DisableOutwardActorInference' is already enabled as of Swift version 6
<unknown>:0: warning: upcoming feature 'InferSendableFromCaptures' is already enabled as of Swift version 6
<unknown>:0: warning: upcoming feature 'GlobalActorIsolatedTypesUsability' is already enabled as of Swift version 6
<unknown>:0: warning: upcoming feature 'DisableOutwardActorInference' is already enabled as of Swift version 6
<unknown>:0: warning: upcoming feature 'InferSendableFromCaptures' is already enabled as of Swift version 6
<unknown>:0: warning: upcoming feature 'GlobalActorIsolatedTypesUsability' is already enabled as of Swift version 6
<unknown>:0: warning: upcoming feature 'DisableOutwardActorInference' is already enabled as of Swift version 6
<unknown>:0: warning: upcoming feature 'InferSendableFromCaptures' is already enabled as of Swift version 6
<unknown>:0: warning: upcoming feature 'GlobalActorIsolatedTypesUsability' is already enabled as of Swift version 6
<unknown>:0: warning: upcoming feature 'DisableOutwardActorInference' is already enabled as of Swift version 6
<unknown>:0: warning: upcoming feature 'InferSendableFromCaptures' is already enabled as of Swift version 6
<unknown>:0: warning: upcoming feature 'GlobalActorIsolatedTypesUsability' is already enabled as of Swift version 6
<unknown>:0: warning: upcoming feature 'DisableOutwardActorInference' is already enabled as of Swift version 6
<unknown>:0: warning: upcoming feature 'InferSendableFromCaptures' is already enabled as of Swift version 6
<unknown>:0: warning: upcoming feature 'GlobalActorIsolatedTypesUsability' is already enabled as of Swift version 6
<unknown>:0: warning: upcoming feature 'DisableOutwardActorInference' is already enabled as of Swift version 6
<unknown>:0: warning: upcoming feature 'InferSendableFromCaptures' is already enabled as of Swift version 6
<unknown>:0: warning: upcoming feature 'GlobalActorIsolatedTypesUsability' is already enabled as of Swift version 6
<unknown>:0: warning: upcoming feature 'DisableOutwardActorInference' is already enabled as of Swift version 6
<unknown>:0: warning: upcoming feature 'InferSendableFromCaptures' is already enabled as of Swift version 6
<unknown>:0: warning: upcoming feature 'GlobalActorIsolatedTypesUsability' is already enabled as of Swift version 6
<unknown>:0: warning: upcoming feature 'DisableOutwardActorInference' is already enabled as of Swift version 6
<unknown>:0: warning: upcoming feature 'InferSendableFromCaptures' is already enabled as of Swift version 6
<unknown>:0: warning: upcoming feature 'GlobalActorIsolatedTypesUsability' is already enabled as of Swift version 6
<unknown>:0: warning: upcoming feature 'DisableOutwardActorInference' is already enabled as of Swift version 6
<unknown>:0: warning: upcoming feature 'InferSendableFromCaptures' is already enabled as of Swift version 6
<unknown>:0: warning: upcoming feature 'GlobalActorIsolatedTypesUsability' is already enabled as of Swift version 6
<unknown>:0: warning: upcoming feature 'DisableOutwardActorInference' is already enabled as of Swift version 6
<unknown>:0: warning: upcoming feature 'InferSendableFromCaptures' is already enabled as of Swift version 6
<unknown>:0: warning: upcoming feature 'GlobalActorIsolatedTypesUsability' is already enabled as of Swift version 6
<unknown>:0: warning: upcoming feature 'DisableOutwardActorInference' is already enabled as of Swift version 6
<unknown>:0: warning: upcoming feature 'InferSendableFromCaptures' is already enabled as of Swift version 6
<unknown>:0: warning: upcoming feature 'GlobalActorIsolatedTypesUsability' is already enabled as of Swift version 6
<unknown>:0: warning: upcoming feature 'DisableOutwardActorInference' is already enabled as of Swift version 6
<unknown>:0: warning: upcoming feature 'InferSendableFromCaptures' is already enabled as of Swift version 6
<unknown>:0: warning: upcoming feature 'GlobalActorIsolatedTypesUsability' is already enabled as of Swift version 6
<unknown>:0: warning: upcoming feature 'DisableOutwardActorInference' is already enabled as of Swift version 6
<unknown>:0: warning: upcoming feature 'InferSendableFromCaptures' is already enabled as of Swift version 6
<unknown>:0: warning: upcoming feature 'GlobalActorIsolatedTypesUsability' is already enabled as of Swift version 6
<unknown>:0: warning: upcoming feature 'DisableOutwardActorInference' is already enabled as of Swift version 6
<unknown>:0: warning: upcoming feature 'InferSendableFromCaptures' is already enabled as of Swift version 6
<unknown>:0: warning: upcoming feature 'GlobalActorIsolatedTypesUsability' is already enabled as of Swift version 6
<unknown>:0: warning: upcoming feature 'DisableOutwardActorInference' is already enabled as of Swift version 6
<unknown>:0: warning: upcoming feature 'InferSendableFromCaptures' is already enabled as of Swift version 6
<unknown>:0: warning: upcoming feature 'GlobalActorIsolatedTypesUsability' is already enabled as of Swift version 6
<unknown>:0: warning: upcoming feature 'DisableOutwardActorInference' is already enabled as of Swift version 6
<unknown>:0: warning: upcoming feature 'InferSendableFromCaptures' is already enabled as of Swift version 6
<unknown>:0: warning: upcoming feature 'GlobalActorIsolatedTypesUsability' is already enabled as of Swift version 6
<unknown>:0: warning: upcoming feature 'DisableOutwardActorInference' is already enabled as of Swift version 6
<unknown>:0: warning: upcoming feature 'InferSendableFromCaptures' is already enabled as of Swift version 6
<unknown>:0: warning: upcoming feature 'GlobalActorIsolatedTypesUsability' is already enabled as of Swift version 6
<unknown>:0: warning: upcoming feature 'DisableOutwardActorInference' is already enabled as of Swift version 6
<unknown>:0: warning: upcoming feature 'InferSendableFromCaptures' is already enabled as of Swift version 6
<unknown>:0: warning: upcoming feature 'GlobalActorIsolatedTypesUsability' is already enabled as of Swift version 6
<unknown>:0: warning: upcoming feature 'DisableOutwardActorInference' is already enabled as of Swift version 6
<unknown>:0: warning: upcoming feature 'InferSendableFromCaptures' is already enabled as of Swift version 6
<unknown>:0: warning: upcoming feature 'GlobalActorIsolatedTypesUsability' is already enabled as of Swift version 6
<unknown>:0: warning: upcoming feature 'DisableOutwardActorInference' is already enabled as of Swift version 6
<unknown>:0: warning: upcoming feature 'InferSendableFromCaptures' is already enabled as of Swift version 6
<unknown>:0: warning: upcoming feature 'GlobalActorIsolatedTypesUsability' is already enabled as of Swift version 6
<unknown>:0: warning: upcoming feature 'DisableOutwardActorInference' is already enabled as of Swift version 6
<unknown>:0: warning: upcoming feature 'InferSendableFromCaptures' is already enabled as of Swift version 6
<unknown>:0: warning: upcoming feature 'GlobalActorIsolatedTypesUsability' is already enabled as of Swift version 6
<unknown>:0: warning: upcoming feature 'DisableOutwardActorInference' is already enabled as of Swift version 6
<unknown>:0: warning: upcoming feature 'InferSendableFromCaptures' is already enabled as of Swift version 6
<unknown>:0: warning: upcoming feature 'GlobalActorIsolatedTypesUsability' is already enabled as of Swift version 6
<unknown>:0: warning: upcoming feature 'DisableOutwardActorInference' is already enabled as of Swift version 6
<unknown>:0: warning: upcoming feature 'InferSendableFromCaptures' is already enabled as of Swift version 6
<unknown>:0: warning: upcoming feature 'GlobalActorIsolatedTypesUsability' is already enabled as of Swift version 6
<unknown>:0: warning: upcoming feature 'DisableOutwardActorInference' is already enabled as of Swift version 6
<unknown>:0: warning: upcoming feature 'InferSendableFromCaptures' is already enabled as of Swift version 6
<unknown>:0: warning: upcoming feature 'GlobalActorIsolatedTypesUsability' is already enabled as of Swift version 6
<unknown>:0: warning: upcoming feature 'DisableOutwardActorInference' is already enabled as of Swift version 6
<unknown>:0: warning: upcoming feature 'InferSendableFromCaptures' is already enabled as of Swift version 6
<unknown>:0: warning: upcoming feature 'GlobalActorIsolatedTypesUsability' is already enabled as of Swift version 6
<unknown>:0: warning: upcoming feature 'DisableOutwardActorInference' is already enabled as of Swift version 6
<unknown>:0: warning: upcoming feature 'InferSendableFromCaptures' is already enabled as of Swift version 6
<unknown>:0: warning: upcoming feature 'GlobalActorIsolatedTypesUsability' is already enabled as of Swift version 6
<unknown>:0: warning: upcoming feature 'DisableOutwardActorInference' is already enabled as of Swift version 6
<unknown>:0: warning: upcoming feature 'InferSendableFromCaptures' is already enabled as of Swift version 6
<unknown>:0: warning: upcoming feature 'GlobalActorIsolatedTypesUsability' is already enabled as of Swift version 6
<unknown>:0: warning: upcoming feature 'DisableOutwardActorInference' is already enabled as of Swift version 6
<unknown>:0: warning: upcoming feature 'InferSendableFromCaptures' is already enabled as of Swift version 6
<unknown>:0: warning: upcoming feature 'GlobalActorIsolatedTypesUsability' is already enabled as of Swift version 6
<unknown>:0: warning: upcoming feature 'DisableOutwardActorInference' is already enabled as of Swift version 6
<unknown>:0: warning: upcoming feature 'InferSendableFromCaptures' is already enabled as of Swift version 6
<unknown>:0: warning: upcoming feature 'GlobalActorIsolatedTypesUsability' is already enabled as of Swift version 6
<unknown>:0: warning: upcoming feature 'DisableOutwardActorInference' is already enabled as of Swift version 6
<unknown>:0: warning: upcoming feature 'InferSendableFromCaptures' is already enabled as of Swift version 6
<unknown>:0: warning: upcoming feature 'GlobalActorIsolatedTypesUsability' is already enabled as of Swift version 6
<unknown>:0: warning: upcoming feature 'DisableOutwardActorInference' is already enabled as of Swift version 6
<unknown>:0: warning: upcoming feature 'InferSendableFromCaptures' is already enabled as of Swift version 6
<unknown>:0: warning: upcoming feature 'GlobalActorIsolatedTypesUsability' is already enabled as of Swift version 6
<unknown>:0: warning: upcoming feature 'DisableOutwardActorInference' is already enabled as of Swift version 6
<unknown>:0: warning: upcoming feature 'InferSendableFromCaptures' is already enabled as of Swift version 6
<unknown>:0: warning: upcoming feature 'GlobalActorIsolatedTypesUsability' is already enabled as of Swift version 6
<unknown>:0: warning: upcoming feature 'DisableOutwardActorInference' is already enabled as of Swift version 6
<unknown>:0: warning: upcoming feature 'InferSendableFromCaptures' is already enabled as of Swift version 6
<unknown>:0: warning: upcoming feature 'GlobalActorIsolatedTypesUsability' is already enabled as of Swift version 6
<unknown>:0: warning: upcoming feature 'DisableOutwardActorInference' is already enabled as of Swift version 6
<unknown>:0: warning: upcoming feature 'InferSendableFromCaptures' is already enabled as of Swift version 6
<unknown>:0: warning: upcoming feature 'GlobalActorIsolatedTypesUsability' is already enabled as of Swift version 6
<unknown>:0: warning: upcoming feature 'DisableOutwardActorInference' is already enabled as of Swift version 6
<unknown>:0: warning: upcoming feature 'InferSendableFromCaptures' is already enabled as of Swift version 6
<unknown>:0: warning: upcoming feature 'GlobalActorIsolatedTypesUsability' is already enabled as of Swift version 6
<unknown>:0: warning: upcoming feature 'DisableOutwardActorInference' is already enabled as of Swift version 6
<unknown>:0: warning: upcoming feature 'InferSendableFromCaptures' is already enabled as of Swift version 6
<unknown>:0: warning: upcoming feature 'GlobalActorIsolatedTypesUsability' is already enabled as of Swift version 6
<unknown>:0: warning: upcoming feature 'DisableOutwardActorInference' is already enabled as of Swift version 6
<unknown>:0: warning: upcoming feature 'InferSendableFromCaptures' is already enabled as of Swift version 6
<unknown>:0: warning: upcoming feature 'GlobalActorIsolatedTypesUsability' is already enabled as of Swift version 6
<unknown>:0: warning: upcoming feature 'DisableOutwardActorInference' is already enabled as of Swift version 6
<unknown>:0: warning: upcoming feature 'InferSendableFromCaptures' is already enabled as of Swift version 6
<unknown>:0: warning: upcoming feature 'GlobalActorIsolatedTypesUsability' is already enabled as of Swift version 6
<unknown>:0: warning: upcoming feature 'DisableOutwardActorInference' is already enabled as of Swift version 6
[1710/1727] Compiling JWTKit AppleIdentityToken.swift
<unknown>:0: warning: upcoming feature 'InferSendableFromCaptures' is already enabled as of Swift version 6
<unknown>:0: warning: upcoming feature 'GlobalActorIsolatedTypesUsability' is already enabled as of Swift version 6
<unknown>:0: warning: upcoming feature 'DisableOutwardActorInference' is already enabled as of Swift version 6
[1711/1727] Compiling JWTKit FirebaseAuthIdentityToken.swift
<unknown>:0: warning: upcoming feature 'InferSendableFromCaptures' is already enabled as of Swift version 6
<unknown>:0: warning: upcoming feature 'GlobalActorIsolatedTypesUsability' is already enabled as of Swift version 6
<unknown>:0: warning: upcoming feature 'DisableOutwardActorInference' is already enabled as of Swift version 6
[1712/1727] Compiling JWTKit GoogleIdentityToken.swift
<unknown>:0: warning: upcoming feature 'InferSendableFromCaptures' is already enabled as of Swift version 6
<unknown>:0: warning: upcoming feature 'GlobalActorIsolatedTypesUsability' is already enabled as of Swift version 6
<unknown>:0: warning: upcoming feature 'DisableOutwardActorInference' is already enabled as of Swift version 6
[1713/1727] Compiling JWTKit MicrosoftIdentityToken.swift
<unknown>:0: warning: upcoming feature 'InferSendableFromCaptures' is already enabled as of Swift version 6
<unknown>:0: warning: upcoming feature 'GlobalActorIsolatedTypesUsability' is already enabled as of Swift version 6
<unknown>:0: warning: upcoming feature 'DisableOutwardActorInference' is already enabled as of Swift version 6
[1714/1727] Compiling JWTKit EmptyPolicy.swift
<unknown>:0: warning: upcoming feature 'InferSendableFromCaptures' is already enabled as of Swift version 6
<unknown>:0: warning: upcoming feature 'GlobalActorIsolatedTypesUsability' is already enabled as of Swift version 6
<unknown>:0: warning: upcoming feature 'DisableOutwardActorInference' is already enabled as of Swift version 6
[1715/1727] Compiling JWTKit ValidationTimePayload.swift
<unknown>:0: warning: upcoming feature 'InferSendableFromCaptures' is already enabled as of Swift version 6
<unknown>:0: warning: upcoming feature 'GlobalActorIsolatedTypesUsability' is already enabled as of Swift version 6
<unknown>:0: warning: upcoming feature 'DisableOutwardActorInference' is already enabled as of Swift version 6
[1716/1727] Compiling JWTKit X5CVerifier.swift
<unknown>:0: warning: upcoming feature 'InferSendableFromCaptures' is already enabled as of Swift version 6
<unknown>:0: warning: upcoming feature 'GlobalActorIsolatedTypesUsability' is already enabled as of Swift version 6
<unknown>:0: warning: upcoming feature 'DisableOutwardActorInference' is already enabled as of Swift version 6
Fetching https://github.com/swiftlang/swift-docc-plugin.git from cache
Fetching https://github.com/vapor/websocket-kit.git
Fetching https://github.com/apple/swift-format.git
Fetching https://github.com/vapor/jwt-kit.git
Fetching https://github.com/stephencelis/SQLite.swift.git
Fetching https://github.com/apple/swift-nio.git from cache
Fetching https://github.com/apple/swift-argument-parser.git from cache
[1/2664] Fetching websocket-kit
[135/13876] Fetching websocket-kit, sqlite.swift
[4268/23480] Fetching websocket-kit, sqlite.swift, jwt-kit
[4781/37743] Fetching websocket-kit, sqlite.swift, jwt-kit, swift-format
Fetched https://github.com/swiftlang/swift-docc-plugin.git from cache (1.46s)
Fetching https://github.com/apple/swift-log.git from cache
Fetched https://github.com/apple/swift-log.git from cache (1.09s)
Fetched https://github.com/stephencelis/SQLite.swift.git from cache (2.82s)
[15834/26531] Fetching websocket-kit, jwt-kit, swift-format
Fetched https://github.com/apple/swift-format.git from cache (5.28s)
Fetched https://github.com/vapor/jwt-kit.git from cache (5.28s)
Fetched https://github.com/vapor/websocket-kit.git from cache (5.28s)
Fetched https://github.com/apple/swift-argument-parser.git from cache (5.36s)
Fetched https://github.com/apple/swift-nio.git from cache (5.44s)
Computing version for https://github.com/apple/swift-format.git
Computed https://github.com/apple/swift-format.git at 602.0.0 (8.69s)
Fetching https://github.com/apple/swift-markdown.git
Fetching https://github.com/swiftlang/swift-syntax.git from cache
[1/7534] Fetching swift-markdown
Fetched https://github.com/apple/swift-markdown.git from cache (1.40s)
Fetched https://github.com/swiftlang/swift-syntax.git from cache (1.99s)
Computing version for https://github.com/swiftlang/swift-syntax.git
Computed https://github.com/swiftlang/swift-syntax.git at 602.0.0 (2.72s)
Computing version for https://github.com/stephencelis/SQLite.swift.git
Computed https://github.com/stephencelis/SQLite.swift.git at 0.16.0 (0.51s)
Fetching https://github.com/sqlcipher/SQLCipher.swift
Fetching https://github.com/stephencelis/CSQLite
[1/131] Fetching sqlcipher.swift
[96/421] Fetching sqlcipher.swift, csqlite
Fetched https://github.com/stephencelis/CSQLite from cache (1.23s)
Fetched https://github.com/sqlcipher/SQLCipher.swift from cache (1.23s)
Computing version for https://github.com/stephencelis/CSQLite
Computed https://github.com/stephencelis/CSQLite at 3.53.3 (1.74s)
Computing version for https://github.com/vapor/websocket-kit.git
Computed https://github.com/vapor/websocket-kit.git at 2.16.2 (0.49s)
Fetching https://github.com/apple/swift-nio-transport-services.git from cache
Fetching https://github.com/apple/swift-nio-ssl.git from cache
Fetching https://github.com/apple/swift-atomics.git from cache
Fetching https://github.com/apple/swift-nio-extras.git from cache
Fetched https://github.com/apple/swift-nio-transport-services.git from cache (0.74s)
Fetched https://github.com/apple/swift-atomics.git from cache (0.96s)
Fetched https://github.com/apple/swift-nio-extras.git from cache (0.98s)
Fetched https://github.com/apple/swift-nio-ssl.git from cache (0.98s)
Computing version for https://github.com/apple/swift-atomics.git
Computed https://github.com/apple/swift-atomics.git at 1.3.1 (1.50s)
Computing version for https://github.com/sqlcipher/SQLCipher.swift
Computed https://github.com/sqlcipher/SQLCipher.swift at 4.16.0 (0.47s)
Computing version for https://github.com/swiftlang/swift-docc-plugin.git
Computed https://github.com/swiftlang/swift-docc-plugin.git at 1.5.0 (0.59s)
Fetching https://github.com/swiftlang/swift-docc-symbolkit from cache
Fetched https://github.com/swiftlang/swift-docc-symbolkit from cache (0.85s)
Computing version for https://github.com/swiftlang/swift-docc-symbolkit
Computed https://github.com/swiftlang/swift-docc-symbolkit at 1.0.0 (1.52s)
Computing version for https://github.com/vapor/jwt-kit.git
Computed https://github.com/vapor/jwt-kit.git at 5.6.0 (0.47s)
Fetching https://github.com/apple/swift-certificates.git
Fetching https://github.com/apple/swift-crypto.git from cache
[1/7328] Fetching swift-certificates
Fetched https://github.com/apple/swift-certificates.git from cache (1.06s)
Fetched https://github.com/apple/swift-crypto.git from cache (1.60s)
Computing version for https://github.com/apple/swift-crypto.git
Computed https://github.com/apple/swift-crypto.git at 4.5.0 (4.58s)
Fetching https://github.com/apple/swift-asn1.git from cache
Fetched https://github.com/apple/swift-asn1.git from cache (0.76s)
Computing version for https://github.com/apple/swift-certificates.git
Computed https://github.com/apple/swift-certificates.git at 1.19.2 (1.40s)
Computing version for https://github.com/apple/swift-argument-parser.git
Computed https://github.com/apple/swift-argument-parser.git at 1.8.2 (0.49s)
Computing version for https://github.com/apple/swift-markdown.git
Computed https://github.com/apple/swift-markdown.git at 0.8.0 (0.63s)
Fetching https://github.com/swiftlang/swift-cmark.git
[1/18481] Fetching swift-cmark
Fetched https://github.com/swiftlang/swift-cmark.git from cache (1.74s)
Computing version for https://github.com/swiftlang/swift-cmark.git
Computed https://github.com/swiftlang/swift-cmark.git at 0.8.0 (2.36s)
Computing version for https://github.com/apple/swift-asn1.git
Computed https://github.com/apple/swift-asn1.git at 1.7.1 (0.59s)
Computing version for https://github.com/apple/swift-nio-transport-services.git
Computed https://github.com/apple/swift-nio-transport-services.git at 1.28.0 (0.48s)
Computing version for https://github.com/apple/swift-log.git
Computed https://github.com/apple/swift-log.git at 1.14.0 (0.49s)
Computing version for https://github.com/apple/swift-nio-ssl.git
Computed https://github.com/apple/swift-nio-ssl.git at 2.37.1 (0.51s)
Computing version for https://github.com/apple/swift-nio.git
Computed https://github.com/apple/swift-nio.git at 2.101.2 (0.66s)
Fetching https://github.com/apple/swift-system.git from cache
Fetching https://github.com/apple/swift-collections.git from cache
Fetched https://github.com/apple/swift-system.git from cache (1.53s)
Fetched https://github.com/apple/swift-collections.git from cache (1.56s)
Computing version for https://github.com/apple/swift-system.git
Computed https://github.com/apple/swift-system.git at 1.7.2 (2.11s)
Computing version for https://github.com/apple/swift-collections.git
Computed https://github.com/apple/swift-collections.git at 1.6.0 (0.60s)
Computing version for https://github.com/apple/swift-nio-extras.git
Computed https://github.com/apple/swift-nio-extras.git at 1.34.1 (0.54s)
Fetching https://github.com/swift-server/swift-service-lifecycle.git
Fetching https://github.com/apple/swift-async-algorithms.git
Fetching https://github.com/apple/swift-http-structured-headers.git from cache
Fetching https://github.com/apple/swift-nio-http2.git from cache
Fetching https://github.com/apple/swift-algorithms.git from cache
Fetching https://github.com/apple/swift-http-types.git from cache
[1/2764] Fetching swift-service-lifecycle
[610/9317] Fetching swift-service-lifecycle, swift-async-algorithms
Fetched https://github.com/swift-server/swift-service-lifecycle.git from cache (0.85s)
[1573/6553] Fetching swift-async-algorithms
Fetched https://github.com/apple/swift-nio-http2.git from cache (0.91s)
Fetched https://github.com/apple/swift-async-algorithms.git from cache (1.03s)
Fetched https://github.com/apple/swift-http-structured-headers.git from cache (1.04s)
Fetched https://github.com/apple/swift-algorithms.git from cache (1.04s)
Fetched https://github.com/apple/swift-http-types.git from cache (1.05s)
Computing version for https://github.com/apple/swift-algorithms.git
Computed https://github.com/apple/swift-algorithms.git at 1.2.1 (1.66s)
Fetching https://github.com/apple/swift-numerics.git from cache
Fetched https://github.com/apple/swift-numerics.git from cache (0.98s)
Computing version for https://github.com/swift-server/swift-service-lifecycle.git
Computed https://github.com/swift-server/swift-service-lifecycle.git at 2.11.0 (1.49s)
Computing version for https://github.com/apple/swift-async-algorithms.git
Computed https://github.com/apple/swift-async-algorithms.git at 1.1.4 (0.53s)
Computing version for https://github.com/apple/swift-http-types.git
Computed https://github.com/apple/swift-http-types.git at 1.6.0 (0.50s)
Computing version for https://github.com/apple/swift-numerics.git
Computed https://github.com/apple/swift-numerics.git at 1.1.1 (0.48s)
Computing version for https://github.com/apple/swift-http-structured-headers.git
Computed https://github.com/apple/swift-http-structured-headers.git at 1.7.0 (0.48s)
Computing version for https://github.com/apple/swift-nio-http2.git
Computed https://github.com/apple/swift-nio-http2.git at 1.44.0 (0.49s)
Creating working copy for https://github.com/swift-server/swift-service-lifecycle.git
Working copy of https://github.com/swift-server/swift-service-lifecycle.git resolved at 2.11.0
Creating working copy for https://github.com/apple/swift-format.git
Working copy of https://github.com/apple/swift-format.git resolved at 602.0.0
Creating working copy for https://github.com/apple/swift-nio.git
Working copy of https://github.com/apple/swift-nio.git resolved at 2.101.2
Creating working copy for https://github.com/swiftlang/swift-docc-symbolkit
Working copy of https://github.com/swiftlang/swift-docc-symbolkit resolved at 1.0.0
Creating working copy for https://github.com/apple/swift-crypto.git
Working copy of https://github.com/apple/swift-crypto.git resolved at 4.5.0
Creating working copy for https://github.com/apple/swift-markdown.git
Working copy of https://github.com/apple/swift-markdown.git resolved at 0.8.0
Creating working copy for https://github.com/apple/swift-atomics.git
Working copy of https://github.com/apple/swift-atomics.git resolved at 1.3.1
Creating working copy for https://github.com/apple/swift-async-algorithms.git
Working copy of https://github.com/apple/swift-async-algorithms.git resolved at 1.1.4
Creating working copy for https://github.com/apple/swift-system.git
Working copy of https://github.com/apple/swift-system.git resolved at 1.7.2
Creating working copy for https://github.com/apple/swift-certificates.git
Working copy of https://github.com/apple/swift-certificates.git resolved at 1.19.2
Creating working copy for https://github.com/sqlcipher/SQLCipher.swift
Working copy of https://github.com/sqlcipher/SQLCipher.swift resolved at 4.16.0
Creating working copy for https://github.com/apple/swift-nio-transport-services.git
Working copy of https://github.com/apple/swift-nio-transport-services.git resolved at 1.28.0
Creating working copy for https://github.com/vapor/websocket-kit.git
Working copy of https://github.com/vapor/websocket-kit.git resolved at 2.16.2
Creating working copy for https://github.com/apple/swift-collections.git
Working copy of https://github.com/apple/swift-collections.git resolved at 1.6.0
Creating working copy for https://github.com/apple/swift-nio-http2.git
Working copy of https://github.com/apple/swift-nio-http2.git resolved at 1.44.0
Creating working copy for https://github.com/apple/swift-http-types.git
Working copy of https://github.com/apple/swift-http-types.git resolved at 1.6.0
Creating working copy for https://github.com/stephencelis/SQLite.swift.git
Working copy of https://github.com/stephencelis/SQLite.swift.git resolved at 0.16.0
Creating working copy for https://github.com/swiftlang/swift-syntax.git
Working copy of https://github.com/swiftlang/swift-syntax.git resolved at 602.0.0
Creating working copy for https://github.com/stephencelis/CSQLite
Working copy of https://github.com/stephencelis/CSQLite resolved at 3.53.3
Creating working copy for https://github.com/apple/swift-http-structured-headers.git
Working copy of https://github.com/apple/swift-http-structured-headers.git resolved at 1.7.0
Creating working copy for https://github.com/apple/swift-nio-extras.git
Working copy of https://github.com/apple/swift-nio-extras.git resolved at 1.34.1
Creating working copy for https://github.com/apple/swift-algorithms.git
Working copy of https://github.com/apple/swift-algorithms.git resolved at 1.2.1
Creating working copy for https://github.com/apple/swift-nio-ssl.git
Working copy of https://github.com/apple/swift-nio-ssl.git resolved at 2.37.1
Creating working copy for https://github.com/swiftlang/swift-cmark.git
Working copy of https://github.com/swiftlang/swift-cmark.git resolved at 0.8.0
Creating working copy for https://github.com/apple/swift-argument-parser.git
Working copy of https://github.com/apple/swift-argument-parser.git resolved at 1.8.2
Creating working copy for https://github.com/swiftlang/swift-docc-plugin.git
Working copy of https://github.com/swiftlang/swift-docc-plugin.git resolved at 1.5.0
Creating working copy for https://github.com/apple/swift-numerics.git
Working copy of https://github.com/apple/swift-numerics.git resolved at 1.1.1
Creating working copy for https://github.com/vapor/jwt-kit.git
Working copy of https://github.com/vapor/jwt-kit.git resolved at 5.6.0
Creating working copy for https://github.com/apple/swift-log.git
Working copy of https://github.com/apple/swift-log.git resolved at 1.14.0
Creating working copy for https://github.com/apple/swift-asn1.git
Working copy of https://github.com/apple/swift-asn1.git resolved at 1.7.1
Downloading binary artifact https://github.com/sqlcipher/SQLCipher.swift/releases/download/4.16.0/SQLCipher.xcframework.zip
[16375/50207727] Downloading https://github.com/sqlcipher/SQLCipher.swift/releases/download/4.16.0/SQLCipher.xcframework.zip
Downloaded https://github.com/sqlcipher/SQLCipher.swift/releases/download/4.16.0/SQLCipher.xcframework.zip (2.78s)
Running build ...
env DEVELOPER_DIR=/Applications/Xcode-16.3.0.app xcrun swift build --arch arm64
[0/1] Planning build
[1/1] Compiling plugin Swift-DocC Preview
[2/2] Compiling plugin Swift-DocC
[3/3] Compiling plugin Lint Source Code
[4/4] Compiling plugin Format Source Code
[5/5] Compiling plugin GenerateManual
[6/6] Compiling plugin GenerateDoccReference
Building for debugging...
[6/10] Write swift-version-2F0A5646E1D333AE.txt
[8/204] Compiling Crypto GeneralizedTime.swift
[9/204] Compiling Crypto ObjectIdentifier.swift
[10/205] Compiling Crypto ASN1.swift
[11/205] Compiling Crypto ASN1Any.swift
[12/205] Compiling Crypto ASN1Strings.swift
[13/205] Compiling Crypto ArraySliceBigint.swift
[14/205] Compiling Logging LogEvent.swift
[15/206] Compiling _CertificateInternals _TinyArray.swift
[16/206] Emitting module _CertificateInternals
[17/206] Compiling InternalCollectionsUtilities _UniqueCollection.swift
[18/206] Compiling NIOConcurrencyHelpers NIOLockedValueBox.swift
[19/206] Compiling NIOConcurrencyHelpers NIOLock.swift
[20/206] Compiling Logging SwiftLogNoOpLogHandler.swift
[21/206] Compiling Logging Locks.swift
[22/206] Emitting module _NIOBase64
[23/206] Compiling _NIOBase64 Base64.swift
[24/206] Compiling SQLite Backup.swift
[25/206] Compiling SQLite Blob.swift
[26/206] Compiling SQLite Connection+Aggregation.swift
[27/206] Compiling Crypto ASN1OctetString.swift
[28/206] Compiling NIOConcurrencyHelpers lock.swift
[29/206] Compiling NIOConcurrencyHelpers NIOAtomic.swift
[30/206] Compiling Crypto HPKE-NIST-EC-KEMs.swift
[31/206] Compiling Crypto HPKE-KEM.swift
[32/206] Compiling Crypto HPKE-Errors.swift
[33/206] Compiling Crypto HPKE.swift
[34/206] Compiling Crypto HPKE-Context.swift
[35/206] Compiling Crypto HPKE-KeySchedule.swift
[36/206] Compiling Crypto HPKE-Modes.swift
[37/206] Compiling Crypto Insecure.swift
[38/206] Compiling Crypto Insecure_HashFunctions.swift
[39/206] Compiling Crypto MLKEM_boring.swift
[40/213] Compiling CryptoBoringWrapper RandomBytes.swift
[41/214] Compiling CryptoBoringWrapper resource_bundle_accessor.swift
[42/215] Compiling Crypto MLKEM_wrapper.swift
[43/215] Compiling Crypto XWing_boring.swift
[44/215] Compiling Crypto KEM-Errors.swift
[45/215] Compiling Crypto KEM.swift
[46/215] Compiling Crypto MLKEM.swift
[47/215] Compiling Crypto XWing.swift
[48/215] Compiling Crypto ECDH_boring.swift
[49/215] Compiling Crypto DH.swift
[50/215] Compiling Crypto ECDH.swift
[59/215] Compiling Crypto ECDSASignature.swift
[60/215] Compiling Crypto PEMDocument.swift
[61/215] Compiling Crypto AES-GCM.swift
[62/215] Compiling Crypto AES-GCM_boring.swift
[63/215] Compiling Crypto ChaChaPoly_boring.swift
[64/215] Compiling Crypto ChaChaPoly.swift
[65/215] Compiling Crypto Cipher.swift
[66/215] Compiling Crypto Nonces.swift
[69/215] Compiling Crypto ASN1BitString.swift
[70/215] Compiling Crypto ASN1Boolean.swift
[71/215] Compiling Crypto ANSIx963.swift
[72/215] Compiling Crypto HKDF.swift
[73/215] Compiling Crypto AESWrap.swift
[74/215] Compiling Crypto AESWrap_boring.swift
[75/215] Compiling Crypto Ed25519_boring.swift
[76/215] Compiling Crypto NISTCurvesKeys_boring.swift
[77/215] Compiling Crypto X25519Keys_boring.swift
[78/215] Compiling Crypto Curve25519.swift
[79/215] Compiling Crypto Ed25519Keys.swift
[80/215] Compiling Crypto NISTCurvesKeys.swift
[81/215] Compiling Crypto X25519Keys.swift
[82/215] Compiling Crypto SymmetricKeys.swift
[83/215] Compiling Crypto HMAC.swift
[84/215] Compiling Crypto MACFunctions.swift
[85/215] Compiling Crypto MessageAuthenticationCode.swift
[86/215] Compiling Crypto AES.swift
[87/215] Compiling Crypto ECDSASignature_boring.swift
[88/215] Compiling Crypto ECDSA_boring.swift
[89/215] Compiling CryptoBoringWrapper CryptoKitErrors_boring.swift
[92/215] Compiling _NIODataStructures Heap.swift
[93/215] Compiling _NIODataStructures _TinyArray.swift
[94/215] Compiling _NIODataStructures PriorityQueue.swift
[95/215] Compiling Logging LoggingSystem.swift
[96/215] Compiling Crypto PKCS8PrivateKey.swift
[97/215] Compiling Crypto SEC1PrivateKey.swift
[98/215] Compiling Crypto SubjectPublicKeyInfo.swift
[99/215] Compiling Crypto CryptoError_boring.swift
[100/215] Compiling Crypto CryptoKitErrors.swift
[101/215] Compiling Crypto Digest_boring.swift
[102/215] Compiling Crypto Digest.swift
[103/215] Compiling Crypto Digests.swift
[104/215] Compiling Crypto HashFunctions.swift
[105/215] Compiling Crypto HashFunctions_SHA2.swift
[106/215] Compiling Crypto HashFunctions_SHA3.swift
[107/215] Compiling Crypto Digest_xkcp.swift
[108/215] Compiling Crypto HPKE-AEAD.swift
[109/215] Compiling Crypto HPKE-Ciphersuite.swift
[110/215] Compiling Crypto HPKE-KDF.swift
[111/215] Compiling Crypto HPKE-KexKeyDerivation.swift
[112/215] Compiling Crypto HPKE-LabeledExtract.swift
[113/215] Compiling Crypto HPKE-Utils.swift
[114/215] Compiling Crypto DHKEM.swift
[115/215] Compiling Crypto HPKE-KEM-Curve25519.swift
[116/215] Compiling CryptoBoringWrapper FiniteFieldArithmeticContext.swift
[117/215] Compiling Crypto EdDSA_boring.swift
[118/215] Compiling Crypto MLDSA_boring.swift
[119/215] Compiling Crypto MLDSA_wrapper.swift
[120/215] Compiling Crypto ECDSA.swift
[121/215] Compiling Crypto Ed25519.swift
[122/215] Compiling Crypto MLDSA.swift
[123/215] Compiling Crypto Signature.swift
[124/215] Compiling Crypto CryptoKitErrors_boring.swift
[125/215] Compiling Crypto Optional+withUnsafeBytes_boring.swift
[126/215] Compiling CryptoBoringWrapper EllipticCurve.swift
[127/215] Emitting module _NIODataStructures
[128/215] Compiling CryptoBoringWrapper BoringSSLAEAD.swift
[129/215] Emitting module CryptoBoringWrapper
[130/215] Compiling Logging MetadataProvider.swift
[131/217] Emitting module Crypto
[132/236] Compiling Logging Logger+Attributes.swift
[133/236] Compiling Logging LogHandler.swift
[134/236] Emitting module NIOConcurrencyHelpers
[135/236] Compiling NIOConcurrencyHelpers atomics.swift
[136/236] Compiling NIOConcurrencyHelpers NIOThreadPoolWorkAvailable.swift
[137/236] Compiling Logging Logger+With.swift
unable to find node: pound
unable to find node: pound
[138/236] Compiling Logging Logger.swift
[139/236] Compiling Atomics ManagedAtomicLazyReference.swift
[140/236] Compiling Atomics UnsafeAtomic.swift
[141/236] Emitting module Logging
unable to find node: pound
unable to find node: pound
[142/236] Compiling Atomics OptionalRawRepresentable.swift
[143/236] Compiling Atomics RawRepresentable.swift
[144/236] Compiling Atomics AtomicReference.swift
[145/236] Compiling Atomics AtomicStorage.swift
[146/236] Compiling Atomics AtomicValue.swift
[147/236] Compiling Atomics AtomicMemoryOrderings.swift
[152/239] Compiling Atomics PointerConformances.swift
[153/239] Compiling Atomics Primitives.native.swift
[154/240] Compiling Atomics AtomicBool.swift
[155/240] Compiling Atomics IntegerConformances.swift
[156/240] Compiling SwiftASN1 DER.swift
[157/240] Emitting module InternalCollectionsUtilities
[160/240] Compiling Atomics AtomicInteger.swift
[161/240] Compiling Atomics AtomicOptionalWrappable.swift
[164/240] Compiling Atomics DoubleWord.swift
[165/240] Compiling Atomics ManagedAtomic.swift
[168/240] Compiling Atomics UnsafeAtomicLazyReference.swift
[169/240] Compiling Atomics IntegerOperations.swift
[176/241] Compiling Atomics Unmanaged extensions.swift
[177/241] Compiling CryptoBoringWrapper ArbitraryPrecisionInteger.swift
[178/241] Compiling CryptoBoringWrapper EllipticCurvePoint.swift
[179/278] Compiling ContainersPreview OutputSpan+Extras.swift
[180/278] Compiling ContainersPreview TemporaryAllocation.swift
[181/278] Compiling ContainersPreview BorrowingIteratorProtocol+Copy.swift
[182/278] Compiling ContainersPreview BorrowingIteratorProtocol+ElementsEqual.swift
[183/281] Emitting module ContainersPreview
[184/281] Compiling ContainersPreview Producer+Collect.swift
[185/281] Compiling ContainersPreview Producer+Filter.swift
[186/281] Compiling ContainersPreview Producer+Map.swift
[187/281] Compiling ContainersPreview Producer+Reduce.swift
[188/281] Compiling ContainersPreview Producer.swift
[189/281] Compiling ContainersPreview InputSpan.swift
[190/281] Compiling ContainersPreview MutableRef.swift
[191/281] Compiling ContainersPreview Ref.swift
[192/281] Compiling ContainersPreview Container.swift
[193/281] Compiling ContainersPreview ContainerIterator.swift
[194/281] Compiling ContainersPreview DynamicContainer.swift
[195/281] Compiling ContainersPreview MutableContainer.swift
[196/281] Compiling ContainersPreview PermutableContainer.swift
[197/281] Compiling ContainersPreview RandomAccessContainer.swift
[198/281] Compiling ContainersPreview RangeExpression2.swift
[199/281] Compiling ContainersPreview RangeReplaceableContainer.swift
[200/281] Compiling ContainersPreview BorrowingIteratorProtocol.swift
[201/281] Compiling ContainersPreview BorrowingSequence+Algorithms.swift
[202/281] Compiling ContainersPreview BorrowingSequence+Standard Conformances.swift
[203/281] Compiling ContainersPreview BorrowingSequence+Utilities.swift
[204/281] Compiling ContainersPreview BorrowingIteratorProtocol+Filter.swift
[205/281] Compiling ContainersPreview BorrowingIteratorProtocol+Map.swift
[206/281] Compiling ContainersPreview BorrowingIteratorProtocol+Reduce.swift
[207/281] Compiling ContainersPreview BorrowingIteratorProtocol+SpanwiseZip.swift
[208/281] Compiling ContainersPreview BorrowingSequence.swift
[209/281] Compiling ContainersPreview BidirectionalContainer.swift
[210/281] Compiling ContainersPreview Container+Filter.swift
[211/281] Compiling ContainersPreview Container+SpanwiseZip.swift
[212/281] Compiling ContainersPreview Strideable+Limits.swift
[213/281] Compiling ContainersPreview Drain+Map.swift
[214/281] Compiling ContainersPreview Drain+Reduce.swift
[215/281] Compiling ContainersPreview Drain.swift
[218/281] Compiling SwiftASN1 Errors.swift
[219/281] Compiling ContainersPreview Shared.swift
[220/281] Compiling ContainersPreview SpanIterator.swift
[221/281] Compiling ContainersPreview UniqueBox.swift
[236/281] Emitting module ArgumentParserToolInfo
[237/281] Compiling ArgumentParserToolInfo ToolInfo.swift
[238/281] Compiling Crypto RNG_boring.swift
[239/281] Compiling Crypto SafeCompare_boring.swift
[240/281] Compiling Crypto Zeroization_boring.swift
[241/281] Compiling Crypto _CryptoModuleAnchor.swift
[242/281] Compiling Crypto PrettyBytes.swift
[243/281] Compiling Crypto SafeCompare.swift
[244/281] Compiling Crypto SecureBytes.swift
[245/281] Compiling Crypto Zeroization.swift
[246/281] Compiling Crypto resource_bundle_accessor.swift
[247/281] Emitting module SQLite
[248/323] Compiling DequeModule RigidDeque+Replacements.swift
[249/323] Compiling DequeModule RigidDeque+Testing.swift
[250/323] Compiling DequeModule RigidDeque.swift
[251/323] Compiling DequeModule UniqueDeque+Append.swift
[252/323] Compiling DequeModule UniqueDeque+Insertions.swift
[253/323] Compiling DequeModule UniqueDeque+Prepend.swift
[254/323] Compiling DequeModule UniqueDeque+Removals.swift
[255/323] Compiling DequeModule UniqueDeque+Replacements.swift
[256/323] Compiling DequeModule UniqueDeque+Consumption.swift
[257/323] Compiling DequeModule UniqueDeque+Container.swift
[258/323] Compiling DequeModule UniqueDeque+Deprecated.swift
[259/323] Compiling DequeModule UniqueDeque+Descriptions.swift
[260/323] Compiling DequeModule RigidDeque+Consumption.swift
[261/323] Compiling DequeModule RigidDeque+Container.swift
[262/323] Compiling DequeModule RigidDeque+Descriptions.swift
[263/323] Compiling DequeModule RigidDeque+Equatable.swift
[264/323] Compiling DequeModule RigidDeque+Experimental.swift
[268/375] Compiling ArgumentParser Platform.swift
[269/375] Compiling ArgumentParser ArgumentHelp.swift
[270/375] Compiling ArgumentParser ArgumentVisibility.swift
[271/375] Compiling ArgumentParser CompletionKind.swift
[272/375] Compiling ArgumentParser ArgumentDiscussion.swift
[273/375] Compiling ArgumentParser CommandGroup.swift
[274/375] Compiling ArgumentParser EnumerableFlag.swift
[275/375] Compiling ArgumentParser ExpressibleByArgument.swift
[276/375] Compiling ArgumentParser HelpGenerator.swift
[277/375] Compiling ArgumentParser MessageInfo.swift
[278/375] Compiling ArgumentParser Option.swift
[279/375] Compiling ArgumentParser OptionGroup.swift
[280/375] Compiling ArgumentParser ParentCommand.swift
[281/375] Compiling ArgumentParser ParsableArguments.swift
[282/375] Compiling ArgumentParser ParsableCommand.swift
[283/375] Compiling ArgumentParser SplitArguments.swift
[284/375] Compiling ArgumentParser DumpHelpGenerator.swift
[285/375] Compiling ArgumentParser HelpCommand.swift
[286/375] Compiling ArgumentParser CompletionsGenerator.swift
[287/375] Compiling ArgumentParser FishCompletionsGenerator.swift
[288/375] Compiling ArgumentParser ArgumentDecoder.swift
[289/375] Compiling ArgumentParser ArgumentDefinition.swift
[290/375] Compiling ArgumentParser InputKey.swift
[291/375] Compiling ArgumentParser BashCompletionsGenerator.swift
[292/375] Compiling ArgumentParser ArgumentSet.swift
[293/375] Compiling ArgumentParser CommandParser.swift
[297/375] Compiling ArgumentParser ZshCompletionsGenerator.swift
[298/375] Compiling ArgumentParser Argument.swift
[299/375] Emitting module SwiftASN1
[308/375] Compiling ArgumentParser CollectionExtensions.swift
[309/375] Compiling ArgumentParser Foundation.swift
[310/375] Compiling ArgumentParser Mutex.swift
[311/375] Compiling ArgumentParser AsyncParsableCommand.swift
[312/375] Compiling ArgumentParser CommandConfiguration.swift
[313/375] Compiling ArgumentParser UsageGenerator.swift
[314/375] Emitting module ArgumentParser
[315/380] Emitting module Atomics
[319/380] Compiling ArgumentParser Errors.swift
[320/380] Compiling ArgumentParser Flag.swift
[321/380] Compiling ArgumentParser NameSpecification.swift
[322/380] Compiling ArgumentParser InputOrigin.swift
[323/380] Compiling ArgumentParser Name.swift
[324/380] Compiling ArgumentParser Parsed.swift
[325/380] Compiling ArgumentParser ParsedValues.swift
[326/380] Compiling ArgumentParser ParserError.swift
[332/380] Compiling ArgumentParser SequenceExtensions.swift
[333/380] Compiling ArgumentParser StringExtensions.swift
[334/380] Compiling ArgumentParser SwiftExtensions.swift
[335/380] Compiling ArgumentParser Tree.swift
[336/380] Compiling ArgumentParser AsyncCompletionsValidator.swift
[341/444] Compiling CryptoExtras ThreadPosix.swift
[342/444] Compiling CryptoExtras ThreadSpecific.swift
[343/444] Compiling CryptoExtras VOPRFClient.swift
[344/444] Compiling CryptoExtras VOPRFServer.swift
[345/444] Compiling CryptoExtras BoringSSLPassphraseCallbackManager.swift
[346/444] Compiling CryptoExtras AES_GCM_SIV_boring.swift
[347/444] Compiling CryptoExtras CMAC.swift
[348/444] Compiling CryptoExtras ARC+API.swift
[349/444] Compiling CryptoExtras ARC.swift
[350/444] Compiling CryptoExtras ARCCredential.swift
[351/444] Compiling CryptoExtras AES_CBC.swift
[352/444] Compiling CryptoExtras AES_CFB.swift
[353/444] Compiling CryptoExtras AES_CTR.swift
[354/444] Compiling CryptoExtras AES_GCM_SIV.swift
[355/444] Compiling CryptoExtras Block Function.swift
[356/444] Emitting module DequeModule
[357/444] Compiling CryptoExtras ChaCha20CTR_boring.swift
[358/444] Compiling CryptoExtras ChaCha20CTR.swift
[359/444] Compiling CryptoExtras BoringSSLSHA512256Context.swift
[360/444] Compiling CryptoExtras PBKDF2.swift
[361/444] Compiling CryptoExtras Scrypt_boring.swift
[362/444] Compiling CryptoExtras Scrypt.swift
[363/444] Compiling CryptoExtras OPRF.swift
[364/444] Compiling CryptoExtras OPRFClient.swift
[365/444] Compiling CryptoExtras OPRFServer.swift
[366/444] Compiling CryptoExtras VOPRF+API.swift
[367/444] Compiling CryptoExtras AES_CFB_boring.swift
[368/444] Compiling CryptoExtras AES_CTR_boring.swift
[369/444] Compiling CryptoExtras ARCPresentation.swift
[370/444] Compiling CryptoExtras ARCRequest.swift
[371/444] Compiling CryptoExtras ARCResponse.swift
[372/444] Compiling CryptoExtras ARCServer.swift
[378/509] Emitting module CryptoExtras
[379/509] Compiling NIOCore ConvenienceOptionSupport.swift
[380/509] Compiling NIOCore DeadChannel.swift
[381/509] Compiling NIOCore DispatchQueue+WithFuture.swift
[382/509] Compiling NIOCore EventLoop+Deprecated.swift
[383/509] Compiling NIOCore EventLoop+SerialExecutor.swift
[384/509] Compiling NIOCore EventLoop.swift
[385/509] Compiling NIOCore EventLoopFuture+AssumeIsolated.swift
[386/515] Compiling NIOCore AddressedEnvelope.swift
[387/515] Compiling NIOCore AsyncAwaitSupport.swift
[388/515] Compiling NIOCore AsyncChannel.swift
[389/515] Compiling NIOCore AsyncChannelHandler.swift
[390/515] Compiling NIOCore AsyncChannelInboundStream.swift
[391/515] Compiling NIOCore AsyncChannelOutboundWriter.swift
[392/515] Compiling NIOCore NIOAsyncSequenceProducer.swift
[393/515] Compiling NIOCore NIOAsyncSequenceProducerStrategies.swift
[394/515] Compiling NIOCore MarkedCircularBuffer.swift
[395/515] Compiling NIOCore MulticastChannel.swift
[396/515] Compiling NIOCore NIOAny.swift
[397/515] Compiling NIOCore NIOCloseOnErrorHandler.swift
[398/515] Compiling NIOCore NIOCoreSendableMetatype.swift
[399/515] Compiling NIOCore NIODecodedAsyncSequence.swift
[400/515] Compiling NIOCore NIOLoopBound.swift
[401/515] Compiling NIOCore NIOPooledRecvBufferAllocator.swift
[402/515] Compiling NIOCore NIOScheduledCallback.swift
[403/515] Compiling NIOCore NIOSendable.swift
[404/515] Compiling NIOCore NIOSplitLinesMessageDecoder.swift
[405/515] Compiling NIOCore NIOTransportAccessibleChannelCore.swift
[406/515] Compiling NIOCore RecvByteBufferAllocator.swift
[407/515] Compiling NIOCore SingleStepByteToMessageDecoder.swift
[408/515] Compiling NIOCore NIOAsyncWriter.swift
[409/515] Compiling NIOCore NIOThrowingAsyncSequenceProducer.swift
[410/515] Compiling NIOCore BSDSocketAPI.swift
[411/515] Compiling NIOCore ByteBuffer-aux.swift
[412/515] Compiling NIOCore ByteBuffer-binaryEncodedLengthPrefix.swift
[413/515] Compiling NIOCore ByteBuffer-conversions.swift
[414/515] Compiling NIOCore Codec.swift
[415/515] Compiling NIOCore ByteBuffer-hex.swift
[416/515] Compiling NIOCore ByteBuffer-int.swift
[417/515] Compiling NIOCore ByteBuffer-lengthPrefix.swift
[418/515] Compiling NIOCore ByteBuffer-multi-int.swift
[419/515] Compiling NIOCore ByteBuffer-quicBinaryEncodingStrategy.swift
[420/515] Compiling NIOCore ByteBuffer-views.swift
[421/515] Compiling NIOCore GlobalSingletons.swift
[422/515] Compiling NIOCore ChannelHandler.swift
[423/515] Compiling NIOCore ChannelHandlers.swift
[424/515] Compiling NIOCore ChannelInvoker.swift
[425/515] Compiling NIOCore ChannelOption.swift
[426/515] Compiling NIOCore ChannelPipeline.swift
[427/515] Compiling NIOCore CircularBuffer.swift
[428/515] Compiling NIOCore ByteBuffer-core.swift
[429/515] Compiling NIOCore EventLoopFuture+Deprecated.swift
[430/515] Compiling NIOCore EventLoopFuture+WithEventLoop.swift
[431/515] Compiling NIOCore EventLoopFuture.swift
[432/515] Compiling NIOCore FileDescriptor.swift
[433/515] Compiling NIOCore FileHandle.swift
[434/515] Compiling NIOCore FileRegion.swift
[435/515] Compiling CryptoExtras ThreadWindows.swift
[436/515] Compiling CryptoExtras DLEQ.swift
[437/515] Compiling CryptoExtras Prover.swift
[438/515] Compiling CryptoExtras Verifier.swift
[439/515] Compiling CryptoExtras ZKPToolbox.swift
[440/515] Compiling CryptoExtras resource_bundle_accessor.swift
[441/515] Compiling NIOCore IO.swift
[442/515] Compiling NIOCore IOData.swift
[443/515] Compiling NIOCore IPProtocol.swift
[444/515] Compiling NIOCore IntegerBitPacking.swift
[445/515] Compiling NIOCore IntegerTypes.swift
[446/515] Compiling NIOCore Interfaces.swift
[447/515] Compiling NIOCore Linux.swift
[462/524] Emitting module _CryptoExtras
[463/524] Compiling _CryptoExtras Exports.swift
[464/524] Compiling NIOCore SocketAddresses.swift
[465/524] Compiling NIOCore SocketOptionProvider.swift
[466/524] Compiling NIOCore SystemCallHelpers.swift
[467/524] Compiling NIOCore TimeAmount+Duration.swift
[468/524] Compiling NIOCore TypeAssistedChannelHandler.swift
[469/524] Compiling NIOCore UniversalBootstrapSupport.swift
[470/524] Compiling NIOCore Utilities.swift
[471/623] Compiling X509 OCSPCertStatus.swift
[472/623] Compiling X509 CustomPrivateKey.swift
[473/623] Compiling X509 Digests.swift
[474/623] Compiling X509 DistinguishedName.swift
[475/623] Compiling X509 CommonName.swift
[476/623] Compiling X509 CountryName.swift
[477/623] Compiling X509 DNBuilder.swift
[478/623] Compiling X509 DomainComponent.swift
[479/623] Compiling X509 EmailAddress.swift
[480/623] Compiling X509 LocalityName.swift
[481/623] Compiling X509 OrganizationName.swift
[482/623] Compiling X509 OrganizationalUnitName.swift
[483/623] Compiling X509 OCSPTBSRequest.swift
[484/623] Compiling X509 OCSPVersion.swift
[485/623] Compiling X509 PKCS8PrivateKey.swift
[486/623] Compiling X509 PromiseAndFuture.swift
[487/623] Compiling X509 RDNAttribute.swift
[488/623] Compiling X509 RandomNumberGenerator+bytes.swift
[489/623] Compiling X509 RelativeDistinguishedName.swift
[490/623] Compiling X509 SEC1PrivateKey.swift
[491/623] Compiling X509 SecKeyWrapper.swift
[492/623] Compiling X509 ExtensionsBuilder.swift
[493/623] Compiling X509 GeneralName.swift
[494/623] Compiling X509 Lock.swift
[495/623] Compiling X509 LockedValueBox.swift
[496/623] Compiling X509 BasicOCSPResponse.swift
[497/623] Compiling X509 DirectoryString.swift
[498/623] Compiling X509 OCSPCertID.swift
[499/623] Compiling X509 OCSPExtensionID.swift
[500/623] Compiling X509 OCSPNonce.swift
[501/623] Compiling X509 OCSPPolicy.swift
[502/623] Compiling X509 OCSPRequest.swift
[503/623] Compiling X509 OCSPResponse.swift
[504/623] Compiling X509 OCSPResponseBytes.swift
[505/623] Compiling X509 OCSPResponseData.swift
[506/623] Compiling X509 OCSPResponseStatus.swift
[507/623] Compiling X509 OCSPSignature.swift
[508/623] Compiling X509 OCSPSingleRequest.swift
[509/623] Compiling X509 OCSPSingleResponse.swift
[510/633] Compiling X509 SubjectKeyIdentifier.swift
[511/633] Compiling X509 Extension.swift
[512/633] Compiling X509 Extensions.swift
[521/633] Compiling X509 CSRAttribute.swift
[522/633] Compiling X509 CSRAttributes.swift
[523/633] Compiling X509 CSRVersion.swift
[524/633] Compiling X509 CertificateSigningRequest.swift
[525/633] Compiling X509 CertificationRequestInfo.swift
[526/633] Compiling X509 ExtensionRequest.swift
[527/633] Compiling X509 Certificate.swift
[528/633] Compiling X509 CertificatePrivateKey.swift
[529/633] Compiling X509 CertificatePublicKey.swift
[530/633] Compiling X509 CertificateSerialNumber.swift
[531/633] Compiling X509 CertificateVersion.swift
[552/633] Compiling X509 Signature.swift
[553/633] Compiling X509 SignatureAlgorithm.swift
[554/633] Compiling X509 StateOrProvinceName.swift
[555/633] Compiling X509 StreetAddress.swift
[556/633] Compiling X509 Error.swift
[557/633] Compiling X509 AuthorityInformationAccess.swift
[558/633] Compiling X509 AuthorityKeyIdentifier.swift
[559/633] Compiling X509 BasicConstraints.swift
[560/633] Compiling X509 ExtendedKeyUsage.swift
[561/633] Compiling X509 ExtensionIdentifiers.swift
[562/633] Compiling X509 KeyUsage.swift
[563/633] Compiling X509 NameConstraints.swift
[564/633] Compiling X509 SubjectAlternativeName.swift
[565/633] Compiling X509 CMSAttribute.swift
[566/633] Compiling X509 CMSContentInfo.swift
[567/633] Compiling X509 CMSEncapsulatedContentInfo.swift
[568/633] Compiling X509 CMSIssuerAndSerialNumber.swift
[569/633] Compiling X509 CMSOperations.swift
[570/633] Compiling X509 CMSSignature.swift
[571/633] Compiling X509 CMSSignedData.swift
[572/633] Compiling X509 CMSSignerIdentifier.swift
[573/633] Compiling X509 CMSSignerInfo.swift
[574/633] Compiling X509 CMSVersion.swift
[575/633] Compiling X509 Curve25519+DER.swift
[576/633] Compiling X509 NameConstraintsPolicy.swift
[577/633] Compiling X509 RFC5280Policy.swift
[578/633] Compiling X509 URIConstraints.swift
[579/633] Compiling X509 VersionPolicy.swift
[580/633] Compiling X509 ServerIdentityPolicy.swift
[581/633] Compiling X509 TrustRootLoading.swift
[582/633] Compiling X509 UnverifiedChain.swift
[583/633] Compiling X509 ValidatedCertificateChain.swift
[584/633] Compiling X509 VerificationDiagnostic.swift
[585/633] Compiling X509 Verifier.swift
[586/633] Compiling X509 AllOfPolicies.swift
[587/633] Compiling X509 AnyPolicy.swift
[588/633] Compiling X509 CertificateStore.swift
[589/633] Compiling X509 CustomCertificateStore.swift
[590/633] Compiling X509 OneOfPolicies.swift
[591/633] Compiling X509 PolicyBuilder.swift
[592/633] Compiling X509 BasicConstraintsPolicy.swift
[593/633] Compiling X509 DNSNames.swift
[594/633] Compiling X509 DirectoryNames.swift
[595/633] Compiling X509 ExpiryPolicy.swift
[596/633] Compiling X509 IPConstraints.swift
[597/633] Compiling X509 VerifierPolicy.swift
[598/633] Compiling X509 AlgorithmIdentifier.swift
[599/633] Compiling X509 ECDSASignature.swift
[600/633] Compiling X509 RSAPKCS1PublicKey.swift
[601/633] Compiling X509 SubjectPublicKeyInfo.swift
[602/633] Compiling X509 TBSCertificate.swift
[603/633] Compiling X509 Time.swift
[604/633] Compiling X509 TimeCalculations.swift
[605/633] Compiling X509 Validity.swift
[606/633] Compiling X509 X509SendableMetatype.swift
[621/633] Emitting module NIOCore
[630/633] Emitting module X509
[631/693] Compiling NIOFoundationEssentialsCompat Codable+ByteBuffer.swift
[632/761] Emitting module NIOFoundationEssentialsCompat
[633/761] Compiling NIOFoundationEssentialsCompat ByteBuffer-foundation.swift
[634/761] Compiling NIOEmbedded AsyncTestingChannel.swift
[635/761] Compiling NIOEmbedded AsyncTestingEventLoop.swift
[636/761] Compiling NIOEmbedded Embedded.swift
[637/761] Emitting module NIOEmbedded
[638/761] Compiling JWTKit JWTPayload.swift
/Users/admin/builder/spi-builder-workspace/.build/checkouts/jwt-kit/Sources/JWTKit/MLDSA/MLDSA65+MLDSAKey.swift:5:11: error: cannot find type 'MLDSA65' in scope
 3 | @_spi(PostQuantum)
 4 | @available(iOS 26.0, macOS 26.0, watchOS 26.0, tvOS 26.0, *)
 5 | extension MLDSA65.PublicKey: MLDSAPublicKey {
   |           `- error: cannot find type 'MLDSA65' in scope
 6 |     public typealias MLDSAType = MLDSA65
 7 | }
/Users/admin/builder/spi-builder-workspace/.build/checkouts/jwt-kit/Sources/JWTKit/MLDSA/MLDSA65+MLDSAKey.swift:11:11: error: cannot find type 'MLDSA65' in scope
 9 | @_spi(PostQuantum)
10 | @available(iOS 26.0, macOS 26.0, watchOS 26.0, tvOS 26.0, *)
11 | extension MLDSA65.PrivateKey: MLDSAPrivateKey {
   |           `- error: cannot find type 'MLDSA65' in scope
12 |     public typealias MLDSAType = MLDSA65
13 | }
/Users/admin/builder/spi-builder-workspace/.build/checkouts/jwt-kit/Sources/JWTKit/MLDSA/MLDSA65+MLDSAKey.swift:17:53: error: cannot find type 'MLDSA65' in scope
15 | @_spi(PostQuantum)
16 | @available(iOS 26.0, macOS 26.0, watchOS 26.0, tvOS 26.0, *)
17 | public typealias MLDSA65PublicKey = MLDSA.PublicKey<MLDSA65>
   |                                                     `- error: cannot find type 'MLDSA65' in scope
18 |
19 | @_spi(PostQuantum)
/Users/admin/builder/spi-builder-workspace/.build/checkouts/jwt-kit/Sources/JWTKit/MLDSA/MLDSA65+MLDSAKey.swift:21:55: error: cannot find type 'MLDSA65' in scope
19 | @_spi(PostQuantum)
20 | @available(iOS 26.0, macOS 26.0, watchOS 26.0, tvOS 26.0, *)
21 | public typealias MLDSA65PrivateKey = MLDSA.PrivateKey<MLDSA65>
   |                                                       `- error: cannot find type 'MLDSA65' in scope
22 |
/Users/admin/builder/spi-builder-workspace/.build/checkouts/jwt-kit/Sources/JWTKit/MLDSA/MLDSA87+MLDSAKey.swift:5:11: error: cannot find type 'MLDSA87' in scope
 3 | @_spi(PostQuantum)
 4 | @available(iOS 26.0, macOS 26.0, watchOS 26.0, tvOS 26.0, *)
 5 | extension MLDSA87.PublicKey: MLDSAPublicKey {
   |           `- error: cannot find type 'MLDSA87' in scope
 6 |     public typealias MLDSAType = MLDSA87
 7 | }
/Users/admin/builder/spi-builder-workspace/.build/checkouts/jwt-kit/Sources/JWTKit/MLDSA/MLDSA87+MLDSAKey.swift:11:11: error: cannot find type 'MLDSA87' in scope
 9 | @_spi(PostQuantum)
10 | @available(iOS 26.0, macOS 26.0, watchOS 26.0, tvOS 26.0, *)
11 | extension MLDSA87.PrivateKey: MLDSAPrivateKey {
   |           `- error: cannot find type 'MLDSA87' in scope
12 |     public typealias MLDSAType = MLDSA87
13 | }
/Users/admin/builder/spi-builder-workspace/.build/checkouts/jwt-kit/Sources/JWTKit/MLDSA/MLDSA87+MLDSAKey.swift:17:53: error: cannot find type 'MLDSA87' in scope
15 | @_spi(PostQuantum)
16 | @available(iOS 26.0, macOS 26.0, watchOS 26.0, tvOS 26.0, *)
17 | public typealias MLDSA87PublicKey = MLDSA.PublicKey<MLDSA87>
   |                                                     `- error: cannot find type 'MLDSA87' in scope
18 |
19 | @_spi(PostQuantum)
/Users/admin/builder/spi-builder-workspace/.build/checkouts/jwt-kit/Sources/JWTKit/MLDSA/MLDSA87+MLDSAKey.swift:21:55: error: cannot find type 'MLDSA87' in scope
19 | @_spi(PostQuantum)
20 | @available(iOS 26.0, macOS 26.0, watchOS 26.0, tvOS 26.0, *)
21 | public typealias MLDSA87PrivateKey = MLDSA.PrivateKey<MLDSA87>
   |                                                       `- error: cannot find type 'MLDSA87' in scope
22 |
/Users/admin/builder/spi-builder-workspace/.build/checkouts/jwt-kit/Sources/JWTKit/MLDSA/MLDSA65+MLDSAKey.swift:6:34: error: cannot find type 'MLDSA65' in scope
 4 | @available(iOS 26.0, macOS 26.0, watchOS 26.0, tvOS 26.0, *)
 5 | extension MLDSA65.PublicKey: MLDSAPublicKey {
 6 |     public typealias MLDSAType = MLDSA65
   |                                  `- error: cannot find type 'MLDSA65' in scope
 7 | }
 8 |
/Users/admin/builder/spi-builder-workspace/.build/checkouts/jwt-kit/Sources/JWTKit/MLDSA/MLDSA65+MLDSAKey.swift:12:34: error: cannot find type 'MLDSA65' in scope
10 | @available(iOS 26.0, macOS 26.0, watchOS 26.0, tvOS 26.0, *)
11 | extension MLDSA65.PrivateKey: MLDSAPrivateKey {
12 |     public typealias MLDSAType = MLDSA65
   |                                  `- error: cannot find type 'MLDSA65' in scope
13 | }
14 |
/Users/admin/builder/spi-builder-workspace/.build/checkouts/jwt-kit/Sources/JWTKit/MLDSA/MLDSA87+MLDSAKey.swift:6:34: error: cannot find type 'MLDSA87' in scope
 4 | @available(iOS 26.0, macOS 26.0, watchOS 26.0, tvOS 26.0, *)
 5 | extension MLDSA87.PublicKey: MLDSAPublicKey {
 6 |     public typealias MLDSAType = MLDSA87
   |                                  `- error: cannot find type 'MLDSA87' in scope
 7 | }
 8 |
/Users/admin/builder/spi-builder-workspace/.build/checkouts/jwt-kit/Sources/JWTKit/MLDSA/MLDSA87+MLDSAKey.swift:12:34: error: cannot find type 'MLDSA87' in scope
10 | @available(iOS 26.0, macOS 26.0, watchOS 26.0, tvOS 26.0, *)
11 | extension MLDSA87.PrivateKey: MLDSAPrivateKey {
12 |     public typealias MLDSAType = MLDSA87
   |                                  `- error: cannot find type 'MLDSA87' in scope
13 | }
14 |
[639/761] Compiling JWTKit JWTSerializer.swift
/Users/admin/builder/spi-builder-workspace/.build/checkouts/jwt-kit/Sources/JWTKit/MLDSA/MLDSA65+MLDSAKey.swift:5:11: error: cannot find type 'MLDSA65' in scope
 3 | @_spi(PostQuantum)
 4 | @available(iOS 26.0, macOS 26.0, watchOS 26.0, tvOS 26.0, *)
 5 | extension MLDSA65.PublicKey: MLDSAPublicKey {
   |           `- error: cannot find type 'MLDSA65' in scope
 6 |     public typealias MLDSAType = MLDSA65
 7 | }
/Users/admin/builder/spi-builder-workspace/.build/checkouts/jwt-kit/Sources/JWTKit/MLDSA/MLDSA65+MLDSAKey.swift:11:11: error: cannot find type 'MLDSA65' in scope
 9 | @_spi(PostQuantum)
10 | @available(iOS 26.0, macOS 26.0, watchOS 26.0, tvOS 26.0, *)
11 | extension MLDSA65.PrivateKey: MLDSAPrivateKey {
   |           `- error: cannot find type 'MLDSA65' in scope
12 |     public typealias MLDSAType = MLDSA65
13 | }
/Users/admin/builder/spi-builder-workspace/.build/checkouts/jwt-kit/Sources/JWTKit/MLDSA/MLDSA65+MLDSAKey.swift:17:53: error: cannot find type 'MLDSA65' in scope
15 | @_spi(PostQuantum)
16 | @available(iOS 26.0, macOS 26.0, watchOS 26.0, tvOS 26.0, *)
17 | public typealias MLDSA65PublicKey = MLDSA.PublicKey<MLDSA65>
   |                                                     `- error: cannot find type 'MLDSA65' in scope
18 |
19 | @_spi(PostQuantum)
/Users/admin/builder/spi-builder-workspace/.build/checkouts/jwt-kit/Sources/JWTKit/MLDSA/MLDSA65+MLDSAKey.swift:21:55: error: cannot find type 'MLDSA65' in scope
19 | @_spi(PostQuantum)
20 | @available(iOS 26.0, macOS 26.0, watchOS 26.0, tvOS 26.0, *)
21 | public typealias MLDSA65PrivateKey = MLDSA.PrivateKey<MLDSA65>
   |                                                       `- error: cannot find type 'MLDSA65' in scope
22 |
/Users/admin/builder/spi-builder-workspace/.build/checkouts/jwt-kit/Sources/JWTKit/MLDSA/MLDSA87+MLDSAKey.swift:5:11: error: cannot find type 'MLDSA87' in scope
 3 | @_spi(PostQuantum)
 4 | @available(iOS 26.0, macOS 26.0, watchOS 26.0, tvOS 26.0, *)
 5 | extension MLDSA87.PublicKey: MLDSAPublicKey {
   |           `- error: cannot find type 'MLDSA87' in scope
 6 |     public typealias MLDSAType = MLDSA87
 7 | }
/Users/admin/builder/spi-builder-workspace/.build/checkouts/jwt-kit/Sources/JWTKit/MLDSA/MLDSA87+MLDSAKey.swift:11:11: error: cannot find type 'MLDSA87' in scope
 9 | @_spi(PostQuantum)
10 | @available(iOS 26.0, macOS 26.0, watchOS 26.0, tvOS 26.0, *)
11 | extension MLDSA87.PrivateKey: MLDSAPrivateKey {
   |           `- error: cannot find type 'MLDSA87' in scope
12 |     public typealias MLDSAType = MLDSA87
13 | }
/Users/admin/builder/spi-builder-workspace/.build/checkouts/jwt-kit/Sources/JWTKit/MLDSA/MLDSA87+MLDSAKey.swift:17:53: error: cannot find type 'MLDSA87' in scope
15 | @_spi(PostQuantum)
16 | @available(iOS 26.0, macOS 26.0, watchOS 26.0, tvOS 26.0, *)
17 | public typealias MLDSA87PublicKey = MLDSA.PublicKey<MLDSA87>
   |                                                     `- error: cannot find type 'MLDSA87' in scope
18 |
19 | @_spi(PostQuantum)
/Users/admin/builder/spi-builder-workspace/.build/checkouts/jwt-kit/Sources/JWTKit/MLDSA/MLDSA87+MLDSAKey.swift:21:55: error: cannot find type 'MLDSA87' in scope
19 | @_spi(PostQuantum)
20 | @available(iOS 26.0, macOS 26.0, watchOS 26.0, tvOS 26.0, *)
21 | public typealias MLDSA87PrivateKey = MLDSA.PrivateKey<MLDSA87>
   |                                                       `- error: cannot find type 'MLDSA87' in scope
22 |
/Users/admin/builder/spi-builder-workspace/.build/checkouts/jwt-kit/Sources/JWTKit/MLDSA/MLDSA65+MLDSAKey.swift:6:34: error: cannot find type 'MLDSA65' in scope
 4 | @available(iOS 26.0, macOS 26.0, watchOS 26.0, tvOS 26.0, *)
 5 | extension MLDSA65.PublicKey: MLDSAPublicKey {
 6 |     public typealias MLDSAType = MLDSA65
   |                                  `- error: cannot find type 'MLDSA65' in scope
 7 | }
 8 |
/Users/admin/builder/spi-builder-workspace/.build/checkouts/jwt-kit/Sources/JWTKit/MLDSA/MLDSA65+MLDSAKey.swift:12:34: error: cannot find type 'MLDSA65' in scope
10 | @available(iOS 26.0, macOS 26.0, watchOS 26.0, tvOS 26.0, *)
11 | extension MLDSA65.PrivateKey: MLDSAPrivateKey {
12 |     public typealias MLDSAType = MLDSA65
   |                                  `- error: cannot find type 'MLDSA65' in scope
13 | }
14 |
/Users/admin/builder/spi-builder-workspace/.build/checkouts/jwt-kit/Sources/JWTKit/MLDSA/MLDSA87+MLDSAKey.swift:6:34: error: cannot find type 'MLDSA87' in scope
 4 | @available(iOS 26.0, macOS 26.0, watchOS 26.0, tvOS 26.0, *)
 5 | extension MLDSA87.PublicKey: MLDSAPublicKey {
 6 |     public typealias MLDSAType = MLDSA87
   |                                  `- error: cannot find type 'MLDSA87' in scope
 7 | }
 8 |
/Users/admin/builder/spi-builder-workspace/.build/checkouts/jwt-kit/Sources/JWTKit/MLDSA/MLDSA87+MLDSAKey.swift:12:34: error: cannot find type 'MLDSA87' in scope
10 | @available(iOS 26.0, macOS 26.0, watchOS 26.0, tvOS 26.0, *)
11 | extension MLDSA87.PrivateKey: MLDSAPrivateKey {
12 |     public typealias MLDSAType = MLDSA87
   |                                  `- error: cannot find type 'MLDSA87' in scope
13 | }
14 |
[640/761] Compiling JWTKit JWTSigner.swift
/Users/admin/builder/spi-builder-workspace/.build/checkouts/jwt-kit/Sources/JWTKit/MLDSA/MLDSA65+MLDSAKey.swift:5:11: error: cannot find type 'MLDSA65' in scope
 3 | @_spi(PostQuantum)
 4 | @available(iOS 26.0, macOS 26.0, watchOS 26.0, tvOS 26.0, *)
 5 | extension MLDSA65.PublicKey: MLDSAPublicKey {
   |           `- error: cannot find type 'MLDSA65' in scope
 6 |     public typealias MLDSAType = MLDSA65
 7 | }
/Users/admin/builder/spi-builder-workspace/.build/checkouts/jwt-kit/Sources/JWTKit/MLDSA/MLDSA65+MLDSAKey.swift:11:11: error: cannot find type 'MLDSA65' in scope
 9 | @_spi(PostQuantum)
10 | @available(iOS 26.0, macOS 26.0, watchOS 26.0, tvOS 26.0, *)
11 | extension MLDSA65.PrivateKey: MLDSAPrivateKey {
   |           `- error: cannot find type 'MLDSA65' in scope
12 |     public typealias MLDSAType = MLDSA65
13 | }
/Users/admin/builder/spi-builder-workspace/.build/checkouts/jwt-kit/Sources/JWTKit/MLDSA/MLDSA65+MLDSAKey.swift:17:53: error: cannot find type 'MLDSA65' in scope
15 | @_spi(PostQuantum)
16 | @available(iOS 26.0, macOS 26.0, watchOS 26.0, tvOS 26.0, *)
17 | public typealias MLDSA65PublicKey = MLDSA.PublicKey<MLDSA65>
   |                                                     `- error: cannot find type 'MLDSA65' in scope
18 |
19 | @_spi(PostQuantum)
/Users/admin/builder/spi-builder-workspace/.build/checkouts/jwt-kit/Sources/JWTKit/MLDSA/MLDSA65+MLDSAKey.swift:21:55: error: cannot find type 'MLDSA65' in scope
19 | @_spi(PostQuantum)
20 | @available(iOS 26.0, macOS 26.0, watchOS 26.0, tvOS 26.0, *)
21 | public typealias MLDSA65PrivateKey = MLDSA.PrivateKey<MLDSA65>
   |                                                       `- error: cannot find type 'MLDSA65' in scope
22 |
/Users/admin/builder/spi-builder-workspace/.build/checkouts/jwt-kit/Sources/JWTKit/MLDSA/MLDSA87+MLDSAKey.swift:5:11: error: cannot find type 'MLDSA87' in scope
 3 | @_spi(PostQuantum)
 4 | @available(iOS 26.0, macOS 26.0, watchOS 26.0, tvOS 26.0, *)
 5 | extension MLDSA87.PublicKey: MLDSAPublicKey {
   |           `- error: cannot find type 'MLDSA87' in scope
 6 |     public typealias MLDSAType = MLDSA87
 7 | }
/Users/admin/builder/spi-builder-workspace/.build/checkouts/jwt-kit/Sources/JWTKit/MLDSA/MLDSA87+MLDSAKey.swift:11:11: error: cannot find type 'MLDSA87' in scope
 9 | @_spi(PostQuantum)
10 | @available(iOS 26.0, macOS 26.0, watchOS 26.0, tvOS 26.0, *)
11 | extension MLDSA87.PrivateKey: MLDSAPrivateKey {
   |           `- error: cannot find type 'MLDSA87' in scope
12 |     public typealias MLDSAType = MLDSA87
13 | }
/Users/admin/builder/spi-builder-workspace/.build/checkouts/jwt-kit/Sources/JWTKit/MLDSA/MLDSA87+MLDSAKey.swift:17:53: error: cannot find type 'MLDSA87' in scope
15 | @_spi(PostQuantum)
16 | @available(iOS 26.0, macOS 26.0, watchOS 26.0, tvOS 26.0, *)
17 | public typealias MLDSA87PublicKey = MLDSA.PublicKey<MLDSA87>
   |                                                     `- error: cannot find type 'MLDSA87' in scope
18 |
19 | @_spi(PostQuantum)
/Users/admin/builder/spi-builder-workspace/.build/checkouts/jwt-kit/Sources/JWTKit/MLDSA/MLDSA87+MLDSAKey.swift:21:55: error: cannot find type 'MLDSA87' in scope
19 | @_spi(PostQuantum)
20 | @available(iOS 26.0, macOS 26.0, watchOS 26.0, tvOS 26.0, *)
21 | public typealias MLDSA87PrivateKey = MLDSA.PrivateKey<MLDSA87>
   |                                                       `- error: cannot find type 'MLDSA87' in scope
22 |
/Users/admin/builder/spi-builder-workspace/.build/checkouts/jwt-kit/Sources/JWTKit/MLDSA/MLDSA65+MLDSAKey.swift:6:34: error: cannot find type 'MLDSA65' in scope
 4 | @available(iOS 26.0, macOS 26.0, watchOS 26.0, tvOS 26.0, *)
 5 | extension MLDSA65.PublicKey: MLDSAPublicKey {
 6 |     public typealias MLDSAType = MLDSA65
   |                                  `- error: cannot find type 'MLDSA65' in scope
 7 | }
 8 |
/Users/admin/builder/spi-builder-workspace/.build/checkouts/jwt-kit/Sources/JWTKit/MLDSA/MLDSA65+MLDSAKey.swift:12:34: error: cannot find type 'MLDSA65' in scope
10 | @available(iOS 26.0, macOS 26.0, watchOS 26.0, tvOS 26.0, *)
11 | extension MLDSA65.PrivateKey: MLDSAPrivateKey {
12 |     public typealias MLDSAType = MLDSA65
   |                                  `- error: cannot find type 'MLDSA65' in scope
13 | }
14 |
/Users/admin/builder/spi-builder-workspace/.build/checkouts/jwt-kit/Sources/JWTKit/MLDSA/MLDSA87+MLDSAKey.swift:6:34: error: cannot find type 'MLDSA87' in scope
 4 | @available(iOS 26.0, macOS 26.0, watchOS 26.0, tvOS 26.0, *)
 5 | extension MLDSA87.PublicKey: MLDSAPublicKey {
 6 |     public typealias MLDSAType = MLDSA87
   |                                  `- error: cannot find type 'MLDSA87' in scope
 7 | }
 8 |
/Users/admin/builder/spi-builder-workspace/.build/checkouts/jwt-kit/Sources/JWTKit/MLDSA/MLDSA87+MLDSAKey.swift:12:34: error: cannot find type 'MLDSA87' in scope
10 | @available(iOS 26.0, macOS 26.0, watchOS 26.0, tvOS 26.0, *)
11 | extension MLDSA87.PrivateKey: MLDSAPrivateKey {
12 |     public typealias MLDSAType = MLDSA87
   |                                  `- error: cannot find type 'MLDSA87' in scope
13 | }
14 |
[641/761] Compiling JWTKit JWTKeyCollection+MLDSA.swift
/Users/admin/builder/spi-builder-workspace/.build/checkouts/jwt-kit/Sources/JWTKit/MLDSA/MLDSA65+MLDSAKey.swift:5:11: error: cannot find type 'MLDSA65' in scope
 3 | @_spi(PostQuantum)
 4 | @available(iOS 26.0, macOS 26.0, watchOS 26.0, tvOS 26.0, *)
 5 | extension MLDSA65.PublicKey: MLDSAPublicKey {
   |           `- error: cannot find type 'MLDSA65' in scope
 6 |     public typealias MLDSAType = MLDSA65
 7 | }
/Users/admin/builder/spi-builder-workspace/.build/checkouts/jwt-kit/Sources/JWTKit/MLDSA/MLDSA65+MLDSAKey.swift:11:11: error: cannot find type 'MLDSA65' in scope
 9 | @_spi(PostQuantum)
10 | @available(iOS 26.0, macOS 26.0, watchOS 26.0, tvOS 26.0, *)
11 | extension MLDSA65.PrivateKey: MLDSAPrivateKey {
   |           `- error: cannot find type 'MLDSA65' in scope
12 |     public typealias MLDSAType = MLDSA65
13 | }
/Users/admin/builder/spi-builder-workspace/.build/checkouts/jwt-kit/Sources/JWTKit/MLDSA/MLDSA65+MLDSAKey.swift:17:53: error: cannot find type 'MLDSA65' in scope
15 | @_spi(PostQuantum)
16 | @available(iOS 26.0, macOS 26.0, watchOS 26.0, tvOS 26.0, *)
17 | public typealias MLDSA65PublicKey = MLDSA.PublicKey<MLDSA65>
   |                                                     `- error: cannot find type 'MLDSA65' in scope
18 |
19 | @_spi(PostQuantum)
/Users/admin/builder/spi-builder-workspace/.build/checkouts/jwt-kit/Sources/JWTKit/MLDSA/MLDSA65+MLDSAKey.swift:21:55: error: cannot find type 'MLDSA65' in scope
19 | @_spi(PostQuantum)
20 | @available(iOS 26.0, macOS 26.0, watchOS 26.0, tvOS 26.0, *)
21 | public typealias MLDSA65PrivateKey = MLDSA.PrivateKey<MLDSA65>
   |                                                       `- error: cannot find type 'MLDSA65' in scope
22 |
/Users/admin/builder/spi-builder-workspace/.build/checkouts/jwt-kit/Sources/JWTKit/MLDSA/MLDSA87+MLDSAKey.swift:5:11: error: cannot find type 'MLDSA87' in scope
 3 | @_spi(PostQuantum)
 4 | @available(iOS 26.0, macOS 26.0, watchOS 26.0, tvOS 26.0, *)
 5 | extension MLDSA87.PublicKey: MLDSAPublicKey {
   |           `- error: cannot find type 'MLDSA87' in scope
 6 |     public typealias MLDSAType = MLDSA87
 7 | }
/Users/admin/builder/spi-builder-workspace/.build/checkouts/jwt-kit/Sources/JWTKit/MLDSA/MLDSA87+MLDSAKey.swift:11:11: error: cannot find type 'MLDSA87' in scope
 9 | @_spi(PostQuantum)
10 | @available(iOS 26.0, macOS 26.0, watchOS 26.0, tvOS 26.0, *)
11 | extension MLDSA87.PrivateKey: MLDSAPrivateKey {
   |           `- error: cannot find type 'MLDSA87' in scope
12 |     public typealias MLDSAType = MLDSA87
13 | }
/Users/admin/builder/spi-builder-workspace/.build/checkouts/jwt-kit/Sources/JWTKit/MLDSA/MLDSA87+MLDSAKey.swift:17:53: error: cannot find type 'MLDSA87' in scope
15 | @_spi(PostQuantum)
16 | @available(iOS 26.0, macOS 26.0, watchOS 26.0, tvOS 26.0, *)
17 | public typealias MLDSA87PublicKey = MLDSA.PublicKey<MLDSA87>
   |                                                     `- error: cannot find type 'MLDSA87' in scope
18 |
19 | @_spi(PostQuantum)
/Users/admin/builder/spi-builder-workspace/.build/checkouts/jwt-kit/Sources/JWTKit/MLDSA/MLDSA87+MLDSAKey.swift:21:55: error: cannot find type 'MLDSA87' in scope
19 | @_spi(PostQuantum)
20 | @available(iOS 26.0, macOS 26.0, watchOS 26.0, tvOS 26.0, *)
21 | public typealias MLDSA87PrivateKey = MLDSA.PrivateKey<MLDSA87>
   |                                                       `- error: cannot find type 'MLDSA87' in scope
22 |
/Users/admin/builder/spi-builder-workspace/.build/checkouts/jwt-kit/Sources/JWTKit/MLDSA/MLDSA65+MLDSAKey.swift:6:34: error: cannot find type 'MLDSA65' in scope
 4 | @available(iOS 26.0, macOS 26.0, watchOS 26.0, tvOS 26.0, *)
 5 | extension MLDSA65.PublicKey: MLDSAPublicKey {
 6 |     public typealias MLDSAType = MLDSA65
   |                                  `- error: cannot find type 'MLDSA65' in scope
 7 | }
 8 |
/Users/admin/builder/spi-builder-workspace/.build/checkouts/jwt-kit/Sources/JWTKit/MLDSA/MLDSA65+MLDSAKey.swift:12:34: error: cannot find type 'MLDSA65' in scope
10 | @available(iOS 26.0, macOS 26.0, watchOS 26.0, tvOS 26.0, *)
11 | extension MLDSA65.PrivateKey: MLDSAPrivateKey {
12 |     public typealias MLDSAType = MLDSA65
   |                                  `- error: cannot find type 'MLDSA65' in scope
13 | }
14 |
/Users/admin/builder/spi-builder-workspace/.build/checkouts/jwt-kit/Sources/JWTKit/MLDSA/MLDSA87+MLDSAKey.swift:6:34: error: cannot find type 'MLDSA87' in scope
 4 | @available(iOS 26.0, macOS 26.0, watchOS 26.0, tvOS 26.0, *)
 5 | extension MLDSA87.PublicKey: MLDSAPublicKey {
 6 |     public typealias MLDSAType = MLDSA87
   |                                  `- error: cannot find type 'MLDSA87' in scope
 7 | }
 8 |
/Users/admin/builder/spi-builder-workspace/.build/checkouts/jwt-kit/Sources/JWTKit/MLDSA/MLDSA87+MLDSAKey.swift:12:34: error: cannot find type 'MLDSA87' in scope
10 | @available(iOS 26.0, macOS 26.0, watchOS 26.0, tvOS 26.0, *)
11 | extension MLDSA87.PrivateKey: MLDSAPrivateKey {
12 |     public typealias MLDSAType = MLDSA87
   |                                  `- error: cannot find type 'MLDSA87' in scope
13 | }
14 |
[642/761] Compiling JWTKit MLDSA.swift
/Users/admin/builder/spi-builder-workspace/.build/checkouts/jwt-kit/Sources/JWTKit/MLDSA/MLDSA65+MLDSAKey.swift:5:11: error: cannot find type 'MLDSA65' in scope
 3 | @_spi(PostQuantum)
 4 | @available(iOS 26.0, macOS 26.0, watchOS 26.0, tvOS 26.0, *)
 5 | extension MLDSA65.PublicKey: MLDSAPublicKey {
   |           `- error: cannot find type 'MLDSA65' in scope
 6 |     public typealias MLDSAType = MLDSA65
 7 | }
/Users/admin/builder/spi-builder-workspace/.build/checkouts/jwt-kit/Sources/JWTKit/MLDSA/MLDSA65+MLDSAKey.swift:11:11: error: cannot find type 'MLDSA65' in scope
 9 | @_spi(PostQuantum)
10 | @available(iOS 26.0, macOS 26.0, watchOS 26.0, tvOS 26.0, *)
11 | extension MLDSA65.PrivateKey: MLDSAPrivateKey {
   |           `- error: cannot find type 'MLDSA65' in scope
12 |     public typealias MLDSAType = MLDSA65
13 | }
/Users/admin/builder/spi-builder-workspace/.build/checkouts/jwt-kit/Sources/JWTKit/MLDSA/MLDSA65+MLDSAKey.swift:17:53: error: cannot find type 'MLDSA65' in scope
15 | @_spi(PostQuantum)
16 | @available(iOS 26.0, macOS 26.0, watchOS 26.0, tvOS 26.0, *)
17 | public typealias MLDSA65PublicKey = MLDSA.PublicKey<MLDSA65>
   |                                                     `- error: cannot find type 'MLDSA65' in scope
18 |
19 | @_spi(PostQuantum)
/Users/admin/builder/spi-builder-workspace/.build/checkouts/jwt-kit/Sources/JWTKit/MLDSA/MLDSA65+MLDSAKey.swift:21:55: error: cannot find type 'MLDSA65' in scope
19 | @_spi(PostQuantum)
20 | @available(iOS 26.0, macOS 26.0, watchOS 26.0, tvOS 26.0, *)
21 | public typealias MLDSA65PrivateKey = MLDSA.PrivateKey<MLDSA65>
   |                                                       `- error: cannot find type 'MLDSA65' in scope
22 |
/Users/admin/builder/spi-builder-workspace/.build/checkouts/jwt-kit/Sources/JWTKit/MLDSA/MLDSA87+MLDSAKey.swift:5:11: error: cannot find type 'MLDSA87' in scope
 3 | @_spi(PostQuantum)
 4 | @available(iOS 26.0, macOS 26.0, watchOS 26.0, tvOS 26.0, *)
 5 | extension MLDSA87.PublicKey: MLDSAPublicKey {
   |           `- error: cannot find type 'MLDSA87' in scope
 6 |     public typealias MLDSAType = MLDSA87
 7 | }
/Users/admin/builder/spi-builder-workspace/.build/checkouts/jwt-kit/Sources/JWTKit/MLDSA/MLDSA87+MLDSAKey.swift:11:11: error: cannot find type 'MLDSA87' in scope
 9 | @_spi(PostQuantum)
10 | @available(iOS 26.0, macOS 26.0, watchOS 26.0, tvOS 26.0, *)
11 | extension MLDSA87.PrivateKey: MLDSAPrivateKey {
   |           `- error: cannot find type 'MLDSA87' in scope
12 |     public typealias MLDSAType = MLDSA87
13 | }
/Users/admin/builder/spi-builder-workspace/.build/checkouts/jwt-kit/Sources/JWTKit/MLDSA/MLDSA87+MLDSAKey.swift:17:53: error: cannot find type 'MLDSA87' in scope
15 | @_spi(PostQuantum)
16 | @available(iOS 26.0, macOS 26.0, watchOS 26.0, tvOS 26.0, *)
17 | public typealias MLDSA87PublicKey = MLDSA.PublicKey<MLDSA87>
   |                                                     `- error: cannot find type 'MLDSA87' in scope
18 |
19 | @_spi(PostQuantum)
/Users/admin/builder/spi-builder-workspace/.build/checkouts/jwt-kit/Sources/JWTKit/MLDSA/MLDSA87+MLDSAKey.swift:21:55: error: cannot find type 'MLDSA87' in scope
19 | @_spi(PostQuantum)
20 | @available(iOS 26.0, macOS 26.0, watchOS 26.0, tvOS 26.0, *)
21 | public typealias MLDSA87PrivateKey = MLDSA.PrivateKey<MLDSA87>
   |                                                       `- error: cannot find type 'MLDSA87' in scope
22 |
/Users/admin/builder/spi-builder-workspace/.build/checkouts/jwt-kit/Sources/JWTKit/MLDSA/MLDSA65+MLDSAKey.swift:6:34: error: cannot find type 'MLDSA65' in scope
 4 | @available(iOS 26.0, macOS 26.0, watchOS 26.0, tvOS 26.0, *)
 5 | extension MLDSA65.PublicKey: MLDSAPublicKey {
 6 |     public typealias MLDSAType = MLDSA65
   |                                  `- error: cannot find type 'MLDSA65' in scope
 7 | }
 8 |
/Users/admin/builder/spi-builder-workspace/.build/checkouts/jwt-kit/Sources/JWTKit/MLDSA/MLDSA65+MLDSAKey.swift:12:34: error: cannot find type 'MLDSA65' in scope
10 | @available(iOS 26.0, macOS 26.0, watchOS 26.0, tvOS 26.0, *)
11 | extension MLDSA65.PrivateKey: MLDSAPrivateKey {
12 |     public typealias MLDSAType = MLDSA65
   |                                  `- error: cannot find type 'MLDSA65' in scope
13 | }
14 |
/Users/admin/builder/spi-builder-workspace/.build/checkouts/jwt-kit/Sources/JWTKit/MLDSA/MLDSA87+MLDSAKey.swift:6:34: error: cannot find type 'MLDSA87' in scope
 4 | @available(iOS 26.0, macOS 26.0, watchOS 26.0, tvOS 26.0, *)
 5 | extension MLDSA87.PublicKey: MLDSAPublicKey {
 6 |     public typealias MLDSAType = MLDSA87
   |                                  `- error: cannot find type 'MLDSA87' in scope
 7 | }
 8 |
/Users/admin/builder/spi-builder-workspace/.build/checkouts/jwt-kit/Sources/JWTKit/MLDSA/MLDSA87+MLDSAKey.swift:12:34: error: cannot find type 'MLDSA87' in scope
10 | @available(iOS 26.0, macOS 26.0, watchOS 26.0, tvOS 26.0, *)
11 | extension MLDSA87.PrivateKey: MLDSAPrivateKey {
12 |     public typealias MLDSAType = MLDSA87
   |                                  `- error: cannot find type 'MLDSA87' in scope
13 | }
14 |
[643/761] Compiling JWTKit MLDSA65+MLDSAKey.swift
/Users/admin/builder/spi-builder-workspace/.build/checkouts/jwt-kit/Sources/JWTKit/MLDSA/MLDSA65+MLDSAKey.swift:5:11: error: cannot find type 'MLDSA65' in scope
 3 | @_spi(PostQuantum)
 4 | @available(iOS 26.0, macOS 26.0, watchOS 26.0, tvOS 26.0, *)
 5 | extension MLDSA65.PublicKey: MLDSAPublicKey {
   |           `- error: cannot find type 'MLDSA65' in scope
 6 |     public typealias MLDSAType = MLDSA65
 7 | }
/Users/admin/builder/spi-builder-workspace/.build/checkouts/jwt-kit/Sources/JWTKit/MLDSA/MLDSA65+MLDSAKey.swift:11:11: error: cannot find type 'MLDSA65' in scope
 9 | @_spi(PostQuantum)
10 | @available(iOS 26.0, macOS 26.0, watchOS 26.0, tvOS 26.0, *)
11 | extension MLDSA65.PrivateKey: MLDSAPrivateKey {
   |           `- error: cannot find type 'MLDSA65' in scope
12 |     public typealias MLDSAType = MLDSA65
13 | }
/Users/admin/builder/spi-builder-workspace/.build/checkouts/jwt-kit/Sources/JWTKit/MLDSA/MLDSA65+MLDSAKey.swift:17:53: error: cannot find type 'MLDSA65' in scope
15 | @_spi(PostQuantum)
16 | @available(iOS 26.0, macOS 26.0, watchOS 26.0, tvOS 26.0, *)
17 | public typealias MLDSA65PublicKey = MLDSA.PublicKey<MLDSA65>
   |                                                     `- error: cannot find type 'MLDSA65' in scope
18 |
19 | @_spi(PostQuantum)
/Users/admin/builder/spi-builder-workspace/.build/checkouts/jwt-kit/Sources/JWTKit/MLDSA/MLDSA65+MLDSAKey.swift:21:55: error: cannot find type 'MLDSA65' in scope
19 | @_spi(PostQuantum)
20 | @available(iOS 26.0, macOS 26.0, watchOS 26.0, tvOS 26.0, *)
21 | public typealias MLDSA65PrivateKey = MLDSA.PrivateKey<MLDSA65>
   |                                                       `- error: cannot find type 'MLDSA65' in scope
22 |
/Users/admin/builder/spi-builder-workspace/.build/checkouts/jwt-kit/Sources/JWTKit/MLDSA/MLDSA87+MLDSAKey.swift:5:11: error: cannot find type 'MLDSA87' in scope
 3 | @_spi(PostQuantum)
 4 | @available(iOS 26.0, macOS 26.0, watchOS 26.0, tvOS 26.0, *)
 5 | extension MLDSA87.PublicKey: MLDSAPublicKey {
   |           `- error: cannot find type 'MLDSA87' in scope
 6 |     public typealias MLDSAType = MLDSA87
 7 | }
/Users/admin/builder/spi-builder-workspace/.build/checkouts/jwt-kit/Sources/JWTKit/MLDSA/MLDSA87+MLDSAKey.swift:11:11: error: cannot find type 'MLDSA87' in scope
 9 | @_spi(PostQuantum)
10 | @available(iOS 26.0, macOS 26.0, watchOS 26.0, tvOS 26.0, *)
11 | extension MLDSA87.PrivateKey: MLDSAPrivateKey {
   |           `- error: cannot find type 'MLDSA87' in scope
12 |     public typealias MLDSAType = MLDSA87
13 | }
/Users/admin/builder/spi-builder-workspace/.build/checkouts/jwt-kit/Sources/JWTKit/MLDSA/MLDSA87+MLDSAKey.swift:17:53: error: cannot find type 'MLDSA87' in scope
15 | @_spi(PostQuantum)
16 | @available(iOS 26.0, macOS 26.0, watchOS 26.0, tvOS 26.0, *)
17 | public typealias MLDSA87PublicKey = MLDSA.PublicKey<MLDSA87>
   |                                                     `- error: cannot find type 'MLDSA87' in scope
18 |
19 | @_spi(PostQuantum)
/Users/admin/builder/spi-builder-workspace/.build/checkouts/jwt-kit/Sources/JWTKit/MLDSA/MLDSA87+MLDSAKey.swift:21:55: error: cannot find type 'MLDSA87' in scope
19 | @_spi(PostQuantum)
20 | @available(iOS 26.0, macOS 26.0, watchOS 26.0, tvOS 26.0, *)
21 | public typealias MLDSA87PrivateKey = MLDSA.PrivateKey<MLDSA87>
   |                                                       `- error: cannot find type 'MLDSA87' in scope
22 |
/Users/admin/builder/spi-builder-workspace/.build/checkouts/jwt-kit/Sources/JWTKit/MLDSA/MLDSA65+MLDSAKey.swift:6:34: error: cannot find type 'MLDSA65' in scope
 4 | @available(iOS 26.0, macOS 26.0, watchOS 26.0, tvOS 26.0, *)
 5 | extension MLDSA65.PublicKey: MLDSAPublicKey {
 6 |     public typealias MLDSAType = MLDSA65
   |                                  `- error: cannot find type 'MLDSA65' in scope
 7 | }
 8 |
/Users/admin/builder/spi-builder-workspace/.build/checkouts/jwt-kit/Sources/JWTKit/MLDSA/MLDSA65+MLDSAKey.swift:12:34: error: cannot find type 'MLDSA65' in scope
10 | @available(iOS 26.0, macOS 26.0, watchOS 26.0, tvOS 26.0, *)
11 | extension MLDSA65.PrivateKey: MLDSAPrivateKey {
12 |     public typealias MLDSAType = MLDSA65
   |                                  `- error: cannot find type 'MLDSA65' in scope
13 | }
14 |
/Users/admin/builder/spi-builder-workspace/.build/checkouts/jwt-kit/Sources/JWTKit/MLDSA/MLDSA87+MLDSAKey.swift:6:34: error: cannot find type 'MLDSA87' in scope
 4 | @available(iOS 26.0, macOS 26.0, watchOS 26.0, tvOS 26.0, *)
 5 | extension MLDSA87.PublicKey: MLDSAPublicKey {
 6 |     public typealias MLDSAType = MLDSA87
   |                                  `- error: cannot find type 'MLDSA87' in scope
 7 | }
 8 |
/Users/admin/builder/spi-builder-workspace/.build/checkouts/jwt-kit/Sources/JWTKit/MLDSA/MLDSA87+MLDSAKey.swift:12:34: error: cannot find type 'MLDSA87' in scope
10 | @available(iOS 26.0, macOS 26.0, watchOS 26.0, tvOS 26.0, *)
11 | extension MLDSA87.PrivateKey: MLDSAPrivateKey {
12 |     public typealias MLDSAType = MLDSA87
   |                                  `- error: cannot find type 'MLDSA87' in scope
13 | }
14 |
[644/761] Compiling JWTKit MLDSA87+MLDSAKey.swift
/Users/admin/builder/spi-builder-workspace/.build/checkouts/jwt-kit/Sources/JWTKit/MLDSA/MLDSA65+MLDSAKey.swift:5:11: error: cannot find type 'MLDSA65' in scope
 3 | @_spi(PostQuantum)
 4 | @available(iOS 26.0, macOS 26.0, watchOS 26.0, tvOS 26.0, *)
 5 | extension MLDSA65.PublicKey: MLDSAPublicKey {
   |           `- error: cannot find type 'MLDSA65' in scope
 6 |     public typealias MLDSAType = MLDSA65
 7 | }
/Users/admin/builder/spi-builder-workspace/.build/checkouts/jwt-kit/Sources/JWTKit/MLDSA/MLDSA65+MLDSAKey.swift:11:11: error: cannot find type 'MLDSA65' in scope
 9 | @_spi(PostQuantum)
10 | @available(iOS 26.0, macOS 26.0, watchOS 26.0, tvOS 26.0, *)
11 | extension MLDSA65.PrivateKey: MLDSAPrivateKey {
   |           `- error: cannot find type 'MLDSA65' in scope
12 |     public typealias MLDSAType = MLDSA65
13 | }
/Users/admin/builder/spi-builder-workspace/.build/checkouts/jwt-kit/Sources/JWTKit/MLDSA/MLDSA65+MLDSAKey.swift:17:53: error: cannot find type 'MLDSA65' in scope
15 | @_spi(PostQuantum)
16 | @available(iOS 26.0, macOS 26.0, watchOS 26.0, tvOS 26.0, *)
17 | public typealias MLDSA65PublicKey = MLDSA.PublicKey<MLDSA65>
   |                                                     `- error: cannot find type 'MLDSA65' in scope
18 |
19 | @_spi(PostQuantum)
/Users/admin/builder/spi-builder-workspace/.build/checkouts/jwt-kit/Sources/JWTKit/MLDSA/MLDSA65+MLDSAKey.swift:21:55: error: cannot find type 'MLDSA65' in scope
19 | @_spi(PostQuantum)
20 | @available(iOS 26.0, macOS 26.0, watchOS 26.0, tvOS 26.0, *)
21 | public typealias MLDSA65PrivateKey = MLDSA.PrivateKey<MLDSA65>
   |                                                       `- error: cannot find type 'MLDSA65' in scope
22 |
/Users/admin/builder/spi-builder-workspace/.build/checkouts/jwt-kit/Sources/JWTKit/MLDSA/MLDSA87+MLDSAKey.swift:5:11: error: cannot find type 'MLDSA87' in scope
 3 | @_spi(PostQuantum)
 4 | @available(iOS 26.0, macOS 26.0, watchOS 26.0, tvOS 26.0, *)
 5 | extension MLDSA87.PublicKey: MLDSAPublicKey {
   |           `- error: cannot find type 'MLDSA87' in scope
 6 |     public typealias MLDSAType = MLDSA87
 7 | }
/Users/admin/builder/spi-builder-workspace/.build/checkouts/jwt-kit/Sources/JWTKit/MLDSA/MLDSA87+MLDSAKey.swift:11:11: error: cannot find type 'MLDSA87' in scope
 9 | @_spi(PostQuantum)
10 | @available(iOS 26.0, macOS 26.0, watchOS 26.0, tvOS 26.0, *)
11 | extension MLDSA87.PrivateKey: MLDSAPrivateKey {
   |           `- error: cannot find type 'MLDSA87' in scope
12 |     public typealias MLDSAType = MLDSA87
13 | }
/Users/admin/builder/spi-builder-workspace/.build/checkouts/jwt-kit/Sources/JWTKit/MLDSA/MLDSA87+MLDSAKey.swift:17:53: error: cannot find type 'MLDSA87' in scope
15 | @_spi(PostQuantum)
16 | @available(iOS 26.0, macOS 26.0, watchOS 26.0, tvOS 26.0, *)
17 | public typealias MLDSA87PublicKey = MLDSA.PublicKey<MLDSA87>
   |                                                     `- error: cannot find type 'MLDSA87' in scope
18 |
19 | @_spi(PostQuantum)
/Users/admin/builder/spi-builder-workspace/.build/checkouts/jwt-kit/Sources/JWTKit/MLDSA/MLDSA87+MLDSAKey.swift:21:55: error: cannot find type 'MLDSA87' in scope
19 | @_spi(PostQuantum)
20 | @available(iOS 26.0, macOS 26.0, watchOS 26.0, tvOS 26.0, *)
21 | public typealias MLDSA87PrivateKey = MLDSA.PrivateKey<MLDSA87>
   |                                                       `- error: cannot find type 'MLDSA87' in scope
22 |
/Users/admin/builder/spi-builder-workspace/.build/checkouts/jwt-kit/Sources/JWTKit/MLDSA/MLDSA65+MLDSAKey.swift:6:34: error: cannot find type 'MLDSA65' in scope
 4 | @available(iOS 26.0, macOS 26.0, watchOS 26.0, tvOS 26.0, *)
 5 | extension MLDSA65.PublicKey: MLDSAPublicKey {
 6 |     public typealias MLDSAType = MLDSA65
   |                                  `- error: cannot find type 'MLDSA65' in scope
 7 | }
 8 |
/Users/admin/builder/spi-builder-workspace/.build/checkouts/jwt-kit/Sources/JWTKit/MLDSA/MLDSA65+MLDSAKey.swift:12:34: error: cannot find type 'MLDSA65' in scope
10 | @available(iOS 26.0, macOS 26.0, watchOS 26.0, tvOS 26.0, *)
11 | extension MLDSA65.PrivateKey: MLDSAPrivateKey {
12 |     public typealias MLDSAType = MLDSA65
   |                                  `- error: cannot find type 'MLDSA65' in scope
13 | }
14 |
/Users/admin/builder/spi-builder-workspace/.build/checkouts/jwt-kit/Sources/JWTKit/MLDSA/MLDSA87+MLDSAKey.swift:6:34: error: cannot find type 'MLDSA87' in scope
 4 | @available(iOS 26.0, macOS 26.0, watchOS 26.0, tvOS 26.0, *)
 5 | extension MLDSA87.PublicKey: MLDSAPublicKey {
 6 |     public typealias MLDSAType = MLDSA87
   |                                  `- error: cannot find type 'MLDSA87' in scope
 7 | }
 8 |
/Users/admin/builder/spi-builder-workspace/.build/checkouts/jwt-kit/Sources/JWTKit/MLDSA/MLDSA87+MLDSAKey.swift:12:34: error: cannot find type 'MLDSA87' in scope
10 | @available(iOS 26.0, macOS 26.0, watchOS 26.0, tvOS 26.0, *)
11 | extension MLDSA87.PrivateKey: MLDSAPrivateKey {
12 |     public typealias MLDSAType = MLDSA87
   |                                  `- error: cannot find type 'MLDSA87' in scope
13 | }
14 |
[645/768] Compiling JWTKit ECDSACurveType.swift
[646/768] Compiling JWTKit ECDSAError.swift
[647/768] Compiling JWTKit ECDSAKeyTypes.swift
[648/768] Compiling JWTKit ECDSASigner.swift
[649/768] Compiling JWTKit ECDSASigningAlgorithm.swift
[650/768] Compiling JWTKit JWTKeyCollection+ECDSA.swift
[651/768] Compiling JWTKit P256+CurveType.swift
[652/768] Compiling JWTKit P384+CurveType.swift
[653/768] Compiling JWTKit RSA.swift
[654/768] Compiling JWTKit RSAError.swift
[655/768] Compiling JWTKit RSASigner.swift
[656/768] Compiling JWTKit Base64URL.swift
[657/768] Compiling JWTKit CryptoSigner.swift
[658/768] Compiling JWTKit CustomizedJSONCoders.swift
[659/768] Compiling JWTKit Utilities.swift
[660/768] Compiling JWTKit MLDSAError.swift
/Users/admin/builder/spi-builder-workspace/.build/checkouts/jwt-kit/Sources/JWTKit/MLDSA/MLDSAType.swift:13:11: error: cannot find type 'MLDSA65' in scope
11 | @_spi(PostQuantum)
12 | @available(iOS 26.0, macOS 26.0, watchOS 26.0, tvOS 26.0, *)
13 | extension MLDSA65: MLDSAType {
   |           `- error: cannot find type 'MLDSA65' in scope
14 |     public static var name: String { "ML-DSA-65" }
15 | }
/Users/admin/builder/spi-builder-workspace/.build/checkouts/jwt-kit/Sources/JWTKit/MLDSA/MLDSAType.swift:19:11: error: cannot find type 'MLDSA87' in scope
17 | @_spi(PostQuantum)
18 | @available(iOS 26.0, macOS 26.0, watchOS 26.0, tvOS 26.0, *)
19 | extension MLDSA87: MLDSAType {
   |           `- error: cannot find type 'MLDSA87' in scope
20 |     public static var name: String { "ML-DSA-87" }
21 | }
[661/768] Compiling JWTKit MLDSAKey.swift
/Users/admin/builder/spi-builder-workspace/.build/checkouts/jwt-kit/Sources/JWTKit/MLDSA/MLDSAType.swift:13:11: error: cannot find type 'MLDSA65' in scope
11 | @_spi(PostQuantum)
12 | @available(iOS 26.0, macOS 26.0, watchOS 26.0, tvOS 26.0, *)
13 | extension MLDSA65: MLDSAType {
   |           `- error: cannot find type 'MLDSA65' in scope
14 |     public static var name: String { "ML-DSA-65" }
15 | }
/Users/admin/builder/spi-builder-workspace/.build/checkouts/jwt-kit/Sources/JWTKit/MLDSA/MLDSAType.swift:19:11: error: cannot find type 'MLDSA87' in scope
17 | @_spi(PostQuantum)
18 | @available(iOS 26.0, macOS 26.0, watchOS 26.0, tvOS 26.0, *)
19 | extension MLDSA87: MLDSAType {
   |           `- error: cannot find type 'MLDSA87' in scope
20 |     public static var name: String { "ML-DSA-87" }
21 | }
[662/768] Compiling JWTKit MLDSASigner.swift
/Users/admin/builder/spi-builder-workspace/.build/checkouts/jwt-kit/Sources/JWTKit/MLDSA/MLDSAType.swift:13:11: error: cannot find type 'MLDSA65' in scope
11 | @_spi(PostQuantum)
12 | @available(iOS 26.0, macOS 26.0, watchOS 26.0, tvOS 26.0, *)
13 | extension MLDSA65: MLDSAType {
   |           `- error: cannot find type 'MLDSA65' in scope
14 |     public static var name: String { "ML-DSA-65" }
15 | }
/Users/admin/builder/spi-builder-workspace/.build/checkouts/jwt-kit/Sources/JWTKit/MLDSA/MLDSAType.swift:19:11: error: cannot find type 'MLDSA87' in scope
17 | @_spi(PostQuantum)
18 | @available(iOS 26.0, macOS 26.0, watchOS 26.0, tvOS 26.0, *)
19 | extension MLDSA87: MLDSAType {
   |           `- error: cannot find type 'MLDSA87' in scope
20 |     public static var name: String { "ML-DSA-87" }
21 | }
[663/768] Compiling JWTKit MLDSAType.swift
/Users/admin/builder/spi-builder-workspace/.build/checkouts/jwt-kit/Sources/JWTKit/MLDSA/MLDSAType.swift:13:11: error: cannot find type 'MLDSA65' in scope
11 | @_spi(PostQuantum)
12 | @available(iOS 26.0, macOS 26.0, watchOS 26.0, tvOS 26.0, *)
13 | extension MLDSA65: MLDSAType {
   |           `- error: cannot find type 'MLDSA65' in scope
14 |     public static var name: String { "ML-DSA-65" }
15 | }
/Users/admin/builder/spi-builder-workspace/.build/checkouts/jwt-kit/Sources/JWTKit/MLDSA/MLDSAType.swift:19:11: error: cannot find type 'MLDSA87' in scope
17 | @_spi(PostQuantum)
18 | @available(iOS 26.0, macOS 26.0, watchOS 26.0, tvOS 26.0, *)
19 | extension MLDSA87: MLDSAType {
   |           `- error: cannot find type 'MLDSA87' in scope
20 |     public static var name: String { "ML-DSA-87" }
21 | }
[664/768] Compiling JWTKit JWTKeyCollection+UnsecuredNone.swift
/Users/admin/builder/spi-builder-workspace/.build/checkouts/jwt-kit/Sources/JWTKit/MLDSA/MLDSAType.swift:13:11: error: cannot find type 'MLDSA65' in scope
11 | @_spi(PostQuantum)
12 | @available(iOS 26.0, macOS 26.0, watchOS 26.0, tvOS 26.0, *)
13 | extension MLDSA65: MLDSAType {
   |           `- error: cannot find type 'MLDSA65' in scope
14 |     public static var name: String { "ML-DSA-65" }
15 | }
/Users/admin/builder/spi-builder-workspace/.build/checkouts/jwt-kit/Sources/JWTKit/MLDSA/MLDSAType.swift:19:11: error: cannot find type 'MLDSA87' in scope
17 | @_spi(PostQuantum)
18 | @available(iOS 26.0, macOS 26.0, watchOS 26.0, tvOS 26.0, *)
19 | extension MLDSA87: MLDSAType {
   |           `- error: cannot find type 'MLDSA87' in scope
20 |     public static var name: String { "ML-DSA-87" }
21 | }
[665/768] Compiling JWTKit UnsecuredNoneSigner.swift
/Users/admin/builder/spi-builder-workspace/.build/checkouts/jwt-kit/Sources/JWTKit/MLDSA/MLDSAType.swift:13:11: error: cannot find type 'MLDSA65' in scope
11 | @_spi(PostQuantum)
12 | @available(iOS 26.0, macOS 26.0, watchOS 26.0, tvOS 26.0, *)
13 | extension MLDSA65: MLDSAType {
   |           `- error: cannot find type 'MLDSA65' in scope
14 |     public static var name: String { "ML-DSA-65" }
15 | }
/Users/admin/builder/spi-builder-workspace/.build/checkouts/jwt-kit/Sources/JWTKit/MLDSA/MLDSAType.swift:19:11: error: cannot find type 'MLDSA87' in scope
17 | @_spi(PostQuantum)
18 | @available(iOS 26.0, macOS 26.0, watchOS 26.0, tvOS 26.0, *)
19 | extension MLDSA87: MLDSAType {
   |           `- error: cannot find type 'MLDSA87' in scope
20 |     public static var name: String { "ML-DSA-87" }
21 | }
[666/768] Compiling JWTKit JWTKeyCollection+RSA.swift
/Users/admin/builder/spi-builder-workspace/.build/checkouts/jwt-kit/Sources/JWTKit/MLDSA/MLDSAType.swift:13:11: error: cannot find type 'MLDSA65' in scope
11 | @_spi(PostQuantum)
12 | @available(iOS 26.0, macOS 26.0, watchOS 26.0, tvOS 26.0, *)
13 | extension MLDSA65: MLDSAType {
   |           `- error: cannot find type 'MLDSA65' in scope
14 |     public static var name: String { "ML-DSA-65" }
15 | }
/Users/admin/builder/spi-builder-workspace/.build/checkouts/jwt-kit/Sources/JWTKit/MLDSA/MLDSAType.swift:19:11: error: cannot find type 'MLDSA87' in scope
17 | @_spi(PostQuantum)
18 | @available(iOS 26.0, macOS 26.0, watchOS 26.0, tvOS 26.0, *)
19 | extension MLDSA87: MLDSAType {
   |           `- error: cannot find type 'MLDSA87' in scope
20 |     public static var name: String { "ML-DSA-87" }
21 | }
error: emit-module command failed with exit code 1 (use -v to see invocation)
[667/768] Emitting module JWTKit
/Users/admin/builder/spi-builder-workspace/.build/checkouts/jwt-kit/Sources/JWTKit/MLDSA/MLDSA65+MLDSAKey.swift:5:11: error: cannot find type 'MLDSA65' in scope
 3 | @_spi(PostQuantum)
 4 | @available(iOS 26.0, macOS 26.0, watchOS 26.0, tvOS 26.0, *)
 5 | extension MLDSA65.PublicKey: MLDSAPublicKey {
   |           `- error: cannot find type 'MLDSA65' in scope
 6 |     public typealias MLDSAType = MLDSA65
 7 | }
/Users/admin/builder/spi-builder-workspace/.build/checkouts/jwt-kit/Sources/JWTKit/MLDSA/MLDSA65+MLDSAKey.swift:11:11: error: cannot find type 'MLDSA65' in scope
 9 | @_spi(PostQuantum)
10 | @available(iOS 26.0, macOS 26.0, watchOS 26.0, tvOS 26.0, *)
11 | extension MLDSA65.PrivateKey: MLDSAPrivateKey {
   |           `- error: cannot find type 'MLDSA65' in scope
12 |     public typealias MLDSAType = MLDSA65
13 | }
/Users/admin/builder/spi-builder-workspace/.build/checkouts/jwt-kit/Sources/JWTKit/MLDSA/MLDSA65+MLDSAKey.swift:17:53: error: cannot find type 'MLDSA65' in scope
15 | @_spi(PostQuantum)
16 | @available(iOS 26.0, macOS 26.0, watchOS 26.0, tvOS 26.0, *)
17 | public typealias MLDSA65PublicKey = MLDSA.PublicKey<MLDSA65>
   |                                                     `- error: cannot find type 'MLDSA65' in scope
18 |
19 | @_spi(PostQuantum)
/Users/admin/builder/spi-builder-workspace/.build/checkouts/jwt-kit/Sources/JWTKit/MLDSA/MLDSA65+MLDSAKey.swift:21:55: error: cannot find type 'MLDSA65' in scope
19 | @_spi(PostQuantum)
20 | @available(iOS 26.0, macOS 26.0, watchOS 26.0, tvOS 26.0, *)
21 | public typealias MLDSA65PrivateKey = MLDSA.PrivateKey<MLDSA65>
   |                                                       `- error: cannot find type 'MLDSA65' in scope
22 |
/Users/admin/builder/spi-builder-workspace/.build/checkouts/jwt-kit/Sources/JWTKit/MLDSA/MLDSA87+MLDSAKey.swift:5:11: error: cannot find type 'MLDSA87' in scope
 3 | @_spi(PostQuantum)
 4 | @available(iOS 26.0, macOS 26.0, watchOS 26.0, tvOS 26.0, *)
 5 | extension MLDSA87.PublicKey: MLDSAPublicKey {
   |           `- error: cannot find type 'MLDSA87' in scope
 6 |     public typealias MLDSAType = MLDSA87
 7 | }
/Users/admin/builder/spi-builder-workspace/.build/checkouts/jwt-kit/Sources/JWTKit/MLDSA/MLDSA87+MLDSAKey.swift:11:11: error: cannot find type 'MLDSA87' in scope
 9 | @_spi(PostQuantum)
10 | @available(iOS 26.0, macOS 26.0, watchOS 26.0, tvOS 26.0, *)
11 | extension MLDSA87.PrivateKey: MLDSAPrivateKey {
   |           `- error: cannot find type 'MLDSA87' in scope
12 |     public typealias MLDSAType = MLDSA87
13 | }
/Users/admin/builder/spi-builder-workspace/.build/checkouts/jwt-kit/Sources/JWTKit/MLDSA/MLDSA87+MLDSAKey.swift:17:53: error: cannot find type 'MLDSA87' in scope
15 | @_spi(PostQuantum)
16 | @available(iOS 26.0, macOS 26.0, watchOS 26.0, tvOS 26.0, *)
17 | public typealias MLDSA87PublicKey = MLDSA.PublicKey<MLDSA87>
   |                                                     `- error: cannot find type 'MLDSA87' in scope
18 |
19 | @_spi(PostQuantum)
/Users/admin/builder/spi-builder-workspace/.build/checkouts/jwt-kit/Sources/JWTKit/MLDSA/MLDSA87+MLDSAKey.swift:21:55: error: cannot find type 'MLDSA87' in scope
19 | @_spi(PostQuantum)
20 | @available(iOS 26.0, macOS 26.0, watchOS 26.0, tvOS 26.0, *)
21 | public typealias MLDSA87PrivateKey = MLDSA.PrivateKey<MLDSA87>
   |                                                       `- error: cannot find type 'MLDSA87' in scope
22 |
/Users/admin/builder/spi-builder-workspace/.build/checkouts/jwt-kit/Sources/JWTKit/MLDSA/MLDSAType.swift:13:11: error: cannot find type 'MLDSA65' in scope
11 | @_spi(PostQuantum)
12 | @available(iOS 26.0, macOS 26.0, watchOS 26.0, tvOS 26.0, *)
13 | extension MLDSA65: MLDSAType {
   |           `- error: cannot find type 'MLDSA65' in scope
14 |     public static var name: String { "ML-DSA-65" }
15 | }
/Users/admin/builder/spi-builder-workspace/.build/checkouts/jwt-kit/Sources/JWTKit/MLDSA/MLDSAType.swift:19:11: error: cannot find type 'MLDSA87' in scope
17 | @_spi(PostQuantum)
18 | @available(iOS 26.0, macOS 26.0, watchOS 26.0, tvOS 26.0, *)
19 | extension MLDSA87: MLDSAType {
   |           `- error: cannot find type 'MLDSA87' in scope
20 |     public static var name: String { "ML-DSA-87" }
21 | }
[668/768] Compiling JWTKit JWTMultiValueClaim.swift
[669/768] Compiling JWTKit JWTUnixEpochClaim.swift
[670/768] Compiling JWTKit LocaleClaim.swift
[671/768] Compiling JWTKit NotBeforeClaim.swift
[672/768] Compiling JWTKit SubjectClaim.swift
[673/768] Compiling JWTKit TenantIDClaim.swift
[674/768] Compiling JWTKit ECDSA.swift
[675/768] Compiling JWTKit ECDSACurve.swift
[676/768] Compiling JWTKit P521+CurveType.swift
[677/768] Compiling JWTKit EdDSA.swift
[678/768] Compiling JWTKit EdDSACurve.swift
[679/768] Compiling JWTKit EdDSAError.swift
[680/768] Compiling JWTKit EdDSASigner.swift
[681/768] Compiling JWTKit JWTKeyCollection+EdDSA.swift
[682/768] Compiling JWTKit HMAC.swift
[683/768] Compiling JWTKit HMACError.swift
[684/768] Compiling JWTKit HMACSigner.swift
[685/768] Compiling JWTKit JWTKeyCollection+HMAC.swift
[686/768] Compiling JWTKit Insecure.swift
[687/768] Compiling JWTKit JWK.swift
[688/768] Compiling JWTKit JWKIdentifier.swift
[689/768] Compiling JWTKit JWKS.swift
[690/768] Compiling JWTKit JWKSigner.swift
[701/773] Compiling JWTKit AudienceClaim.swift
[702/773] Compiling JWTKit BoolClaim.swift
[703/773] Compiling JWTKit ExpirationClaim.swift
[704/773] Compiling JWTKit GoogleHostedDomainClaim.swift
[705/773] Compiling JWTKit IDClaim.swift
[706/773] Compiling JWTKit IssuedAtClaim.swift
[707/773] Compiling JWTKit IssuerClaim.swift
[708/773] Compiling JWTKit JWTClaim.swift
[709/773] Compiling JWTKit JWTAlgorithm.swift
[710/773] Compiling JWTKit JWTError.swift
[711/773] Compiling JWTKit JWTHeader+CommonFields.swift
[712/773] Compiling JWTKit JWTHeader.swift
[713/773] Compiling JWTKit JWTHeaderField.swift
[714/773] Compiling JWTKit JWTKeyCollection.swift
[715/773] Compiling JWTKit JWTParser.swift
[716/773] Compiling JWTKit AppleIdentityToken.swift
[717/773] Compiling JWTKit FirebaseAuthIdentityToken.swift
[718/773] Compiling JWTKit GoogleIdentityToken.swift
[719/773] Compiling JWTKit MicrosoftIdentityToken.swift
[720/773] Compiling JWTKit EmptyPolicy.swift
[721/773] Compiling JWTKit ValidationTimePayload.swift
[722/773] Compiling JWTKit X5CVerifier.swift
BUILD FAILURE 6.1 macosSpm