Build Information
Failed to build TLDExtractSwift, reference 4.0.7 (82d015), with Swift 6.4 for iOS using Xcode 27.0 on 9 Oct 2026 00:53:30 UTC.
Build Command
env DEVELOPER_DIR=/Applications/Xcode-27.0.0-Release.Candidate.app xcrun xcodebuild -IDEClonedSourcePackagesDirPathOverride=$PWD/.dependencies -skipMacroValidation -skipPackagePluginValidation -derivedDataPath $PWD/.derivedData build -scheme TLDExtractSwift -destination generic/platform=iOSBuild Log
========================================
RunAll
========================================
Builder version: 5.1.1
Interrupt handler set up.
========================================
Checkout
========================================
Clone URL: https://github.com/futamura/TLDExtractSwift.git
Reference: 4.0.7
Initialized empty Git repository in /Users/admin/builder/spi-builder-workspace/.git/
From https://github.com/futamura/TLDExtractSwift
* tag 4.0.7 -> FETCH_HEAD
HEAD is now at 82d015a Merge pull request #84 from futamura/develop
Cloned https://github.com/futamura/TLDExtractSwift.git
Revision (git rev-parse @):
82d015a5fbd66d06ea970fa0699517892135357e
SPI manifest file found: $PWD/.spi.yml
SUCCESS checkout https://github.com/futamura/TLDExtractSwift.git at 4.0.7
========================================
Build
========================================
Selected platform: iOS
Swift version: 6.4
Building package at path: $PWD
https://github.com/futamura/TLDExtractSwift.git
Command line invocation:
/Applications/Xcode-27.0.0.app/Contents/Developer/usr/bin/xcodebuild -IDEClonedSourcePackagesDirPathOverride=/Users/admin/builder/spi-builder-workspace/.dependencies -resolvePackageDependencies
resolved source packages:
{
"dependencies" : [
{
"identity" : "punycodeswift",
"requirement" : {
"range" : [
{
"lower_bound" : "4.0.0",
"upper_bound" : "5.0.0"
}
]
},
"type" : "sourceControl",
"url" : "https://github.com/futamura/PunycodeSwift.git"
}
],
"manifest_display_name" : "TLDExtractSwift",
"name" : "TLDExtractSwift",
"path" : "/Users/admin/builder/spi-builder-workspace",
"platforms" : [
{
"name" : "macos",
"version" : "10.13"
},
{
"name" : "ios",
"version" : "12.0"
},
{
"name" : "tvos",
"version" : "12.0"
},
{
"name" : "watchos",
"version" : "4.0"
},
{
"name" : "visionos",
"version" : "1.0"
}
],
"products" : [
{
"name" : "TLDExtractSwift",
"targets" : [
"TLDExtractSwift"
],
"type" : {
"library" : [
"automatic"
]
}
}
],
"targets" : [
{
"c99name" : "TLDExtractSwiftTests",
"module_type" : "SwiftTarget",
"name" : "TLDExtractSwiftTests",
"path" : "Tests",
"sources" : [
"TLDExtractSwiftTests.swift"
],
"target_dependencies" : [
"TLDExtractSwift"
],
"type" : "test"
},
{
"c99name" : "TLDExtractSwift",
"module_type" : "SwiftTarget",
"name" : "TLDExtractSwift",
"path" : "Sources",
"product_dependencies" : [
"Punycode"
],
"product_memberships" : [
"TLDExtractSwift"
],
"sources" : [
"Extension.swift",
"Model.swift",
"Parser.swift",
"SPMPSL.swift",
"TLDExtract.swift",
"TLDExtractError.swift"
],
"type" : "library"
}
],
"tools_version" : "5.9"
}
warning: 'spi-builder-workspace': /Users/admin/builder/spi-builder-workspace/Package.swift:12:19: warning: 'v4' is deprecated: watchOS 9.0 is the oldest supported version [#DeprecatedDeclaration]
10 | .iOS(.v12),
11 | .tvOS(.v12),
12 | .watchOS(.v4),
| `- warning: 'v4' is deprecated: watchOS 9.0 is the oldest supported version [#DeprecatedDeclaration]
13 | .visionOS(.v1),
14 | ],
[#DeprecatedDeclaration]: <https://docs.swift.org/compiler/documentation/diagnostics/deprecated-declaration>
{
"project" : {
"configurations" : [
"Debug",
"Release"
],
"name" : "TLDExtractSwift",
"schemes" : [
"TLDExtractSwift"
],
"targets" : [
"TLDExtractSwift",
"TLDExtractSwiftTests"
]
}
}
Running build ...
env DEVELOPER_DIR=/Applications/Xcode-27.0.0-Release.Candidate.app xcrun xcodebuild -IDEClonedSourcePackagesDirPathOverride=$PWD/.dependencies -skipMacroValidation -skipPackagePluginValidation -derivedDataPath $PWD/.derivedData build -scheme TLDExtractSwift -destination generic/platform=iOS
Command line invocation:
/Applications/Xcode-27.0.0.app/Contents/Developer/usr/bin/xcodebuild -IDEClonedSourcePackagesDirPathOverride=/Users/admin/builder/spi-builder-workspace/.dependencies -skipMacroValidation -skipPackagePluginValidation -derivedDataPath /Users/admin/builder/spi-builder-workspace/.derivedData build -scheme TLDExtractSwift -destination generic/platform=iOS
ComputePackagePrebuildTargetDependencyGraph
Prepare packages
CreateBuildRequest
SendProjectDescription
CreateBuildOperation
ComputeTargetDependencyGraph
note: Building targets in dependency order
note: Target dependency graph (1 target)
Target 'TLDExtractSwift' in project 'TLDExtractSwift' (no dependencies)
GatherProvisioningInputs
CreateBuildDescription
ExecuteExternalTool /Applications/Xcode-27.0.0.app/Contents/Developer/Toolchains/XcodeDefault.xctoolchain/usr/bin/clang -v -E -dM -isysroot /Applications/Xcode-27.0.0.app/Contents/Developer/Platforms/iPhoneOS.platform/Developer/SDKs/iPhoneOS27.0.sdk -x c -c /dev/null
ExecuteExternalTool /Applications/Xcode-27.0.0.app/Contents/Developer/Toolchains/XcodeDefault.xctoolchain/usr/bin/clang -v -E -dM -arch arm64 -isysroot /Applications/Xcode-27.0.0.app/Contents/Developer/Platforms/iPhoneOS.platform/Developer/SDKs/iPhoneOS27.0.sdk -x c -c /dev/null
ExecuteExternalTool /Applications/Xcode-27.0.0.app/Contents/Developer/Toolchains/XcodeDefault.xctoolchain/usr/bin/swiftc --version
ExecuteExternalTool /Applications/Xcode-27.0.0.app/Contents/Developer/Toolchains/XcodeDefault.xctoolchain/usr/bin/ld -version_details
Build description signature: 7699f40c1dbfcbb47740fceb63af5dea
Build description path: /Users/admin/builder/spi-builder-workspace/.derivedData/Build/Intermediates.noindex/XCBuildData/7699f40c1dbfcbb47740fceb63af5dea.xcbuilddata
/Users/admin/builder/spi-builder-workspace/TLDExtractSwift.xcodeproj: error: The iOS deployment target 'IPHONEOS_DEPLOYMENT_TARGET' is set to 12.0, but the range of supported deployment target versions is 15.0 to 27.0.x. (in target 'TLDExtractSwift' from project 'TLDExtractSwift')
** BUILD FAILED **
The following build commands failed:
Building project TLDExtractSwift with scheme TLDExtractSwift
(1 failure)
Command line invocation:
/Applications/Xcode-27.0.0.app/Contents/Developer/usr/bin/xcodebuild -IDEClonedSourcePackagesDirPathOverride=/Users/admin/builder/spi-builder-workspace/.dependencies -resolvePackageDependencies
resolved source packages:
{
"dependencies" : [
{
"identity" : "punycodeswift",
"requirement" : {
"range" : [
{
"lower_bound" : "4.0.0",
"upper_bound" : "5.0.0"
}
]
},
"type" : "sourceControl",
"url" : "https://github.com/futamura/PunycodeSwift.git"
}
],
"manifest_display_name" : "TLDExtractSwift",
"name" : "TLDExtractSwift",
"path" : "/Users/admin/builder/spi-builder-workspace",
"platforms" : [
{
"name" : "macos",
"version" : "10.13"
},
{
"name" : "ios",
"version" : "12.0"
},
{
"name" : "tvos",
"version" : "12.0"
},
{
"name" : "watchos",
"version" : "4.0"
},
{
"name" : "visionos",
"version" : "1.0"
}
],
"products" : [
{
"name" : "TLDExtractSwift",
"targets" : [
"TLDExtractSwift"
],
"type" : {
"library" : [
"automatic"
]
}
}
],
"targets" : [
{
"c99name" : "TLDExtractSwiftTests",
"module_type" : "SwiftTarget",
"name" : "TLDExtractSwiftTests",
"path" : "Tests",
"sources" : [
"TLDExtractSwiftTests.swift"
],
"target_dependencies" : [
"TLDExtractSwift"
],
"type" : "test"
},
{
"c99name" : "TLDExtractSwift",
"module_type" : "SwiftTarget",
"name" : "TLDExtractSwift",
"path" : "Sources",
"product_dependencies" : [
"Punycode"
],
"product_memberships" : [
"TLDExtractSwift"
],
"sources" : [
"Extension.swift",
"Model.swift",
"Parser.swift",
"SPMPSL.swift",
"TLDExtract.swift",
"TLDExtractError.swift"
],
"type" : "library"
}
],
"tools_version" : "5.9"
}
{
"project" : {
"configurations" : [
"Debug",
"Release"
],
"name" : "TLDExtractSwift",
"schemes" : [
"TLDExtractSwift"
],
"targets" : [
"TLDExtractSwift",
"TLDExtractSwiftTests"
]
}
}
Running build ...
env DEVELOPER_DIR=/Applications/Xcode-27.0.0-Release.Candidate.app xcrun xcodebuild -IDEClonedSourcePackagesDirPathOverride=$PWD/.dependencies -skipMacroValidation -skipPackagePluginValidation -derivedDataPath $PWD/.derivedData build -scheme TLDExtractSwift -destination generic/platform=iOS
Command line invocation:
/Applications/Xcode-27.0.0.app/Contents/Developer/usr/bin/xcodebuild -IDEClonedSourcePackagesDirPathOverride=/Users/admin/builder/spi-builder-workspace/.dependencies -skipMacroValidation -skipPackagePluginValidation -derivedDataPath /Users/admin/builder/spi-builder-workspace/.derivedData build -scheme TLDExtractSwift -destination generic/platform=iOS
ComputePackagePrebuildTargetDependencyGraph
Prepare packages
CreateBuildRequest
SendProjectDescription
CreateBuildOperation
ComputeTargetDependencyGraph
note: Building targets in dependency order
note: Target dependency graph (1 target)
Target 'TLDExtractSwift' in project 'TLDExtractSwift' (no dependencies)
GatherProvisioningInputs
CreateBuildDescription
/Users/admin/builder/spi-builder-workspace/TLDExtractSwift.xcodeproj: error: The iOS deployment target 'IPHONEOS_DEPLOYMENT_TARGET' is set to 12.0, but the range of supported deployment target versions is 15.0 to 27.0.x. (in target 'TLDExtractSwift' from project 'TLDExtractSwift')
** BUILD FAILED **
The following build commands failed:
Building project TLDExtractSwift with scheme TLDExtractSwift
(1 failure)
BUILD FAILURE 6.4 iOS