The Swift Package Index logo.Swift Package Index

Build Information

Failed to build GoogleCloudNetAppV1, reference main (f726fa), with Swift 6.2 for Android on 11 Oct 2026 08:30:52 UTC.

Build Command

bash -c docker run --pull=always --rm -v "checkouts-54344847-3":/host -w "$PWD" -e JAVA_HOME="/root/.sdkman/candidates/java/current" -e SPI_BUILD="1" -e SPI_PROCESSING="1" registry.gitlab.com/saguaro1/spi-images:android-6.2-latest swift build --swift-sdk aarch64-unknown-linux-android28 2>&1

Build Log

========================================
RunAll
========================================
Builder version: 5.1.1
Interrupt handler set up.
========================================
Checkout
========================================
Clone URL: https://github.com/googleapis/swift-google-cloud-netapp-v1.git
Reference: main
Initialized empty Git repository in /host/spi-builder-workspace/.git/
hint: Using 'master' as the name for the initial branch. This default branch name
hint: is subject to change. To configure the initial branch name to use in all
hint: of your new repositories, which will suppress this warning, call:
hint:
hint: 	git config --global init.defaultBranch <name>
hint:
hint: Names commonly chosen instead of 'master' are 'main', 'trunk' and
hint: 'development'. The just-created branch can be renamed via this command:
hint:
hint: 	git branch -m <name>
From https://github.com/googleapis/swift-google-cloud-netapp-v1
 * branch            main       -> FETCH_HEAD
 * [new branch]      main       -> origin/main
HEAD is now at f726fa0 chore: release circa 2026-10-07 (#1382)
Cloned https://github.com/googleapis/swift-google-cloud-netapp-v1.git
Revision (git rev-parse @):
f726fa06403f10c97a125035400870d7adc137de
SPI manifest file found: $PWD/.spi.yml
SUCCESS checkout https://github.com/googleapis/swift-google-cloud-netapp-v1.git at main
========================================
Build
========================================
Selected platform:         android
Swift version:             6.2
Building package at path:  $PWD
https://github.com/googleapis/swift-google-cloud-netapp-v1.git
Running build ...
bash -c docker run --pull=always --rm -v "checkouts-54344847-3":/host -w "$PWD" -e JAVA_HOME="/root/.sdkman/candidates/java/current" -e SPI_BUILD="1" -e SPI_PROCESSING="1" registry.gitlab.com/saguaro1/spi-images:android-6.2-latest swift build --swift-sdk aarch64-unknown-linux-android28 2>&1
android-6.2-latest: Pulling from saguaro1/spi-images
Digest: sha256:a839c9ce201f1dacc8eb056626ec7ab0a1c6d53d7b77c83feda395f4507c51be
Status: Image is up to date for registry.gitlab.com/saguaro1/spi-images:android-6.2-latest
Fetching https://github.com/googleapis/swift-google-wkt
Fetching https://github.com/googleapis/swift-google-longrunning
Fetching https://github.com/googleapis/swift-google-gax
Fetching https://github.com/googleapis/swift-google-rpc
Fetching https://github.com/apple/swift-log
Fetching https://github.com/googleapis/swift-google-cloud-location
[1/8257] Fetching swift-log
[2/8679] Fetching swift-log, swift-google-rpc
[506/9298] Fetching swift-log, swift-google-rpc, swift-google-longrunning
[823/9850] Fetching swift-log, swift-google-rpc, swift-google-longrunning, swift-google-cloud-location
[911/10873] Fetching swift-log, swift-google-rpc, swift-google-longrunning, swift-google-cloud-location, swift-google-wkt
[2861/12621] Fetching swift-log, swift-google-rpc, swift-google-longrunning, swift-google-cloud-location, swift-google-wkt, swift-google-gax
Fetched https://github.com/googleapis/swift-google-rpc from cache (0.51s)
Fetched https://github.com/googleapis/swift-google-wkt from cache (0.51s)
Fetched https://github.com/googleapis/swift-google-gax from cache (0.51s)
Fetching https://github.com/googleapis/swift-google-auth
Fetched https://github.com/googleapis/swift-google-longrunning from cache (0.52s)
[8616/8809] Fetching swift-log, swift-google-cloud-location
Fetched https://github.com/googleapis/swift-google-cloud-location from cache (0.54s)
Fetched https://github.com/apple/swift-log from cache (0.54s)
[1/1023] Fetching swift-google-auth
Fetched https://github.com/googleapis/swift-google-auth from cache (0.79s)
Computing version for https://github.com/googleapis/swift-google-wkt
Computed https://github.com/googleapis/swift-google-wkt at 0.5.0 (1.46s)
Fetching https://github.com/swift-extras/swift-extras-base64
[1/954] Fetching swift-extras-base64
Fetched https://github.com/swift-extras/swift-extras-base64 from cache (0.75s)
Computing version for https://github.com/googleapis/swift-google-rpc
Computed https://github.com/googleapis/swift-google-rpc at 0.5.0 (0.91s)
Computing version for https://github.com/googleapis/swift-google-longrunning
Computed https://github.com/googleapis/swift-google-longrunning at 0.5.0 (0.16s)
Computing version for https://github.com/googleapis/swift-google-gax
Computed https://github.com/googleapis/swift-google-gax at 0.5.0 (0.18s)
Fetching https://github.com/apple/swift-nio
Fetching https://github.com/swift-server/async-http-client.git
[1/16464] Fetching async-http-client
[16465/102838] Fetching async-http-client, swift-nio
Fetched https://github.com/swift-server/async-http-client.git from cache (1.01s)
[5183/86374] Fetching swift-nio
Fetched https://github.com/apple/swift-nio from cache (3.60s)
Computing version for https://github.com/googleapis/swift-google-cloud-location
Computed https://github.com/googleapis/swift-google-cloud-location at 0.5.0 (3.75s)
Computing version for https://github.com/googleapis/swift-google-auth
Computed https://github.com/googleapis/swift-google-auth at 0.5.0 (0.16s)
Fetching https://github.com/vapor/jwt-kit.git
Fetching https://github.com/apple/swift-system.git
[1/7241] Fetching swift-system
[7242/17495] Fetching swift-system, jwt-kit
Fetched https://github.com/apple/swift-system.git from cache (0.79s)
[206/10254] Fetching jwt-kit
Fetched https://github.com/vapor/jwt-kit.git from cache (1.44s)
Computing version for https://github.com/swift-extras/swift-extras-base64
Computed https://github.com/swift-extras/swift-extras-base64 at 1.2.0 (1.59s)
Computing version for https://github.com/swift-server/async-http-client.git
Computed https://github.com/swift-server/async-http-client.git at 1.36.2 (0.20s)
Fetching https://github.com/apple/swift-distributed-tracing.git
Fetching https://github.com/apple/swift-nio-extras.git
Fetching https://github.com/apple/swift-nio-transport-services.git
Fetching https://github.com/apple/swift-service-context.git
Fetching https://github.com/apple/swift-configuration.git
Fetching https://github.com/apple/swift-nio-ssl.git
[1/1500] Fetching swift-service-context
[436/4367] Fetching swift-service-context, swift-nio-transport-services
[984/8295] Fetching swift-service-context, swift-nio-transport-services, swift-configuration
[1532/14846] Fetching swift-service-context, swift-nio-transport-services, swift-configuration, swift-distributed-tracing
[6612/31717] Fetching swift-service-context, swift-nio-transport-services, swift-configuration, swift-distributed-tracing, swift-nio-ssl
[12454/38420] Fetching swift-service-context, swift-nio-transport-services, swift-configuration, swift-distributed-tracing, swift-nio-ssl, swift-nio-extras
Fetched https://github.com/apple/swift-configuration.git from cache (0.78s)
[17857/34492] Fetching swift-service-context, swift-nio-transport-services, swift-distributed-tracing, swift-nio-ssl, swift-nio-extras
Fetching https://github.com/apple/swift-nio-http2.git
[34493/46786] Fetching swift-service-context, swift-nio-transport-services, swift-distributed-tracing, swift-nio-ssl, swift-nio-extras, swift-nio-http2
Fetched https://github.com/apple/swift-service-context.git from cache (1.33s)
Fetched https://github.com/apple/swift-nio-transport-services.git from cache (1.34s)
Fetched https://github.com/apple/swift-nio-extras.git from cache (1.34s)
Fetched https://github.com/apple/swift-distributed-tracing.git from cache (1.34s)
Fetching https://github.com/apple/swift-atomics.git
Fetching https://github.com/apple/swift-algorithms.git
Fetched https://github.com/apple/swift-nio-ssl.git from cache (1.35s)
[123/12294] Fetching swift-nio-http2
[11558/14183] Fetching swift-nio-http2, swift-atomics
[12060/20347] Fetching swift-nio-http2, swift-atomics, swift-algorithms
Fetched https://github.com/apple/swift-atomics.git from cache (0.50s)
Fetched https://github.com/apple/swift-algorithms.git from cache (0.53s)
Fetched https://github.com/apple/swift-nio-http2.git from cache (1.27s)
Computing version for https://github.com/apple/swift-service-context.git
Computed https://github.com/apple/swift-service-context.git at 1.3.0 (2.20s)
Computing version for https://github.com/apple/swift-algorithms.git
Computed https://github.com/apple/swift-algorithms.git at 1.2.1 (0.90s)
Fetching https://github.com/apple/swift-numerics.git
[1/6733] Fetching swift-numerics
Fetched https://github.com/apple/swift-numerics.git from cache (0.66s)
Computing version for https://github.com/apple/swift-log
Computed https://github.com/apple/swift-log at 1.16.1 (0.81s)
Computing version for https://github.com/apple/swift-distributed-tracing.git
Computed https://github.com/apple/swift-distributed-tracing.git at 1.5.0 (0.14s)
Computing version for https://github.com/apple/swift-atomics.git
Computed https://github.com/apple/swift-atomics.git at 1.3.1 (0.14s)
Computing version for https://github.com/apple/swift-numerics.git
Computed https://github.com/apple/swift-numerics.git at 1.1.1 (0.14s)
Computing version for https://github.com/apple/swift-nio
Computed https://github.com/apple/swift-nio at 2.104.0 (0.38s)
Fetching https://github.com/apple/swift-collections.git
[1/28703] Fetching swift-collections
Fetched https://github.com/apple/swift-collections.git from cache (1.42s)
Computing version for https://github.com/apple/swift-configuration.git
Computed https://github.com/apple/swift-configuration.git at 1.2.2 (2.23s)
Fetching https://github.com/swift-server/swift-service-lifecycle
[1/2867] Fetching swift-service-lifecycle
Fetched https://github.com/swift-server/swift-service-lifecycle from cache (0.47s)
Computing version for https://github.com/apple/swift-nio-transport-services.git
Computed https://github.com/apple/swift-nio-transport-services.git at 1.28.0 (0.64s)
Computing version for https://github.com/swift-server/swift-service-lifecycle
Computed https://github.com/swift-server/swift-service-lifecycle at 2.12.1 (0.15s)
Fetching https://github.com/apple/swift-async-algorithms.git
[1/6820] Fetching swift-async-algorithms
Fetched https://github.com/apple/swift-async-algorithms.git from cache (0.95s)
Computing version for https://github.com/apple/swift-async-algorithms.git
Computed https://github.com/apple/swift-async-algorithms.git at 1.1.7 (1.16s)
Computing version for https://github.com/apple/swift-collections.git
Computed https://github.com/apple/swift-collections.git at 1.7.2 (0.31s)
Computing version for https://github.com/apple/swift-nio-http2.git
Computed https://github.com/apple/swift-nio-http2.git at 1.46.0 (0.16s)
Computing version for https://github.com/vapor/jwt-kit.git
Computed https://github.com/vapor/jwt-kit.git at 5.7.1 (0.15s)
Fetching https://github.com/apple/swift-certificates.git
Fetching https://github.com/apple/swift-crypto.git
[1/18629] Fetching swift-crypto
[933/26238] Fetching swift-crypto, swift-certificates
Fetched https://github.com/apple/swift-certificates.git from cache (1.27s)
Fetched https://github.com/apple/swift-crypto.git from cache (1.28s)
Computing version for https://github.com/apple/swift-crypto.git
Computed https://github.com/apple/swift-crypto.git at 4.5.2 (1.92s)
Fetching https://github.com/apple/swift-asn1.git
[1/2009] Fetching swift-asn1
Fetched https://github.com/apple/swift-asn1.git from cache (0.79s)
Computing version for https://github.com/apple/swift-asn1.git
Computed https://github.com/apple/swift-asn1.git at 1.7.3 (0.99s)
Computing version for https://github.com/apple/swift-certificates.git
Computed https://github.com/apple/swift-certificates.git at 1.21.0 (0.26s)
Computing version for https://github.com/apple/swift-nio-ssl.git
Computed https://github.com/apple/swift-nio-ssl.git at 2.37.5 (0.21s)
Computing version for https://github.com/apple/swift-system.git
Computed https://github.com/apple/swift-system.git at 1.8.1 (0.19s)
Computing version for https://github.com/apple/swift-nio-extras.git
Computed https://github.com/apple/swift-nio-extras.git at 1.35.1 (0.29s)
Fetching https://github.com/apple/swift-http-structured-headers.git
Fetching https://github.com/apple/swift-http-types.git
[1/1253] Fetching swift-http-structured-headers
[89/3192] Fetching swift-http-structured-headers, swift-http-types
Fetched https://github.com/apple/swift-http-structured-headers.git from cache (0.45s)
[1358/1939] Fetching swift-http-types
Fetched https://github.com/apple/swift-http-types.git from cache (0.48s)
Computing version for https://github.com/apple/swift-http-structured-headers.git
Computed https://github.com/apple/swift-http-structured-headers.git at 1.7.0 (0.73s)
Computing version for https://github.com/apple/swift-http-types.git
Computed https://github.com/apple/swift-http-types.git at 1.8.0 (0.18s)
Creating working copy for https://github.com/googleapis/swift-google-cloud-location
Working copy of https://github.com/googleapis/swift-google-cloud-location resolved at 0.5.0
Creating working copy for https://github.com/apple/swift-service-context.git
Working copy of https://github.com/apple/swift-service-context.git resolved at 1.3.0
Creating working copy for https://github.com/apple/swift-nio
Working copy of https://github.com/apple/swift-nio resolved at 2.104.0
Creating working copy for https://github.com/googleapis/swift-google-rpc
Working copy of https://github.com/googleapis/swift-google-rpc resolved at 0.5.0
Creating working copy for https://github.com/googleapis/swift-google-gax
Working copy of https://github.com/googleapis/swift-google-gax resolved at 0.5.0
Creating working copy for https://github.com/apple/swift-distributed-tracing.git
Working copy of https://github.com/apple/swift-distributed-tracing.git resolved at 1.5.0
Creating working copy for https://github.com/apple/swift-nio-extras.git
Working copy of https://github.com/apple/swift-nio-extras.git resolved at 1.35.1
Creating working copy for https://github.com/googleapis/swift-google-longrunning
Working copy of https://github.com/googleapis/swift-google-longrunning resolved at 0.5.0
Creating working copy for https://github.com/apple/swift-certificates.git
Working copy of https://github.com/apple/swift-certificates.git resolved at 1.21.0
Creating working copy for https://github.com/apple/swift-log
Working copy of https://github.com/apple/swift-log resolved at 1.16.1
Creating working copy for https://github.com/apple/swift-nio-http2.git
Working copy of https://github.com/apple/swift-nio-http2.git resolved at 1.46.0
Creating working copy for https://github.com/apple/swift-asn1.git
Working copy of https://github.com/apple/swift-asn1.git resolved at 1.7.3
Creating working copy for https://github.com/apple/swift-nio-ssl.git
Working copy of https://github.com/apple/swift-nio-ssl.git resolved at 2.37.5
Creating working copy for https://github.com/apple/swift-http-structured-headers.git
Working copy of https://github.com/apple/swift-http-structured-headers.git resolved at 1.7.0
Creating working copy for https://github.com/vapor/jwt-kit.git
Working copy of https://github.com/vapor/jwt-kit.git resolved at 5.7.1
Creating working copy for https://github.com/googleapis/swift-google-wkt
Working copy of https://github.com/googleapis/swift-google-wkt resolved at 0.5.0
Creating working copy for https://github.com/swift-server/async-http-client.git
Working copy of https://github.com/swift-server/async-http-client.git resolved at 1.36.2
Creating working copy for https://github.com/apple/swift-http-types.git
Working copy of https://github.com/apple/swift-http-types.git resolved at 1.8.0
Creating working copy for https://github.com/apple/swift-collections.git
Working copy of https://github.com/apple/swift-collections.git resolved at 1.7.2
Creating working copy for https://github.com/swift-extras/swift-extras-base64
Working copy of https://github.com/swift-extras/swift-extras-base64 resolved at 1.2.0
Creating working copy for https://github.com/apple/swift-nio-transport-services.git
Working copy of https://github.com/apple/swift-nio-transport-services.git resolved at 1.28.0
Creating working copy for https://github.com/apple/swift-configuration.git
Working copy of https://github.com/apple/swift-configuration.git resolved at 1.2.2
Creating working copy for https://github.com/apple/swift-crypto.git
Working copy of https://github.com/apple/swift-crypto.git resolved at 4.5.2
Creating working copy for https://github.com/apple/swift-numerics.git
Working copy of https://github.com/apple/swift-numerics.git resolved at 1.1.1
Creating working copy for https://github.com/googleapis/swift-google-auth
Working copy of https://github.com/googleapis/swift-google-auth resolved at 0.5.0
Creating working copy for https://github.com/apple/swift-algorithms.git
Working copy of https://github.com/apple/swift-algorithms.git resolved at 1.2.1
Creating working copy for https://github.com/swift-server/swift-service-lifecycle
Working copy of https://github.com/swift-server/swift-service-lifecycle resolved at 2.12.1
Creating working copy for https://github.com/apple/swift-atomics.git
Working copy of https://github.com/apple/swift-atomics.git resolved at 1.3.1
Creating working copy for https://github.com/apple/swift-async-algorithms.git
Working copy of https://github.com/apple/swift-async-algorithms.git resolved at 1.1.7
Creating working copy for https://github.com/apple/swift-system.git
Working copy of https://github.com/apple/swift-system.git resolved at 1.8.1
Building for debugging...
[0/1218] Write sources
[124/1218] Write swift-version--11D90AFD9DD3AB2.txt
[125/1218] Compiling _NumericsShims _NumericsShims.c
[126/1218] Compiling _AtomicsShims.c
[127/1218] Compiling KeccakHash.c
[128/1218] Compiling CXKCPShims shims.c
[129/1218] Compiling SimpleFIPS202.c
[130/1220] Compiling KeccakSponge.c
[131/1240] Compiling CSystem shims.c
[132/1268] Compiling KeccakP-1600-opt64.c
[134/1305] Emitting module _NIOBase64
[135/1305] Emitting module RealModule
[136/1306] Compiling SystemPackage FilePath.swift
[137/1306] Compiling SystemPackage FilePathTemp.swift
[138/1308] Compiling RealModule RelaxedArithmetic.swift
[139/1308] Compiling SystemPackage IOCompletion.swift
[140/1308] Compiling SystemPackage IORequest.swift
[141/1308] Compiling SystemPackage IORing+Util.swift
[142/1308] Compiling SystemPackage IORing.swift
[143/1308] Compiling SystemPackage RawIORequest.swift
[144/1313] Compiling SystemPackage Errno.swift
[145/1313] Compiling SystemPackage ErrnoWindows.swift
[146/1313] Compiling SystemPackage FileDescriptor.swift
[147/1313] Compiling SystemPackage FileHelpers.swift
[148/1313] Compiling SystemPackage FileOperations.swift
[155/1313] Compiling RealModule Float16+Real.swift
[156/1313] Compiling RealModule Float80+Real.swift
[157/1313] Compiling RealModule Real.swift
[158/1313] Compiling RealModule RealFunctions.swift
[159/1314] Emitting module ServiceContextModule
[160/1314] Compiling ServiceContextModule ServiceContext.swift
[161/1314] Compiling ServiceContextModule ServiceContextKey.swift
[170/1315] Emitting module _NIODataStructures
[171/1315] Compiling _NIODataStructures PriorityQueue.swift
[172/1315] Compiling _NIODataStructures Heap.swift
[173/1315] Compiling _NIOBase64 Base64.swift
[176/1316] Compiling SystemPackage FilePathTempPosix.swift
[177/1316] Compiling SystemPackage FilePathTempWindows.swift
[178/1316] Compiling SystemPackage FilePathWindows.swift
[179/1316] Compiling Logging Logger+Attributes.swift
[180/1317] Compiling _CertificateInternals _TinyArray.swift
[181/1317] Emitting module _CertificateInternals
[183/1318] Compiling _NIODataStructures _TinyArray.swift
[184/1332] Compiling Logging Logger+With.swift
[185/1332] Compiling Logging LoggingSystem.swift
[186/1332] Compiling Logging Logger.swift
[188/1358] Wrapping AST for _NIOBase64 for debugging
[189/1358] Wrapping AST for _CertificateInternals for debugging
[190/1358] Wrapping AST for _NIODataStructures for debugging
[191/1358] Wrapping AST for ServiceContextModule for debugging
[192/1358] Wrapping AST for RealModule for debugging
[194/1358] Compiling Instrumentation NoOpInstrument.swift
[194/1358] Compiling CNIOWindows shim.c
[195/1358] Compiling CNIOWindows WSAStartup.c
[196/1358] Compiling CNIOWASI CNIOWASI.c
[198/1358] Compiling Instrumentation MultiplexInstrument.swift
[198/1358] Compiling CNIOPosix event_loop_id.c
[199/1358] Emitting module Instrumentation
[200/1358] Compiling CNIOOpenBSD shim.c
[201/1358] Compiling CNIOLinux liburing_shims.c
[202/1358] Compiling CNIOLinux shim.c
[204/1358] Compiling Instrumentation Instrument.swift
[205/1358] Compiling ExtrasBase64 Base32+Span.swift
[205/1358] Compiling CNIOLLHTTP c_nio_http.c
[206/1358] Compiling CNIOLLHTTP c_nio_api.c
[208/1358] Compiling InternalCollectionsUtilities Strideable+LimitHelpers.swift
[209/1358] Compiling InternalCollectionsUtilities String+Padding.swift
[210/1358] Compiling InternalCollectionsUtilities TemporaryAllocation.swift
[211/1358] Compiling InternalCollectionsUtilities _UnsafeBitSet+Index.swift
[211/1358] Compiling CNIOFreeBSD shim.c
[213/1361] Compiling InternalCollectionsUtilities FixedWidthInteger+roundUpToPowerOfTwo.swift
[214/1361] Compiling InternalCollectionsUtilities Integer rank.swift
[215/1361] Compiling InternalCollectionsUtilities UInt+first and last set bit.swift
[216/1361] Compiling InternalCollectionsUtilities UInt+reversed.swift
[216/1361] Compiling CNIOExtrasZlib zutil.c
[217/1361] Compiling CNIOLLHTTP c_nio_llhttp.c
[219/1361] Compiling InternalCollectionsUtilities UnsafeRawBufferPointer+Extras.swift
[220/1361] Compiling InternalCollectionsUtilities _SortedCollection.swift
[221/1361] Compiling InternalCollectionsUtilities _UniqueCollection.swift
[221/1361] Compiling CNIOExtrasZlib inftrees.c
[222/1361] Compiling CNIOExtrasZlib trees.c
[224/1361] Compiling InternalCollectionsUtilities BorrowingIteratorProtocol+Equality.swift
[225/1361] Compiling InternalCollectionsUtilities BorrowingIteratorProtocol+Extras.swift
[226/1361] Compiling InternalCollectionsUtilities Debugging.swift
[227/1361] Compiling InternalCollectionsUtilities Descriptions.swift
[228/1361] Compiling InternalCollectionsUtilities MutableSpan+Extras.swift
[229/1361] Compiling InternalCollectionsUtilities OutputSpan+Extras.swift
[230/1361] Compiling InternalCollectionsUtilities RandomAccessCollection+Offsets.swift
[231/1361] Compiling InternalCollectionsUtilities Span+Extras.swift
[232/1361] Compiling InternalCollectionsUtilities UnsafeMutablePointer+Extras.swift
[233/1361] Compiling InternalCollectionsUtilities UnsafeMutableRawBufferPointer+Extras.swift
[233/1361] Compiling CNIOExtrasZlib inffast.c
[234/1361] Compiling CNIOExtrasZlib inflate.c
[235/1361] Compiling CNIOExtrasZlib crc32.c
[237/1361] Compiling SystemPackage SystemString.swift
[238/1361] Compiling SystemPackage Util+StringArray.swift
[239/1361] Compiling SystemPackage Util.swift
[240/1361] Compiling SystemPackage UtilConsumers.swift
[241/1361] Compiling SystemPackage WinSDK+Overlay.swift
[241/1361] Compiling CNIOExtrasZlib deflate.c
[242/1361] Compiling CNIOExtrasZlib adler32.c
[243/1361] Compiling CNIODarwin shim.c
[245/1361] Emitting module SwiftASN1
[245/1361] Compiling fiat_p256_adx_sqr.S
[246/1361] Compiling fiat_p256_adx_mul.S
[247/1361] Compiling fiat_curve25519_adx_square.S
[248/1361] Compiling fiat_curve25519_adx_mul.S
[250/1361] Emitting module InternalCollectionsUtilities
[250/1361] Compiling CNIOBoringSSLShims shims.c
[254/1361] Compiling InternalCollectionsUtilities UnsafePointer+Extras.swift
[255/1361] Compiling InternalCollectionsUtilities _UnsafeBitSet+_Word.swift
[256/1361] Compiling InternalCollectionsUtilities _UnsafeBitSet.swift
[257/1361] Compiling InternalCollectionsUtilities UnsafeBufferPointer+Extras.swift
[258/1361] Compiling InternalCollectionsUtilities UnsafeMutableBufferPointer+Extras.swift
[259/1361] Compiling InternalCollectionsUtilities Iterable+CopyContents.swift
[260/1361] Compiling InternalCollectionsUtilities Iterable+Equality.swift
[261/1361] Compiling InternalCollectionsUtilities LifetimeOverride.swift
[262/1361] Compiling InternalCollectionsUtilities MutableRef.swift
[266/1362] Emitting module Logging
[275/1362] Compiling SystemPackage RawBuffer.swift
[276/1362] Compiling SystemPackage Syscalls.swift
[277/1362] Compiling SystemPackage WindowsSyscallAdapters.swift
[278/1362] Compiling SystemPackage MachPort.swift
[279/1362] Compiling SystemPackage PlatformString.swift
[284/1362] Compiling SystemPackage Mocking.swift
[285/1362] Compiling Instrumentation InstrumentationSystem.swift
[286/1362] Compiling Instrumentation Locks.swift
[297/1363] Emitting module SystemPackage
[305/1365] Compiling Logging MetadataProvider.swift
[307/1374] Wrapping AST for SwiftASN1 for debugging
[308/1378] Wrapping AST for Logging for debugging
[309/1378] Wrapping AST for SystemPackage for debugging
[311/1378] Compiling SpanPreview OutputSpan+InputSpanHelpers.swift
[312/1378] Compiling Tracing NoOpTracer.swift
[313/1379] Compiling SpanPreview MutableSpan+InputSpanHelpers.swift
[313/1379] Wrapping AST for InternalCollectionsUtilities for debugging
[315/1379] Emitting module SpanPreview
[316/1379] Compiling SpanPreview InputSpan.swift
[316/1380] Wrapping AST for Instrumentation for debugging
[319/1380] Compiling Tracing WithTracer.swift
[320/1380] Compiling Tracing Tracer.swift
[321/1401] Compiling Tracing TracerProtocol.swift
[322/1406] Compiling Tracing TracingTime.swift
[323/1422] Compiling Tracing TracerProtocol+Legacy.swift
[324/1422] Compiling DequeModule RigidDeque+Descriptions.swift
[325/1422] Compiling DequeModule RigidDeque+Equatable.swift
[326/1422] Compiling DequeModule RigidDeque+Hashable.swift
[327/1422] Compiling DequeModule RigidDeque+Initializers.swift
[328/1422] Compiling DequeModule RigidDeque+Insertions.swift
[329/1422] Compiling DequeModule RigidDeque+Iterable.swift
[330/1427] Compiling DequeModule UniqueDeque+Initializers.swift
[331/1427] Compiling DequeModule UniqueDeque+Insertions.swift
[332/1427] Compiling DequeModule UniqueDeque+Iterable.swift
[333/1427] Compiling DequeModule UniqueDeque+Prepend.swift
[334/1427] Compiling DequeModule UniqueDeque+Removals.swift
[335/1427] Compiling DequeModule _DequeBuffer.swift
[336/1427] Compiling DequeModule _DequeBufferHeader.swift
[337/1427] Compiling DequeModule RigidDeque+Append.swift
[338/1427] Compiling DequeModule RigidDeque+Consumption.swift
[339/1427] Compiling DequeModule RigidDeque+ContainerOperations.swift
[340/1427] Compiling DequeModule RigidDeque+Deprecations.swift
[341/1427] Emitting module Tracing
[342/1427] Compiling Tracing SpanProtocol.swift
[343/1427] Compiling Tracing InstrumentationSystem+Tracing.swift
[345/1428] Compiling DequeModule UniqueDeque+Consumption.swift
[346/1428] Compiling DequeModule UniqueDeque+ContainerOperations.swift
[347/1428] Compiling DequeModule UniqueDeque+Deprecations.swift
[348/1428] Compiling DequeModule UniqueDeque+Descriptions.swift
[349/1428] Compiling DequeModule UniqueDeque+Equatable.swift
[350/1428] Compiling DequeModule UniqueDeque+Hashable.swift
[351/1428] Compiling DequeModule RigidDeque+Prepend.swift
[352/1428] Compiling DequeModule RigidDeque+Removals.swift
[353/1428] Compiling DequeModule RigidDeque+Replacements.swift
[354/1428] Compiling DequeModule RigidDeque+Testing.swift
[355/1428] Compiling DequeModule RigidDeque.swift
[356/1428] Compiling DequeModule UniqueDeque+Append.swift
[356/1428] Wrapping AST for SpanPreview for debugging
[357/1428] Compiling tls_record.cc
[358/1428] Wrapping AST for Tracing for debugging
[359/1428] Compiling tls_method.cc
[360/1428] Compiling tls13_server.cc
[362/1428] Compiling DequeModule Deque+Extras.swift
[363/1428] Compiling DequeModule Deque+Hashable.swift
[364/1428] Compiling DequeModule Deque+Testing.swift
[365/1428] Compiling DequeModule Deque._Storage.swift
[366/1428] Compiling DequeModule Deque._UnsafeHandle.swift
[367/1428] Compiling DequeModule Deque.swift
[368/1428] Compiling DequeModule Deque+Codable.swift
[369/1428] Compiling DequeModule Deque+Collection.swift
[370/1428] Compiling DequeModule Deque+CustomReflectable.swift
[371/1428] Compiling DequeModule Deque+Descriptions.swift
[372/1428] Compiling DequeModule Deque+Equatable.swift
[373/1428] Compiling DequeModule Deque+ExpressibleByArrayLiteral.swift
[373/1428] Compiling tls13_enc.cc
[374/1428] Compiling tls13_client.cc
[375/1428] Compiling t1_enc.cc
[376/1428] Compiling tls13_both.cc
[377/1428] Compiling ssl_x509.cc
[378/1428] Compiling ssl_versions.cc
[379/1428] Compiling ssl_stat.cc
[380/1428] Compiling ssl_transcript.cc
[382/1428] Compiling DequeModule UniqueDeque+Replacements.swift
[383/1428] Compiling DequeModule UniqueDeque.swift
[384/1428] Compiling DequeModule _DequeSlot.swift
[385/1428] Compiling DequeModule _UnsafeDequeHandle.swift
[386/1428] Compiling DequeModule _UnsafeDequeSegments.swift
[387/1428] Emitting module DequeModule
[388/1429] Compiling ssl_privkey.cc
[389/1429] Compiling ssl_session.cc
[390/1429] Wrapping AST for DequeModule for debugging
[391/1472] Compiling ssl_key_share.cc
[392/1472] Compiling ssl_file.cc
[393/1472] Compiling ssl_credential.cc
[394/1472] Compiling ssl_lib.cc
[396/1472] Compiling ExtrasBase64 Base64.swift
[397/1472] Compiling ExtrasBase64 Base64+Span.swift
[398/1472] Compiling ExtrasBase64 Base32.swift
[399/1472] Emitting module ExtrasBase64
[401/1473] Compiling Configuration EnvironmentKeyEncoder.swift
[402/1473] Compiling Configuration EnvironmentVariablesProvider.swift
[403/1473] Compiling Configuration CommonProviderFileSystem.swift
[404/1473] Compiling Configuration DirectoryFilesProvider.swift
[405/1473] Compiling Configuration FileProvider.swift
[406/1473] Compiling Configuration FileProviderSnapshot.swift
[406/1478] Compiling ssl_cipher.cc
[407/1509] Compiling ssl_cert.cc
[408/1509] Wrapping AST for ExtrasBase64 for debugging
[409/1509] Compiling ssl_buffer.cc
[410/1509] Compiling ssl_aead_ctx.cc
[411/1509] Compiling ssl_asn1.cc
[412/1509] Compiling s3_lib.cc
[413/1509] Compiling s3_pkt.cc
[415/1509] Compiling GoogleWKT WKTStringValue.swift
[416/1509] Compiling GoogleWKT WKTTimestamp.swift
[417/1509] Compiling GoogleWKT WKTUInt32Value.swift
[418/1509] Compiling GoogleWKT WKTUInt64Value.swift
[419/1509] Compiling GoogleWKT WKTFloatValue.swift
[420/1509] Compiling GoogleWKT WKTInt32Value.swift
[421/1509] Compiling GoogleWKT WKTInt64Value.swift
[422/1509] Compiling GoogleWKT WKTRecursive.swift
[422/1513] Compiling s3_both.cc
[424/1513] Compiling GoogleWKT WKTValue.swift
[425/1513] Compiling GoogleWKT WKTApi.swift
[426/1513] Compiling GoogleWKT WKTEnum.swift
[427/1513] Compiling GoogleWKT WKTEnumValue.swift
[428/1513] Compiling GoogleWKT WKTField.swift
[429/1513] Compiling GoogleWKT WKTMethod.swift
[430/1513] Compiling GoogleWKT WKTMixin.swift
[431/1513] Compiling GoogleWKT WKTOption.swift
[431/1513] Compiling handshake_client.cc
[433/1513] Compiling GoogleWKT UnknownFields.swift
[434/1513] Compiling GoogleWKT WKTAny.swift
[435/1513] Compiling GoogleWKT WKTAnyError.swift
[436/1513] Compiling GoogleWKT WKTBoolValue.swift
[437/1513] Compiling GoogleWKT WKTBytesValue.swift
[438/1513] Compiling GoogleWKT WKTDoubleValue.swift
[439/1513] Compiling GoogleWKT WKTDuration.swift
[440/1513] Compiling GoogleWKT WKTEmpty.swift
[441/1513] Compiling GoogleWKT WKTFieldMask.swift
[442/1513] Emitting module GoogleWKT
[443/1513] Compiling GoogleWKT AnyPackable.swift
[444/1513] Compiling GoogleWKT DecodeToDefault.swift
[445/1513] Compiling GoogleWKT DiscoveryBase64.swift
[446/1513] Compiling GoogleWKT ProtoJSONDecoder.swift
[447/1513] Compiling GoogleWKT ProtoJSONEncoder.swift
[447/1513] Compiling handshake_server.cc
[460/1513] Compiling handshake.cc
[462/1513] Compiling GoogleWKT WKTSourceContext.swift
[463/1513] Compiling GoogleWKT WKTSyntax.swift
[464/1513] Compiling GoogleWKT WKTType.swift
[465/1513] Compiling GoogleWKT PackageVersion.swift
[466/1513] Compiling Configuration AsyncCombineLatestManySequence.swift
[467/1513] Compiling Configuration CombineLatestManyStateMachine.swift
[468/1513] Compiling Configuration JSONSnapshot.swift
[469/1513] Compiling Configuration PropertyListSnapshot.swift
[470/1513] Compiling Configuration ReloadingFileProvider.swift
[471/1513] Compiling Configuration ReloadingFileProviderMetrics.swift
[472/1513] Compiling Configuration YAMLSnapshot.swift
[473/1513] Compiling Configuration InMemoryProvider.swift
[473/1513] Compiling extensions.cc
[475/1513] Compiling Configuration CombineLatestManyStorage.swift
[476/1513] Compiling Configuration AsyncSequences.swift
[477/1513] Compiling Configuration FoundationExtensions.swift
[478/1513] Compiling Configuration Span.swift
[479/1513] Compiling Configuration ConfigBytesFromStringDecoder.swift
[484/1514] Compiling handoff.cc
[486/1529] Compiling GoogleRpc RequestInfo.swift
[487/1529] Compiling GoogleRpc ResourceInfo.swift
[488/1531] Compiling GoogleRpc BadRequest.swift
[489/1531] Compiling GoogleRpc Code.swift
[490/1531] Compiling GoogleRpc Help.swift
[491/1531] Compiling GoogleRpc HttpHeader.swift
[492/1531] Compiling GoogleRpc DebugInfo.swift
[493/1531] Compiling GoogleRpc ErrorInfo.swift
[494/1531] Emitting module GoogleRpc
[501/1531] Emitting module Configuration
[508/1532] Wrapping AST for GoogleWKT for debugging
[509/1532] Wrapping AST for Configuration for debugging
[510/1532] Compiling d1_pkt.cc
[512/1532] Compiling GoogleRpc HttpRequest.swift
[513/1532] Compiling GoogleRpc HttpResponse.swift
[514/1532] Compiling GoogleRpc LocalizedMessage.swift
[515/1532] Compiling GoogleRpc PackageVersion.swift
[516/1532] Compiling GoogleRpc PreconditionFailure.swift
[517/1532] Compiling GoogleRpc QuotaFailure.swift
[518/1532] Compiling GoogleRpc RetryInfo.swift
[519/1532] Compiling GoogleRpc Status.swift
[520/1533] Wrapping AST for GoogleRpc for debugging
[521/1533] Compiling encrypted_client_hello.cc
[522/1533] Compiling md5-x86_64-apple.S
[523/1533] Compiling md5-586-linux.S
[524/1533] Compiling d1_srtp.cc
[525/1533] Compiling md5-x86_64-linux.S
[526/1533] Compiling md5-586-apple.S
[527/1533] Compiling chacha20_poly1305_x86_64-linux.S
[528/1533] Compiling chacha20_poly1305_x86_64-apple.S
[529/1533] Compiling dtls_method.cc
[530/1533] Compiling chacha20_poly1305_armv8-win.S
[531/1533] Compiling chacha20_poly1305_armv8-apple.S
[532/1533] Compiling chacha-x86_64-apple.S
[533/1533] Compiling chacha-x86_64-linux.S
[534/1533] Compiling chacha20_poly1305_armv8-linux.S
[535/1533] Compiling chacha-x86-apple.S
[536/1533] Compiling chacha-armv8-win.S
[537/1533] Compiling chacha-x86-linux.S
[538/1533] Compiling chacha-armv8-apple.S
[539/1533] Compiling chacha-armv4-linux.S
[540/1533] Compiling chacha-armv8-linux.S
[541/1533] Compiling aes128gcmsiv-x86_64-linux.S
[542/1533] Compiling d1_lib.cc
[543/1533] Compiling aes128gcmsiv-x86_64-apple.S
[544/1533] Compiling x86_64-mont5-linux.S
[545/1533] Compiling x86_64-mont5-apple.S
[546/1533] Compiling dtls_record.cc
[547/1533] Compiling x86-mont-linux.S
[548/1533] Compiling x86_64-mont-linux.S
[549/1533] Compiling x86_64-mont-apple.S
[550/1533] Compiling x86-mont-apple.S
[551/1533] Compiling vpaes-x86-linux.S
[552/1533] Compiling vpaes-x86_64-linux.S
[553/1533] Compiling vpaes-x86-apple.S
[554/1533] Compiling vpaes-x86_64-apple.S
[555/1533] Compiling vpaes-armv8-win.S
[556/1533] Compiling vpaes-armv8-linux.S
[556/1533] Compiling vpaes-armv8-apple.S
[558/1533] Compiling vpaes-armv7-linux.S
[559/1533] Compiling sha512-armv8-win.S
[560/1533] Compiling sha512-x86_64-linux.S
[561/1533] Compiling sha512-armv8-apple.S
[562/1533] Compiling sha512-x86_64-apple.S
[563/1533] Compiling sha512-armv8-linux.S
[564/1533] Compiling sha512-armv4-linux.S
[565/1533] Compiling sha512-586-linux.S
[566/1533] Compiling bio_ssl.cc
[567/1533] Compiling sha256-x86_64-linux.S
[568/1533] Compiling sha512-586-apple.S
[569/1533] Compiling sha256-x86_64-apple.S
[570/1533] Compiling sha256-armv8-linux.S
[571/1533] Compiling sha256-armv8-win.S
[572/1533] Compiling sha256-armv4-linux.S
[573/1533] Compiling sha256-armv8-apple.S
[574/1533] Compiling sha256-586-linux.S
[575/1533] Compiling sha1-x86_64-linux.S
[576/1533] Compiling err_data.cc
[577/1533] Compiling sha1-x86_64-apple.S
[578/1533] Compiling sha256-586-apple.S
[579/1533] Compiling sha1-armv8-win.S
[580/1533] Compiling sha1-armv8-apple.S
[581/1533] Compiling sha1-armv4-large-linux.S
[581/1533] Compiling sha1-armv8-linux.S
[583/1533] Compiling sha1-586-linux.S
[584/1533] Compiling rsaz-avx2-linux.S
[585/1533] Compiling rsaz-avx2-apple.S
[586/1533] Compiling rdrand-x86_64-linux.S
[587/1533] Compiling sha1-586-apple.S
[588/1533] Compiling rdrand-x86_64-apple.S
[589/1533] Compiling p256_beeu-x86_64-asm-linux.S
[590/1533] Compiling p256_beeu-x86_64-asm-apple.S
[591/1533] Compiling p256_beeu-armv8-asm-win.S
[592/1533] Compiling p256_beeu-armv8-asm-apple.S
[593/1533] Compiling p256-x86_64-asm-apple.S
[594/1533] Compiling p256_beeu-armv8-asm-linux.S
[595/1533] Compiling p256-x86_64-asm-linux.S
[596/1533] Compiling p256-armv8-asm-win.S
[597/1533] Compiling p256-armv8-asm-apple.S
[598/1533] Compiling p256-armv8-asm-linux.S
[599/1533] Compiling ghashv8-armv8-win.S
[600/1533] Compiling ghashv8-armv8-linux.S
[601/1533] Compiling ghashv8-armv8-apple.S
[602/1533] Compiling ghash-x86_64-linux.S
[603/1533] Compiling ghash-x86-linux.S
[604/1533] Compiling ghash-x86_64-apple.S
[605/1533] Compiling ghash-x86-apple.S
[606/1533] Compiling ghashv8-armv7-linux.S
[607/1533] Compiling ghash-ssse3-x86_64-linux.S
[608/1533] Compiling ghash-ssse3-x86_64-apple.S
[609/1533] Compiling ghash-ssse3-x86-linux.S
[609/1533] Compiling ghash-ssse3-x86-apple.S
[611/1533] Compiling co-586-linux.S
[612/1533] Compiling ghash-armv4-linux.S
[612/1533] Compiling ghash-neon-armv8-win.S
[614/1533] Compiling ghash-neon-armv8-apple.S
[615/1533] Compiling ghash-neon-armv8-linux.S
[616/1533] Compiling bsaes-armv7-linux.S
[617/1533] Compiling co-586-apple.S
[618/1533] Compiling bn-armv8-win.S
[619/1533] Compiling armv8-mont-win.S
[620/1533] Compiling bn-armv8-linux.S
[621/1533] Compiling bn-armv8-apple.S
[622/1533] Compiling bn-586-linux.S
[623/1533] Compiling bn-586-apple.S
[624/1533] Compiling armv8-mont-apple.S
[625/1533] Compiling aesv8-gcm-armv8-win.S
[626/1533] Compiling armv8-mont-linux.S
[627/1533] Compiling armv4-mont-linux.S
[628/1533] Compiling aesv8-armv8-linux.S
[629/1533] Compiling aesv8-armv8-win.S
[630/1533] Compiling aesv8-gcm-armv8-apple.S
[631/1533] Compiling aesv8-gcm-armv8-linux.S
[632/1533] Compiling aesv8-armv8-apple.S
[633/1533] Compiling aesni-x86_64-linux.S
[634/1533] Compiling aesni-x86-linux.S
[635/1533] Compiling aesv8-armv7-linux.S
[635/1533] Compiling aesni-x86_64-apple.S
[637/1533] Compiling aesni-x86-apple.S
[638/1533] Compiling aesni-gcm-x86_64-linux.S
[639/1533] Compiling aesni-gcm-x86_64-apple.S
[640/1533] Compiling aes-gcm-avx2-x86_64-linux.S
[641/1533] Compiling aes-gcm-avx2-x86_64-apple.S
[642/1533] Compiling aes-gcm-avx10-x86_64-apple.S
[643/1533] Compiling aes-gcm-avx10-x86_64-linux.S
[644/1533] Compiling x_sig.cc
[645/1533] Compiling d1_both.cc
[646/1533] Compiling x_spki.cc
[647/1533] Compiling x_x509a.cc
[648/1533] Compiling x_val.cc
[649/1533] Compiling x_req.cc
[650/1533] Compiling x_pubkey.cc
[651/1533] Compiling x_x509.cc
[652/1533] Compiling x_name.cc
[653/1533] Compiling x_exten.cc
[654/1533] Compiling x_attrib.cc
[655/1533] Compiling x_crl.cc
[656/1533] Compiling x_all.cc
[657/1533] Compiling x_algor.cc
[658/1533] Compiling x509spki.cc
[659/1533] Compiling x509rset.cc
[660/1533] Compiling x509name.cc
[661/1533] Compiling x509cset.cc
[662/1533] Compiling x509_vpm.cc
[663/1533] Compiling x509_vfy.cc
[664/1533] Compiling x509_txt.cc
[665/1533] Compiling x509_v3.cc
[666/1533] Compiling x509_set.cc
[667/1533] Compiling x509_trs.cc
[668/1533] Compiling x509_req.cc
[669/1533] Compiling x509_obj.cc
[670/1533] Compiling x509_lu.cc
[671/1533] Compiling x509_d2.cc
[672/1533] Compiling x509_def.cc
[673/1533] Compiling x509_ext.cc
[674/1533] Compiling x509_att.cc
[675/1533] Compiling x509_cmp.cc
[676/1533] Compiling x509.cc
[677/1533] Compiling v3_utl.cc
[678/1533] Compiling v3_purp.cc
[679/1533] Compiling v3_skey.cc
[680/1533] Compiling v3_pmaps.cc
[681/1533] Compiling v3_pcons.cc
[682/1533] Compiling v3_prn.cc
[683/1533] Compiling v3_ocsp.cc
[684/1533] Compiling v3_ncons.cc
[685/1533] Compiling v3_lib.cc
[686/1533] Compiling v3_int.cc
[687/1533] Compiling v3_info.cc
[688/1533] Compiling v3_ia5.cc
[689/1533] Compiling v3_genn.cc
[690/1533] Compiling v3_enum.cc
[691/1533] Compiling v3_extku.cc
[692/1533] Compiling v3_crld.cc
[693/1533] Compiling v3_cpols.cc
[694/1533] Compiling v3_conf.cc
[695/1533] Compiling v3_akeya.cc
[696/1533] Compiling v3_bcons.cc
[697/1533] Compiling v3_bitst.cc
[698/1533] Compiling v3_akey.cc
[699/1533] Compiling v3_alt.cc
[700/1533] Compiling t_x509a.cc
[701/1533] Compiling i2d_pr.cc
[702/1533] Compiling t_crl.cc
[703/1533] Compiling t_x509.cc
[704/1533] Compiling t_req.cc
[705/1533] Compiling rsa_pss.cc
[706/1533] Compiling policy.cc
[707/1533] Compiling name_print.cc
[708/1533] Compiling algorithm.cc
[709/1533] Compiling by_file.cc
[710/1533] Compiling asn1_gen.cc
[711/1533] Compiling by_dir.cc
[712/1533] Compiling voprf.cc
[713/1533] Compiling a_digest.cc
[714/1533] Compiling a_verify.cc
[715/1533] Compiling a_sign.cc
[716/1533] Compiling thread_win.cc
[717/1533] Compiling trust_token.cc
[718/1533] Compiling pmbtoken.cc
[719/1533] Compiling thread_pthread.cc
[720/1533] Compiling thread_none.cc
[721/1533] Compiling thread.cc
[722/1533] Compiling stack.cc
[723/1533] Compiling sha1.cc
[724/1533] Compiling sha256.cc
[725/1533] Compiling siphash.cc
[726/1533] Compiling sha512.cc
[726/1533] Compiling spake2plus.cc
[728/1533] Compiling rsa_extra.cc
[729/1533] Compiling slhdsa.cc
[730/1533] Compiling rsa_print.cc
[731/1533] Compiling refcount.cc
[732/1533] Compiling rsa_crypt.cc
[733/1533] Compiling rsa_asn1.cc
[734/1533] Compiling rc4.cc
[735/1533] Compiling windows.cc
[736/1533] Compiling urandom.cc
[737/1533] Compiling trusty.cc
[738/1533] Compiling rand.cc
[739/1533] Compiling passive.cc
[740/1533] Compiling poly1305_arm_asm.S
[741/1533] Compiling ios.cc
[742/1533] Compiling getentropy.cc
[743/1533] Compiling forkunsafe.cc
[744/1533] Compiling fork_detect.cc
[745/1533] Compiling deterministic.cc
[746/1533] Compiling poly1305_vec.cc
[747/1533] Compiling poly1305_arm.cc
[748/1533] Compiling pool.cc
[749/1533] Compiling poly1305.cc
[750/1533] Compiling pkcs8_x509.cc
[751/1533] Compiling pkcs8.cc
[752/1533] Compiling pkcs7.cc
[753/1533] Compiling p5_pbev2.cc
[754/1533] Compiling pkcs7_x509.cc
[755/1533] Compiling pem_xaux.cc
[756/1533] Compiling pem_x509.cc
[757/1533] Compiling pem_pkey.cc
[758/1533] Compiling pem_oth.cc
[759/1533] Compiling obj_xref.cc
[760/1533] Compiling mlkem.cc
[761/1533] Compiling pem_pk8.cc
[762/1533] Compiling pem_lib.cc
[763/1533] Compiling pem_all.cc
[764/1533] Compiling pem_info.cc
[765/1533] Compiling mldsa.cc
[766/1533] Compiling poly_rq_mul.S
[767/1533] Compiling obj.cc
[768/1533] Compiling fips_shared_support.cc
[769/1533] Compiling md5.cc
[770/1533] Compiling mem.cc
[771/1533] Compiling lhash.cc
[772/1533] Compiling md4.cc
[773/1533] Compiling kyber.cc
[774/1533] Compiling sign.cc
[775/1533] Compiling hrss.cc
[776/1533] Compiling ex_data.cc
[777/1533] Compiling print.cc
[778/1533] Compiling scrypt.cc
[779/1533] Compiling hpke.cc
[780/1533] Compiling pbkdf.cc
[781/1533] Compiling p_x25519.cc
[782/1533] Compiling p_x25519_asn1.cc
[783/1533] Compiling p_rsa_asn1.cc
[784/1533] Compiling p_ed25519.cc
[785/1533] Compiling p_hkdf.cc
[786/1533] Compiling p_rsa.cc
[787/1533] Compiling p_ed25519_asn1.cc
[788/1533] Compiling p_ec.cc
[789/1533] Compiling p_ec_asn1.cc
[790/1533] Compiling p_dh_asn1.cc
[791/1533] Compiling p_dh.cc
[792/1533] Compiling evp_ctx.cc
[793/1533] Compiling p_dsa_asn1.cc
[794/1533] Compiling evp_asn1.cc
[795/1533] Compiling evp.cc
[796/1533] Compiling err.cc
[797/1533] Compiling engine.cc
[798/1533] Compiling ecdsa_asn1.cc
[799/1533] Compiling ec_derive.cc
[800/1533] Compiling hash_to_curve.cc
[801/1533] Compiling ecdh.cc
[802/1533] Compiling ec_asn1.cc
[803/1533] Compiling dsa.cc
[804/1533] Compiling dsa_asn1.cc
[805/1533] Compiling bcm.cc
[806/1533] Compiling x25519-asm-arm.S
[807/1533] Compiling params.cc
[808/1533] Compiling des.cc
[809/1533] Compiling digest_extra.cc
[810/1533] Compiling dh_asn1.cc
[811/1533] Compiling curve25519_64_adx.cc
[812/1533] Compiling cpu_intel.cc
[813/1533] Compiling spake25519.cc
[814/1533] Compiling curve25519.cc
[815/1533] Compiling cpu_aarch64_win.cc
[816/1533] Compiling cpu_arm_linux.cc
[817/1533] Compiling crypto.cc
[818/1533] Compiling cpu_arm_freebsd.cc
[819/1533] Compiling cpu_aarch64_apple.cc
[820/1533] Compiling cpu_aarch64_sysreg.cc
[821/1533] Compiling cpu_aarch64_openbsd.cc
[822/1533] Compiling cpu_aarch64_fuchsia.cc
[823/1533] Compiling conf.cc
[824/1533] Compiling cpu_aarch64_linux.cc
[825/1533] Compiling tls_cbc.cc
[826/1533] Compiling get_cipher.cc
[827/1533] Compiling e_tls.cc
[828/1533] Compiling e_des.cc
[829/1533] Compiling e_chacha20poly1305.cc
[830/1533] Compiling e_rc4.cc
[831/1533] Compiling e_null.cc
[832/1533] Compiling e_aesgcmsiv.cc
[833/1533] Compiling e_aesctrhmac.cc
[834/1533] Compiling e_rc2.cc
[835/1533] Compiling derive_key.cc
[836/1533] Compiling chacha.cc
[837/1533] Compiling unicode.cc
[838/1533] Compiling ber.cc
[839/1533] Compiling buf.cc
[840/1533] Compiling cbb.cc
[841/1533] Compiling asn1_compat.cc
[842/1533] Compiling cbs.cc
[843/1533] Compiling convert.cc
[844/1533] Compiling blake2.cc
[845/1533] Compiling bn_asn1.cc
[846/1533] Compiling socket.cc
[847/1533] Compiling socket_helper.cc
[848/1533] Compiling hexdump.cc
[849/1533] Compiling printf.cc
[850/1533] Compiling pair.cc
[851/1533] Compiling file.cc
[852/1533] Compiling fd.cc
[853/1533] Compiling connect.cc
[854/1533] Compiling errno.cc
[855/1533] Compiling base64.cc
[856/1533] Compiling bio_mem.cc
[857/1533] Compiling tasn_typ.cc
[857/1533] Compiling bio.cc
[859/1533] Compiling tasn_utl.cc
[860/1533] Compiling tasn_fre.cc
[861/1533] Compiling tasn_new.cc
[862/1533] Compiling tasn_enc.cc
[863/1533] Compiling posix_time.cc
[864/1533] Compiling f_int.cc
[865/1533] Compiling asn1_par.cc
[866/1533] Compiling asn_pack.cc
[867/1533] Compiling f_string.cc
[868/1533] Compiling tasn_dec.cc
[869/1533] Compiling a_utctm.cc
[870/1533] Compiling asn1_lib.cc
[871/1533] Compiling a_time.cc
[872/1533] Compiling a_octet.cc
[873/1533] Compiling a_type.cc
[874/1533] Compiling a_mbstr.cc
[875/1533] Compiling a_strnid.cc
[876/1533] Compiling a_strex.cc
[877/1533] Compiling a_d2i_fp.cc
[878/1533] Compiling a_object.cc
[879/1533] Compiling a_i2d_fp.cc
[880/1533] Compiling CGoogleGaxCRC32C CGoogleGaxCRC32C.c
[881/1533] Compiling a_dup.cc
[882/1533] Compiling a_bool.cc
[883/1533] Compiling fiat_p256_adx_sqr.S
[884/1533] Compiling a_int.cc
[885/1533] Compiling fiat_curve25519_adx_square.S
[886/1533] Compiling fiat_curve25519_adx_mul.S
[887/1533] Compiling fiat_p256_adx_mul.S
[888/1533] Compiling a_bitstr.cc
[889/1533] Compiling md5-x86_64-apple.S
[890/1533] Compiling a_gentm.cc
[891/1533] Compiling md5-x86_64-linux.S
[892/1533] Compiling md5-586-linux.S
[893/1533] Compiling md5-586-apple.S
[894/1533] Compiling chacha20_poly1305_x86_64-linux.S
[895/1533] Compiling chacha20_poly1305_x86_64-apple.S
[896/1533] Compiling chacha20_poly1305_armv8-apple.S
[897/1533] Compiling chacha20_poly1305_armv8-win.S
[898/1533] Compiling chacha-x86_64-linux.S
[899/1533] Compiling chacha-x86-linux.S
[900/1533] Compiling chacha20_poly1305_armv8-linux.S
[901/1533] Compiling chacha-armv8-win.S
[902/1533] Compiling chacha-x86-apple.S
[902/1533] Compiling chacha-x86_64-apple.S
[904/1533] Compiling chacha-armv8-apple.S
[905/1533] Compiling CCryptoBoringSSLShims shims.c
[906/1533] Compiling aes128gcmsiv-x86_64-linux.S
[907/1533] Compiling chacha-armv8-linux.S
[908/1533] Compiling chacha-armv4-linux.S
[909/1533] Compiling aes128gcmsiv-x86_64-apple.S
[910/1533] Compiling x86_64-mont5-linux.S
[911/1533] Compiling x86_64-mont5-apple.S
[912/1533] Compiling x86_64-mont-linux.S
[913/1533] Compiling x86_64-mont-apple.S
[914/1533] Compiling x86-mont-apple.S
[914/1533] Compiling vpaes-x86_64-apple.S
[916/1533] Compiling x86-mont-linux.S
[917/1533] Compiling vpaes-x86_64-linux.S
[918/1533] Compiling vpaes-armv8-win.S
[919/1533] Compiling vpaes-x86-linux.S
[920/1533] Compiling vpaes-armv8-linux.S
[921/1533] Compiling vpaes-armv8-apple.S
[922/1533] Compiling vpaes-armv7-linux.S
[923/1533] Compiling vpaes-x86-apple.S
[924/1533] Compiling sha512-x86_64-linux.S
[925/1533] Compiling sha512-x86_64-apple.S
[926/1533] Compiling sha512-armv8-apple.S
[927/1533] Compiling sha512-armv8-win.S
[928/1533] Compiling sha512-armv8-linux.S
[929/1533] Compiling sha512-armv4-linux.S
[930/1533] Compiling sha512-586-apple.S
[931/1533] Compiling sha512-586-linux.S
[932/1533] Compiling sha256-x86_64-linux.S
[933/1533] Compiling sha256-x86_64-apple.S
[934/1533] Compiling err_data.cc
[935/1533] Compiling sha256-armv8-win.S
[936/1533] Compiling sha256-armv8-linux.S
[937/1533] Compiling sha256-armv8-apple.S
[938/1533] Compiling sha256-armv4-linux.S
[939/1533] Compiling sha256-586-apple.S
[940/1533] Compiling sha256-586-linux.S
[941/1533] Compiling sha1-x86_64-linux.S
[942/1533] Compiling sha1-armv8-win.S
[943/1533] Compiling sha1-x86_64-apple.S
[944/1533] Compiling sha1-armv4-large-linux.S
[944/1533] Compiling sha1-armv8-apple.S
[946/1533] Compiling rsaz-avx2-linux.S
[947/1533] Compiling sha1-586-apple.S
[947/1533] Compiling sha1-586-linux.S
[949/1533] Compiling sha1-armv8-linux.S
[950/1533] Compiling rsaz-avx2-apple.S
[951/1533] Compiling rdrand-x86_64-linux.S
[952/1533] Compiling rdrand-x86_64-apple.S
[953/1533] Compiling p256_beeu-x86_64-asm-linux.S
[954/1533] Compiling p256_beeu-armv8-asm-win.S
[955/1533] Compiling p256_beeu-armv8-asm-linux.S
[956/1533] Compiling p256_beeu-x86_64-asm-apple.S
[957/1533] Compiling p256-x86_64-asm-apple.S
[958/1533] Compiling p256-x86_64-asm-linux.S
[959/1533] Compiling p256-armv8-asm-win.S
[960/1533] Compiling p256-armv8-asm-linux.S
[961/1533] Compiling p256_beeu-armv8-asm-apple.S
[962/1533] Compiling ghashv8-armv8-win.S
[963/1533] Compiling p256-armv8-asm-apple.S
[964/1533] Compiling ghashv8-armv8-linux.S
[964/1533] Compiling ghashv8-armv7-linux.S
[966/1533] Compiling ghashv8-armv8-apple.S
[967/1533] Compiling ghash-x86_64-linux.S
[968/1533] Compiling ghash-x86-apple.S
[969/1533] Compiling ghash-x86_64-apple.S
[970/1533] Compiling ghash-x86-linux.S
[971/1533] Compiling ghash-ssse3-x86_64-linux.S
[972/1533] Compiling ghash-ssse3-x86-linux.S
[973/1533] Compiling ghash-ssse3-x86_64-apple.S
[974/1533] Compiling ghash-neon-armv8-win.S
[975/1533] Compiling ghash-ssse3-x86-apple.S
[976/1533] Compiling ghash-neon-armv8-linux.S
[977/1533] Compiling ghash-neon-armv8-apple.S
[978/1533] Compiling ghash-armv4-linux.S
[979/1533] Compiling co-586-linux.S
[980/1533] Compiling co-586-apple.S
[981/1533] Compiling bn-armv8-win.S
[982/1533] Compiling bsaes-armv7-linux.S
[983/1533] Compiling bn-armv8-apple.S
[984/1533] Compiling bn-armv8-linux.S
[985/1533] Compiling bn-586-apple.S
[986/1533] Compiling bn-586-linux.S
[987/1533] Compiling armv8-mont-win.S
[988/1533] Compiling armv8-mont-apple.S
[989/1533] Compiling armv8-mont-linux.S
[990/1533] Compiling aesv8-armv8-win.S
[991/1533] Compiling armv4-mont-linux.S
[992/1533] Compiling aesv8-armv8-linux.S
[993/1533] Compiling aesv8-gcm-armv8-win.S
[994/1533] Compiling aesv8-gcm-armv8-apple.S
[995/1533] Compiling aesv8-gcm-armv8-linux.S
[996/1533] Compiling aesv8-armv8-apple.S
[997/1533] Compiling aesv8-armv7-linux.S
[998/1533] Compiling aesni-x86_64-linux.S
[999/1533] Compiling aesni-x86_64-apple.S
[1000/1533] Compiling aesni-x86-apple.S
[1001/1533] Compiling aesni-x86-linux.S
[1002/1533] Compiling aes-gcm-avx512-x86_64-linux.S
[1003/1533] Compiling aesni-gcm-x86_64-linux.S
[1004/1533] Compiling aesni-gcm-x86_64-apple.S
[1005/1533] Compiling aes-gcm-avx512-x86_64-apple.S
[1006/1533] Compiling aes-gcm-avx2-x86_64-linux.S
[1007/1533] Compiling aes-gcm-avx2-x86_64-apple.S
[1008/1533] Compiling xwing.cc
[1009/1533] Compiling x_spki.cc
[1010/1533] Compiling x_x509a.cc
[1011/1533] Compiling x_req.cc
[1012/1533] Compiling x_sig.cc
[1013/1533] Compiling x_x509.cc
[1014/1533] Compiling c-nioatomics.c
[1015/1533] Compiling x_pubkey.cc
[1016/1533] Compiling c-atomics.c
[1017/1533] Compiling x_name.cc
[1018/1540] Compiling x_exten.cc
[1019/1540] Compiling x_attrib.cc
[1020/1540] Compiling x_crl.cc
[1021/1540] Compiling x_all.cc
[1022/1540] Compiling x509spki.cc
[1024/1540] Compiling NIOConcurrencyHelpers NIOLock.swift
[1024/1540] Compiling x_algor.cc
[1026/1540] Compiling NIOConcurrencyHelpers lock.swift
[1027/1540] Emitting module NIOConcurrencyHelpers
[1028/1540] Compiling NIOConcurrencyHelpers NIOLockedValueBox.swift
[1029/1540] Compiling NIOConcurrencyHelpers atomics.swift
[1030/1540] Compiling NIOConcurrencyHelpers NIOAtomic.swift
[1031/1540] Compiling NIOConcurrencyHelpers NIOThreadPoolWorkAvailable.swift
[1032/1541] Compiling x509rset.cc
[1033/1541] Wrapping AST for NIOConcurrencyHelpers for debugging
[1034/1541] Compiling x509cset.cc
[1035/1541] Compiling x509_vfy.cc
[1036/1541] Compiling x509_vpm.cc
[1037/1541] Compiling x509_txt.cc
[1038/1541] Compiling x509name.cc
[1039/1541] Compiling x509_v3.cc
[1040/1541] Compiling x509_d2.cc
[1041/1541] Compiling x509_trs.cc
[1042/1541] Compiling x509_def.cc
[1043/1541] Compiling x509_set.cc
[1044/1541] Compiling x509_obj.cc
[1045/1541] Compiling x509_req.cc
[1046/1541] Compiling x509_ext.cc
[1047/1541] Compiling x509_lu.cc
[1048/1541] Compiling x509_cmp.cc
[1049/1541] Compiling x509_att.cc
[1050/1541] Compiling v3_prn.cc
[1051/1541] Compiling v3_skey.cc
[1052/1541] Compiling x509.cc
[1053/1541] Compiling v3_utl.cc
[1054/1541] Compiling v3_pmaps.cc
[1055/1541] Compiling v3_purp.cc
[1056/1541] Compiling v3_pcons.cc
[1057/1541] Compiling v3_ncons.cc
[1058/1541] Compiling v3_ocsp.cc
[1059/1541] Compiling v3_int.cc
[1060/1541] Compiling v3_lib.cc
[1061/1541] Compiling v3_genn.cc
[1062/1541] Compiling v3_extku.cc
[1063/1541] Compiling v3_ia5.cc
[1064/1541] Compiling v3_info.cc
[1065/1541] Compiling v3_enum.cc
[1066/1541] Compiling v3_bitst.cc
[1067/1541] Compiling v3_bcons.cc
[1068/1541] Compiling v3_cpols.cc
[1069/1541] Compiling v3_conf.cc
[1070/1541] Compiling v3_crld.cc
[1071/1541] Compiling v3_akey.cc
[1072/1541] Compiling v3_alt.cc
[1073/1541] Compiling v3_akeya.cc
[1074/1541] Compiling t_x509a.cc
[1075/1541] Compiling t_x509.cc
[1076/1541] Compiling i2d_pr.cc
[1077/1541] Compiling t_req.cc
[1078/1541] Compiling t_crl.cc
[1079/1541] Compiling name_print.cc
[1080/1541] Compiling rsa_pss.cc
[1081/1541] Compiling policy.cc
[1082/1541] Compiling by_dir.cc
[1083/1541] Compiling by_file.cc
[1084/1541] Compiling voprf.cc
[1085/1541] Compiling asn1_gen.cc
[1086/1541] Compiling trust_token.cc
[1087/1541] Compiling algorithm.cc
[1088/1541] Compiling a_sign.cc
[1089/1541] Compiling thread_win.cc
[1090/1541] Compiling a_verify.cc
[1091/1541] Compiling a_digest.cc
[1092/1541] Compiling thread_pthread.cc
[1093/1541] Compiling stack.cc
[1094/1541] Compiling thread_none.cc
[1095/1541] Compiling pmbtoken.cc
[1096/1541] Compiling thread.cc
[1097/1541] Compiling siphash.cc
[1098/1541] Compiling sha512.cc
[1099/1541] Compiling sha256.cc
[1100/1541] Compiling slhdsa.cc
[1101/1541] Compiling rsa_print.cc
[1102/1541] Compiling sha1.cc
[1103/1541] Compiling rsa_extra.cc
[1104/1541] Compiling spake2plus.cc
[1105/1541] Compiling rsa_crypt.cc
[1106/1541] Compiling trusty.cc
[1107/1541] Compiling rc4.cc
[1108/1541] Compiling windows.cc
[1109/1541] Compiling refcount.cc
[1110/1541] Compiling urandom.cc
[1111/1541] Compiling rsa_asn1.cc
[1112/1541] Compiling rand.cc
[1113/1541] Compiling ios.cc
[1114/1541] Compiling getentropy.cc
[1115/1541] Compiling poly1305_arm_asm.S
[1116/1541] Compiling passive.cc
[1117/1541] Compiling pool.cc
[1118/1541] Compiling forkunsafe.cc
[1119/1541] Compiling deterministic.cc
[1120/1541] Compiling poly1305_arm.cc
[1121/1541] Compiling fork_detect.cc
[1122/1541] Compiling poly1305_vec.cc
[1123/1541] Compiling poly1305.cc
[1124/1541] Compiling pkcs8.cc
[1125/1541] Compiling pkcs8_x509.cc
[1126/1541] Compiling p5_pbev2.cc
[1127/1541] Compiling pkcs7.cc
[1128/1541] Compiling pem_x509.cc
[1129/1541] Compiling pem_xaux.cc
[1130/1541] Compiling pkcs7_x509.cc
[1131/1541] Compiling pem_pkey.cc
[1132/1541] Compiling pem_oth.cc
[1133/1541] Compiling pem_pk8.cc
[1134/1541] Compiling pem_lib.cc
[1135/1541] Compiling mlkem.cc
[1136/1541] Compiling pem_all.cc
[1137/1541] Compiling pem_info.cc
[1138/1541] Compiling obj_xref.cc
[1139/1541] Compiling mem.cc
[1140/1541] Compiling obj.cc
[1141/1541] Compiling poly_rq_mul.S
[1142/1541] Compiling mldsa.cc
[1143/1541] Compiling fips_shared_support.cc
[1144/1541] Compiling lhash.cc
[1145/1541] Compiling md4.cc
[1146/1541] Compiling md5.cc
[1147/1541] Compiling fuzzer_mode.cc
[1148/1541] Compiling kyber.cc
[1149/1541] Compiling ex_data.cc
[1150/1541] Compiling hrss.cc
[1151/1541] Compiling hpke.cc
[1152/1541] Compiling scrypt.cc
[1153/1541] Compiling print.cc
[1154/1541] Compiling pbkdf.cc
[1155/1541] Compiling sign.cc
[1156/1541] Compiling p_x25519_asn1.cc
[1157/1541] Compiling p_x25519.cc
[1158/1541] Compiling p_rsa_asn1.cc
[1159/1541] Compiling p_rsa.cc
[1160/1541] Compiling p_hkdf.cc
[1161/1541] Compiling p_ed25519_asn1.cc
[1162/1541] Compiling p_ed25519.cc
[1163/1541] Compiling p_ec_asn1.cc
[1164/1541] Compiling p_ec.cc
[1165/1541] Compiling p_dsa_asn1.cc
[1166/1541] Compiling p_dh_asn1.cc
[1167/1541] Compiling p_dh.cc
[1168/1541] Compiling err.cc
[1169/1541] Compiling evp_ctx.cc
[1170/1541] Compiling engine.cc
[1171/1541] Compiling ecdsa_p1363.cc
[1172/1541] Compiling evp_asn1.cc
[1173/1541] Compiling evp.cc
[1174/1541] Compiling ecdh.cc
[1175/1541] Compiling ec_derive.cc
[1176/1541] Compiling ecdsa_asn1.cc
[1177/1541] Compiling hash_to_curve.cc
[1178/1541] Compiling dsa.cc
[1179/1541] Compiling dsa_asn1.cc
[1180/1541] Compiling digest_extra.cc
[1181/1541] Compiling ec_asn1.cc
[1182/1541] Compiling x25519-asm-arm.S
[1183/1541] Compiling des.cc
[1184/1541] Compiling curve25519_64_adx.cc
[1185/1541] Compiling params.cc
[1186/1541] Compiling dh_asn1.cc
[1187/1541] Compiling spake25519.cc
[1188/1541] Compiling crypto.cc
[1189/1541] Compiling cpu_intel.cc
[1190/1541] Compiling curve25519.cc
[1191/1541] Compiling cpu_arm_freebsd.cc
[1191/1541] Compiling cpu_arm_linux.cc
[1193/1541] Compiling cpu_aarch64_win.cc
[1194/1541] Compiling cpu_aarch64_sysreg.cc
[1195/1541] Compiling cpu_aarch64_openbsd.cc
[1196/1541] Compiling cpu_aarch64_apple.cc
[1197/1541] Compiling cpu_aarch64_linux.cc
[1198/1541] Compiling cpu_aarch64_fuchsia.cc
[1199/1541] Compiling conf.cc
[1200/1541] Compiling tls_cbc.cc
[1201/1541] Compiling get_cipher.cc
[1202/1541] Compiling cms.cc
[1203/1541] Compiling e_tls.cc
[1204/1541] Compiling e_rc4.cc
[1205/1541] Compiling e_rc2.cc
[1206/1541] Compiling e_null.cc
[1207/1541] Compiling e_des.cc
[1208/1541] Compiling e_chacha20poly1305.cc
[1209/1541] Compiling e_aesctrhmac.cc
[1210/1541] Compiling e_aeseax.cc
[1211/1541] Compiling e_aesgcmsiv.cc
[1212/1541] Compiling derive_key.cc
[1213/1541] Compiling chacha.cc
[1214/1541] Compiling unicode.cc
[1215/1541] Compiling buf.cc
[1216/1541] Compiling sqrt.cc
[1217/1541] Compiling cbs.cc
[1218/1541] Compiling cbb.cc
[1219/1541] Compiling ber.cc
[1220/1541] Compiling asn1_compat.cc
[1221/1541] Compiling div.cc
[1222/1541] Compiling exponentiation.cc
[1223/1541] Compiling printf.cc
[1224/1541] Compiling blake2.cc
[1225/1541] Compiling pair.cc
[1226/1541] Compiling bn_asn1.cc
[1227/1541] Compiling convert.cc
[1228/1541] Compiling hexdump.cc
[1229/1541] Compiling file.cc
[1230/1541] Compiling fd.cc
[1231/1541] Compiling errno.cc
[1232/1541] Compiling bio_mem.cc
[1233/1541] Compiling bio.cc
[1234/1541] Compiling base64.cc
[1235/1541] Compiling tasn_typ.cc
[1236/1541] Compiling tasn_fre.cc
[1237/1541] Compiling tasn_new.cc
[1238/1541] Compiling tasn_enc.cc
[1239/1541] Compiling tasn_utl.cc
[1240/1541] Compiling posix_time.cc
[1241/1541] Compiling tasn_dec.cc
[1242/1541] Compiling bcm.cc
[1243/1541] Compiling f_string.cc
[1244/1541] Compiling f_int.cc
[1245/1541] Compiling asn_pack.cc
[1246/1541] Compiling asn1_par.cc
[1247/1541] Compiling asn1_lib.cc
[1248/1541] Compiling a_utctm.cc
[1249/1541] Compiling a_octet.cc
[1250/1541] Compiling a_time.cc
[1251/1541] Compiling a_type.cc
[1252/1541] Compiling a_strnid.cc
[1253/1541] Compiling a_strex.cc
[1254/1541] Compiling a_object.cc
[1255/1541] Compiling a_d2i_fp.cc
[1256/1541] Compiling a_i2d_fp.cc
[1257/1541] Compiling a_dup.cc
[1257/1541] Compiling a_mbstr.cc
[1257/1541] Write sources
[1262/1541] Compiling CAsyncHTTPClient CAsyncHTTPClient.c
[1263/1541] Compiling a_int.cc
[1264/1584] Compiling a_gentm.cc
[1266/1584] Compiling Algorithms FirstNonNil.swift
[1267/1584] Compiling Algorithms AdjacentPairs.swift
[1267/1586] Compiling a_bool.cc
[1269/1586] Compiling Algorithms FlattenCollection.swift
[1270/1586] Compiling Algorithms Grouped.swift
[1271/1586] Compiling Algorithms Indexed.swift
[1272/1586] Compiling Algorithms Intersperse.swift
[1272/1586] Compiling aes.cc
[1273/1586] Compiling Algorithms Partition.swift
[1274/1586] Compiling Algorithms Permutations.swift
[1275/1586] Compiling a_bitstr.cc
[1277/1586] Compiling Atomics IntegerOperations.swift
[1278/1586] Compiling Atomics Unmanaged extensions.swift
[1279/1594] Compiling Algorithms Compacted.swift
[1280/1594] Compiling Algorithms Cycle.swift
[1281/1594] Compiling Algorithms EitherSequence.swift
[1283/1594] Compiling Algorithms Stride.swift
[1284/1594] Compiling Algorithms Suffix.swift
[1285/1597] Compiling Algorithms RandomSample.swift
[1286/1597] Compiling Algorithms Reductions.swift
[1287/1597] Compiling Algorithms Rotate.swift
[1288/1597] Compiling Algorithms Joined.swift
[1289/1597] Compiling Algorithms Keyed.swift
[1290/1597] Compiling Algorithms MinMax.swift
[1294/1597] Compiling CryptoBoringWrapper RandomBytes.swift
[1303/1597] Compiling Algorithms Trim.swift
[1304/1597] Compiling Algorithms Unique.swift
[1305/1597] Compiling Algorithms Windows.swift
[1306/1597] Compiling CryptoBoringWrapper FiniteFieldArithmeticContext.swift
[1307/1597] Compiling CryptoBoringWrapper BoringSSLAEAD.swift
[1308/1597] Emitting module CryptoBoringWrapper
[1309/1597] Compiling CryptoBoringWrapper CryptoKitErrors_boring.swift
[1310/1597] Compiling CryptoBoringWrapper ArbitraryPrecisionInteger.swift
[1311/1597] Compiling CryptoBoringWrapper EllipticCurvePoint.swift
[1312/1597] Compiling CryptoBoringWrapper EllipticCurve.swift
[1314/1598] Compiling Algorithms Chain.swift
[1315/1598] Compiling Algorithms Chunked.swift
[1316/1598] Compiling Algorithms Combinations.swift
[1317/1598] Wrapping AST for CryptoBoringWrapper for debugging
[1319/1662] Emitting module Atomics
[1320/1682] Compiling Crypto Nonces.swift
[1321/1682] Compiling Crypto ASN1.swift
[1322/1682] Compiling Crypto ASN1Any.swift
[1323/1682] Compiling Crypto ASN1BitString.swift
[1324/1682] Compiling Crypto ASN1Boolean.swift
[1325/1682] Compiling Crypto ASN1Identifier.swift
[1326/1683] Wrapping AST for Atomics for debugging
[1328/1747] Emitting module Algorithms
[1329/1748] Wrapping AST for Algorithms for debugging
[1331/1748] Compiling Crypto HKDF.swift
[1332/1748] Compiling Crypto AESWrap.swift
[1333/1748] Compiling Crypto AESWrap_boring.swift
[1334/1748] Compiling Crypto Ed25519_boring.swift
[1335/1748] Compiling Crypto NISTCurvesKeys_boring.swift
[1336/1748] Compiling Crypto X25519Keys_boring.swift
[1337/1748] Compiling Crypto Curve25519.swift
[1338/1748] Compiling Crypto Ed25519Keys.swift
[1339/1748] Compiling Crypto NISTCurvesKeys.swift
[1340/1748] Compiling Crypto X25519Keys.swift
[1341/1748] Compiling Crypto SymmetricKeys.swift
[1342/1748] Compiling Crypto HMAC.swift
[1343/1759] Emitting module Crypto
[1344/1759] Compiling NIOCore AddressedEnvelope.swift
[1345/1759] Compiling NIOCore AsyncAwaitSupport.swift
[1346/1759] Compiling NIOCore AsyncChannel.swift
[1347/1759] Compiling NIOCore AsyncChannelHandler.swift
[1348/1759] Compiling NIOCore AsyncChannelInboundStream.swift
[1349/1759] Compiling NIOCore AsyncChannelOutboundWriter.swift
[1350/1759] Compiling NIOCore NIOAsyncSequenceProducer.swift
[1351/1759] Compiling NIOCore NIOAsyncSequenceProducerStrategies.swift
[1352/1759] Compiling NIOCore NIOAsyncWriter.swift
[1353/1759] Compiling NIOCore NIOThrowingAsyncSequenceProducer.swift
[1354/1759] Compiling NIOCore BSDSocketAPI.swift
[1355/1759] Compiling NIOCore ByteBuffer-aux.swift
[1356/1759] Compiling NIOCore NIOCoreSendableMetatype.swift
[1357/1759] Compiling NIOCore NIODecodedAsyncSequence.swift
[1358/1759] Compiling NIOCore NIOLoopBound.swift
[1359/1759] Compiling NIOCore NIOPooledRecvBufferAllocator.swift
[1360/1759] Compiling NIOCore NIOScheduledCallback.swift
[1361/1759] Compiling NIOCore NIOSendable.swift
[1362/1759] Compiling NIOCore NIOSplitLinesMessageDecoder.swift
[1363/1759] Compiling NIOCore NIOTransportAccessibleChannelCore.swift
[1364/1759] Compiling NIOCore RecvByteBufferAllocator.swift
[1365/1759] Compiling NIOCore IPProtocol.swift
[1366/1759] Compiling NIOCore IntegerBitPacking.swift
[1367/1759] Compiling NIOCore IntegerTypes.swift
[1368/1759] Compiling NIOCore Interfaces.swift
[1369/1759] Compiling NIOCore Linux.swift
[1370/1759] Compiling NIOCore MarkedCircularBuffer.swift
[1371/1759] Compiling NIOCore MulticastChannel.swift
[1372/1759] Compiling NIOCore NIOAny.swift
[1373/1759] Compiling NIOCore NIOCloseOnErrorHandler.swift
[1374/1767] Compiling NIOCore EventLoopFuture+Deprecated.swift
[1375/1767] Compiling NIOCore EventLoopFuture+WithEventLoop.swift
[1376/1767] Compiling NIOCore EventLoopFuture.swift
[1377/1767] Compiling NIOCore FileDescriptor.swift
[1378/1767] Compiling NIOCore FileHandle.swift
[1379/1767] Compiling NIOCore FileRegion.swift
[1380/1767] Compiling NIOCore GlobalSingletons.swift
[1381/1767] Compiling NIOCore IO.swift
[1382/1767] Compiling NIOCore IOData.swift
[1383/1767] Compiling NIOCore CircularBuffer.swift
[1384/1767] Compiling NIOCore Codec.swift
[1385/1767] Compiling NIOCore ConvenienceOptionSupport.swift
[1386/1767] Compiling NIOCore DeadChannel.swift
[1387/1767] Compiling NIOCore DispatchQueue+WithFuture.swift
[1388/1767] Compiling NIOCore EventLoop+Deprecated.swift
[1389/1767] Compiling NIOCore EventLoop+SerialExecutor.swift
[1390/1767] Compiling NIOCore EventLoop.swift
[1391/1767] Compiling NIOCore EventLoopFuture+AssumeIsolated.swift
[1397/1767] Compiling NIOCore ByteBuffer-multi-int.swift
[1398/1767] Compiling NIOCore ByteBuffer-quicBinaryEncodingStrategy.swift
[1399/1767] Compiling NIOCore ByteBuffer-views.swift
[1400/1767] Compiling NIOCore Channel.swift
[1401/1767] Compiling NIOCore ChannelHandler.swift
[1402/1767] Compiling NIOCore ChannelHandlers.swift
[1403/1767] Compiling NIOCore ChannelInvoker.swift
[1404/1767] Compiling NIOCore ChannelOption.swift
[1405/1767] Compiling NIOCore ChannelPipeline.swift
[1410/1767] Compiling NIOCore SingleStepByteToMessageDecoder.swift
[1411/1767] Compiling NIOCore SocketAddresses.swift
[1412/1767] Compiling NIOCore SocketOptionProvider.swift
[1413/1767] Compiling NIOCore SystemCallHelpers.swift
[1414/1767] Compiling NIOCore TimeAmount+Duration.swift
[1415/1767] Compiling NIOCore TypeAssistedChannelHandler.swift
[1416/1767] Compiling NIOCore UniversalBootstrapSupport.swift
[1417/1767] Compiling NIOCore Utilities.swift
[1418/1767] Compiling NIOCore ByteBuffer-binaryEncodedLengthPrefix.swift
[1419/1767] Compiling NIOCore ByteBuffer-conversions.swift
[1420/1767] Compiling NIOCore ByteBuffer-core.swift
[1421/1767] Compiling NIOCore ByteBuffer-hex.swift
[1422/1767] Compiling NIOCore ByteBuffer-int.swift
[1423/1767] Compiling NIOCore ByteBuffer-lengthPrefix.swift
[1442/1767] Compiling Crypto Signature.swift
[1443/1767] Compiling Crypto CryptoKitErrors_boring.swift
[1444/1767] Compiling Crypto Optional+withUnsafeBytes_boring.swift
[1445/1767] Compiling Crypto RNG_boring.swift
[1446/1767] Compiling Crypto SafeCompare_boring.swift
[1447/1767] Compiling Crypto Zeroization_boring.swift
[1448/1767] Compiling Crypto _CryptoModuleAnchor.swift
[1449/1767] Compiling Crypto PrettyBytes.swift
[1450/1767] Compiling Crypto SafeCompare.swift
[1451/1767] Compiling Crypto SecureBytes.swift
[1452/1767] Compiling Crypto Zeroization.swift
[1453/1768] Wrapping AST for Crypto for debugging
[1455/1830] Compiling CryptoExtras PBKDF2.swift
[1456/1830] Compiling CryptoExtras Scrypt_boring.swift
[1457/1830] Compiling CryptoExtras Scrypt.swift
[1458/1830] Compiling CryptoExtras OPRF.swift
[1459/1830] Compiling CryptoExtras OPRFClient.swift
[1460/1830] Compiling CryptoExtras OPRFServer.swift
[1461/1830] Compiling CryptoExtras VOPRF+API.swift
[1462/1830] Compiling CryptoExtras VOPRFClient.swift
[1463/1830] Compiling CryptoExtras VOPRFServer.swift
[1464/1830] Compiling CryptoExtras CMAC.swift
[1465/1830] Compiling CryptoExtras ARC+API.swift
[1466/1830] Compiling CryptoExtras ARC.swift
[1467/1830] Compiling CryptoExtras ARCCredential.swift
[1468/1830] Compiling CryptoExtras ARCEncoding.swift
[1469/1830] Compiling CryptoExtras ARCPrecredential.swift
[1470/1830] Compiling CryptoExtras ARCPresentation.swift
[1471/1830] Compiling CryptoExtras ARCRequest.swift
[1472/1830] Compiling CryptoExtras ARCResponse.swift
[1473/1830] Compiling CryptoExtras Data+Extensions.swift
[1474/1830] Compiling CryptoExtras DigestType.swift
[1475/1830] Compiling CryptoExtras Error.swift
[1476/1830] Compiling CryptoExtras I2OSP.swift
[1477/1830] Compiling CryptoExtras IntegerEncoding.swift
[1478/1830] Compiling CryptoExtras PEMDocument.swift
[1479/1830] Compiling CryptoExtras PrettyBytes.swift
[1480/1830] Compiling CryptoExtras SubjectPublicKeyInfo.swift
[1481/1838] Compiling CryptoExtras PKCS8DERRepresentation.swift
[1482/1838] Compiling CryptoExtras PKCS8PrivateKey.swift
[1483/1838] Compiling CryptoExtras RFC8410AlgorithmIdentifier.swift
[1484/1838] Compiling CryptoExtras ECToolbox_boring.swift
[1485/1838] Compiling CryptoExtras ECToolbox.swift
[1486/1838] Compiling CryptoExtras HashToField.swift
[1487/1838] Compiling CryptoExtras KDF.swift
[1488/1838] Compiling CryptoExtras PBKDF2_boring.swift
[1489/1838] Compiling CryptoExtras PBKDF2_commoncrypto.swift
[1490/1838] Compiling CryptoExtras ARCServer.swift
[1491/1838] Compiling CryptoExtras ChaCha20CTR_boring.swift
[1492/1838] Compiling CryptoExtras ChaCha20CTR.swift
[1493/1838] Compiling CryptoExtras BoringSSLSHA512256Context.swift
[1494/1838] Compiling CryptoExtras BoringSSLSHA512256HashFunction.swift
[1495/1838] Compiling CryptoExtras SHA512256.swift
[1496/1838] Compiling CryptoExtras SHA512256Digest.swift
[1497/1838] Compiling CryptoExtras Curve25519+PEM.swift
[1498/1838] Compiling CryptoExtras ObjectIdentifier.swift
[1499/1838] Compiling CryptoExtras ThreadSpecific.swift
[1500/1838] Compiling CryptoExtras ThreadWindows.swift
[1501/1838] Compiling CryptoExtras DLEQ.swift
[1502/1838] Compiling CryptoExtras Prover.swift
[1503/1838] Compiling CryptoExtras Verifier.swift
[1504/1838] Compiling CryptoExtras ZKPToolbox.swift
[1507/1838] Compiling CryptoExtras ThreadOps.swift
[1508/1838] Compiling CryptoExtras ThreadPosix.swift
[1515/1838] Compiling CryptoExtras BoringSSLPassphraseCallbackManager.swift
[1516/1838] Compiling CryptoExtras RSA+BlindSigning.swift
[1517/1838] Compiling CryptoExtras RSA.swift
[1518/1838] Compiling CryptoExtras RSA_boring.swift
[1519/1838] Compiling CryptoExtras Reexport.swift
[1520/1838] Compiling CryptoExtras Zeroization_boring.swift
[1521/1838] Compiling CryptoExtras BoringSSLHelpers.swift
[1522/1838] Compiling CryptoExtras CryptoKitErrors_boring.swift
[1541/1838] Emitting module CryptoExtras
[1542/1838] Compiling CryptoExtras AES_CBC.swift
[1543/1838] Compiling CryptoExtras AES_CFB.swift
[1544/1838] Compiling CryptoExtras AES_CTR.swift
[1545/1838] Compiling CryptoExtras AES_GCM_SIV.swift
[1546/1838] Compiling CryptoExtras Block Function.swift
[1547/1838] Compiling CryptoExtras AES_CBC_boring.swift
[1548/1838] Compiling CryptoExtras AES_CFB_boring.swift
[1549/1838] Compiling CryptoExtras AES_CTR_boring.swift
[1550/1838] Compiling CryptoExtras AES_GCM_SIV_boring.swift
[1551/1839] Wrapping AST for CryptoExtras for debugging
[1553/1841] Emitting module _CryptoExtras
[1554/1841] Compiling _CryptoExtras Exports.swift
[1555/1842] Wrapping AST for _CryptoExtras for debugging
[1557/1937] Compiling X509 CertificateSerialNumber.swift
[1558/1937] Compiling X509 CertificateVersion.swift
[1559/1937] Compiling X509 CMSAttribute.swift
[1560/1937] Compiling X509 CMSContentInfo.swift
[1561/1937] Compiling X509 CMSEncapsulatedContentInfo.swift
[1562/1937] Compiling X509 NameConstraints.swift
[1563/1937] Compiling X509 SubjectAlternativeName.swift
[1564/1937] Compiling X509 SubjectKeyIdentifier.swift
[1565/1937] Compiling X509 Extension.swift
[1566/1937] Compiling X509 DomainComponent.swift
[1567/1937] Compiling X509 EmailAddress.swift
[1568/1937] Compiling X509 LocalityName.swift
[1569/1937] Compiling X509 OrganizationName.swift
[1570/1937] Compiling X509 OrganizationalUnitName.swift
[1571/1937] Compiling X509 StateOrProvinceName.swift
[1572/1937] Compiling X509 StreetAddress.swift
[1573/1937] Compiling X509 Error.swift
[1574/1937] Compiling X509 AuthorityInformationAccess.swift
[1575/1937] Emitting module NIOCore
[1576/1940] Wrapping AST for NIOCore for debugging
[1578/1995] Compiling NIOFoundationEssentialsCompat Codable+ByteBuffer.swift
[1579/1995] Emitting module NIOFoundationEssentialsCompat
[1580/1995] Compiling NIOPosix BSDSocketAPICommon.swift
[1581/1995] Compiling NIOPosix BSDSocketAPIPosix.swift
[1582/1995] Compiling NIOPosix BSDSocketAPIWindows.swift
[1583/1995] Compiling NIOPosix BaseSocket.swift
[1584/1995] Compiling NIOPosix BaseSocketChannel+AccessibleTransport.swift
[1585/1995] Compiling NIOPosix BaseSocketChannel+SocketOptionProvider.swift
[1586/1995] Compiling NIOPosix BaseSocketChannel.swift
[1587/1995] Compiling NIOPosix BaseStreamSocketChannel.swift
[1588/1995] Compiling NIOPosix Bootstrap.swift
[1589/1995] Compiling NIOPosix ControlMessage.swift
[1590/1995] Compiling NIOPosix DatagramVectorReadManager.swift
[1591/1995] Compiling NIOPosix Errors+Any.swift
[1592/1995] Compiling NIOPosix FileDescriptor.swift
[1593/1995] Compiling NIOPosix GetaddrinfoResolver.swift
[1594/2008] Compiling X509 PKCS8PrivateKey.swift
[1595/2008] Compiling X509 PromiseAndFuture.swift
[1596/2008] Compiling X509 RDNAttribute.swift
[1597/2008] Compiling X509 RandomNumberGenerator+bytes.swift
[1598/2008] Compiling X509 RelativeDistinguishedName.swift
[1599/2008] Compiling X509 SEC1PrivateKey.swift
[1600/2008] Compiling X509 SecKeyWrapper.swift
[1601/2008] Compiling X509 Signature.swift
[1602/2008] Compiling X509 SignatureAlgorithm.swift
[1603/2008] Compiling X509 AllOfPolicies.swift
[1604/2008] Compiling X509 AnyPolicy.swift
[1605/2008] Compiling X509 CertificateStore.swift
[1606/2008] Compiling X509 CustomCertificateStore.swift
[1607/2008] Emitting module NIOEmbedded
[1608/2008] Compiling NIOFoundationEssentialsCompat ByteBuffer-foundation.swift
[1609/2009] Wrapping AST for NIOFoundationEssentialsCompat for debugging
[1611/2009] Compiling X509 OCSPExtensionID.swift
[1612/2009] Compiling X509 OCSPNonce.swift
[1613/2009] Compiling X509 OCSPPolicy.swift
[1614/2009] Compiling X509 OCSPRequest.swift
[1615/2009] Compiling X509 OCSPResponse.swift
[1616/2009] Compiling X509 OCSPResponseBytes.swift
[1617/2009] Compiling X509 OCSPResponseData.swift
[1618/2009] Compiling X509 OCSPResponseStatus.swift
[1619/2009] Compiling X509 OCSPSignature.swift
[1620/2009] Compiling X509 OCSPSingleRequest.swift
[1621/2009] Compiling X509 OCSPSingleResponse.swift
[1622/2009] Compiling X509 OCSPTBSRequest.swift
[1623/2009] Compiling X509 OCSPVersion.swift
[1624/2009] Compiling X509 OneOfPolicies.swift
[1625/2009] Compiling X509 PolicyBuilder.swift
[1626/2009] Compiling X509 BasicConstraintsPolicy.swift
[1627/2009] Compiling X509 DNSNames.swift
[1628/2009] Compiling X509 ExpiryPolicy.swift
[1629/2009] Compiling X509 IPConstraints.swift
[1630/2009] Compiling X509 NameConstraintsPolicy.swift
[1631/2009] Compiling X509 RFC5280Policy.swift
[1632/2009] Compiling X509 URIConstraints.swift
[1633/2009] Compiling X509 VersionPolicy.swift
[1634/2009] Compiling X509 ServerIdentityPolicy.swift
[1635/2009] Compiling X509 TrustRootLoading.swift
[1636/2009] Compiling X509 UnverifiedChain.swift
[1637/2009] Compiling NIOEmbedded AsyncTestingEventLoop.swift
[1638/2009] Compiling NIOEmbedded Embedded.swift
[1639/2009] Compiling NIOEmbedded AsyncTestingChannel.swift
[1640/2010] Wrapping AST for NIOEmbedded for debugging
[1642/2010] Compiling NIOPosix PipeChannel.swift
[1643/2010] Compiling NIOPosix PipePair.swift
[1644/2010] Compiling NIOPosix Pool.swift
[1645/2010] Compiling NIOPosix PosixSingletons+ConcurrencyTakeOver.swift
[1646/2010] Compiling NIOPosix PosixSingletons.swift
[1647/2010] Compiling NIOPosix RawSocketBootstrap.swift
[1648/2010] Compiling NIOPosix Resolver.swift
[1650/2017] Compiling NIOPosix Selectable.swift
[1651/2017] Compiling NIOPosix SelectableChannel.swift
[1652/2017] Compiling NIOPosix SelectableEventLoop.swift
[1653/2017] Compiling NIOPosix SelectorEpoll.swift
[1654/2017] Compiling NIOPosix SelectorGeneric.swift
[1655/2017] Compiling NIOPosix SelectorKqueue.swift
[1656/2017] Compiling NIOPosix SelectorUring.swift
[1657/2017] Compiling NIOPosix SelectorWSAPoll.swift
[1658/2017] Compiling NIOPosix ServerSocket.swift
[1659/2017] Compiling NIOPosix Socket.swift
[1660/2017] Compiling NIOPosix SocketChannel.swift
[1661/2017] Compiling NIOPosix SocketProtocols.swift
[1662/2017] Compiling NIOPosix StructuredConcurrencyHelpers.swift
[1663/2017] Compiling NIOPosix System.swift
[1664/2017] Compiling NIOPosix MultiThreadedEventLoopGroup.swift
[1665/2017] Compiling NIOPosix NIOPosixSendableMetatype.swift
[1666/2017] Compiling NIOPosix NIORandomizedDNSResolver.swift
[1667/2017] Compiling NIOPosix NIOThreadPool.swift
[1668/2017] Compiling NIOPosix NonBlockingFileIO.swift
[1669/2017] Compiling NIOPosix PendingDatagramWritesManager.swift
[1670/2017] Compiling NIOPosix PendingWritesManager.swift
[1671/2017] Compiling NIOPosix Thread.swift
[1672/2017] Compiling NIOPosix ThreadPosix.swift
[1673/2017] Compiling NIOPosix ThreadWindows.swift
[1674/2017] Compiling NIOPosix Utilities.swift
[1675/2017] Compiling NIOPosix VsockAddress.swift
[1676/2017] Compiling NIOPosix VsockChannelEvents.swift
[1677/2017] Compiling NIOPosix HappyEyeballs.swift
[1678/2017] Compiling NIOPosix IO.swift
[1679/2017] Compiling NIOPosix IntegerBitPacking.swift
[1680/2017] Compiling NIOPosix IntegerTypes.swift
[1681/2017] Compiling NIOPosix Linux.swift
[1682/2017] Compiling NIOPosix LinuxCPUSet.swift
[1683/2017] Compiling NIOPosix LinuxUring.swift
[1696/2017] Compiling NIOPosix Windows.swift
[1711/2017] Emitting module X509
[1712/2017] Emitting module NIOPosix
[1741/2018] Wrapping AST for NIOPosix for debugging
[1743/2020] Emitting module NIO
[1744/2020] Compiling NIO Exports.swift
[1745/2020] Compiling X509 ValidatedCertificateChain.swift
[1746/2020] Compiling X509 VerificationDiagnostic.swift
[1747/2020] Compiling X509 Verifier.swift
[1748/2020] Compiling X509 VerifierPolicy.swift
[1749/2020] Compiling X509 AlgorithmIdentifier.swift
[1750/2020] Compiling X509 ECDSASignature.swift
[1751/2020] Compiling X509 RSAPKCS1PublicKey.swift
[1752/2020] Compiling X509 SubjectPublicKeyInfo.swift
[1753/2020] Compiling X509 TBSCertificate.swift
[1754/2020] Compiling X509 Time.swift
[1755/2020] Compiling X509 TimeCalculations.swift
[1756/2020] Compiling X509 Validity.swift
[1757/2020] Compiling X509 X509SendableMetatype.swift
[1759/2022] Wrapping AST for NIO for debugging
[1760/2061] Wrapping AST for X509 for debugging
[1762/2101] Compiling NIOFoundationCompat JSONSerialization+ByteBuffer.swift
[1763/2107] Compiling NIOTLS TLSEvents.swift
[1764/2128] Compiling NIOSOCKS SelectedAuthenticationMethod.swift
[1765/2129] Compiling NIOSOCKS ClientStateMachine.swift
[1766/2129] Emitting module NIOFoundationCompat
[1767/2129] Compiling NIOFoundationCompat WaitSpinningRunLoop.swift
[1768/2129] Compiling NIOFoundationCompat Exports.swift
[1769/2130] Emitting module NIOTLS
[1770/2130] Compiling NIOSOCKS SOCKSResponse.swift
[1771/2130] Compiling NIOTLS ApplicationProtocolNegotiationHandler.swift
[1772/2130] Compiling NIOTLS NIOTypedApplicationProtocolNegotiationHandler.swift
[1773/2130] Wrapping AST for NIOFoundationCompat for debugging
[1775/2130] Compiling NIOSOCKS ServerStateMachine.swift
[1776/2130] Emitting module NIOSOCKS
[1777/2130] Compiling JWTKit EdDSACurve.swift
[1778/2130] Compiling JWTKit EdDSAError.swift
[1779/2130] Compiling JWTKit P521+CurveType.swift
[1780/2130] Compiling JWTKit EdDSA.swift
[1781/2130] Compiling JWTKit P256+CurveType.swift
[1782/2130] Compiling JWTKit P384+CurveType.swift
[1783/2130] Compiling JWTKit ECDSASigningAlgorithm.swift
[1784/2130] Compiling JWTKit JWTKeyCollection+ECDSA.swift
[1785/2131] Wrapping AST for NIOSOCKS for debugging
[1787/2131] Compiling NIOTLS SNIHandler.swift
[1788/2131] Compiling NIOTLS ProtocolNegotiationHandlerStateMachine.swift
[1790/2132] Compiling JWTKit JWTKeyCollection+EdDSA.swift
[1791/2132] Compiling JWTKit AudienceClaim.swift
[1792/2134] Compiling JWTKit MLDSAType.swift
[1793/2134] Compiling JWTKit JWTKeyCollection+UnsecuredNone.swift
[1794/2134] Compiling JWTKit UnsecuredNoneSigner.swift
[1795/2134] Compiling JWTKit JWTKeyCollection+RSA.swift
[1796/2134] Compiling JWTKit RSA.swift
[1797/2134] Compiling JWTKit RSAError.swift
[1798/2134] Compiling JWTKit RSASigner.swift
[1799/2134] Compiling JWTKit Base64URL.swift
[1800/2134] Compiling JWTKit CryptoSigner.swift
[1802/2143] Wrapping AST for NIOTLS for debugging
[1812/2143] Compiling JWTKit EdDSASigner.swift
[1814/2173] Compiling NIOSSL ByteBufferBIO.swift
[1815/2173] Compiling NIOSSL CustomPrivateKey.swift
[1816/2173] Compiling JWTKit JWTSerializer.swift
[1817/2173] Compiling JWTKit JWTSigner.swift
[1818/2173] Compiling JWTKit JWTKeyCollection+MLDSA.swift
[1819/2173] Compiling JWTKit MLDSA.swift
[1820/2173] Compiling JWTKit MLDSA65+MLDSAKey.swift
[1821/2173] Compiling JWTKit MLDSA87+MLDSAKey.swift
[1822/2173] Compiling JWTKit MLDSAError.swift
[1823/2173] Compiling JWTKit MLDSAKey.swift
[1824/2173] Compiling JWTKit MLDSASigner.swift
[1825/2173] Compiling NIOSSL ObjectIdentifier.swift
[1826/2173] Compiling NIOSSL PosixPort.swift
[1827/2173] Compiling NIOSSL SSLCallbacks.swift
[1828/2173] Compiling NIOSSL SSLCertificate.swift
[1829/2173] Compiling NIOSSL SSLCertificateExtensions.swift
[1830/2173] Compiling NIOSSL SSLCertificateName.swift
[1831/2173] Compiling NIOSSL SSLConnection.swift
[1832/2173] Compiling NIOSSL SSLPrivateKey.swift
[1833/2173] Compiling NIOSSL SSLPublicKey.swift
[1834/2173] Compiling NIOSSL SecurityFrameworkCertificateVerification.swift
[1835/2173] Emitting module JWTKit
[1836/2173] Compiling NIOSSL String+unsafeUninitializedCapacity.swift
[1837/2173] Compiling NIOSSL SubjectAlternativeName.swift
[1838/2173] Compiling NIOSSL NIOSSLSecureBytes.swift
[1839/2173] Compiling NIOSSL RNG.swift
[1840/2173] Compiling NIOSSL SafeCompare.swift
[1841/2173] Compiling NIOSSL SSLContext.swift
[1842/2173] Compiling NIOSSL SSLErrors.swift
[1843/2173] Compiling NIOSSL SSLInit.swift
[1844/2173] Compiling NIOSSL SSLPKCS12Bundle.swift
[1845/2173] Compiling JWTKit LocaleClaim.swift
[1846/2173] Compiling JWTKit NotBeforeClaim.swift
[1847/2173] Compiling JWTKit SubjectClaim.swift
[1848/2173] Compiling JWTKit TenantIDClaim.swift
[1849/2173] Compiling JWTKit ECDSA.swift
[1850/2173] Compiling JWTKit ECDSACurve.swift
[1851/2173] Compiling JWTKit ECDSACurveType.swift
[1852/2173] Compiling JWTKit ECDSAError.swift
[1853/2173] Compiling JWTKit ECDSAKeyTypes.swift
[1854/2173] Compiling JWTKit ECDSASigner.swift
[1855/2173] Compiling JWTKit JWTAlgorithm.swift
[1856/2173] Compiling JWTKit JWTError.swift
[1857/2173] Compiling JWTKit JWTHeader+CommonFields.swift
[1858/2173] Compiling JWTKit JWTHeader.swift
[1859/2173] Compiling JWTKit JWTHeaderField.swift
[1860/2173] Compiling JWTKit JWTKeyCollection.swift
[1861/2173] Compiling JWTKit JWTParser+MandatoryVerificationFields.swift
[1862/2173] Compiling JWTKit JWTParser.swift
[1863/2173] Compiling JWTKit JWTPayload.swift
[1864/2173] Compiling NIOSSL NIOSSLHandler+Configuration.swift
[1865/2173] Compiling NIOSSL NIOSSLHandler.swift
[1866/2173] Compiling NIOSSL AndroidCABundle.swift
[1869/2173] Compiling NIOSSL FreeBSDCABundle.swift
[1870/2173] Compiling NIOSSL IdentityVerification.swift
[1873/2173] Emitting module NIOHTTP1
[1877/2174] Wrapping AST for NIOHTTP1 for debugging
[1879/2191] Compiling JWTKit CustomizedJSONCoders.swift
[1880/2191] Compiling JWTKit Utilities.swift
[1881/2191] Compiling JWTKit AppleIdentityToken.swift
[1882/2191] Compiling JWTKit FirebaseAuthIdentityToken.swift
[1883/2191] Compiling JWTKit GoogleIdentityToken.swift
[1884/2191] Compiling JWTKit MicrosoftIdentityToken.swift
[1885/2191] Compiling JWTKit EmptyPolicy.swift
[1886/2191] Compiling JWTKit ValidationTimePayload.swift
[1887/2191] Compiling JWTKit X5CVerifier.swift
[1889/2192] Compiling NIOHPACK IndexedHeaderTable.swift
[1889/2193] Wrapping AST for JWTKit for debugging
[1891/2193] Compiling NIOHPACK IntegerCoding.swift
[1892/2193] Emitting module NIOSSL
[1893/2197] Compiling NIOHTTPCompression HTTPDecompressor.swift
[1894/2197] Compiling NIOHPACK HuffmanTables.swift
[1895/2197] Compiling NIOHPACK HPACKHeader.swift
[1896/2197] Compiling NIOHPACK HeaderTables.swift
[1897/2197] Compiling NIOHPACK HPACKEncoder.swift
[1898/2197] Compiling NIOHPACK HPACKErrors.swift
[1899/2197] Compiling NIOHPACK DynamicHeaderTable.swift
[1900/2197] Compiling NIOHPACK HPACKDecoder.swift
[1901/2197] Emitting module NIOHTTPCompression
[1902/2197] Compiling NIOHTTPCompression HTTPCompression.swift
[1903/2197] Compiling NIOHTTPCompression HTTPDecompression.swift
[1904/2197] Compiling NIOHTTPCompression HTTPRequestCompressor.swift
[1905/2197] Compiling NIOHTTPCompression HTTPResponseCompressor.swift
[1907/2198] Emitting module NIOHPACK
[1908/2198] Compiling NIOHPACK HuffmanCoding.swift
[1909/2198] Compiling NIOHPACK StaticHeaderTable.swift
[1910/2199] Wrapping AST for NIOHTTPCompression for debugging
[1923/2199] Wrapping AST for NIOHPACK for debugging
[1929/2202] Compiling NIOSSL NIOSSLServerHandler.swift
[1938/2262] Compiling NIOHTTP2 MaySendFrames.swift
[1939/2262] Compiling NIOHTTP2 SendingDataState.swift
[1940/2262] Compiling NIOHTTP2 SendingGoawayState.swift
[1941/2262] Compiling NIOHTTP2 SendingHeadersState.swift
[1942/2262] Compiling NIOHTTP2 SendingPushPromiseState.swift
[1943/2262] Compiling NIOHTTP2 SendingRstStreamState.swift
[1944/2262] Compiling NIOHTTP2 SendingWindowUpdateState.swift
[1945/2262] Compiling NIOHTTP2 HTTP2SettingsState.swift
[1946/2262] Compiling NIOHTTP2 HasExtendedConnectSettings.swift
[1947/2270] Compiling NIOHTTP2 StateMachineResult.swift
[1948/2270] Compiling NIOHTTP2 ContentLengthVerifier.swift
[1949/2270] Compiling NIOHTTP2 DOSHeuristics.swift
[1950/2270] Compiling NIOHTTP2 Error+Any.swift
[1951/2270] Compiling NIOHTTP2 ConcurrentStreamBuffer.swift
[1952/2270] Compiling NIOHTTP2 ControlFrameBuffer.swift
[1953/2270] Compiling NIOHTTP2 OutboundFlowControlBuffer.swift
[1954/2270] Compiling NIOHTTP2 OutboundFrameBuffer.swift
[1955/2271] Wrapping AST for NIOSSL for debugging
[1957/2271] Compiling NIOHTTP2 NIOHTTP2ServerConnectionManagementHandler.swift
[1958/2271] Compiling NIOHTTP2 StreamChannelFlowController.swift
[1959/2271] Compiling NIOHTTP2 StreamChannelList.swift
[1960/2271] Compiling NIOHTTP2 StreamMap.swift
[1961/2271] Compiling NIOHTTP2 StreamStateMachine.swift
[1962/2271] Compiling NIOHTTP2 Timer.swift
[1963/2271] Compiling NIOHTTP2 UnsafeTransfer.swift
[1964/2271] Compiling NIOHTTP2 WatermarkedFlowController.swift
[1965/2271] Emitting module NIOHTTP2
[1972/2271] Compiling NIOHTTP2 GlitchesMonitor.swift
[1973/2271] Compiling NIOHTTP2 HPACKHeaders+Validation.swift
[1974/2271] Compiling NIOHTTP2 HTTP2ChannelHandler+InboundStreamMultiplexer.swift
[1975/2271] Compiling NIOHTTP2 HTTP2StreamMultiplexer.swift
[1976/2271] Compiling NIOHTTP2 HTTP2ToHTTP1Codec.swift
[1977/2271] Compiling NIOHTTP2 HTTP2UserEvents.swift
[1978/2271] Compiling NIOHTTP2 InboundEventBuffer.swift
[1979/2271] Compiling NIOHTTP2 InboundWindowManager.swift
[1980/2271] Compiling NIOHTTP2 MultiplexerAbstractChannel.swift
[1981/2271] Compiling NIOHTTP2 NIOHTTP2FrameDelegate.swift
[1982/2271] Compiling NIOHTTP2 NIOHTTP2ServerConnectionManagementHandler+StateMachine.swift
[1983/2271] Compiling NIOHTTP2 ConnectionStateMachine.swift
[1984/2271] Compiling NIOHTTP2 ConnectionStreamsState.swift
[1985/2271] Compiling NIOHTTP2 MayReceiveFrames.swift
[1986/2271] Compiling NIOHTTP2 ReceivingDataState.swift
[1987/2271] Compiling NIOHTTP2 ReceivingGoAwayState.swift
[1988/2271] Compiling NIOHTTP2 ReceivingHeadersState.swift
[1989/2271] Compiling NIOHTTP2 ReceivingPushPromiseState.swift
[1990/2271] Compiling NIOHTTP2 ReceivingRstStreamState.swift
[1991/2271] Compiling NIOHTTP2 ReceivingWindowUpdateState.swift
[1992/2271] Compiling NIOHTTP2 HTTP2FrameParser.swift
[1993/2271] Compiling NIOHTTP2 HTTP2PingData.swift
[1994/2271] Compiling NIOHTTP2 HTTP2PipelineHelpers.swift
[1995/2271] Compiling NIOHTTP2 HTTP2Settings.swift
[1996/2271] Compiling NIOHTTP2 HTTP2Stream.swift
[1997/2271] Compiling NIOHTTP2 HTTP2StreamChannel+OutboundStreamMultiplexer.swift
[1998/2271] Compiling NIOHTTP2 HTTP2StreamChannel.swift
[1999/2271] Compiling NIOHTTP2 HTTP2StreamDelegate.swift
[2000/2271] Compiling NIOHTTP2 HTTP2StreamID.swift
[2001/2271] Compiling NIOHTTP2 HTTP2ChannelHandler+InlineStreamMultiplexer.swift
[2002/2271] Compiling NIOHTTP2 HTTP2ChannelHandler.swift
[2003/2271] Compiling NIOHTTP2 HTTP2CommonInboundStreamMultiplexer.swift
[2004/2271] Compiling NIOHTTP2 HTTP2ConnectionStateChange.swift
[2005/2271] Compiling NIOHTTP2 HTTP2Error.swift
[2006/2271] Compiling NIOHTTP2 HTTP2ErrorCode.swift
[2007/2271] Compiling NIOHTTP2 HTTP2FlowControlWindow.swift
[2008/2271] Compiling NIOHTTP2 HTTP2Frame.swift
[2009/2271] Compiling NIOHTTP2 HTTP2FrameEncoder.swift
[2010/2271] Compiling NIOHTTP2 HasFlowControlWindows.swift
[2011/2271] Compiling NIOHTTP2 HasLocalSettings.swift
[2012/2271] Compiling NIOHTTP2 HasRemoteSettings.swift
[2013/2271] Compiling NIOHTTP2 LocallyQuiescingState.swift
[2014/2271] Compiling NIOHTTP2 QuiescingState.swift
[2015/2271] Compiling NIOHTTP2 RemotelyQuiescingState.swift
[2016/2271] Compiling NIOHTTP2 SendAndReceiveGoawayState.swift
[2019/2272] Wrapping AST for NIOHTTP2 for debugging
[2021/2336] Compiling AsyncHTTPClient HTTPClientResponse.swift
[2022/2336] Compiling AsyncHTTPClient SingleIteratorPrecondition.swift
[2023/2336] Compiling AsyncHTTPClient Transaction+StateMachine.swift
[2024/2336] Compiling AsyncHTTPClient Transaction.swift
[2025/2336] Compiling AsyncHTTPClient Base64.swift
[2026/2336] Compiling AsyncHTTPClient BasicAuth.swift
[2027/2336] Compiling AsyncHTTPClient BestEffortHashableTLSConfiguration.swift
[2028/2336] Compiling AsyncHTTPClient Configuration+BrowserLike.swift
[2029/2336] Compiling AsyncHTTPClient ConnectionPool.swift
[2030/2344] Compiling AsyncHTTPClient AnyAsyncSequence.swift
[2031/2344] Compiling AsyncHTTPClient AnyAsyncSequenceProucerDelete.swift
[2032/2344] Compiling AsyncHTTPClient AsyncLazySequence.swift
[2033/2344] Compiling AsyncHTTPClient HTTPClient+execute.swift
[2034/2344] Compiling AsyncHTTPClient HTTPClient+shutdown.swift
[2035/2344] Compiling AsyncHTTPClient HTTPClient+tracing.swift
[2036/2344] Compiling AsyncHTTPClient HTTPClientRequest+Prepared.swift
[2037/2344] Compiling AsyncHTTPClient HTTPClientRequest+auth.swift
[2038/2344] Compiling AsyncHTTPClient HTTPClientRequest.swift
[2039/2344] Compiling AsyncHTTPClient HTTP1ProxyConnectHandler.swift
[2040/2344] Compiling AsyncHTTPClient SOCKSEventsHandler.swift
[2041/2344] Compiling AsyncHTTPClient TLSEventsHandler.swift
[2042/2344] Compiling AsyncHTTPClient HTTP1ClientChannelHandler.swift
[2043/2344] Compiling AsyncHTTPClient HTTP1Connection.swift
[2044/2344] Compiling AsyncHTTPClient HTTP1ConnectionStateMachine.swift
[2045/2344] Compiling AsyncHTTPClient HTTP2ClientRequestHandler.swift
[2046/2344] Compiling AsyncHTTPClient HTTP2Connection.swift
[2047/2344] Compiling AsyncHTTPClient HTTP2IdleHandler.swift
[2048/2344] Compiling AsyncHTTPClient HTTPConnectionEvent.swift
[2049/2344] Compiling AsyncHTTPClient HTTPConnectionPool+Factory.swift
[2050/2344] Compiling AsyncHTTPClient HTTPConnectionPool+Manager.swift
[2051/2344] Compiling AsyncHTTPClient HTTPConnectionPool.swift
[2052/2344] Compiling AsyncHTTPClient HTTPExecutableRequest.swift
[2053/2344] Compiling AsyncHTTPClient HTTPRequestStateMachine+Demand.swift
[2054/2344] Compiling AsyncHTTPClient HTTPRequestStateMachine.swift
[2055/2344] Compiling AsyncHTTPClient RequestBodyLength.swift
[2056/2344] Compiling AsyncHTTPClient RequestFramingMetadata.swift
[2057/2344] Emitting module AsyncHTTPClient
[2058/2344] Compiling AsyncHTTPClient RequestValidation.swift
[2059/2344] Compiling AsyncHTTPClient SSLContextCache.swift
[2060/2344] Compiling AsyncHTTPClient Scheme.swift
[2061/2344] Compiling AsyncHTTPClient Singleton.swift
[2062/2344] Compiling AsyncHTTPClient StringConvertibleInstances.swift
[2063/2344] Compiling AsyncHTTPClient StructuredConcurrencyHelpers.swift
[2064/2344] Compiling AsyncHTTPClient TracingSupport.swift
[2065/2344] Compiling AsyncHTTPClient Utils.swift
[2066/2344] Compiling AsyncHTTPClient DeconstructedURL.swift
[2067/2344] Compiling AsyncHTTPClient FileDownloadDelegate.swift
[2068/2344] Compiling AsyncHTTPClient FoundationExtensions.swift
[2069/2344] Compiling AsyncHTTPClient HTTPClient+HTTPCookie.swift
[2070/2344] Compiling AsyncHTTPClient HTTPClient+Proxy.swift
[2071/2344] Compiling AsyncHTTPClient HTTPClient+StructuredConcurrency.swift
[2072/2344] Compiling AsyncHTTPClient HTTPClient.swift
[2073/2344] Compiling AsyncHTTPClient HTTPClientConfiguration+SwiftConfiguration.swift
[2074/2344] Compiling AsyncHTTPClient HTTPHandler.swift
[2075/2344] Compiling AsyncHTTPClient LRUCache.swift
[2076/2344] Compiling AsyncHTTPClient NIOLoopBound+Execute.swift
[2077/2344] Compiling AsyncHTTPClient NWErrorHandler.swift
[2078/2344] Compiling AsyncHTTPClient NWWaitingHandler.swift
[2079/2344] Compiling AsyncHTTPClient TLSConfiguration.swift
[2080/2344] Compiling AsyncHTTPClient RedirectState.swift
[2081/2344] Compiling AsyncHTTPClient RequestBag+StateMachine.swift
[2082/2344] Compiling AsyncHTTPClient RequestBag+Tracing.swift
[2083/2344] Compiling AsyncHTTPClient RequestBag.swift
[2084/2344] Compiling AsyncHTTPClient RequestOptions.swift
[2085/2344] Compiling AsyncHTTPClient HTTPConnectionPool+Backoff.swift
[2086/2344] Compiling AsyncHTTPClient HTTPConnectionPool+HTTP1Connections.swift
[2087/2344] Compiling AsyncHTTPClient HTTPConnectionPool+HTTP1StateMachine.swift
[2088/2344] Compiling AsyncHTTPClient HTTPConnectionPool+HTTP2Connections.swift
[2089/2344] Compiling AsyncHTTPClient HTTPConnectionPool+HTTP2StateMachine.swift
[2090/2344] Compiling AsyncHTTPClient HTTPConnectionPool+RequestQueue.swift
[2091/2344] Compiling AsyncHTTPClient HTTPConnectionPool+StateMachine.swift
[2092/2344] Compiling AsyncHTTPClient ConnectionTarget.swift
[2093/2345] Wrapping AST for AsyncHTTPClient for debugging
[2095/2368] Emitting module GoogleAuth
[2096/2368] Compiling GoogleAuth ADC.swift
[2097/2368] Compiling GoogleAuth ADCPath.swift
[2098/2368] Compiling GoogleAuth ADCResolver.swift
[2099/2368] Compiling GoogleAuth AuthHeaders.swift
[2100/2368] Compiling GoogleAuth ServiceAccountCredentials.swift
[2101/2368] Compiling GoogleAuth ServiceAccountData.swift
[2102/2368] Compiling GoogleAuth ServiceAccountTokenProvider.swift
[2103/2368] Compiling GoogleAuth CredentialParserRegistry.swift
[2104/2368] Compiling GoogleAuth Credentials.swift
[2105/2368] Compiling GoogleAuth CredentialsError.swift
[2106/2368] Compiling GoogleAuth UserAccountData.swift
[2107/2368] Compiling GoogleAuth UserAccountTokenProvider.swift
[2108/2368] Compiling GoogleAuth UserCredentials.swift
[2109/2371] Compiling GoogleAuth SubjectTokenProvider.swift
[2110/2371] Compiling GoogleAuth MDSAccessTokenProvider.swift
[2111/2371] Compiling GoogleAuth MDSCredentials.swift
[2112/2371] Compiling GoogleAuth AnonymousCredentials.swift
[2113/2371] Compiling GoogleAuth ApiKeyCredentials.swift
[2114/2371] Compiling GoogleAuth ExternalAccountCredentials.swift
[2115/2371] Compiling GoogleAuth AuthHTTPClient.swift
[2116/2371] Compiling GoogleAuth AuthHTTPError.swift
[2117/2371] Compiling GoogleAuth RetryEngine.swift
[2118/2371] Compiling GoogleAuth STSHandler.swift
[2119/2371] Compiling GoogleAuth TokenCache.swift
[2120/2371] Compiling GoogleAuth PackageVersion.swift
[2121/2372] Wrapping AST for GoogleAuth for debugging
[2123/2430] Compiling GoogleGax LimitedAttemptCount+PollingErrorPolicy.swift
[2124/2430] Compiling GoogleGax LimitedAttemptCount+RetryPolicy.swift
[2125/2430] Compiling GoogleGax LimitedAttemptCount.swift
[2126/2430] Compiling GoogleGax LimitedElapsedTime+PollingErrorPolicy.swift
[2127/2430] Compiling GoogleGax LimitedElapsedTime+RetryPolicy.swift
[2128/2430] Compiling GoogleGax LimitedElapsedTime.swift
[2129/2430] Compiling GoogleGax LongRunningOperations.swift
[2130/2430] Compiling GoogleGax NeverRetry.swift
[2131/2438] Emitting module GoogleGax
[2132/2438] Compiling GoogleGax HTTPClientProtocol.swift
[2133/2438] Compiling GoogleGax HTTPClientRequest.swift
[2134/2438] Compiling GoogleGax HTTPClientResponse.swift
[2135/2438] Compiling GoogleGax HTTPHeaders.swift
[2136/2438] Compiling GoogleGax HTTPResponseBody.swift
[2137/2438] Compiling GoogleGax HeaderNames.swift
[2138/2438] Compiling GoogleGax Host.swift
[2139/2438] Compiling GoogleGax InProgressResult.swift
[2140/2438] Compiling GoogleGax ContinueOnIO.swift
[2141/2438] Compiling GoogleGax CredentialsProtocol.swift
[2142/2438] Compiling GoogleGax ErrorWrapper.swift
[2143/2438] Compiling GoogleGax ExponentialBackoff+BackoffPolicy.swift
[2144/2438] Compiling GoogleGax ExponentialBackoff+PollingBackoffPolicy.swift
[2145/2438] Compiling GoogleGax ExponentialBackoff.swift
[2146/2438] Compiling GoogleGax HTTPClient.swift
[2147/2438] Compiling GoogleGax HTTPClientHolder.swift
[2148/2438] Compiling GoogleGax RequestOptions.swift
[2149/2438] Compiling GoogleGax RetryLoop.swift
[2150/2438] Compiling GoogleGax RetryPolicy.swift
[2151/2438] Compiling GoogleGax RetryResult.swift
[2152/2438] Compiling GoogleGax RetryState.swift
[2153/2438] Compiling GoogleGax RetryThrottler.swift
[2154/2438] Compiling GoogleGax RetryThrottlerError.swift
[2155/2438] Compiling GoogleGax RoutingMatcher.swift
[2156/2438] Compiling GoogleGax AIP194+PollingErrorPolicy.swift
[2157/2438] Compiling GoogleGax AIP194+RetryPolicy.swift
[2158/2438] Compiling GoogleGax AIP194.swift
[2159/2438] Compiling GoogleGax AdaptiveThrottler.swift
[2160/2438] Compiling GoogleGax AlwaysPoll.swift
[2161/2438] Compiling GoogleGax AlwaysRetry.swift
[2162/2438] Compiling GoogleGax ApiClientHeader.swift
[2163/2438] Compiling GoogleGax BackoffPolicy.swift
[2164/2438] Compiling GoogleGax BasePollingErrorPolicy.swift
[2165/2438] Compiling GoogleGax Pagination.swift
/host/spi-builder-workspace/.build/checkouts/swift-google-gax/Sources/GoogleGax/Pagination.swift:44:22: error: cannot convert '@Sendable (String) async throws -> (response: ResponseType, items: [Item], nextToken: String)' to 'nonisolated(nonsending) @Sendable (String) async throws -> (response: ResponseType, items: [Item], nextToken: String)' because crossing of an isolation boundary requires parameter and result types to conform to 'Sendable' protocol
 42 |   ) where ResponseType: _PaginatedResponse<Item> {
 43 |     self.initialPageToken = initialPageToken ?? ""
 44 |     self.fetchPage = { token in
    |                      |- error: cannot convert '@Sendable (String) async throws -> (response: ResponseType, items: [Item], nextToken: String)' to 'nonisolated(nonsending) @Sendable (String) async throws -> (response: ResponseType, items: [Item], nextToken: String)' because crossing of an isolation boundary requires parameter and result types to conform to 'Sendable' protocol
    |                      `- note: type 'Item' does not conform to 'Sendable' protocol
 45 |       let response = try await listRpc(token)
 46 |       return (response, response._getPaginatedItems(), response._nextPageToken())
[2166/2438] Compiling GoogleGax PollingBackoffPolicy.swift
/host/spi-builder-workspace/.build/checkouts/swift-google-gax/Sources/GoogleGax/Pagination.swift:44:22: error: cannot convert '@Sendable (String) async throws -> (response: ResponseType, items: [Item], nextToken: String)' to 'nonisolated(nonsending) @Sendable (String) async throws -> (response: ResponseType, items: [Item], nextToken: String)' because crossing of an isolation boundary requires parameter and result types to conform to 'Sendable' protocol
 42 |   ) where ResponseType: _PaginatedResponse<Item> {
 43 |     self.initialPageToken = initialPageToken ?? ""
 44 |     self.fetchPage = { token in
    |                      |- error: cannot convert '@Sendable (String) async throws -> (response: ResponseType, items: [Item], nextToken: String)' to 'nonisolated(nonsending) @Sendable (String) async throws -> (response: ResponseType, items: [Item], nextToken: String)' because crossing of an isolation boundary requires parameter and result types to conform to 'Sendable' protocol
    |                      `- note: type 'Item' does not conform to 'Sendable' protocol
 45 |       let response = try await listRpc(token)
 46 |       return (response, response._getPaginatedItems(), response._nextPageToken())
[2167/2438] Compiling GoogleGax PollingErrorPolicy.swift
/host/spi-builder-workspace/.build/checkouts/swift-google-gax/Sources/GoogleGax/Pagination.swift:44:22: error: cannot convert '@Sendable (String) async throws -> (response: ResponseType, items: [Item], nextToken: String)' to 'nonisolated(nonsending) @Sendable (String) async throws -> (response: ResponseType, items: [Item], nextToken: String)' because crossing of an isolation boundary requires parameter and result types to conform to 'Sendable' protocol
 42 |   ) where ResponseType: _PaginatedResponse<Item> {
 43 |     self.initialPageToken = initialPageToken ?? ""
 44 |     self.fetchPage = { token in
    |                      |- error: cannot convert '@Sendable (String) async throws -> (response: ResponseType, items: [Item], nextToken: String)' to 'nonisolated(nonsending) @Sendable (String) async throws -> (response: ResponseType, items: [Item], nextToken: String)' because crossing of an isolation boundary requires parameter and result types to conform to 'Sendable' protocol
    |                      `- note: type 'Item' does not conform to 'Sendable' protocol
 45 |       let response = try await listRpc(token)
 46 |       return (response, response._getPaginatedItems(), response._nextPageToken())
[2168/2438] Compiling GoogleGax PollingResult.swift
/host/spi-builder-workspace/.build/checkouts/swift-google-gax/Sources/GoogleGax/Pagination.swift:44:22: error: cannot convert '@Sendable (String) async throws -> (response: ResponseType, items: [Item], nextToken: String)' to 'nonisolated(nonsending) @Sendable (String) async throws -> (response: ResponseType, items: [Item], nextToken: String)' because crossing of an isolation boundary requires parameter and result types to conform to 'Sendable' protocol
 42 |   ) where ResponseType: _PaginatedResponse<Item> {
 43 |     self.initialPageToken = initialPageToken ?? ""
 44 |     self.fetchPage = { token in
    |                      |- error: cannot convert '@Sendable (String) async throws -> (response: ResponseType, items: [Item], nextToken: String)' to 'nonisolated(nonsending) @Sendable (String) async throws -> (response: ResponseType, items: [Item], nextToken: String)' because crossing of an isolation boundary requires parameter and result types to conform to 'Sendable' protocol
    |                      `- note: type 'Item' does not conform to 'Sendable' protocol
 45 |       let response = try await listRpc(token)
 46 |       return (response, response._getPaginatedItems(), response._nextPageToken())
[2169/2438] Compiling GoogleGax PollingState.swift
/host/spi-builder-workspace/.build/checkouts/swift-google-gax/Sources/GoogleGax/Pagination.swift:44:22: error: cannot convert '@Sendable (String) async throws -> (response: ResponseType, items: [Item], nextToken: String)' to 'nonisolated(nonsending) @Sendable (String) async throws -> (response: ResponseType, items: [Item], nextToken: String)' because crossing of an isolation boundary requires parameter and result types to conform to 'Sendable' protocol
 42 |   ) where ResponseType: _PaginatedResponse<Item> {
 43 |     self.initialPageToken = initialPageToken ?? ""
 44 |     self.fetchPage = { token in
    |                      |- error: cannot convert '@Sendable (String) async throws -> (response: ResponseType, items: [Item], nextToken: String)' to 'nonisolated(nonsending) @Sendable (String) async throws -> (response: ResponseType, items: [Item], nextToken: String)' because crossing of an isolation boundary requires parameter and result types to conform to 'Sendable' protocol
    |                      `- note: type 'Item' does not conform to 'Sendable' protocol
 45 |       let response = try await listRpc(token)
 46 |       return (response, response._getPaginatedItems(), response._nextPageToken())
[2170/2438] Compiling GoogleGax ProtobufConversionError.swift
/host/spi-builder-workspace/.build/checkouts/swift-google-gax/Sources/GoogleGax/Pagination.swift:44:22: error: cannot convert '@Sendable (String) async throws -> (response: ResponseType, items: [Item], nextToken: String)' to 'nonisolated(nonsending) @Sendable (String) async throws -> (response: ResponseType, items: [Item], nextToken: String)' because crossing of an isolation boundary requires parameter and result types to conform to 'Sendable' protocol
 42 |   ) where ResponseType: _PaginatedResponse<Item> {
 43 |     self.initialPageToken = initialPageToken ?? ""
 44 |     self.fetchPage = { token in
    |                      |- error: cannot convert '@Sendable (String) async throws -> (response: ResponseType, items: [Item], nextToken: String)' to 'nonisolated(nonsending) @Sendable (String) async throws -> (response: ResponseType, items: [Item], nextToken: String)' because crossing of an isolation boundary requires parameter and result types to conform to 'Sendable' protocol
    |                      `- note: type 'Item' does not conform to 'Sendable' protocol
 45 |       let response = try await listRpc(token)
 46 |       return (response, response._getPaginatedItems(), response._nextPageToken())
[2171/2438] Compiling GoogleGax QueryParameter.swift
/host/spi-builder-workspace/.build/checkouts/swift-google-gax/Sources/GoogleGax/Pagination.swift:44:22: error: cannot convert '@Sendable (String) async throws -> (response: ResponseType, items: [Item], nextToken: String)' to 'nonisolated(nonsending) @Sendable (String) async throws -> (response: ResponseType, items: [Item], nextToken: String)' because crossing of an isolation boundary requires parameter and result types to conform to 'Sendable' protocol
 42 |   ) where ResponseType: _PaginatedResponse<Item> {
 43 |     self.initialPageToken = initialPageToken ?? ""
 44 |     self.fetchPage = { token in
    |                      |- error: cannot convert '@Sendable (String) async throws -> (response: ResponseType, items: [Item], nextToken: String)' to 'nonisolated(nonsending) @Sendable (String) async throws -> (response: ResponseType, items: [Item], nextToken: String)' because crossing of an isolation boundary requires parameter and result types to conform to 'Sendable' protocol
    |                      `- note: type 'Item' does not conform to 'Sendable' protocol
 45 |       let response = try await listRpc(token)
 46 |       return (response, response._getPaginatedItems(), response._nextPageToken())
[2172/2438] Compiling GoogleGax RequestError.swift
/host/spi-builder-workspace/.build/checkouts/swift-google-gax/Sources/GoogleGax/Pagination.swift:44:22: error: cannot convert '@Sendable (String) async throws -> (response: ResponseType, items: [Item], nextToken: String)' to 'nonisolated(nonsending) @Sendable (String) async throws -> (response: ResponseType, items: [Item], nextToken: String)' because crossing of an isolation boundary requires parameter and result types to conform to 'Sendable' protocol
 42 |   ) where ResponseType: _PaginatedResponse<Item> {
 43 |     self.initialPageToken = initialPageToken ?? ""
 44 |     self.fetchPage = { token in
    |                      |- error: cannot convert '@Sendable (String) async throws -> (response: ResponseType, items: [Item], nextToken: String)' to 'nonisolated(nonsending) @Sendable (String) async throws -> (response: ResponseType, items: [Item], nextToken: String)' because crossing of an isolation boundary requires parameter and result types to conform to 'Sendable' protocol
    |                      `- note: type 'Item' does not conform to 'Sendable' protocol
 45 |       let response = try await listRpc(token)
 46 |       return (response, response._getPaginatedItems(), response._nextPageToken())
[2173/2438] Compiling GoogleGax BaseRetryPolicy.swift
[2174/2438] Compiling GoogleGax BindingError.swift
[2175/2438] Compiling GoogleGax CRC32C.swift
[2176/2438] Compiling GoogleGax CircuitBreaker.swift
[2177/2438] Compiling GoogleGax ClientError.swift
[2178/2438] Compiling GoogleGax ClientOptions.swift
[2179/2438] Compiling GoogleGax ContinueOnIO+PollingErrorPolicy.swift
[2180/2438] Compiling GoogleGax ContinueOnIO+RetryPolicy.swift
[2181/2438] Compiling GoogleGax ServiceError.swift
[2182/2438] Compiling GoogleGax StatusDetail.swift
[2183/2438] Compiling GoogleGax StrictIdempotency.swift
[2184/2438] Compiling GoogleGax ThrottleResult.swift
[2185/2438] Compiling GoogleGax TooManyRequests+PollingErrorPolicy.swift
[2186/2438] Compiling GoogleGax TooManyRequests+RetryPolicy.swift
[2187/2438] Compiling GoogleGax TooManyRequests.swift
[2188/2438] Compiling GoogleGax PackageVersion.swift
BUILD FAILURE 6.2 android