The Swift Package Index logo.Swift Package Index

Build Information

Failed to build terminal-widgets, reference main (8c6b49), with Swift 6.4 for Wasm on 23 Sep 2026 07:12:12 UTC.

Build Command

bash -c docker run --pull=always --rm -v "checkouts-53886769-0":/host -w "$PWD" -e JAVA_HOME="/root/.sdkman/candidates/java/current" -e SPI_BUILD="1" -e SPI_PROCESSING="1" registry.gitlab.com/saguaro1/spi-images:wasm-6.4-latest swift build --swift-sdk swift-6.4.x-DEVELOPMENT-SNAPSHOT-2026-09-04-a_wasm 2>&1

Build Log

========================================
RunAll
========================================
Builder version: 5.1.0
Interrupt handler set up.
========================================
Checkout
========================================
Clone URL: https://github.com/juri/terminal-widgets.git
Reference: main
Initialized empty Git repository in /host/spi-builder-workspace/.git/
hint: Using 'master' as the name for the initial branch. This default branch name
hint: is subject to change. To configure the initial branch name to use in all
hint: of your new repositories, which will suppress this warning, call:
hint:
hint: 	git config --global init.defaultBranch <name>
hint:
hint: Names commonly chosen instead of 'master' are 'main', 'trunk' and
hint: 'development'. The just-created branch can be renamed via this command:
hint:
hint: 	git branch -m <name>
From https://github.com/juri/terminal-widgets
 * branch            main       -> FETCH_HEAD
 * [new branch]      main       -> origin/main
HEAD is now at 8c6b49e Add SPI links to README
Cloned https://github.com/juri/terminal-widgets.git
Revision (git rev-parse @):
8c6b49eb2c0920f5c62a20d288d7e70c07c18ebe
SPI manifest file found: $PWD/.spi.yml
SUCCESS checkout https://github.com/juri/terminal-widgets.git at main
========================================
Build
========================================
Selected platform:         wasm
Swift version:             6.4
Building package at path:  $PWD
https://github.com/juri/terminal-widgets.git
Running build ...
bash -c docker run --pull=always --rm -v "checkouts-53886769-0":/host -w "$PWD" -e JAVA_HOME="/root/.sdkman/candidates/java/current" -e SPI_BUILD="1" -e SPI_PROCESSING="1" registry.gitlab.com/saguaro1/spi-images:wasm-6.4-latest swift build --swift-sdk swift-6.4.x-DEVELOPMENT-SNAPSHOT-2026-09-04-a_wasm 2>&1
wasm-6.4-latest: Pulling from saguaro1/spi-images
Digest: sha256:4328fdb43c680d205c1d6761b1e3267aa38277eefdda9ddfb17b6a0f1a77857a
Status: Image is up to date for registry.gitlab.com/saguaro1/spi-images:wasm-6.4-latest
Fetching https://github.com/juri/terminal-styles.git
Fetching https://github.com/juri/terminal-ansi.git
[1/307] Fetching terminal-styles
[41/949] Fetching terminal-styles, terminal-ansi
Fetched https://github.com/juri/terminal-styles.git (0.46s)
Fetched https://github.com/juri/terminal-ansi.git (0.46s)
Computing version for https://github.com/juri/terminal-styles.git
Computed https://github.com/juri/terminal-styles.git at 0.3.0 (0.63s)
Computing version for https://github.com/juri/terminal-ansi.git
Computed https://github.com/juri/terminal-ansi.git at 0.4.0 (0.16s)
Creating working copy for https://github.com/juri/terminal-styles.git
Working copy of https://github.com/juri/terminal-styles.git resolved at 0.3.0
Creating working copy for https://github.com/juri/terminal-ansi.git
Working copy of https://github.com/juri/terminal-ansi.git resolved at 0.4.0
Building for debugging...
[Constructing description]
[Planning deferred tasks]
In file included from /host/spi-builder-workspace/.build/checkouts/terminal-ansi/Sources/CSelect/select.c:7:
/host/spi-builder-workspace/.build/checkouts/terminal-ansi/Sources/CSelect/include/select.h:9:1: error: unknown type name '__BEGIN_DECLS'
    9 | __BEGIN_DECLS
      | ^
/host/spi-builder-workspace/.build/checkouts/terminal-ansi/Sources/CSelect/include/select.h:16:1: error: unknown type name '__END_DECLS'
   16 | __END_DECLS
      | ^
2 errors generated.
error: CompileC /host/spi-builder-workspace/.build/out/Intermediates.noindex/terminal-ansi.build/Debug-webassembly-wasm32/CSelect-t.build/Objects-normal/wasm32/select.o /host/spi-builder-workspace/.build/checkouts/terminal-ansi/Sources/CSelect/select.c normal wasm32 c com.apple.compilers.llvm.clang.1_0.compiler failed with a nonzero exit code. Command line:     cd /host

    Using response file: /host/spi-builder-workspace/.build/out/Intermediates.noindex/terminal-ansi.build/Debug-webassembly-wasm32/CSelect-t.build/Objects-normal/wasm32/9f65232cb83f8421e3a495a5062eba382369c975104ee97bafc405ab795bfc5e-common-args.resp

    /usr/bin/clang -x c -target wasm32-unknown-wasip1 -fmessage-length\=0 -fdiagnostics-show-note-include-stack -fmacro-backtrace-limit\=0 -fcolor-diagnostics -Wno-trigraphs -Wno-missing-field-initializers -Wno-missing-prototypes -Wno-return-type -Wno-missing-braces -Wparentheses -Wswitch -Wno-unused-function -Wno-unused-label -Wno-unused-parameter -Wno-unused-variable -Wunused-value -Wno-empty-body -Wno-uninitialized -Wno-unknown-pragmas -w -Wno-shadow -Wno-four-char-constants -Wno-conversion -Wno-constant-conversion -Wno-int-conversion -Wno-bool-conversion -Wno-enum-conversion -Wno-float-conversion -Wno-non-literal-null-conversion -Wno-objc-literal-conversion -Wno-shorten-64-to-32 -Wpointer-sign -Wno-newline-eof -Wno-implicit-fallthrough -fstrict-aliasing -Wdeprecated-declarations -Wno-sign-conversion -Wno-infinite-recursion -Wno-comma -Wno-block-capture-autoreleasing -Wno-strict-prototypes -Wno-semicolon-before-method-body --sysroot /root/.swiftpm/swift-sdks/swift-6.4.x-DEVELOPMENT-SNAPSHOT-2026-09-04-a_wasm.artifactbundle/swift-6.4.x-DEVELOPMENT-SNAPSHOT-2026-09-04-a_wasm/wasm32-unknown-wasip1/WASI.sdk @/host/spi-builder-workspace/.build/out/Intermediates.noindex/terminal-ansi.build/Debug-webassembly-wasm32/CSelect-t.build/Objects-normal/wasm32/9f65232cb83f8421e3a495a5062eba382369c975104ee97bafc405ab795bfc5e-common-args.resp -MMD -MT dependencies -MF /host/spi-builder-workspace/.build/out/Intermediates.noindex/terminal-ansi.build/Debug-webassembly-wasm32/CSelect-t.build/Objects-normal/wasm32/select.d --serialize-diagnostics /host/spi-builder-workspace/.build/out/Intermediates.noindex/terminal-ansi.build/Debug-webassembly-wasm32/CSelect-t.build/Objects-normal/wasm32/select.dia -c /host/spi-builder-workspace/.build/checkouts/terminal-ansi/Sources/CSelect/select.c -o /host/spi-builder-workspace/.build/out/Intermediates.noindex/terminal-ansi.build/Debug-webassembly-wasm32/CSelect-t.build/Objects-normal/wasm32/select.o
error: Build failed
BUILD FAILURE 6.4 wasm