The Swift Package Index logo.Swift Package Index

Build Information

Failed to build IQKeyboardNotification, reference main (efa705), with Swift 6.2 for Linux on 25 Jun 2026 00:56:12 UTC.

Build Command

bash -c docker run --pull=always --rm -v "checkouts-53886770-0":/host -w "$PWD" -e JAVA_HOME="/root/.sdkman/candidates/java/current" -e SPI_BUILD="1" -e SPI_PROCESSING="1" registry.gitlab.com/swiftpackageindex/spi-images:basic-6.2-latest swift build --triple x86_64-unknown-linux-gnu 2>&1

Build Log

========================================
RunAll
========================================
Builder version: 4071e0796c748d991a0123890d2f0ecadc8fcc8c
Interrupt handler set up.
========================================
Checkout
========================================
Clone URL: https://github.com/hackiftekhar/IQKeyboardNotification.git
Reference: main
Initialized empty Git repository in /host/spi-builder-workspace/.git/
hint: Using 'master' as the name for the initial branch. This default branch name
hint: is subject to change. To configure the initial branch name to use in all
hint: of your new repositories, which will suppress this warning, call:
hint:
hint: 	git config --global init.defaultBranch <name>
hint:
hint: Names commonly chosen instead of 'master' are 'main', 'trunk' and
hint: 'development'. The just-created branch can be renamed via this command:
hint:
hint: 	git branch -m <name>
From https://github.com/hackiftekhar/IQKeyboardNotification
 * branch            main       -> FETCH_HEAD
 * [new branch]      main       -> origin/main
HEAD is now at efa705d 1.0.7
Cloned https://github.com/hackiftekhar/IQKeyboardNotification.git
Revision (git rev-parse @):
efa705d7200edd95b6e31e65e25171f7e897f995
SUCCESS checkout https://github.com/hackiftekhar/IQKeyboardNotification.git at main
========================================
Build
========================================
Selected platform:         linux
Swift version:             6.2
Building package at path:  $PWD
https://github.com/hackiftekhar/IQKeyboardNotification.git
Running build ...
bash -c docker run --pull=always --rm -v "checkouts-53886770-0":/host -w "$PWD" -e JAVA_HOME="/root/.sdkman/candidates/java/current" -e SPI_BUILD="1" -e SPI_PROCESSING="1" registry.gitlab.com/swiftpackageindex/spi-images:basic-6.2-latest swift build --triple x86_64-unknown-linux-gnu 2>&1
basic-6.2-latest: Pulling from swiftpackageindex/spi-images
Digest: sha256:c1e64916691157aa211c844e845a45f54e1288d5927bb1481ff28ec0cfa5960d
Status: Image is up to date for registry.gitlab.com/swiftpackageindex/spi-images:basic-6.2-latest
Building for debugging...
[0/3] Write sources
[1/3] Copying PrivacyInfo.xcprivacy
[2/3] Write swift-version-24593BA9C3E375BF.txt
error: emit-module command failed with exit code 1 (use -v to see invocation)
[4/7] Emitting module IQKeyboardNotification
/host/spi-builder-workspace/IQKeyboardNotification/Classes/IQKeyboardInfo.swift:24:8: error: no such module 'UIKit'
 22 | //  THE SOFTWARE.
 23 |
 24 | import UIKit
    |        `- error: no such module 'UIKit'
 25 |
 26 | @available(iOSApplicationExtension, unavailable)
[5/7] Compiling IQKeyboardNotification IQKeyboardNotification.swift
/host/spi-builder-workspace/IQKeyboardNotification/Classes/IQKeyboardInfo.swift:24:8: error: no such module 'UIKit'
 22 | //  THE SOFTWARE.
 23 |
 24 | import UIKit
    |        `- error: no such module 'UIKit'
 25 |
 26 | @available(iOSApplicationExtension, unavailable)
[6/7] Compiling IQKeyboardNotification IQKeyboardInfo.swift
/host/spi-builder-workspace/IQKeyboardNotification/Classes/IQKeyboardInfo.swift:24:8: error: no such module 'UIKit'
 22 | //  THE SOFTWARE.
 23 |
 24 | import UIKit
    |        `- error: no such module 'UIKit'
 25 |
 26 | @available(iOSApplicationExtension, unavailable)
[7/7] Compiling IQKeyboardNotification resource_bundle_accessor.swift
/host/spi-builder-workspace/IQKeyboardNotification/Classes/IQKeyboardInfo.swift:24:8: error: no such module 'UIKit'
 22 | //  THE SOFTWARE.
 23 |
 24 | import UIKit
    |        `- error: no such module 'UIKit'
 25 |
 26 | @available(iOSApplicationExtension, unavailable)
BUILD FAILURE 6.2 linux