The Swift Package Index logo.Swift Package Index

Build Information

Failed to build swift-toolchain-sqlite, reference main (2725e5), with Swift 6.4 for Wasm on 16 Sep 2026 23:37:30 UTC.

Build Command

bash -c docker run --pull=always --rm -v "checkouts-53886770-0":/host -w "$PWD" -e JAVA_HOME="/root/.sdkman/candidates/java/current" -e SPI_BUILD="1" -e SPI_PROCESSING="1" registry.gitlab.com/saguaro1/spi-images:wasm-6.4-latest swift build --swift-sdk swift-6.4.x-DEVELOPMENT-SNAPSHOT-2026-09-04-a_wasm 2>&1

Build Log

========================================
RunAll
========================================
Builder version: 5.1.0
Interrupt handler set up.
========================================
Checkout
========================================
Clone URL: https://github.com/swiftlang/swift-toolchain-sqlite.git
Reference: main
Initialized empty Git repository in /host/spi-builder-workspace/.git/
hint: Using 'master' as the name for the initial branch. This default branch name
hint: is subject to change. To configure the initial branch name to use in all
hint: of your new repositories, which will suppress this warning, call:
hint:
hint: 	git config --global init.defaultBranch <name>
hint:
hint: Names commonly chosen instead of 'master' are 'main', 'trunk' and
hint: 'development'. The just-created branch can be renamed via this command:
hint:
hint: 	git branch -m <name>
From https://github.com/swiftlang/swift-toolchain-sqlite
 * branch            main       -> FETCH_HEAD
 * [new branch]      main       -> origin/main
HEAD is now at 2725e5f Update CMakeLists.txt
Cloned https://github.com/swiftlang/swift-toolchain-sqlite.git
Revision (git rev-parse @):
2725e5fc3939167eaf6658e0060e06603e82365d
SUCCESS checkout https://github.com/swiftlang/swift-toolchain-sqlite.git at main
========================================
Build
========================================
Selected platform:         wasm
Swift version:             6.4
Building package at path:  $PWD
https://github.com/swiftlang/swift-toolchain-sqlite.git
Running build ...
bash -c docker run --pull=always --rm -v "checkouts-53886770-0":/host -w "$PWD" -e JAVA_HOME="/root/.sdkman/candidates/java/current" -e SPI_BUILD="1" -e SPI_PROCESSING="1" registry.gitlab.com/saguaro1/spi-images:wasm-6.4-latest swift build --swift-sdk swift-6.4.x-DEVELOPMENT-SNAPSHOT-2026-09-04-a_wasm 2>&1
wasm-6.4-latest: Pulling from saguaro1/spi-images
Digest: sha256:4328fdb43c680d205c1d6761b1e3267aa38277eefdda9ddfb17b6a0f1a77857a
Status: Image is up to date for registry.gitlab.com/saguaro1/spi-images:wasm-6.4-latest
Building for debugging...
[Planning deferred tasks]
[17 / 20] sqlite-product
[17 / 20] SwiftToolchainCSQLite
/host/spi-builder-workspace/Package.swift: sqlite-product: clang: warning: argument unused during compilation: '-rdynamic' [-Wunused-command-line-argument]
/host/spi-builder-workspace/Package.swift: sqlite-product: wasm-ld: error: unable to find library -lswiftCore
/host/spi-builder-workspace/Package.swift: sqlite-product: clang: error: linker command failed with exit code 1 (use -v to see invocation)
error: Ld /host/spi-builder-workspace/.build/out/Products/Debug-webassembly-wasm32/sqlite.wasm normal failed with a nonzero exit code. Command line:     cd /host/spi-builder-workspace
    /usr/bin/clang -target wasm32-unknown-wasip1 --sysroot /root/.swiftpm/swift-sdks/swift-6.4.x-DEVELOPMENT-SNAPSHOT-2026-09-04-a_wasm.artifactbundle/swift-6.4.x-DEVELOPMENT-SNAPSHOT-2026-09-04-a_wasm/wasm32-unknown-wasip1/WASI.sdk -resource-dir /root/.swiftpm/swift-sdks/swift-6.4.x-DEVELOPMENT-SNAPSHOT-2026-09-04-a_wasm.artifactbundle/swift-6.4.x-DEVELOPMENT-SNAPSHOT-2026-09-04-a_wasm/wasm32-unknown-wasip1/swift.xctoolchain/usr/lib/swift_static/clang -O0 -L/host/spi-builder-workspace/.build/out/Intermediates.noindex/EagerLinkingTBDs/Debug-webassembly-wasm32 -L/host/spi-builder-workspace/.build/out/Products/Debug-webassembly-wasm32 @/host/spi-builder-workspace/.build/out/Intermediates.noindex/swift-toolchain-sqlite.build/Debug-webassembly-wasm32/sqlite-p.build/Objects-normal/wasm32/sqlite.LinkFileList -Xlinker --gc-sections -rdynamic -lwasi-emulated-signal -lwasi-emulated-process-clocks -lwasi-emulated-getpid -lswiftCore @/host/spi-builder-workspace/.build/out/Products/Debug-webassembly-wasm32/SwiftToolchainCSQLite.objlib/args.resp -o /host/spi-builder-workspace/.build/out/Products/Debug-webassembly-wasm32/sqlite.wasm
error: Build failed
BUILD FAILURE 6.4 wasm