Build Information
Failed to build Beton, reference master (d5cac0), with Swift 6.1 for Linux on 11 Aug 2026 03:45:10 UTC.
Build Command
bash -c docker run --pull=always --rm -v "checkouts-54344846-0":/host -w "$PWD" -e JAVA_HOME="/root/.sdkman/candidates/java/current" -e SPI_BUILD="1" -e SPI_PROCESSING="1" registry.gitlab.com/saguaro1/spi-images:basic-6.1-latest swift build --triple x86_64-unknown-linux-gnu 2>&1Build Log
8 | public protocol XCTMetric: XCTest.XCTMetric {
| `- error: no type named 'XCTMetric' in module 'XCTest'
9 | /// Holds recorded performance metrics.
10 | ///
/host/spi-builder-workspace/Sources/XCTBeton/Performance/XCTMetric/XCTMetric.swift:12:22: error: cannot find type 'XCTPerformanceMeasurement' in scope
10 | ///
11 | /// Use ``XCTestCase/XCTAssertMetric(_:_:_:_:file:line:)`` to make assertions for the measurements.
12 | var measurements: [XCTPerformanceMeasurement] { get }
| `- error: cannot find type 'XCTPerformanceMeasurement' in scope
13 | }
14 |
/host/spi-builder-workspace/Sources/XCTBeton/Performance/XCTMetric/XCTStorageMetric.swift:3:14: error: class 'XCTStorageMetric' does not exist in module 'XCTest'
1 | import Beton
2 |
3 | import class XCTest.XCTStorageMetric
| `- error: class 'XCTStorageMetric' does not exist in module 'XCTest'
4 |
5 | /// A metric to record the amount of data that a performance test logically writes to storage.
/host/spi-builder-workspace/Sources/XCTBeton/Performance/XCTMetric/XCTStorageMetric.swift:21:16: error: cannot find type 'XCTPerformanceMeasurement' in scope
19 | from startTime: XCTPerformanceMeasurementTimestamp,
20 | to endTime: XCTPerformanceMeasurementTimestamp
21 | ) throws -> [XCTPerformanceMeasurement] {
| `- error: cannot find type 'XCTPerformanceMeasurement' in scope
22 | storing(measurements: try super.reportMeasurements(from: startTime, to: endTime))
23 | }
/host/spi-builder-workspace/Sources/XCTBeton/Performance/XCTMetric/XCTStorageMetric.swift:19:21: error: cannot find type 'XCTPerformanceMeasurementTimestamp' in scope
17 | /// allowing you to make assertions to them.
18 | public override func reportMeasurements(
19 | from startTime: XCTPerformanceMeasurementTimestamp,
| `- error: cannot find type 'XCTPerformanceMeasurementTimestamp' in scope
20 | to endTime: XCTPerformanceMeasurementTimestamp
21 | ) throws -> [XCTPerformanceMeasurement] {
/host/spi-builder-workspace/Sources/XCTBeton/Performance/XCTMetric/XCTStorageMetric.swift:20:17: error: cannot find type 'XCTPerformanceMeasurementTimestamp' in scope
18 | public override func reportMeasurements(
19 | from startTime: XCTPerformanceMeasurementTimestamp,
20 | to endTime: XCTPerformanceMeasurementTimestamp
| `- error: cannot find type 'XCTPerformanceMeasurementTimestamp' in scope
21 | ) throws -> [XCTPerformanceMeasurement] {
22 | storing(measurements: try super.reportMeasurements(from: startTime, to: endTime))
/host/spi-builder-workspace/Sources/XCTBeton/Performance/XCTMetric/XCTStorageMetric.swift:25:24: error: method does not override any method from its superclass
23 | }
24 |
25 | override public func copy(with zone: NSZone? = nil) -> Any {
| `- error: method does not override any method from its superclass
26 | remembering(copy: super.copy(with: zone))
27 | }
/host/spi-builder-workspace/Sources/XCTBeton/Performance/XCTMetric/XCTStorageMetric.swift:9:39: error: no type named 'XCTStorageMetric' in module 'XCTest'
7 | /// ``XCTStorageMetric`` is a wrapper to
8 | /// [`XCTest.XCTStorageMetric`](https://developer.apple.com/documentation/xctest/xctstoragemetric).
9 | public class XCTStorageMetric: XCTest.XCTStorageMetric, XCTMetric {
| `- error: no type named 'XCTStorageMetric' in module 'XCTest'
10 |
11 | deinit { forgetSelf() }
/host/spi-builder-workspace/Sources/XCTBeton/Performance/XCTMetric/XCTStorageMetric.swift:26:23: error: 'super' cannot be used in class 'XCTStorageMetric' because it has no superclass
24 |
25 | override public func copy(with zone: NSZone? = nil) -> Any {
26 | remembering(copy: super.copy(with: zone))
| `- error: 'super' cannot be used in class 'XCTStorageMetric' because it has no superclass
27 | }
28 |
[332/332] Compiling XCTBeton XCTStorageMetric.swift
<unknown>:0: warning: upcoming feature 'InferSendableFromCaptures' is already enabled as of Swift version 6
<unknown>:0: warning: upcoming feature 'GlobalActorIsolatedTypesUsability' is already enabled as of Swift version 6
<unknown>:0: warning: upcoming feature 'DisableOutwardActorInference' is already enabled as of Swift version 6
/host/spi-builder-workspace/Sources/XCTBeton/Performance/XCTMetric/XCTMetric.swift:3:17: error: protocol 'XCTMetric' does not exist in module 'XCTest'
1 | import Beton
2 |
3 | import protocol XCTest.XCTMetric
| `- error: protocol 'XCTMetric' does not exist in module 'XCTest'
4 | import class XCTest.XCTPerformanceMeasurement
5 |
/host/spi-builder-workspace/Sources/XCTBeton/Performance/XCTMetric/XCTMetric.swift:4:14: error: class 'XCTPerformanceMeasurement' does not exist in module 'XCTest'
2 |
3 | import protocol XCTest.XCTMetric
4 | import class XCTest.XCTPerformanceMeasurement
| `- error: class 'XCTPerformanceMeasurement' does not exist in module 'XCTest'
5 |
6 | /// Extends [`XCTest.XCTMetric`](https://developer.apple.com/documentation/xctest/xctmetric) with
/host/spi-builder-workspace/Sources/XCTBeton/Performance/XCTMetric/XCTMetric.swift:8:35: error: no type named 'XCTMetric' in module 'XCTest'
6 | /// Extends [`XCTest.XCTMetric`](https://developer.apple.com/documentation/xctest/xctmetric) with
7 | /// ``XCTMetric/measurements-swift.property`` holding recorded performance metrics.
8 | public protocol XCTMetric: XCTest.XCTMetric {
| `- error: no type named 'XCTMetric' in module 'XCTest'
9 | /// Holds recorded performance metrics.
10 | ///
/host/spi-builder-workspace/Sources/XCTBeton/Performance/XCTMetric/XCTMetric.swift:12:22: error: cannot find type 'XCTPerformanceMeasurement' in scope
10 | ///
11 | /// Use ``XCTestCase/XCTAssertMetric(_:_:_:_:file:line:)`` to make assertions for the measurements.
12 | var measurements: [XCTPerformanceMeasurement] { get }
| `- error: cannot find type 'XCTPerformanceMeasurement' in scope
13 | }
14 |
/host/spi-builder-workspace/Sources/XCTBeton/Performance/XCTMetric/XCTStorageMetric.swift:3:14: error: class 'XCTStorageMetric' does not exist in module 'XCTest'
1 | import Beton
2 |
3 | import class XCTest.XCTStorageMetric
| `- error: class 'XCTStorageMetric' does not exist in module 'XCTest'
4 |
5 | /// A metric to record the amount of data that a performance test logically writes to storage.
/host/spi-builder-workspace/Sources/XCTBeton/Performance/XCTMetric/XCTStorageMetric.swift:21:16: error: cannot find type 'XCTPerformanceMeasurement' in scope
19 | from startTime: XCTPerformanceMeasurementTimestamp,
20 | to endTime: XCTPerformanceMeasurementTimestamp
21 | ) throws -> [XCTPerformanceMeasurement] {
| `- error: cannot find type 'XCTPerformanceMeasurement' in scope
22 | storing(measurements: try super.reportMeasurements(from: startTime, to: endTime))
23 | }
/host/spi-builder-workspace/Sources/XCTBeton/Performance/XCTMetric/XCTStorageMetric.swift:19:21: error: cannot find type 'XCTPerformanceMeasurementTimestamp' in scope
17 | /// allowing you to make assertions to them.
18 | public override func reportMeasurements(
19 | from startTime: XCTPerformanceMeasurementTimestamp,
| `- error: cannot find type 'XCTPerformanceMeasurementTimestamp' in scope
20 | to endTime: XCTPerformanceMeasurementTimestamp
21 | ) throws -> [XCTPerformanceMeasurement] {
/host/spi-builder-workspace/Sources/XCTBeton/Performance/XCTMetric/XCTStorageMetric.swift:20:17: error: cannot find type 'XCTPerformanceMeasurementTimestamp' in scope
18 | public override func reportMeasurements(
19 | from startTime: XCTPerformanceMeasurementTimestamp,
20 | to endTime: XCTPerformanceMeasurementTimestamp
| `- error: cannot find type 'XCTPerformanceMeasurementTimestamp' in scope
21 | ) throws -> [XCTPerformanceMeasurement] {
22 | storing(measurements: try super.reportMeasurements(from: startTime, to: endTime))
/host/spi-builder-workspace/Sources/XCTBeton/Performance/XCTMetric/XCTStorageMetric.swift:25:24: error: method does not override any method from its superclass
23 | }
24 |
25 | override public func copy(with zone: NSZone? = nil) -> Any {
| `- error: method does not override any method from its superclass
26 | remembering(copy: super.copy(with: zone))
27 | }
/host/spi-builder-workspace/Sources/XCTBeton/Performance/XCTMetric/XCTStorageMetric.swift:9:39: error: no type named 'XCTStorageMetric' in module 'XCTest'
7 | /// ``XCTStorageMetric`` is a wrapper to
8 | /// [`XCTest.XCTStorageMetric`](https://developer.apple.com/documentation/xctest/xctstoragemetric).
9 | public class XCTStorageMetric: XCTest.XCTStorageMetric, XCTMetric {
| `- error: no type named 'XCTStorageMetric' in module 'XCTest'
10 |
11 | deinit { forgetSelf() }
/host/spi-builder-workspace/Sources/XCTBeton/Performance/XCTMetric/XCTStorageMetric.swift:26:23: error: 'super' cannot be used in class 'XCTStorageMetric' because it has no superclass
24 |
25 | override public func copy(with zone: NSZone? = nil) -> Any {
26 | remembering(copy: super.copy(with: zone))
| `- error: 'super' cannot be used in class 'XCTStorageMetric' because it has no superclass
27 | }
28 |
Running build ...
bash -c docker run --pull=always --rm -v "checkouts-54344846-0":/host -w "$PWD" -e JAVA_HOME="/root/.sdkman/candidates/java/current" -e SPI_BUILD="1" -e SPI_PROCESSING="1" registry.gitlab.com/saguaro1/spi-images:basic-6.1-latest swift build --triple x86_64-unknown-linux-gnu 2>&1
basic-6.1-latest: Pulling from saguaro1/spi-images
Digest: sha256:dff62030f4387a2d827d2b365d39a91716bd1d13650763ccbcbfe23419000563
Status: Image is up to date for registry.gitlab.com/saguaro1/spi-images:basic-6.1-latest
[0/1] Planning build
[1/1] Compiling plugin Swift-DocC Preview
[2/2] Compiling plugin Swift-DocC
Building for debugging...
[2/3] Write swift-version-24593BA9C3E375BF.txt
[4/21] Compiling InternalCollectionsUtilities Debugging.swift
[5/21] Compiling InternalCollectionsUtilities Descriptions.swift
[6/21] Compiling InternalCollectionsUtilities FixedWidthInteger+roundUpToPowerOfTwo.swift
[7/23] Compiling InternalCollectionsUtilities _SortedCollection.swift
[8/23] Compiling InternalCollectionsUtilities _UniqueCollection.swift
[9/23] Compiling InternalCollectionsUtilities UnsafeBufferPointer+Extras.swift
[10/23] Compiling InternalCollectionsUtilities UnsafeMutableBufferPointer+Extras.swift
[11/23] Compiling InternalCollectionsUtilities String+Padding.swift
[12/23] Compiling InternalCollectionsUtilities _UnsafeBitSet+Index.swift
[13/23] Compiling InternalCollectionsUtilities Integer rank.swift
[14/23] Compiling InternalCollectionsUtilities UInt+first and last set bit.swift
[15/23] Compiling InternalCollectionsUtilities UInt+reversed.swift
[16/23] Compiling InternalCollectionsUtilities LifetimeOverride.swift
[17/23] Compiling InternalCollectionsUtilities RandomAccessCollection+Offsets.swift
[18/23] Compiling InternalCollectionsUtilities Span+Extras.swift
[19/23] Compiling InternalCollectionsUtilities UnsafeMutableRawBufferPointer+Extras.swift
[20/23] Compiling InternalCollectionsUtilities UnsafeRawBufferPointer+Extras.swift
[21/23] Compiling InternalCollectionsUtilities _UnsafeBitSet+_Word.swift
[22/23] Compiling InternalCollectionsUtilities _UnsafeBitSet.swift
[23/23] Emitting module InternalCollectionsUtilities
[25/79] Compiling OrderedCollections OrderedDictionary+ExpressibleByDictionaryLiteral.swift
[26/79] Compiling OrderedCollections OrderedDictionary+Hashable.swift
[27/79] Compiling OrderedCollections OrderedDictionary+Initializers.swift
[28/79] Compiling ContainersPreview DynamicContainer.swift
[29/79] Compiling ContainersPreview MutableContainer.swift
[30/121] Compiling OrderedCollections OrderedDictionary+Deprecations.swift
[31/121] Compiling OrderedCollections OrderedDictionary+Descriptions.swift
[32/121] Compiling OrderedCollections OrderedDictionary+Elements.SubSequence.swift
[33/121] Compiling OrderedCollections OrderedDictionary+Elements.swift
[34/121] Compiling OrderedCollections OrderedDictionary+Equatable.swift
[35/121] Compiling OrderedCollections OrderedDictionary+Partial MutableCollection.swift
[36/121] Compiling OrderedCollections OrderedDictionary+Partial RangeReplaceableCollection.swift
[37/121] Compiling OrderedCollections OrderedDictionary+Sendable.swift
[38/121] Compiling OrderedCollections OrderedDictionary+Sequence.swift
[39/121] Compiling OrderedCollections OrderedDictionary+Values.swift
[40/121] Compiling OrderedCollections OrderedSet+Equatable.swift
[41/121] Compiling OrderedCollections OrderedSet+ExpressibleByArrayLiteral.swift
[42/121] Compiling OrderedCollections OrderedSet+Partial SetAlgebra formSymmetricDifference.swift
[43/121] Compiling OrderedCollections OrderedSet+Partial SetAlgebra formUnion.swift
[44/121] Compiling OrderedCollections OrderedSet+Partial SetAlgebra intersection.swift
[45/121] Compiling OrderedCollections OrderedDictionary.swift
[46/121] Compiling OrderedCollections OrderedSet+Codable.swift
[47/121] Compiling OrderedCollections OrderedSet+CustomReflectable.swift
[48/121] Compiling OrderedCollections OrderedSet+Descriptions.swift
[49/121] Compiling OrderedCollections OrderedSet+Diffing.swift
[50/121] Compiling OrderedCollections _HashTable+UnsafeHandle.swift
[51/121] Compiling OrderedCollections _HashTable.swift
[52/121] Compiling OrderedCollections _Hashtable+Header.swift
[53/121] Compiling OrderedCollections OrderedDictionary+Codable.swift
[54/121] Compiling OrderedCollections OrderedDictionary+CustomReflectable.swift
[55/121] Compiling OrderedCollections _HashTable+Bucket.swift
[56/121] Compiling OrderedCollections _HashTable+BucketIterator.swift
[57/121] Compiling OrderedCollections _HashTable+Constants.swift
[58/121] Compiling OrderedCollections _HashTable+CustomStringConvertible.swift
[59/121] Compiling OrderedCollections _HashTable+Testing.swift
[60/121] Emitting module ContainersPreview
[61/121] Compiling OrderedCollections OrderedSet+Partial SetAlgebra isDisjoint.swift
[62/121] Compiling OrderedCollections OrderedSet+Partial SetAlgebra isEqualSet.swift
[63/121] Compiling OrderedCollections OrderedSet+Partial SetAlgebra isStrictSubset.swift
[64/121] Compiling OrderedCollections OrderedSet+Partial SetAlgebra isStrictSuperset.swift
[74/129] Compiling OrderedCollections OrderedSet+Partial SetAlgebra isSuperset.swift
[75/129] Compiling OrderedCollections OrderedSet+Partial SetAlgebra subtract.swift
[76/129] Compiling OrderedCollections OrderedSet+Partial SetAlgebra subtracting.swift
[77/129] Compiling OrderedCollections OrderedSet+Partial SetAlgebra symmetricDifference.swift
[78/129] Compiling OrderedCollections OrderedSet+Partial SetAlgebra union.swift
[79/129] Compiling OrderedCollections OrderedSet+Partial SetAlgebra+Basics.swift
[80/129] Compiling OrderedCollections OrderedSet+RandomAccessCollection.swift
[81/129] Compiling OrderedCollections OrderedSet+ReserveCapacity.swift
[82/170] Compiling DequeModule Deque+Testing.swift
[83/170] Compiling DequeModule Deque._Storage.swift
[84/170] Compiling DequeModule Deque._UnsafeHandle.swift
[85/170] Compiling DequeModule Deque.swift
[86/170] Compiling DequeModule _DequeBuffer.swift
[87/170] Compiling DequeModule _DequeBufferHeader.swift
[88/170] Compiling DequeModule RigidDeque+Append.swift
[89/170] Compiling DequeModule RigidDeque+Consumption.swift
[90/170] Compiling DequeModule UniqueDeque+Insertions.swift
[91/170] Compiling DequeModule UniqueDeque+Prepend.swift
[92/170] Compiling DequeModule UniqueDeque+Removals.swift
[93/170] Compiling DequeModule UniqueDeque+Container.swift
[94/170] Compiling DequeModule UniqueDeque+Deprecated.swift
[95/170] Compiling DequeModule UniqueDeque+Descriptions.swift
[96/170] Compiling DequeModule UniqueDeque+Equatable.swift
[97/170] Compiling DequeModule UniqueDeque+Experimental.swift
[98/170] Compiling DequeModule RigidDeque+Equatable.swift
[99/170] Compiling DequeModule RigidDeque+Experimental.swift
[100/170] Compiling DequeModule RigidDeque+Hashable.swift
[101/170] Compiling DequeModule RigidDeque+Initializers.swift
[102/170] Compiling DequeModule RigidDeque+Insertions.swift
[103/170] Compiling DequeModule RigidDeque+Prepend.swift
[108/175] Compiling DequeModule RigidDeque+Container.swift
[109/175] Compiling DequeModule RigidDeque+Descriptions.swift
[110/175] Compiling DequeModule RigidDeque+Removals.swift
[111/175] Compiling DequeModule RigidDeque+Replacements.swift
[112/175] Compiling DequeModule RigidDeque+Testing.swift
[113/175] Compiling DequeModule RigidDeque.swift
[114/175] Compiling DequeModule UniqueDeque+Append.swift
[115/175] Compiling DequeModule UniqueDeque+Consumption.swift
[116/175] Compiling DequeModule UniqueDeque+Hashable.swift
[117/175] Compiling DequeModule UniqueDeque+Initializers.swift
[126/175] Compiling DequeModule Deque+Codable.swift
[127/175] Compiling DequeModule Deque+Collection.swift
[128/175] Compiling DequeModule Deque+CustomReflectable.swift
[129/175] Compiling DequeModule Deque+Descriptions.swift
[130/175] Compiling DequeModule Deque+Equatable.swift
[131/175] Compiling DequeModule Deque+ExpressibleByArrayLiteral.swift
[132/175] Compiling DequeModule Deque+Extras.swift
[133/175] Compiling DequeModule Deque+Hashable.swift
[134/175] Compiling OrderedCollections OrderedSet+Sendable.swift
[135/175] Compiling OrderedCollections OrderedSet+SubSequence.swift
[136/175] Compiling OrderedCollections OrderedSet+Testing.swift
[137/175] Compiling OrderedCollections OrderedSet+UnorderedView.swift
[138/175] Compiling OrderedCollections OrderedSet+UnstableInternals.swift
[139/175] Compiling OrderedCollections OrderedSet.swift
[140/175] Compiling OrderedCollections _UnsafeBitset.swift
[149/175] Compiling OrderedCollections OrderedSet+Hashable.swift
[150/175] Compiling OrderedCollections OrderedSet+Initializers.swift
[151/175] Compiling OrderedCollections OrderedSet+Insertions.swift
[152/175] Compiling OrderedCollections OrderedSet+Invariants.swift
[153/175] Compiling OrderedCollections OrderedSet+Move.swift
[154/175] Compiling OrderedCollections OrderedSet+Partial MutableCollection.swift
[155/175] Compiling OrderedCollections OrderedSet+Partial RangeReplaceableCollection.swift
[156/175] Compiling OrderedCollections OrderedSet+Partial SetAlgebra formIntersection.swift
[163/175] Compiling DequeModule UniqueDeque+Replacements.swift
[164/175] Compiling DequeModule UniqueDeque.swift
[165/175] Compiling DequeModule _DequeSlot.swift
[166/175] Compiling DequeModule _UnsafeDequeHandle.swift
[167/175] Compiling DequeModule _UnsafeDequeSegments.swift
[168/175] Emitting module OrderedCollections
[176/176] Emitting module DequeModule
[178/230] Compiling AsyncAlgorithms AsyncAdjacentPairsSequence.swift
[179/230] Compiling AsyncAlgorithms AsyncBufferedByteIterator.swift
[180/230] Compiling AsyncAlgorithms AsyncChain2Sequence.swift
[181/230] Compiling AsyncAlgorithms AsyncChain3Sequence.swift
[182/230] Compiling AsyncAlgorithms AsyncChunkedByGroupSequence.swift
[183/230] Compiling AsyncAlgorithms AsyncChunkedOnProjectionSequence.swift
[184/230] Compiling AsyncAlgorithms AsyncChunksOfCountOrSignalSequence.swift
[185/230] Compiling AsyncAlgorithms AsyncChunksOfCountSequence.swift
[186/237] Compiling AsyncAlgorithms UnboundedBufferStateMachine.swift
[187/237] Compiling AsyncAlgorithms UnboundedBufferStorage.swift
[188/237] Compiling AsyncAlgorithms AsyncChannel.swift
[189/237] Compiling AsyncAlgorithms AsyncThrowingChannel.swift
[190/237] Compiling AsyncAlgorithms ChannelStateMachine.swift
[191/237] Compiling AsyncAlgorithms ChannelStorage.swift
[192/237] Compiling AsyncAlgorithms AsyncCombineLatest2Sequence.swift
[193/237] Compiling AsyncAlgorithms AsyncCompactedSequence.swift
[194/237] Compiling AsyncAlgorithms AsyncExclusiveReductionsSequence.swift
[195/237] Compiling AsyncAlgorithms AsyncInclusiveReductionsSequence.swift
[196/237] Compiling AsyncAlgorithms AsyncJoinedBySeparatorSequence.swift
[197/237] Compiling AsyncAlgorithms AsyncJoinedSequence.swift
[198/237] Compiling AsyncAlgorithms AsyncMapErrorSequence.swift
[199/237] Compiling AsyncAlgorithms AsyncRemoveDuplicatesSequence.swift
[200/237] Compiling AsyncAlgorithms AsyncShareSequence.swift
[201/237] Compiling AsyncAlgorithms AsyncSyncSequence.swift
[202/237] Compiling AsyncAlgorithms AsyncThrottleSequence.swift
[203/237] Compiling AsyncAlgorithms AsyncThrowingExclusiveReductionsSequence.swift
[204/237] Compiling AsyncAlgorithms AsyncThrowingInclusiveReductionsSequence.swift
[205/237] Compiling AsyncAlgorithms AsyncTimerSequence.swift
[206/237] Compiling AsyncAlgorithms AsyncBufferSequence.swift
[207/237] Compiling AsyncAlgorithms BoundedBufferStateMachine.swift
[208/237] Compiling AsyncAlgorithms BoundedBufferStorage.swift
[209/237] Emitting module AsyncAlgorithms
[210/237] Compiling AsyncAlgorithms AsyncCombineLatest3Sequence.swift
[211/237] Compiling AsyncAlgorithms CombineLatestStateMachine.swift
[212/237] Compiling AsyncAlgorithms CombineLatestStorage.swift
[213/237] Compiling AsyncAlgorithms AsyncDebounceSequence.swift
[214/237] Compiling AsyncAlgorithms DebounceStateMachine.swift
[215/237] Compiling AsyncAlgorithms DebounceStorage.swift
[216/237] Compiling AsyncAlgorithms Dictionary.swift
[217/237] Compiling AsyncAlgorithms Rethrow.swift
[218/237] Compiling AsyncAlgorithms SetAlgebra.swift
[219/237] Compiling AsyncAlgorithms UnsafeTransfer.swift
[220/237] Compiling AsyncAlgorithms AsyncZip2Sequence.swift
[221/237] Compiling AsyncAlgorithms AsyncZip3Sequence.swift
[222/237] Compiling AsyncAlgorithms ZipStateMachine.swift
[223/237] Compiling AsyncAlgorithms ZipStorage.swift
[224/237] Compiling AsyncAlgorithms AsyncFlatMapLatestSequence.swift
[225/237] Compiling AsyncAlgorithms FlatMapLatestStateMachine.swift
[226/237] Compiling AsyncAlgorithms FlatMapLatestStorage.swift
[227/237] Compiling AsyncAlgorithms Disconnected.swift
[228/237] Compiling AsyncAlgorithms _TinyArray.swift
[229/237] Compiling AsyncAlgorithms AsyncInterspersedSequence.swift
[230/237] Compiling AsyncAlgorithms Locking.swift
[231/237] Compiling AsyncAlgorithms AsyncMerge2Sequence.swift
[232/237] Compiling AsyncAlgorithms AsyncMerge3Sequence.swift
[233/237] Compiling AsyncAlgorithms MergeStateMachine.swift
[234/237] Compiling AsyncAlgorithms MergeStorage.swift
[235/237] Compiling AsyncAlgorithms MultiProducerSingleConsumerAsyncChannel+Internal.swift
[236/237] Compiling AsyncAlgorithms MultiProducerSingleConsumerAsyncChannel.swift
[237/237] Compiling AsyncAlgorithms RangeReplaceableCollection.swift
[239/298] Compiling Beton UnitAngle+default.swift
[240/298] Compiling Beton UnitArea+default.swift
[241/298] Compiling Beton UnitConcentrationMass+default.swift
[242/298] Compiling Beton UnitDispersion+default.swift
[243/298] Compiling Beton UnitDuration+default.swift
[244/298] Compiling Beton UnitElectricCharge+default.swift
[245/298] Compiling Beton UnitElectricCurrent+default.swift
[246/298] Compiling Beton UnitElectricPotentialDifference+default.swift
[247/306] Compiling Beton UnitElectricResistance+default.swift
[248/306] Compiling Beton UnitEnergy+default.swift
[249/306] Compiling Beton UnitFrequency+default.swift
[250/306] Compiling Beton UnitFuelEfficiency+default.swift
[251/306] Compiling Beton UnitIlluminance+default.swift
[252/306] Compiling Beton UnitInformationStorage+default.swift
[253/306] Compiling Beton UnitLength+default.swift
[254/306] Compiling Beton UnitMass+default.swift
[255/306] Emitting module Beton
[256/306] Compiling Beton UnitPower+default.swift
[257/306] Compiling Beton UnitPressure+default.swift
[258/306] Compiling Beton UnitSpeed+default.swift
[259/306] Compiling Beton UnitTemperature+default.swift
[260/306] Compiling Beton UnitVolume+default.swift
[261/306] Compiling Beton pow+measurement.swift
[262/306] Compiling Beton sqrt+measurement.swift
[263/306] Compiling Beton Notification.Name+ExpressibleByStringLiteral.swift
[264/306] Compiling Beton Measurement+convenienceInit+whenUnitArea.swift
[265/306] Compiling Beton Measurement+convenienceInit+whenUnitConcentrationMass.swift
[266/306] Compiling Beton Measurement+convenienceInit+whenUnitDispersion.swift
[267/306] Compiling Beton Measurement+convenienceInit+whenUnitDuration.swift
[268/306] Compiling Beton Measurement+convenienceInit+whenUnitElectricCharge.swift
[269/306] Compiling Beton Measurement+convenienceInit+whenUnitElectricCurrent.swift
[270/306] Compiling Beton Measurement+convenienceInit+whenUnitElectricPotentialDifference.swift
[271/306] Compiling Beton Measurement+convenienceInit+whenUnitElectricResistance.swift
[272/306] Compiling Beton Measurement+convenienceInit+whenUnitEnergy.swift
[273/306] Compiling Beton Beton.swift
[274/306] Compiling Beton Bundle+localizationBundles.swift
[275/306] Compiling Beton Bundle+localizedString.swift
[276/306] Compiling Beton BundleAware.swift
[277/306] Compiling Beton repeating.swift
[278/306] Compiling Beton Locale+ExpressibleByStringLiteral.swift
[279/306] Compiling Beton LocaleAware.swift
[280/306] Compiling Beton Measurement+convenienceInit+whenUnitAcceleration.swift
[281/306] Compiling Beton Measurement+convenienceInit+whenUnitAngle.swift
[282/306] Compiling Beton Measurement+convenienceInit+whenUnitTemperature.swift
[283/306] Compiling Beton Measurement+convenienceInit+whenUnitVolume.swift
[284/306] Compiling Beton Measurement+AdditiveArithmetic.swift
[285/306] Compiling Beton Measurement+ExpressibleByFloatLiteral.swift
[286/306] Compiling Beton Measurement+ExpressibleByIntegerLiteral.swift
[287/306] Compiling Beton Measurement+convenienceInit.swift
[288/306] Compiling Beton Unit.swift
[289/306] Compiling Beton UnitAcceleration+default.swift
[290/306] Compiling Beton Measurement+convenienceInit+whenUnitFrequency.swift
[291/306] Compiling Beton Measurement+convenienceInit+whenUnitFuelEfficiency.swift
[292/306] Compiling Beton Measurement+convenienceInit+whenUnitIlluminance.swift
[293/306] Compiling Beton Measurement+convenienceInit+whenUnitInformationStorage.swift
[294/306] Compiling Beton Measurement+convenienceInit+whenUnitLength.swift
[295/306] Compiling Beton Measurement+convenienceInit+whenUnitMass.swift
[296/306] Compiling Beton Measurement+convenienceInit+whenUnitPower.swift
[297/306] Compiling Beton Measurement+convenienceInit+whenUnitPressure.swift
[298/306] Compiling Beton Measurement+convenienceInit+whenUnitSpeed.swift
[299/306] Compiling Beton pipe.swift
[300/306] Compiling Beton wtf+throwIfOptional.swift
[301/306] Compiling Beton wtf.swift
[302/306] Compiling Beton Sequence+sum.swift
[303/306] Compiling Beton URL+ExpressibleByStringLiteral.swift
[304/306] Compiling Beton URL+append#linux.swift
[305/306] Compiling Beton Array+init+fromUuid+whenUint8.swift
[306/306] Compiling Beton Data+UUID+convenienceBridge.swift
[308/323] Compiling XCTBeton XCTMetric.swift
/host/spi-builder-workspace/Sources/XCTBeton/Performance/XCTMetric/XCTMetric.swift:3:17: error: protocol 'XCTMetric' does not exist in module 'XCTest'
1 | import Beton
2 |
3 | import protocol XCTest.XCTMetric
| `- error: protocol 'XCTMetric' does not exist in module 'XCTest'
4 | import class XCTest.XCTPerformanceMeasurement
5 |
/host/spi-builder-workspace/Sources/XCTBeton/Performance/XCTMetric/XCTMetric.swift:4:14: error: class 'XCTPerformanceMeasurement' does not exist in module 'XCTest'
2 |
3 | import protocol XCTest.XCTMetric
4 | import class XCTest.XCTPerformanceMeasurement
| `- error: class 'XCTPerformanceMeasurement' does not exist in module 'XCTest'
5 |
6 | /// Extends [`XCTest.XCTMetric`](https://developer.apple.com/documentation/xctest/xctmetric) with
/host/spi-builder-workspace/Sources/XCTBeton/Performance/XCTMetric/XCTMetric.swift:8:35: error: no type named 'XCTMetric' in module 'XCTest'
6 | /// Extends [`XCTest.XCTMetric`](https://developer.apple.com/documentation/xctest/xctmetric) with
7 | /// ``XCTMetric/measurements-swift.property`` holding recorded performance metrics.
8 | public protocol XCTMetric: XCTest.XCTMetric {
| `- error: no type named 'XCTMetric' in module 'XCTest'
9 | /// Holds recorded performance metrics.
10 | ///
/host/spi-builder-workspace/Sources/XCTBeton/Performance/XCTMetric/XCTMetric.swift:12:22: error: cannot find type 'XCTPerformanceMeasurement' in scope
10 | ///
11 | /// Use ``XCTestCase/XCTAssertMetric(_:_:_:_:file:line:)`` to make assertions for the measurements.
12 | var measurements: [XCTPerformanceMeasurement] { get }
| `- error: cannot find type 'XCTPerformanceMeasurement' in scope
13 | }
14 |
/host/spi-builder-workspace/Sources/XCTBeton/Performance/XCTMetric/XCTStorageMetric.swift:3:14: error: class 'XCTStorageMetric' does not exist in module 'XCTest'
1 | import Beton
2 |
3 | import class XCTest.XCTStorageMetric
| `- error: class 'XCTStorageMetric' does not exist in module 'XCTest'
4 |
5 | /// A metric to record the amount of data that a performance test logically writes to storage.
/host/spi-builder-workspace/Sources/XCTBeton/Performance/XCTMetric/XCTStorageMetric.swift:21:16: error: cannot find type 'XCTPerformanceMeasurement' in scope
19 | from startTime: XCTPerformanceMeasurementTimestamp,
20 | to endTime: XCTPerformanceMeasurementTimestamp
21 | ) throws -> [XCTPerformanceMeasurement] {
| `- error: cannot find type 'XCTPerformanceMeasurement' in scope
22 | storing(measurements: try super.reportMeasurements(from: startTime, to: endTime))
23 | }
/host/spi-builder-workspace/Sources/XCTBeton/Performance/XCTMetric/XCTStorageMetric.swift:19:21: error: cannot find type 'XCTPerformanceMeasurementTimestamp' in scope
17 | /// allowing you to make assertions to them.
18 | public override func reportMeasurements(
19 | from startTime: XCTPerformanceMeasurementTimestamp,
| `- error: cannot find type 'XCTPerformanceMeasurementTimestamp' in scope
20 | to endTime: XCTPerformanceMeasurementTimestamp
21 | ) throws -> [XCTPerformanceMeasurement] {
/host/spi-builder-workspace/Sources/XCTBeton/Performance/XCTMetric/XCTStorageMetric.swift:20:17: error: cannot find type 'XCTPerformanceMeasurementTimestamp' in scope
18 | public override func reportMeasurements(
19 | from startTime: XCTPerformanceMeasurementTimestamp,
20 | to endTime: XCTPerformanceMeasurementTimestamp
| `- error: cannot find type 'XCTPerformanceMeasurementTimestamp' in scope
21 | ) throws -> [XCTPerformanceMeasurement] {
22 | storing(measurements: try super.reportMeasurements(from: startTime, to: endTime))
/host/spi-builder-workspace/Sources/XCTBeton/Performance/XCTMetric/XCTStorageMetric.swift:25:24: error: method does not override any method from its superclass
23 | }
24 |
25 | override public func copy(with zone: NSZone? = nil) -> Any {
| `- error: method does not override any method from its superclass
26 | remembering(copy: super.copy(with: zone))
27 | }
/host/spi-builder-workspace/Sources/XCTBeton/Performance/XCTMetric/XCTStorageMetric.swift:9:39: error: no type named 'XCTStorageMetric' in module 'XCTest'
7 | /// ``XCTStorageMetric`` is a wrapper to
8 | /// [`XCTest.XCTStorageMetric`](https://developer.apple.com/documentation/xctest/xctstoragemetric).
9 | public class XCTStorageMetric: XCTest.XCTStorageMetric, XCTMetric {
| `- error: no type named 'XCTStorageMetric' in module 'XCTest'
10 |
11 | deinit { forgetSelf() }
/host/spi-builder-workspace/Sources/XCTBeton/Performance/XCTMetric/XCTStorageMetric.swift:26:23: error: 'super' cannot be used in class 'XCTStorageMetric' because it has no superclass
24 |
25 | override public func copy(with zone: NSZone? = nil) -> Any {
26 | remembering(copy: super.copy(with: zone))
| `- error: 'super' cannot be used in class 'XCTStorageMetric' because it has no superclass
27 | }
28 |
[309/323] Compiling XCTBeton XCTStorageMetric.swift
/host/spi-builder-workspace/Sources/XCTBeton/Performance/XCTMetric/XCTMetric.swift:3:17: error: protocol 'XCTMetric' does not exist in module 'XCTest'
1 | import Beton
2 |
3 | import protocol XCTest.XCTMetric
| `- error: protocol 'XCTMetric' does not exist in module 'XCTest'
4 | import class XCTest.XCTPerformanceMeasurement
5 |
/host/spi-builder-workspace/Sources/XCTBeton/Performance/XCTMetric/XCTMetric.swift:4:14: error: class 'XCTPerformanceMeasurement' does not exist in module 'XCTest'
2 |
3 | import protocol XCTest.XCTMetric
4 | import class XCTest.XCTPerformanceMeasurement
| `- error: class 'XCTPerformanceMeasurement' does not exist in module 'XCTest'
5 |
6 | /// Extends [`XCTest.XCTMetric`](https://developer.apple.com/documentation/xctest/xctmetric) with
/host/spi-builder-workspace/Sources/XCTBeton/Performance/XCTMetric/XCTMetric.swift:8:35: error: no type named 'XCTMetric' in module 'XCTest'
6 | /// Extends [`XCTest.XCTMetric`](https://developer.apple.com/documentation/xctest/xctmetric) with
7 | /// ``XCTMetric/measurements-swift.property`` holding recorded performance metrics.
8 | public protocol XCTMetric: XCTest.XCTMetric {
| `- error: no type named 'XCTMetric' in module 'XCTest'
9 | /// Holds recorded performance metrics.
10 | ///
/host/spi-builder-workspace/Sources/XCTBeton/Performance/XCTMetric/XCTMetric.swift:12:22: error: cannot find type 'XCTPerformanceMeasurement' in scope
10 | ///
11 | /// Use ``XCTestCase/XCTAssertMetric(_:_:_:_:file:line:)`` to make assertions for the measurements.
12 | var measurements: [XCTPerformanceMeasurement] { get }
| `- error: cannot find type 'XCTPerformanceMeasurement' in scope
13 | }
14 |
/host/spi-builder-workspace/Sources/XCTBeton/Performance/XCTMetric/XCTStorageMetric.swift:3:14: error: class 'XCTStorageMetric' does not exist in module 'XCTest'
1 | import Beton
2 |
3 | import class XCTest.XCTStorageMetric
| `- error: class 'XCTStorageMetric' does not exist in module 'XCTest'
4 |
5 | /// A metric to record the amount of data that a performance test logically writes to storage.
/host/spi-builder-workspace/Sources/XCTBeton/Performance/XCTMetric/XCTStorageMetric.swift:21:16: error: cannot find type 'XCTPerformanceMeasurement' in scope
19 | from startTime: XCTPerformanceMeasurementTimestamp,
20 | to endTime: XCTPerformanceMeasurementTimestamp
21 | ) throws -> [XCTPerformanceMeasurement] {
| `- error: cannot find type 'XCTPerformanceMeasurement' in scope
22 | storing(measurements: try super.reportMeasurements(from: startTime, to: endTime))
23 | }
/host/spi-builder-workspace/Sources/XCTBeton/Performance/XCTMetric/XCTStorageMetric.swift:19:21: error: cannot find type 'XCTPerformanceMeasurementTimestamp' in scope
17 | /// allowing you to make assertions to them.
18 | public override func reportMeasurements(
19 | from startTime: XCTPerformanceMeasurementTimestamp,
| `- error: cannot find type 'XCTPerformanceMeasurementTimestamp' in scope
20 | to endTime: XCTPerformanceMeasurementTimestamp
21 | ) throws -> [XCTPerformanceMeasurement] {
/host/spi-builder-workspace/Sources/XCTBeton/Performance/XCTMetric/XCTStorageMetric.swift:20:17: error: cannot find type 'XCTPerformanceMeasurementTimestamp' in scope
18 | public override func reportMeasurements(
19 | from startTime: XCTPerformanceMeasurementTimestamp,
20 | to endTime: XCTPerformanceMeasurementTimestamp
| `- error: cannot find type 'XCTPerformanceMeasurementTimestamp' in scope
21 | ) throws -> [XCTPerformanceMeasurement] {
22 | storing(measurements: try super.reportMeasurements(from: startTime, to: endTime))
/host/spi-builder-workspace/Sources/XCTBeton/Performance/XCTMetric/XCTStorageMetric.swift:25:24: error: method does not override any method from its superclass
23 | }
24 |
25 | override public func copy(with zone: NSZone? = nil) -> Any {
| `- error: method does not override any method from its superclass
26 | remembering(copy: super.copy(with: zone))
27 | }
/host/spi-builder-workspace/Sources/XCTBeton/Performance/XCTMetric/XCTStorageMetric.swift:9:39: error: no type named 'XCTStorageMetric' in module 'XCTest'
7 | /// ``XCTStorageMetric`` is a wrapper to
8 | /// [`XCTest.XCTStorageMetric`](https://developer.apple.com/documentation/xctest/xctstoragemetric).
9 | public class XCTStorageMetric: XCTest.XCTStorageMetric, XCTMetric {
| `- error: no type named 'XCTStorageMetric' in module 'XCTest'
10 |
11 | deinit { forgetSelf() }
/host/spi-builder-workspace/Sources/XCTBeton/Performance/XCTMetric/XCTStorageMetric.swift:26:23: error: 'super' cannot be used in class 'XCTStorageMetric' because it has no superclass
24 |
25 | override public func copy(with zone: NSZone? = nil) -> Any {
26 | remembering(copy: super.copy(with: zone))
| `- error: 'super' cannot be used in class 'XCTStorageMetric' because it has no superclass
27 | }
28 |
[310/325] Compiling XCTBeton XCTMeasureOptions.swift
/host/spi-builder-workspace/Sources/XCTBeton/Performance/XCTMeasureOptions.swift:3:14: error: class 'XCTMeasureOptions' does not exist in module 'XCTest'
1 | import Beton
2 |
3 | import class XCTest.XCTMeasureOptions
| `- error: class 'XCTMeasureOptions' does not exist in module 'XCTest'
4 |
5 | open class XCTMeasureOptions: XCTest.XCTMeasureOptions {}
/host/spi-builder-workspace/Sources/XCTBeton/Performance/XCTMeasureOptions.swift:5:38: error: no type named 'XCTMeasureOptions' in module 'XCTest'
3 | import class XCTest.XCTMeasureOptions
4 |
5 | open class XCTMeasureOptions: XCTest.XCTMeasureOptions {}
| `- error: no type named 'XCTMeasureOptions' in module 'XCTest'
6 |
/host/spi-builder-workspace/Sources/XCTBeton/Performance/XCTMetric/XCTCPUMetric.swift:3:14: error: class 'XCTCPUMetric' does not exist in module 'XCTest'
1 | import Beton
2 |
3 | import class XCTest.XCTCPUMetric
| `- error: class 'XCTCPUMetric' does not exist in module 'XCTest'
4 |
5 | /// A metric to record information about CPU activity during a performance test.
/host/spi-builder-workspace/Sources/XCTBeton/Performance/XCTMetric/XCTCPUMetric.swift:20:16: error: cannot find type 'XCTPerformanceMeasurement' in scope
18 | from startTime: XCTPerformanceMeasurementTimestamp,
19 | to endTime: XCTPerformanceMeasurementTimestamp
20 | ) throws -> [XCTPerformanceMeasurement] {
| `- error: cannot find type 'XCTPerformanceMeasurement' in scope
21 | storing(measurements: try super.reportMeasurements(from: startTime, to: endTime))
22 | }
/host/spi-builder-workspace/Sources/XCTBeton/Performance/XCTMetric/XCTCPUMetric.swift:18:21: error: cannot find type 'XCTPerformanceMeasurementTimestamp' in scope
16 | /// allowing you to make assertions to them.
17 | public override func reportMeasurements(
18 | from startTime: XCTPerformanceMeasurementTimestamp,
| `- error: cannot find type 'XCTPerformanceMeasurementTimestamp' in scope
19 | to endTime: XCTPerformanceMeasurementTimestamp
20 | ) throws -> [XCTPerformanceMeasurement] {
/host/spi-builder-workspace/Sources/XCTBeton/Performance/XCTMetric/XCTCPUMetric.swift:19:17: error: cannot find type 'XCTPerformanceMeasurementTimestamp' in scope
17 | public override func reportMeasurements(
18 | from startTime: XCTPerformanceMeasurementTimestamp,
19 | to endTime: XCTPerformanceMeasurementTimestamp
| `- error: cannot find type 'XCTPerformanceMeasurementTimestamp' in scope
20 | ) throws -> [XCTPerformanceMeasurement] {
21 | storing(measurements: try super.reportMeasurements(from: startTime, to: endTime))
/host/spi-builder-workspace/Sources/XCTBeton/Performance/XCTMetric/XCTCPUMetric.swift:24:24: error: method does not override any method from its superclass
22 | }
23 |
24 | override public func copy(with zone: NSZone? = nil) -> Any {
| `- error: method does not override any method from its superclass
25 | remembering(copy: super.copy(with: zone))
26 | }
/host/spi-builder-workspace/Sources/XCTBeton/Performance/XCTMetric/XCTCPUMetric.swift:9:35: error: no type named 'XCTCPUMetric' in module 'XCTest'
7 | /// ``XCTCPUMetric`` is a wrapper to
8 | /// [`XCTest.XCTCPUMetric`](https://developer.apple.com/documentation/xctest/xctcpumetric).
9 | public class XCTCPUMetric: XCTest.XCTCPUMetric, XCTMetric {
| `- error: no type named 'XCTCPUMetric' in module 'XCTest'
10 | deinit { forgetSelf() }
11 |
/host/spi-builder-workspace/Sources/XCTBeton/Performance/XCTMetric/XCTMetric.swift:8:35: error: no type named 'XCTMetric' in module 'XCTest'
6 | /// Extends [`XCTest.XCTMetric`](https://developer.apple.com/documentation/xctest/xctmetric) with
7 | /// ``XCTMetric/measurements-swift.property`` holding recorded performance metrics.
8 | public protocol XCTMetric: XCTest.XCTMetric {
| `- error: no type named 'XCTMetric' in module 'XCTest'
9 | /// Holds recorded performance metrics.
10 | ///
/host/spi-builder-workspace/Sources/XCTBeton/Performance/XCTMetric/XCTMetric.swift:12:22: error: cannot find type 'XCTPerformanceMeasurement' in scope
10 | ///
11 | /// Use ``XCTestCase/XCTAssertMetric(_:_:_:_:file:line:)`` to make assertions for the measurements.
12 | var measurements: [XCTPerformanceMeasurement] { get }
| `- error: cannot find type 'XCTPerformanceMeasurement' in scope
13 | }
14 |
/host/spi-builder-workspace/Sources/XCTBeton/Performance/XCTMetric/XCTCPUMetric.swift:25:23: error: 'super' cannot be used in class 'XCTCPUMetric' because it has no superclass
23 |
24 | override public func copy(with zone: NSZone? = nil) -> Any {
25 | remembering(copy: super.copy(with: zone))
| `- error: 'super' cannot be used in class 'XCTCPUMetric' because it has no superclass
26 | }
27 |
/host/spi-builder-workspace/Sources/XCTBeton/Performance/XCTMetric/XCTClockMetric.swift:3:14: error: class 'XCTClockMetric' does not exist in module 'XCTest'
1 | import Beton
2 |
3 | import class XCTest.XCTClockMetric
| `- error: class 'XCTClockMetric' does not exist in module 'XCTest'
4 |
5 | /// A metric to record the time that elapses during a performance test.
/host/spi-builder-workspace/Sources/XCTBeton/Performance/XCTMetric/XCTClockMetric.swift:20:16: error: cannot find type 'XCTPerformanceMeasurement' in scope
18 | from startTime: XCTPerformanceMeasurementTimestamp,
19 | to endTime: XCTPerformanceMeasurementTimestamp
20 | ) throws -> [XCTPerformanceMeasurement] {
| `- error: cannot find type 'XCTPerformanceMeasurement' in scope
21 | storing(measurements: try super.reportMeasurements(from: startTime, to: endTime))
22 | }
/host/spi-builder-workspace/Sources/XCTBeton/Performance/XCTMetric/XCTClockMetric.swift:18:21: error: cannot find type 'XCTPerformanceMeasurementTimestamp' in scope
16 | /// allowing you to make assertions to them.
17 | public override func reportMeasurements(
18 | from startTime: XCTPerformanceMeasurementTimestamp,
| `- error: cannot find type 'XCTPerformanceMeasurementTimestamp' in scope
19 | to endTime: XCTPerformanceMeasurementTimestamp
20 | ) throws -> [XCTPerformanceMeasurement] {
/host/spi-builder-workspace/Sources/XCTBeton/Performance/XCTMetric/XCTClockMetric.swift:19:17: error: cannot find type 'XCTPerformanceMeasurementTimestamp' in scope
17 | public override func reportMeasurements(
18 | from startTime: XCTPerformanceMeasurementTimestamp,
19 | to endTime: XCTPerformanceMeasurementTimestamp
| `- error: cannot find type 'XCTPerformanceMeasurementTimestamp' in scope
20 | ) throws -> [XCTPerformanceMeasurement] {
21 | storing(measurements: try super.reportMeasurements(from: startTime, to: endTime))
/host/spi-builder-workspace/Sources/XCTBeton/Performance/XCTMetric/XCTClockMetric.swift:24:24: error: method does not override any method from its superclass
22 | }
23 |
24 | override public func copy(with zone: NSZone? = nil) -> Any {
| `- error: method does not override any method from its superclass
25 | remembering(copy: super.copy(with: zone))
26 | }
/host/spi-builder-workspace/Sources/XCTBeton/Performance/XCTMetric/XCTClockMetric.swift:9:37: error: no type named 'XCTClockMetric' in module 'XCTest'
7 | /// ``XCTClockMetric`` is a wrapper to
8 | /// [`XCTest.XCTClockMetric`](https://developer.apple.com/documentation/xctest/xctclockmetric).
9 | public class XCTClockMetric: XCTest.XCTClockMetric, XCTMetric {
| `- error: no type named 'XCTClockMetric' in module 'XCTest'
10 | deinit { forgetSelf() }
11 |
/host/spi-builder-workspace/Sources/XCTBeton/Performance/XCTMetric/XCTClockMetric.swift:25:23: error: 'super' cannot be used in class 'XCTClockMetric' because it has no superclass
23 |
24 | override public func copy(with zone: NSZone? = nil) -> Any {
25 | remembering(copy: super.copy(with: zone))
| `- error: 'super' cannot be used in class 'XCTClockMetric' because it has no superclass
26 | }
27 |
[311/325] Compiling XCTBeton XCTCPUMetric.swift
/host/spi-builder-workspace/Sources/XCTBeton/Performance/XCTMeasureOptions.swift:3:14: error: class 'XCTMeasureOptions' does not exist in module 'XCTest'
1 | import Beton
2 |
3 | import class XCTest.XCTMeasureOptions
| `- error: class 'XCTMeasureOptions' does not exist in module 'XCTest'
4 |
5 | open class XCTMeasureOptions: XCTest.XCTMeasureOptions {}
/host/spi-builder-workspace/Sources/XCTBeton/Performance/XCTMeasureOptions.swift:5:38: error: no type named 'XCTMeasureOptions' in module 'XCTest'
3 | import class XCTest.XCTMeasureOptions
4 |
5 | open class XCTMeasureOptions: XCTest.XCTMeasureOptions {}
| `- error: no type named 'XCTMeasureOptions' in module 'XCTest'
6 |
/host/spi-builder-workspace/Sources/XCTBeton/Performance/XCTMetric/XCTCPUMetric.swift:3:14: error: class 'XCTCPUMetric' does not exist in module 'XCTest'
1 | import Beton
2 |
3 | import class XCTest.XCTCPUMetric
| `- error: class 'XCTCPUMetric' does not exist in module 'XCTest'
4 |
5 | /// A metric to record information about CPU activity during a performance test.
/host/spi-builder-workspace/Sources/XCTBeton/Performance/XCTMetric/XCTCPUMetric.swift:20:16: error: cannot find type 'XCTPerformanceMeasurement' in scope
18 | from startTime: XCTPerformanceMeasurementTimestamp,
19 | to endTime: XCTPerformanceMeasurementTimestamp
20 | ) throws -> [XCTPerformanceMeasurement] {
| `- error: cannot find type 'XCTPerformanceMeasurement' in scope
21 | storing(measurements: try super.reportMeasurements(from: startTime, to: endTime))
22 | }
/host/spi-builder-workspace/Sources/XCTBeton/Performance/XCTMetric/XCTCPUMetric.swift:18:21: error: cannot find type 'XCTPerformanceMeasurementTimestamp' in scope
16 | /// allowing you to make assertions to them.
17 | public override func reportMeasurements(
18 | from startTime: XCTPerformanceMeasurementTimestamp,
| `- error: cannot find type 'XCTPerformanceMeasurementTimestamp' in scope
19 | to endTime: XCTPerformanceMeasurementTimestamp
20 | ) throws -> [XCTPerformanceMeasurement] {
/host/spi-builder-workspace/Sources/XCTBeton/Performance/XCTMetric/XCTCPUMetric.swift:19:17: error: cannot find type 'XCTPerformanceMeasurementTimestamp' in scope
17 | public override func reportMeasurements(
18 | from startTime: XCTPerformanceMeasurementTimestamp,
19 | to endTime: XCTPerformanceMeasurementTimestamp
| `- error: cannot find type 'XCTPerformanceMeasurementTimestamp' in scope
20 | ) throws -> [XCTPerformanceMeasurement] {
21 | storing(measurements: try super.reportMeasurements(from: startTime, to: endTime))
/host/spi-builder-workspace/Sources/XCTBeton/Performance/XCTMetric/XCTCPUMetric.swift:24:24: error: method does not override any method from its superclass
22 | }
23 |
24 | override public func copy(with zone: NSZone? = nil) -> Any {
| `- error: method does not override any method from its superclass
25 | remembering(copy: super.copy(with: zone))
26 | }
/host/spi-builder-workspace/Sources/XCTBeton/Performance/XCTMetric/XCTCPUMetric.swift:9:35: error: no type named 'XCTCPUMetric' in module 'XCTest'
7 | /// ``XCTCPUMetric`` is a wrapper to
8 | /// [`XCTest.XCTCPUMetric`](https://developer.apple.com/documentation/xctest/xctcpumetric).
9 | public class XCTCPUMetric: XCTest.XCTCPUMetric, XCTMetric {
| `- error: no type named 'XCTCPUMetric' in module 'XCTest'
10 | deinit { forgetSelf() }
11 |
/host/spi-builder-workspace/Sources/XCTBeton/Performance/XCTMetric/XCTMetric.swift:8:35: error: no type named 'XCTMetric' in module 'XCTest'
6 | /// Extends [`XCTest.XCTMetric`](https://developer.apple.com/documentation/xctest/xctmetric) with
7 | /// ``XCTMetric/measurements-swift.property`` holding recorded performance metrics.
8 | public protocol XCTMetric: XCTest.XCTMetric {
| `- error: no type named 'XCTMetric' in module 'XCTest'
9 | /// Holds recorded performance metrics.
10 | ///
/host/spi-builder-workspace/Sources/XCTBeton/Performance/XCTMetric/XCTMetric.swift:12:22: error: cannot find type 'XCTPerformanceMeasurement' in scope
10 | ///
11 | /// Use ``XCTestCase/XCTAssertMetric(_:_:_:_:file:line:)`` to make assertions for the measurements.
12 | var measurements: [XCTPerformanceMeasurement] { get }
| `- error: cannot find type 'XCTPerformanceMeasurement' in scope
13 | }
14 |
/host/spi-builder-workspace/Sources/XCTBeton/Performance/XCTMetric/XCTCPUMetric.swift:25:23: error: 'super' cannot be used in class 'XCTCPUMetric' because it has no superclass
23 |
24 | override public func copy(with zone: NSZone? = nil) -> Any {
25 | remembering(copy: super.copy(with: zone))
| `- error: 'super' cannot be used in class 'XCTCPUMetric' because it has no superclass
26 | }
27 |
/host/spi-builder-workspace/Sources/XCTBeton/Performance/XCTMetric/XCTClockMetric.swift:3:14: error: class 'XCTClockMetric' does not exist in module 'XCTest'
1 | import Beton
2 |
3 | import class XCTest.XCTClockMetric
| `- error: class 'XCTClockMetric' does not exist in module 'XCTest'
4 |
5 | /// A metric to record the time that elapses during a performance test.
/host/spi-builder-workspace/Sources/XCTBeton/Performance/XCTMetric/XCTClockMetric.swift:20:16: error: cannot find type 'XCTPerformanceMeasurement' in scope
18 | from startTime: XCTPerformanceMeasurementTimestamp,
19 | to endTime: XCTPerformanceMeasurementTimestamp
20 | ) throws -> [XCTPerformanceMeasurement] {
| `- error: cannot find type 'XCTPerformanceMeasurement' in scope
21 | storing(measurements: try super.reportMeasurements(from: startTime, to: endTime))
22 | }
/host/spi-builder-workspace/Sources/XCTBeton/Performance/XCTMetric/XCTClockMetric.swift:18:21: error: cannot find type 'XCTPerformanceMeasurementTimestamp' in scope
16 | /// allowing you to make assertions to them.
17 | public override func reportMeasurements(
18 | from startTime: XCTPerformanceMeasurementTimestamp,
| `- error: cannot find type 'XCTPerformanceMeasurementTimestamp' in scope
19 | to endTime: XCTPerformanceMeasurementTimestamp
20 | ) throws -> [XCTPerformanceMeasurement] {
/host/spi-builder-workspace/Sources/XCTBeton/Performance/XCTMetric/XCTClockMetric.swift:19:17: error: cannot find type 'XCTPerformanceMeasurementTimestamp' in scope
17 | public override func reportMeasurements(
18 | from startTime: XCTPerformanceMeasurementTimestamp,
19 | to endTime: XCTPerformanceMeasurementTimestamp
| `- error: cannot find type 'XCTPerformanceMeasurementTimestamp' in scope
20 | ) throws -> [XCTPerformanceMeasurement] {
21 | storing(measurements: try super.reportMeasurements(from: startTime, to: endTime))
/host/spi-builder-workspace/Sources/XCTBeton/Performance/XCTMetric/XCTClockMetric.swift:24:24: error: method does not override any method from its superclass
22 | }
23 |
24 | override public func copy(with zone: NSZone? = nil) -> Any {
| `- error: method does not override any method from its superclass
25 | remembering(copy: super.copy(with: zone))
26 | }
/host/spi-builder-workspace/Sources/XCTBeton/Performance/XCTMetric/XCTClockMetric.swift:9:37: error: no type named 'XCTClockMetric' in module 'XCTest'
7 | /// ``XCTClockMetric`` is a wrapper to
8 | /// [`XCTest.XCTClockMetric`](https://developer.apple.com/documentation/xctest/xctclockmetric).
9 | public class XCTClockMetric: XCTest.XCTClockMetric, XCTMetric {
| `- error: no type named 'XCTClockMetric' in module 'XCTest'
10 | deinit { forgetSelf() }
11 |
/host/spi-builder-workspace/Sources/XCTBeton/Performance/XCTMetric/XCTClockMetric.swift:25:23: error: 'super' cannot be used in class 'XCTClockMetric' because it has no superclass
23 |
24 | override public func copy(with zone: NSZone? = nil) -> Any {
25 | remembering(copy: super.copy(with: zone))
| `- error: 'super' cannot be used in class 'XCTClockMetric' because it has no superclass
26 | }
27 |
[312/325] Compiling XCTBeton XCTClockMetric.swift
/host/spi-builder-workspace/Sources/XCTBeton/Performance/XCTMeasureOptions.swift:3:14: error: class 'XCTMeasureOptions' does not exist in module 'XCTest'
1 | import Beton
2 |
3 | import class XCTest.XCTMeasureOptions
| `- error: class 'XCTMeasureOptions' does not exist in module 'XCTest'
4 |
5 | open class XCTMeasureOptions: XCTest.XCTMeasureOptions {}
/host/spi-builder-workspace/Sources/XCTBeton/Performance/XCTMeasureOptions.swift:5:38: error: no type named 'XCTMeasureOptions' in module 'XCTest'
3 | import class XCTest.XCTMeasureOptions
4 |
5 | open class XCTMeasureOptions: XCTest.XCTMeasureOptions {}
| `- error: no type named 'XCTMeasureOptions' in module 'XCTest'
6 |
/host/spi-builder-workspace/Sources/XCTBeton/Performance/XCTMetric/XCTCPUMetric.swift:3:14: error: class 'XCTCPUMetric' does not exist in module 'XCTest'
1 | import Beton
2 |
3 | import class XCTest.XCTCPUMetric
| `- error: class 'XCTCPUMetric' does not exist in module 'XCTest'
4 |
5 | /// A metric to record information about CPU activity during a performance test.
/host/spi-builder-workspace/Sources/XCTBeton/Performance/XCTMetric/XCTCPUMetric.swift:20:16: error: cannot find type 'XCTPerformanceMeasurement' in scope
18 | from startTime: XCTPerformanceMeasurementTimestamp,
19 | to endTime: XCTPerformanceMeasurementTimestamp
20 | ) throws -> [XCTPerformanceMeasurement] {
| `- error: cannot find type 'XCTPerformanceMeasurement' in scope
21 | storing(measurements: try super.reportMeasurements(from: startTime, to: endTime))
22 | }
/host/spi-builder-workspace/Sources/XCTBeton/Performance/XCTMetric/XCTCPUMetric.swift:18:21: error: cannot find type 'XCTPerformanceMeasurementTimestamp' in scope
16 | /// allowing you to make assertions to them.
17 | public override func reportMeasurements(
18 | from startTime: XCTPerformanceMeasurementTimestamp,
| `- error: cannot find type 'XCTPerformanceMeasurementTimestamp' in scope
19 | to endTime: XCTPerformanceMeasurementTimestamp
20 | ) throws -> [XCTPerformanceMeasurement] {
/host/spi-builder-workspace/Sources/XCTBeton/Performance/XCTMetric/XCTCPUMetric.swift:19:17: error: cannot find type 'XCTPerformanceMeasurementTimestamp' in scope
17 | public override func reportMeasurements(
18 | from startTime: XCTPerformanceMeasurementTimestamp,
19 | to endTime: XCTPerformanceMeasurementTimestamp
| `- error: cannot find type 'XCTPerformanceMeasurementTimestamp' in scope
20 | ) throws -> [XCTPerformanceMeasurement] {
21 | storing(measurements: try super.reportMeasurements(from: startTime, to: endTime))
/host/spi-builder-workspace/Sources/XCTBeton/Performance/XCTMetric/XCTCPUMetric.swift:24:24: error: method does not override any method from its superclass
22 | }
23 |
24 | override public func copy(with zone: NSZone? = nil) -> Any {
| `- error: method does not override any method from its superclass
25 | remembering(copy: super.copy(with: zone))
26 | }
/host/spi-builder-workspace/Sources/XCTBeton/Performance/XCTMetric/XCTCPUMetric.swift:9:35: error: no type named 'XCTCPUMetric' in module 'XCTest'
7 | /// ``XCTCPUMetric`` is a wrapper to
8 | /// [`XCTest.XCTCPUMetric`](https://developer.apple.com/documentation/xctest/xctcpumetric).
9 | public class XCTCPUMetric: XCTest.XCTCPUMetric, XCTMetric {
| `- error: no type named 'XCTCPUMetric' in module 'XCTest'
10 | deinit { forgetSelf() }
11 |
/host/spi-builder-workspace/Sources/XCTBeton/Performance/XCTMetric/XCTMetric.swift:8:35: error: no type named 'XCTMetric' in module 'XCTest'
6 | /// Extends [`XCTest.XCTMetric`](https://developer.apple.com/documentation/xctest/xctmetric) with
7 | /// ``XCTMetric/measurements-swift.property`` holding recorded performance metrics.
8 | public protocol XCTMetric: XCTest.XCTMetric {
| `- error: no type named 'XCTMetric' in module 'XCTest'
9 | /// Holds recorded performance metrics.
10 | ///
/host/spi-builder-workspace/Sources/XCTBeton/Performance/XCTMetric/XCTMetric.swift:12:22: error: cannot find type 'XCTPerformanceMeasurement' in scope
10 | ///
11 | /// Use ``XCTestCase/XCTAssertMetric(_:_:_:_:file:line:)`` to make assertions for the measurements.
12 | var measurements: [XCTPerformanceMeasurement] { get }
| `- error: cannot find type 'XCTPerformanceMeasurement' in scope
13 | }
14 |
/host/spi-builder-workspace/Sources/XCTBeton/Performance/XCTMetric/XCTCPUMetric.swift:25:23: error: 'super' cannot be used in class 'XCTCPUMetric' because it has no superclass
23 |
24 | override public func copy(with zone: NSZone? = nil) -> Any {
25 | remembering(copy: super.copy(with: zone))
| `- error: 'super' cannot be used in class 'XCTCPUMetric' because it has no superclass
26 | }
27 |
/host/spi-builder-workspace/Sources/XCTBeton/Performance/XCTMetric/XCTClockMetric.swift:3:14: error: class 'XCTClockMetric' does not exist in module 'XCTest'
1 | import Beton
2 |
3 | import class XCTest.XCTClockMetric
| `- error: class 'XCTClockMetric' does not exist in module 'XCTest'
4 |
5 | /// A metric to record the time that elapses during a performance test.
/host/spi-builder-workspace/Sources/XCTBeton/Performance/XCTMetric/XCTClockMetric.swift:20:16: error: cannot find type 'XCTPerformanceMeasurement' in scope
18 | from startTime: XCTPerformanceMeasurementTimestamp,
19 | to endTime: XCTPerformanceMeasurementTimestamp
20 | ) throws -> [XCTPerformanceMeasurement] {
| `- error: cannot find type 'XCTPerformanceMeasurement' in scope
21 | storing(measurements: try super.reportMeasurements(from: startTime, to: endTime))
22 | }
/host/spi-builder-workspace/Sources/XCTBeton/Performance/XCTMetric/XCTClockMetric.swift:18:21: error: cannot find type 'XCTPerformanceMeasurementTimestamp' in scope
16 | /// allowing you to make assertions to them.
17 | public override func reportMeasurements(
18 | from startTime: XCTPerformanceMeasurementTimestamp,
| `- error: cannot find type 'XCTPerformanceMeasurementTimestamp' in scope
19 | to endTime: XCTPerformanceMeasurementTimestamp
20 | ) throws -> [XCTPerformanceMeasurement] {
/host/spi-builder-workspace/Sources/XCTBeton/Performance/XCTMetric/XCTClockMetric.swift:19:17: error: cannot find type 'XCTPerformanceMeasurementTimestamp' in scope
17 | public override func reportMeasurements(
18 | from startTime: XCTPerformanceMeasurementTimestamp,
19 | to endTime: XCTPerformanceMeasurementTimestamp
| `- error: cannot find type 'XCTPerformanceMeasurementTimestamp' in scope
20 | ) throws -> [XCTPerformanceMeasurement] {
21 | storing(measurements: try super.reportMeasurements(from: startTime, to: endTime))
/host/spi-builder-workspace/Sources/XCTBeton/Performance/XCTMetric/XCTClockMetric.swift:24:24: error: method does not override any method from its superclass
22 | }
23 |
24 | override public func copy(with zone: NSZone? = nil) -> Any {
| `- error: method does not override any method from its superclass
25 | remembering(copy: super.copy(with: zone))
26 | }
/host/spi-builder-workspace/Sources/XCTBeton/Performance/XCTMetric/XCTClockMetric.swift:9:37: error: no type named 'XCTClockMetric' in module 'XCTest'
7 | /// ``XCTClockMetric`` is a wrapper to
8 | /// [`XCTest.XCTClockMetric`](https://developer.apple.com/documentation/xctest/xctclockmetric).
9 | public class XCTClockMetric: XCTest.XCTClockMetric, XCTMetric {
| `- error: no type named 'XCTClockMetric' in module 'XCTest'
10 | deinit { forgetSelf() }
11 |
/host/spi-builder-workspace/Sources/XCTBeton/Performance/XCTMetric/XCTClockMetric.swift:25:23: error: 'super' cannot be used in class 'XCTClockMetric' because it has no superclass
23 |
24 | override public func copy(with zone: NSZone? = nil) -> Any {
25 | remembering(copy: super.copy(with: zone))
| `- error: 'super' cannot be used in class 'XCTClockMetric' because it has no superclass
26 | }
27 |
[313/325] Compiling XCTBeton XCTAssertMemoryIdentifier.swift
/host/spi-builder-workspace/Sources/XCTBeton/Performance/XCTMetric/XCTMetric.swift:8:35: error: no type named 'XCTMetric' in module 'XCTest'
6 | /// Extends [`XCTest.XCTMetric`](https://developer.apple.com/documentation/xctest/xctmetric) with
7 | /// ``XCTMetric/measurements-swift.property`` holding recorded performance metrics.
8 | public protocol XCTMetric: XCTest.XCTMetric {
| `- error: no type named 'XCTMetric' in module 'XCTest'
9 | /// Holds recorded performance metrics.
10 | ///
[314/325] Compiling XCTBeton XCTAssertMetric.swift
/host/spi-builder-workspace/Sources/XCTBeton/Performance/XCTMetric/XCTMetric.swift:8:35: error: no type named 'XCTMetric' in module 'XCTest'
6 | /// Extends [`XCTest.XCTMetric`](https://developer.apple.com/documentation/xctest/xctmetric) with
7 | /// ``XCTMetric/measurements-swift.property`` holding recorded performance metrics.
8 | public protocol XCTMetric: XCTest.XCTMetric {
| `- error: no type named 'XCTMetric' in module 'XCTest'
9 | /// Holds recorded performance metrics.
10 | ///
error: emit-module command failed with exit code 1 (use -v to see invocation)
[315/325] Emitting module XCTBeton
/host/spi-builder-workspace/Sources/XCTBeton/Performance/XCTMeasureOptions.swift:3:14: error: class 'XCTMeasureOptions' does not exist in module 'XCTest'
1 | import Beton
2 |
3 | import class XCTest.XCTMeasureOptions
| `- error: class 'XCTMeasureOptions' does not exist in module 'XCTest'
4 |
5 | open class XCTMeasureOptions: XCTest.XCTMeasureOptions {}
/host/spi-builder-workspace/Sources/XCTBeton/Performance/XCTMeasureOptions.swift:5:38: error: no type named 'XCTMeasureOptions' in module 'XCTest'
3 | import class XCTest.XCTMeasureOptions
4 |
5 | open class XCTMeasureOptions: XCTest.XCTMeasureOptions {}
| `- error: no type named 'XCTMeasureOptions' in module 'XCTest'
6 |
/host/spi-builder-workspace/Sources/XCTBeton/Performance/XCTMetric/XCTCPUMetric.swift:3:14: error: class 'XCTCPUMetric' does not exist in module 'XCTest'
1 | import Beton
2 |
3 | import class XCTest.XCTCPUMetric
| `- error: class 'XCTCPUMetric' does not exist in module 'XCTest'
4 |
5 | /// A metric to record information about CPU activity during a performance test.
/host/spi-builder-workspace/Sources/XCTBeton/Performance/XCTMetric/XCTCPUMetric.swift:20:16: error: cannot find type 'XCTPerformanceMeasurement' in scope
18 | from startTime: XCTPerformanceMeasurementTimestamp,
19 | to endTime: XCTPerformanceMeasurementTimestamp
20 | ) throws -> [XCTPerformanceMeasurement] {
| `- error: cannot find type 'XCTPerformanceMeasurement' in scope
21 | storing(measurements: try super.reportMeasurements(from: startTime, to: endTime))
22 | }
/host/spi-builder-workspace/Sources/XCTBeton/Performance/XCTMetric/XCTCPUMetric.swift:18:21: error: cannot find type 'XCTPerformanceMeasurementTimestamp' in scope
16 | /// allowing you to make assertions to them.
17 | public override func reportMeasurements(
18 | from startTime: XCTPerformanceMeasurementTimestamp,
| `- error: cannot find type 'XCTPerformanceMeasurementTimestamp' in scope
19 | to endTime: XCTPerformanceMeasurementTimestamp
20 | ) throws -> [XCTPerformanceMeasurement] {
/host/spi-builder-workspace/Sources/XCTBeton/Performance/XCTMetric/XCTCPUMetric.swift:19:17: error: cannot find type 'XCTPerformanceMeasurementTimestamp' in scope
17 | public override func reportMeasurements(
18 | from startTime: XCTPerformanceMeasurementTimestamp,
19 | to endTime: XCTPerformanceMeasurementTimestamp
| `- error: cannot find type 'XCTPerformanceMeasurementTimestamp' in scope
20 | ) throws -> [XCTPerformanceMeasurement] {
21 | storing(measurements: try super.reportMeasurements(from: startTime, to: endTime))
/host/spi-builder-workspace/Sources/XCTBeton/Performance/XCTMetric/XCTCPUMetric.swift:24:24: error: method does not override any method from its superclass
22 | }
23 |
24 | override public func copy(with zone: NSZone? = nil) -> Any {
| `- error: method does not override any method from its superclass
25 | remembering(copy: super.copy(with: zone))
26 | }
/host/spi-builder-workspace/Sources/XCTBeton/Performance/XCTMetric/XCTCPUMetric.swift:9:35: error: no type named 'XCTCPUMetric' in module 'XCTest'
7 | /// ``XCTCPUMetric`` is a wrapper to
8 | /// [`XCTest.XCTCPUMetric`](https://developer.apple.com/documentation/xctest/xctcpumetric).
9 | public class XCTCPUMetric: XCTest.XCTCPUMetric, XCTMetric {
| `- error: no type named 'XCTCPUMetric' in module 'XCTest'
10 | deinit { forgetSelf() }
11 |
/host/spi-builder-workspace/Sources/XCTBeton/Performance/XCTMetric/XCTMetric.swift:8:35: error: no type named 'XCTMetric' in module 'XCTest'
6 | /// Extends [`XCTest.XCTMetric`](https://developer.apple.com/documentation/xctest/xctmetric) with
7 | /// ``XCTMetric/measurements-swift.property`` holding recorded performance metrics.
8 | public protocol XCTMetric: XCTest.XCTMetric {
| `- error: no type named 'XCTMetric' in module 'XCTest'
9 | /// Holds recorded performance metrics.
10 | ///
/host/spi-builder-workspace/Sources/XCTBeton/Performance/XCTMetric/XCTMetric.swift:12:22: error: cannot find type 'XCTPerformanceMeasurement' in scope
10 | ///
11 | /// Use ``XCTestCase/XCTAssertMetric(_:_:_:_:file:line:)`` to make assertions for the measurements.
12 | var measurements: [XCTPerformanceMeasurement] { get }
| `- error: cannot find type 'XCTPerformanceMeasurement' in scope
13 | }
14 |
/host/spi-builder-workspace/Sources/XCTBeton/Performance/XCTMetric/XCTClockMetric.swift:3:14: error: class 'XCTClockMetric' does not exist in module 'XCTest'
1 | import Beton
2 |
3 | import class XCTest.XCTClockMetric
| `- error: class 'XCTClockMetric' does not exist in module 'XCTest'
4 |
5 | /// A metric to record the time that elapses during a performance test.
/host/spi-builder-workspace/Sources/XCTBeton/Performance/XCTMetric/XCTClockMetric.swift:20:16: error: cannot find type 'XCTPerformanceMeasurement' in scope
18 | from startTime: XCTPerformanceMeasurementTimestamp,
19 | to endTime: XCTPerformanceMeasurementTimestamp
20 | ) throws -> [XCTPerformanceMeasurement] {
| `- error: cannot find type 'XCTPerformanceMeasurement' in scope
21 | storing(measurements: try super.reportMeasurements(from: startTime, to: endTime))
22 | }
/host/spi-builder-workspace/Sources/XCTBeton/Performance/XCTMetric/XCTClockMetric.swift:18:21: error: cannot find type 'XCTPerformanceMeasurementTimestamp' in scope
16 | /// allowing you to make assertions to them.
17 | public override func reportMeasurements(
18 | from startTime: XCTPerformanceMeasurementTimestamp,
| `- error: cannot find type 'XCTPerformanceMeasurementTimestamp' in scope
19 | to endTime: XCTPerformanceMeasurementTimestamp
20 | ) throws -> [XCTPerformanceMeasurement] {
/host/spi-builder-workspace/Sources/XCTBeton/Performance/XCTMetric/XCTClockMetric.swift:19:17: error: cannot find type 'XCTPerformanceMeasurementTimestamp' in scope
17 | public override func reportMeasurements(
18 | from startTime: XCTPerformanceMeasurementTimestamp,
19 | to endTime: XCTPerformanceMeasurementTimestamp
| `- error: cannot find type 'XCTPerformanceMeasurementTimestamp' in scope
20 | ) throws -> [XCTPerformanceMeasurement] {
21 | storing(measurements: try super.reportMeasurements(from: startTime, to: endTime))
/host/spi-builder-workspace/Sources/XCTBeton/Performance/XCTMetric/XCTClockMetric.swift:24:24: error: method does not override any method from its superclass
22 | }
23 |
24 | override public func copy(with zone: NSZone? = nil) -> Any {
| `- error: method does not override any method from its superclass
25 | remembering(copy: super.copy(with: zone))
26 | }
/host/spi-builder-workspace/Sources/XCTBeton/Performance/XCTMetric/XCTClockMetric.swift:9:37: error: no type named 'XCTClockMetric' in module 'XCTest'
7 | /// ``XCTClockMetric`` is a wrapper to
8 | /// [`XCTest.XCTClockMetric`](https://developer.apple.com/documentation/xctest/xctclockmetric).
9 | public class XCTClockMetric: XCTest.XCTClockMetric, XCTMetric {
| `- error: no type named 'XCTClockMetric' in module 'XCTest'
10 | deinit { forgetSelf() }
11 |
/host/spi-builder-workspace/Sources/XCTBeton/Performance/XCTMetric/XCTMemoryMetric.swift:3:14: error: class 'XCTMemoryMetric' does not exist in module 'XCTest'
1 | import Beton
2 |
3 | import class XCTest.XCTMemoryMetric
| `- error: class 'XCTMemoryMetric' does not exist in module 'XCTest'
4 |
5 | /// A metric to record the physical memory that a performance test uses.
/host/spi-builder-workspace/Sources/XCTBeton/Performance/XCTMetric/XCTMemoryMetric.swift:20:16: error: cannot find type 'XCTPerformanceMeasurement' in scope
18 | from startTime: XCTPerformanceMeasurementTimestamp,
19 | to endTime: XCTPerformanceMeasurementTimestamp
20 | ) throws -> [XCTPerformanceMeasurement] {
| `- error: cannot find type 'XCTPerformanceMeasurement' in scope
21 | storing(measurements: try super.reportMeasurements(from: startTime, to: endTime))
22 | }
/host/spi-builder-workspace/Sources/XCTBeton/Performance/XCTMetric/XCTMemoryMetric.swift:18:21: error: cannot find type 'XCTPerformanceMeasurementTimestamp' in scope
16 | /// allowing you to make assertions to them.
17 | public override func reportMeasurements(
18 | from startTime: XCTPerformanceMeasurementTimestamp,
| `- error: cannot find type 'XCTPerformanceMeasurementTimestamp' in scope
19 | to endTime: XCTPerformanceMeasurementTimestamp
20 | ) throws -> [XCTPerformanceMeasurement] {
/host/spi-builder-workspace/Sources/XCTBeton/Performance/XCTMetric/XCTMemoryMetric.swift:19:17: error: cannot find type 'XCTPerformanceMeasurementTimestamp' in scope
17 | public override func reportMeasurements(
18 | from startTime: XCTPerformanceMeasurementTimestamp,
19 | to endTime: XCTPerformanceMeasurementTimestamp
| `- error: cannot find type 'XCTPerformanceMeasurementTimestamp' in scope
20 | ) throws -> [XCTPerformanceMeasurement] {
21 | storing(measurements: try super.reportMeasurements(from: startTime, to: endTime))
/host/spi-builder-workspace/Sources/XCTBeton/Performance/XCTMetric/XCTMemoryMetric.swift:24:24: error: method does not override any method from its superclass
22 | }
23 |
24 | override public func copy(with zone: NSZone? = nil) -> Any {
| `- error: method does not override any method from its superclass
25 | remembering(copy: super.copy(with: zone))
26 | }
/host/spi-builder-workspace/Sources/XCTBeton/Performance/XCTMetric/XCTMemoryMetric.swift:9:38: error: no type named 'XCTMemoryMetric' in module 'XCTest'
7 | /// ``XCTMemoryMetric`` is a wrapper to
8 | /// [`XCTest.XCTMemoryMetric`](https://developer.apple.com/documentation/xctest/xctmemorymetric).
9 | public class XCTMemoryMetric: XCTest.XCTMemoryMetric, XCTMetric {
| `- error: no type named 'XCTMemoryMetric' in module 'XCTest'
10 | deinit { forgetSelf() }
11 |
/host/spi-builder-workspace/Sources/XCTBeton/Performance/XCTMetric/XCTMetric+measurementStorage.swift:8:44: error: cannot find type 'XCTPerformanceMeasurement' in scope
6 | private final class MeasurementStorage: @unchecked Sendable {
7 | private let lock = NSLock()
8 | private var results: [ObjectIdentifier: [XCTPerformanceMeasurement]] = [:]
| `- error: cannot find type 'XCTPerformanceMeasurement' in scope
9 | private var copyMap: [ObjectIdentifier: ObjectIdentifier] = [:]
10 |
/host/spi-builder-workspace/Sources/XCTBeton/Performance/XCTMetric/XCTMetric+measurementStorage.swift:11:51: error: cannot find type 'XCTPerformanceMeasurement' in scope
9 | private var copyMap: [ObjectIdentifier: ObjectIdentifier] = [:]
10 |
11 | func measurements(for id: ObjectIdentifier) -> [XCTPerformanceMeasurement] {
| `- error: cannot find type 'XCTPerformanceMeasurement' in scope
12 | lock.lock()
13 | defer { lock.unlock() }
/host/spi-builder-workspace/Sources/XCTBeton/Performance/XCTMetric/XCTMetric+measurementStorage.swift:18:20: error: cannot find type 'XCTPerformanceMeasurement' in scope
16 |
17 | func store(
18 | measurements: [XCTPerformanceMeasurement],
| `- error: cannot find type 'XCTPerformanceMeasurement' in scope
19 | for id: ObjectIdentifier
20 | ) {
/host/spi-builder-workspace/Sources/XCTBeton/Performance/XCTMetric/XCTMetric+measurementStorage.swift:49:29: error: cannot find type 'XCTPerformanceMeasurement' in scope
47 |
48 | extension XCTMetric {
49 | public var measurements: [XCTPerformanceMeasurement] {
| `- error: cannot find type 'XCTPerformanceMeasurement' in scope
50 | measurementStorage.measurements(for: id)
51 | }
/host/spi-builder-workspace/Sources/XCTBeton/Performance/XCTMetric/XCTMetric+measurementStorage.swift:55:63: error: cannot find type 'XCTPerformanceMeasurement' in scope
53 |
54 | extension XCTMetric {
55 | func storing(measurements: [XCTPerformanceMeasurement]) -> [XCTPerformanceMeasurement] {
| `- error: cannot find type 'XCTPerformanceMeasurement' in scope
56 | measurementStorage.store(measurements: measurements, for: id)
57 | return measurements
/host/spi-builder-workspace/Sources/XCTBeton/Performance/XCTMetric/XCTMetric+measurementStorage.swift:55:31: error: cannot find type 'XCTPerformanceMeasurement' in scope
53 |
54 | extension XCTMetric {
55 | func storing(measurements: [XCTPerformanceMeasurement]) -> [XCTPerformanceMeasurement] {
| `- error: cannot find type 'XCTPerformanceMeasurement' in scope
56 | measurementStorage.store(measurements: measurements, for: id)
57 | return measurements
/host/spi-builder-workspace/Sources/XCTBeton/Performance/XCTMetric/XCTMetric.swift:3:17: error: protocol 'XCTMetric' does not exist in module 'XCTest'
1 | import Beton
2 |
3 | import protocol XCTest.XCTMetric
| `- error: protocol 'XCTMetric' does not exist in module 'XCTest'
4 | import class XCTest.XCTPerformanceMeasurement
5 |
/host/spi-builder-workspace/Sources/XCTBeton/Performance/XCTMetric/XCTMetric.swift:4:14: error: class 'XCTPerformanceMeasurement' does not exist in module 'XCTest'
2 |
3 | import protocol XCTest.XCTMetric
4 | import class XCTest.XCTPerformanceMeasurement
| `- error: class 'XCTPerformanceMeasurement' does not exist in module 'XCTest'
5 |
6 | /// Extends [`XCTest.XCTMetric`](https://developer.apple.com/documentation/xctest/xctmetric) with
/host/spi-builder-workspace/Sources/XCTBeton/Performance/XCTMetric/XCTStorageMetric.swift:3:14: error: class 'XCTStorageMetric' does not exist in module 'XCTest'
1 | import Beton
2 |
3 | import class XCTest.XCTStorageMetric
| `- error: class 'XCTStorageMetric' does not exist in module 'XCTest'
4 |
5 | /// A metric to record the amount of data that a performance test logically writes to storage.
/host/spi-builder-workspace/Sources/XCTBeton/Performance/XCTMetric/XCTStorageMetric.swift:21:16: error: cannot find type 'XCTPerformanceMeasurement' in scope
19 | from startTime: XCTPerformanceMeasurementTimestamp,
20 | to endTime: XCTPerformanceMeasurementTimestamp
21 | ) throws -> [XCTPerformanceMeasurement] {
| `- error: cannot find type 'XCTPerformanceMeasurement' in scope
22 | storing(measurements: try super.reportMeasurements(from: startTime, to: endTime))
23 | }
/host/spi-builder-workspace/Sources/XCTBeton/Performance/XCTMetric/XCTStorageMetric.swift:19:21: error: cannot find type 'XCTPerformanceMeasurementTimestamp' in scope
17 | /// allowing you to make assertions to them.
18 | public override func reportMeasurements(
19 | from startTime: XCTPerformanceMeasurementTimestamp,
| `- error: cannot find type 'XCTPerformanceMeasurementTimestamp' in scope
20 | to endTime: XCTPerformanceMeasurementTimestamp
21 | ) throws -> [XCTPerformanceMeasurement] {
/host/spi-builder-workspace/Sources/XCTBeton/Performance/XCTMetric/XCTStorageMetric.swift:20:17: error: cannot find type 'XCTPerformanceMeasurementTimestamp' in scope
18 | public override func reportMeasurements(
19 | from startTime: XCTPerformanceMeasurementTimestamp,
20 | to endTime: XCTPerformanceMeasurementTimestamp
| `- error: cannot find type 'XCTPerformanceMeasurementTimestamp' in scope
21 | ) throws -> [XCTPerformanceMeasurement] {
22 | storing(measurements: try super.reportMeasurements(from: startTime, to: endTime))
/host/spi-builder-workspace/Sources/XCTBeton/Performance/XCTMetric/XCTStorageMetric.swift:25:24: error: method does not override any method from its superclass
23 | }
24 |
25 | override public func copy(with zone: NSZone? = nil) -> Any {
| `- error: method does not override any method from its superclass
26 | remembering(copy: super.copy(with: zone))
27 | }
/host/spi-builder-workspace/Sources/XCTBeton/Performance/XCTMetric/XCTStorageMetric.swift:9:39: error: no type named 'XCTStorageMetric' in module 'XCTest'
7 | /// ``XCTStorageMetric`` is a wrapper to
8 | /// [`XCTest.XCTStorageMetric`](https://developer.apple.com/documentation/xctest/xctstoragemetric).
9 | public class XCTStorageMetric: XCTest.XCTStorageMetric, XCTMetric {
| `- error: no type named 'XCTStorageMetric' in module 'XCTest'
10 |
11 | deinit { forgetSelf() }
/host/spi-builder-workspace/Sources/XCTBeton/XCTBeton.swift:1:28: error: protocol 'XCTActivity' does not exist in module 'XCTest'
1 | @_exported import protocol XCTest.XCTActivity
| `- error: protocol 'XCTActivity' does not exist in module 'XCTest'
2 | @_exported import class XCTest.XCTApplicationLaunchMetric
3 | @_exported import func XCTest.XCTAssert
/host/spi-builder-workspace/Sources/XCTBeton/XCTBeton.swift:2:25: error: class 'XCTApplicationLaunchMetric' does not exist in module 'XCTest'
1 | @_exported import protocol XCTest.XCTActivity
2 | @_exported import class XCTest.XCTApplicationLaunchMetric
| `- error: class 'XCTApplicationLaunchMetric' does not exist in module 'XCTest'
3 | @_exported import func XCTest.XCTAssert
4 | @_exported import func XCTest.XCTAssertEqual
/host/spi-builder-workspace/Sources/XCTBeton/XCTBeton.swift:20:25: error: class 'XCTAttachment' does not exist in module 'XCTest'
18 | @_exported import func XCTest.XCTAssertThrowsError
19 | @_exported import func XCTest.XCTAssertTrue
20 | @_exported import class XCTest.XCTAttachment
| `- error: class 'XCTAttachment' does not exist in module 'XCTest'
21 | @_exported import class XCTest.XCTContext
22 | @_exported import class XCTest.XCTDarwinNotificationExpectation
/host/spi-builder-workspace/Sources/XCTBeton/XCTBeton.swift:21:25: error: class 'XCTContext' does not exist in module 'XCTest'
19 | @_exported import func XCTest.XCTAssertTrue
20 | @_exported import class XCTest.XCTAttachment
21 | @_exported import class XCTest.XCTContext
| `- error: class 'XCTContext' does not exist in module 'XCTest'
22 | @_exported import class XCTest.XCTDarwinNotificationExpectation
23 | @_exported import func XCTest.XCTExpectFailure
/host/spi-builder-workspace/Sources/XCTBeton/XCTBeton.swift:22:25: error: class 'XCTDarwinNotificationExpectation' does not exist in module 'XCTest'
20 | @_exported import class XCTest.XCTAttachment
21 | @_exported import class XCTest.XCTContext
22 | @_exported import class XCTest.XCTDarwinNotificationExpectation
| `- error: class 'XCTDarwinNotificationExpectation' does not exist in module 'XCTest'
23 | @_exported import func XCTest.XCTExpectFailure
24 | @_exported import class XCTest.XCTExpectedFailure
/host/spi-builder-workspace/Sources/XCTBeton/XCTBeton.swift:23:24: error: function 'XCTExpectFailure' does not exist in module 'XCTest'
21 | @_exported import class XCTest.XCTContext
22 | @_exported import class XCTest.XCTDarwinNotificationExpectation
23 | @_exported import func XCTest.XCTExpectFailure
| `- error: function 'XCTExpectFailure' does not exist in module 'XCTest'
24 | @_exported import class XCTest.XCTExpectedFailure
25 | @_exported import func XCTest.XCTFail
/host/spi-builder-workspace/Sources/XCTBeton/XCTBeton.swift:24:25: error: class 'XCTExpectedFailure' does not exist in module 'XCTest'
22 | @_exported import class XCTest.XCTDarwinNotificationExpectation
23 | @_exported import func XCTest.XCTExpectFailure
24 | @_exported import class XCTest.XCTExpectedFailure
| `- error: class 'XCTExpectedFailure' does not exist in module 'XCTest'
25 | @_exported import func XCTest.XCTFail
26 | @_exported import struct XCTest.XCTIssue
/host/spi-builder-workspace/Sources/XCTBeton/XCTBeton.swift:26:26: error: struct 'XCTIssue' does not exist in module 'XCTest'
24 | @_exported import class XCTest.XCTExpectedFailure
25 | @_exported import func XCTest.XCTFail
26 | @_exported import struct XCTest.XCTIssue
| `- error: struct 'XCTIssue' does not exist in module 'XCTest'
27 | @_exported import class XCTest.XCTIssueReference
28 | @_exported import class XCTest.XCTKVOExpectation
/host/spi-builder-workspace/Sources/XCTBeton/XCTBeton.swift:27:25: error: class 'XCTIssueReference' does not exist in module 'XCTest'
25 | @_exported import func XCTest.XCTFail
26 | @_exported import struct XCTest.XCTIssue
27 | @_exported import class XCTest.XCTIssueReference
| `- error: class 'XCTIssueReference' does not exist in module 'XCTest'
28 | @_exported import class XCTest.XCTKVOExpectation
29 | @_exported import class XCTest.XCTMutableIssue
/host/spi-builder-workspace/Sources/XCTBeton/XCTBeton.swift:28:25: error: class 'XCTKVOExpectation' does not exist in module 'XCTest'
26 | @_exported import struct XCTest.XCTIssue
27 | @_exported import class XCTest.XCTIssueReference
28 | @_exported import class XCTest.XCTKVOExpectation
| `- error: class 'XCTKVOExpectation' does not exist in module 'XCTest'
29 | @_exported import class XCTest.XCTMutableIssue
30 | @_exported import class XCTest.XCTNSNotificationExpectation
/host/spi-builder-workspace/Sources/XCTBeton/XCTBeton.swift:29:25: error: class 'XCTMutableIssue' does not exist in module 'XCTest'
27 | @_exported import class XCTest.XCTIssueReference
28 | @_exported import class XCTest.XCTKVOExpectation
29 | @_exported import class XCTest.XCTMutableIssue
| `- error: class 'XCTMutableIssue' does not exist in module 'XCTest'
30 | @_exported import class XCTest.XCTNSNotificationExpectation
31 | @_exported import class XCTest.XCTNSPredicateExpectation
/host/spi-builder-workspace/Sources/XCTBeton/XCTBeton.swift:32:25: error: class 'XCTOSSignpostMetric' does not exist in module 'XCTest'
30 | @_exported import class XCTest.XCTNSNotificationExpectation
31 | @_exported import class XCTest.XCTNSPredicateExpectation
32 | @_exported import class XCTest.XCTOSSignpostMetric
| `- error: class 'XCTOSSignpostMetric' does not exist in module 'XCTest'
33 | @_exported import class XCTest.XCTPerformanceMeasurement
34 | @_exported import class XCTest.XCTPerformanceMeasurementTimestamp
/host/spi-builder-workspace/Sources/XCTBeton/XCTBeton.swift:33:25: error: class 'XCTPerformanceMeasurement' does not exist in module 'XCTest'
31 | @_exported import class XCTest.XCTNSPredicateExpectation
32 | @_exported import class XCTest.XCTOSSignpostMetric
33 | @_exported import class XCTest.XCTPerformanceMeasurement
| `- error: class 'XCTPerformanceMeasurement' does not exist in module 'XCTest'
34 | @_exported import class XCTest.XCTPerformanceMeasurementTimestamp
35 | @_exported import struct XCTest.XCTPerformanceMetric
/host/spi-builder-workspace/Sources/XCTBeton/XCTBeton.swift:34:25: error: class 'XCTPerformanceMeasurementTimestamp' does not exist in module 'XCTest'
32 | @_exported import class XCTest.XCTOSSignpostMetric
33 | @_exported import class XCTest.XCTPerformanceMeasurement
34 | @_exported import class XCTest.XCTPerformanceMeasurementTimestamp
| `- error: class 'XCTPerformanceMeasurementTimestamp' does not exist in module 'XCTest'
35 | @_exported import struct XCTest.XCTPerformanceMetric
36 | @_exported import func XCTest.XCTSelfTestMain
/host/spi-builder-workspace/Sources/XCTBeton/XCTBeton.swift:36:24: error: function 'XCTSelfTestMain' does not exist in module 'XCTest'
34 | @_exported import class XCTest.XCTPerformanceMeasurementTimestamp
35 | @_exported import struct XCTest.XCTPerformanceMetric
36 | @_exported import func XCTest.XCTSelfTestMain
| `- error: function 'XCTSelfTestMain' does not exist in module 'XCTest'
37 | @_exported import struct XCTest.XCTSkip
38 | @_exported import func XCTest.XCTSkipIf
/host/spi-builder-workspace/Sources/XCTBeton/XCTBeton.swift:40:25: error: class 'XCTSourceCodeContext' does not exist in module 'XCTest'
38 | @_exported import func XCTest.XCTSkipIf
39 | @_exported import func XCTest.XCTSkipUnless
40 | @_exported import class XCTest.XCTSourceCodeContext
| `- error: class 'XCTSourceCodeContext' does not exist in module 'XCTest'
41 | @_exported import class XCTest.XCTSourceCodeFrame
42 | @_exported import class XCTest.XCTSourceCodeLocation
/host/spi-builder-workspace/Sources/XCTBeton/XCTBeton.swift:41:25: error: class 'XCTSourceCodeFrame' does not exist in module 'XCTest'
39 | @_exported import func XCTest.XCTSkipUnless
40 | @_exported import class XCTest.XCTSourceCodeContext
41 | @_exported import class XCTest.XCTSourceCodeFrame
| `- error: class 'XCTSourceCodeFrame' does not exist in module 'XCTest'
42 | @_exported import class XCTest.XCTSourceCodeLocation
43 | @_exported import class XCTest.XCTSourceCodeSymbolInfo
/host/spi-builder-workspace/Sources/XCTBeton/XCTBeton.swift:42:25: error: class 'XCTSourceCodeLocation' does not exist in module 'XCTest'
40 | @_exported import class XCTest.XCTSourceCodeContext
41 | @_exported import class XCTest.XCTSourceCodeFrame
42 | @_exported import class XCTest.XCTSourceCodeLocation
| `- error: class 'XCTSourceCodeLocation' does not exist in module 'XCTest'
43 | @_exported import class XCTest.XCTSourceCodeSymbolInfo
44 | @_exported import func XCTest.XCTUnwrap
/host/spi-builder-workspace/Sources/XCTBeton/XCTBeton.swift:43:25: error: class 'XCTSourceCodeSymbolInfo' does not exist in module 'XCTest'
41 | @_exported import class XCTest.XCTSourceCodeFrame
42 | @_exported import class XCTest.XCTSourceCodeLocation
43 | @_exported import class XCTest.XCTSourceCodeSymbolInfo
| `- error: class 'XCTSourceCodeSymbolInfo' does not exist in module 'XCTest'
44 | @_exported import func XCTest.XCTUnwrap
45 | @_exported import class XCTest.XCTWaiter
/host/spi-builder-workspace/Sources/XCTBeton/XCTBeton.swift:47:23: error: variable 'XCT_UI_TESTING_AVAILABLE' does not exist in module 'XCTest'
45 | @_exported import class XCTest.XCTWaiter
46 | @_exported import protocol XCTest.XCTWaiterDelegate
47 | @_exported import var XCTest.XCT_UI_TESTING_AVAILABLE
| `- error: variable 'XCT_UI_TESTING_AVAILABLE' does not exist in module 'XCTest'
48 | import class XCTest.XCTest
49 | @_exported import class XCTest.XCTestCaseRun
/host/spi-builder-workspace/Sources/XCTBeton/XCTBeton.swift:53:25: error: class 'XCTestLog' does not exist in module 'XCTest'
51 | @_exported import let XCTest.XCTestErrorDomain
52 | @_exported import class XCTest.XCTestExpectation
53 | @_exported import class XCTest.XCTestLog
| `- error: class 'XCTestLog' does not exist in module 'XCTest'
54 | @_exported import protocol XCTest.XCTestObservation
55 | @_exported import class XCTest.XCTestObservationCenter
/host/spi-builder-workspace/Sources/XCTBeton/XCTBeton.swift:56:25: error: class 'XCTestObserver' does not exist in module 'XCTest'
54 | @_exported import protocol XCTest.XCTestObservation
55 | @_exported import class XCTest.XCTestObservationCenter
56 | @_exported import class XCTest.XCTestObserver
| `- error: class 'XCTestObserver' does not exist in module 'XCTest'
57 | @_exported import let XCTest.XCTestObserverClassKey
58 | @_exported import class XCTest.XCTestProbe
/host/spi-builder-workspace/Sources/XCTBeton/XCTBeton.swift:57:23: error: variable 'XCTestObserverClassKey' does not exist in module 'XCTest'
55 | @_exported import class XCTest.XCTestObservationCenter
56 | @_exported import class XCTest.XCTestObserver
57 | @_exported import let XCTest.XCTestObserverClassKey
| `- error: variable 'XCTestObserverClassKey' does not exist in module 'XCTest'
58 | @_exported import class XCTest.XCTestProbe
59 | @_exported import class XCTest.XCTestRun
/host/spi-builder-workspace/Sources/XCTBeton/XCTBeton.swift:58:25: error: class 'XCTestProbe' does not exist in module 'XCTest'
56 | @_exported import class XCTest.XCTestObserver
57 | @_exported import let XCTest.XCTestObserverClassKey
58 | @_exported import class XCTest.XCTestProbe
| `- error: class 'XCTestProbe' does not exist in module 'XCTest'
59 | @_exported import class XCTest.XCTestRun
60 | @_exported import let XCTest.XCTestScopeAll
/host/spi-builder-workspace/Sources/XCTBeton/XCTBeton.swift:60:23: error: variable 'XCTestScopeAll' does not exist in module 'XCTest'
58 | @_exported import class XCTest.XCTestProbe
59 | @_exported import class XCTest.XCTestRun
60 | @_exported import let XCTest.XCTestScopeAll
| `- error: variable 'XCTestScopeAll' does not exist in module 'XCTest'
61 | @_exported import let XCTest.XCTestScopeKey
62 | @_exported import let XCTest.XCTestScopeNone
/host/spi-builder-workspace/Sources/XCTBeton/XCTBeton.swift:61:23: error: variable 'XCTestScopeKey' does not exist in module 'XCTest'
59 | @_exported import class XCTest.XCTestRun
60 | @_exported import let XCTest.XCTestScopeAll
61 | @_exported import let XCTest.XCTestScopeKey
| `- error: variable 'XCTestScopeKey' does not exist in module 'XCTest'
62 | @_exported import let XCTest.XCTestScopeNone
63 | @_exported import let XCTest.XCTestScopeSelf
/host/spi-builder-workspace/Sources/XCTBeton/XCTBeton.swift:62:23: error: variable 'XCTestScopeNone' does not exist in module 'XCTest'
60 | @_exported import let XCTest.XCTestScopeAll
61 | @_exported import let XCTest.XCTestScopeKey
62 | @_exported import let XCTest.XCTestScopeNone
| `- error: variable 'XCTestScopeNone' does not exist in module 'XCTest'
63 | @_exported import let XCTest.XCTestScopeSelf
64 | @_exported import class XCTest.XCTestSuite
/host/spi-builder-workspace/Sources/XCTBeton/XCTBeton.swift:63:23: error: variable 'XCTestScopeSelf' does not exist in module 'XCTest'
61 | @_exported import let XCTest.XCTestScopeKey
62 | @_exported import let XCTest.XCTestScopeNone
63 | @_exported import let XCTest.XCTestScopeSelf
| `- error: variable 'XCTestScopeSelf' does not exist in module 'XCTest'
64 | @_exported import class XCTest.XCTestSuite
65 | @_exported import class XCTest.XCTestSuiteRun
/host/spi-builder-workspace/Sources/XCTBeton/XCTBeton.swift:66:23: error: variable 'XCTestToolKey' does not exist in module 'XCTest'
64 | @_exported import class XCTest.XCTestSuite
65 | @_exported import class XCTest.XCTestSuiteRun
66 | @_exported import let XCTest.XCTestToolKey
| `- error: variable 'XCTestToolKey' does not exist in module 'XCTest'
67 | @_exported import let XCTest.XCTestedUnitPath
68 | @_exported import class XCTest.XCUIApplication
/host/spi-builder-workspace/Sources/XCTBeton/XCTBeton.swift:67:23: error: variable 'XCTestedUnitPath' does not exist in module 'XCTest'
65 | @_exported import class XCTest.XCTestSuiteRun
66 | @_exported import let XCTest.XCTestToolKey
67 | @_exported import let XCTest.XCTestedUnitPath
| `- error: variable 'XCTestedUnitPath' does not exist in module 'XCTest'
68 | @_exported import class XCTest.XCUIApplication
69 | @_exported import class XCTest.XCUICoordinate
/host/spi-builder-workspace/Sources/XCTBeton/XCTBeton.swift:68:25: error: class 'XCUIApplication' does not exist in module 'XCTest'
66 | @_exported import let XCTest.XCTestToolKey
67 | @_exported import let XCTest.XCTestedUnitPath
68 | @_exported import class XCTest.XCUIApplication
| `- error: class 'XCUIApplication' does not exist in module 'XCTest'
69 | @_exported import class XCTest.XCUICoordinate
70 | @_exported import class XCTest.XCUIElement
/host/spi-builder-workspace/Sources/XCTBeton/XCTBeton.swift:69:25: error: class 'XCUICoordinate' does not exist in module 'XCTest'
67 | @_exported import let XCTest.XCTestedUnitPath
68 | @_exported import class XCTest.XCUIApplication
69 | @_exported import class XCTest.XCUICoordinate
| `- error: class 'XCUICoordinate' does not exist in module 'XCTest'
70 | @_exported import class XCTest.XCUIElement
71 | @_exported import protocol XCTest.XCUIElementAttributes
/host/spi-builder-workspace/Sources/XCTBeton/XCTBeton.swift:70:25: error: class 'XCUIElement' does not exist in module 'XCTest'
68 | @_exported import class XCTest.XCUIApplication
69 | @_exported import class XCTest.XCUICoordinate
70 | @_exported import class XCTest.XCUIElement
| `- error: class 'XCUIElement' does not exist in module 'XCTest'
71 | @_exported import protocol XCTest.XCUIElementAttributes
72 | @_exported import class XCTest.XCUIElementQuery
/host/spi-builder-workspace/Sources/XCTBeton/XCTBeton.swift:71:28: error: protocol 'XCUIElementAttributes' does not exist in module 'XCTest'
69 | @_exported import class XCTest.XCUICoordinate
70 | @_exported import class XCTest.XCUIElement
71 | @_exported import protocol XCTest.XCUIElementAttributes
| `- error: protocol 'XCUIElementAttributes' does not exist in module 'XCTest'
72 | @_exported import class XCTest.XCUIElementQuery
73 | @_exported import protocol XCTest.XCUIElementSnapshot
/host/spi-builder-workspace/Sources/XCTBeton/XCTBeton.swift:72:25: error: class 'XCUIElementQuery' does not exist in module 'XCTest'
70 | @_exported import class XCTest.XCUIElement
71 | @_exported import protocol XCTest.XCUIElementAttributes
72 | @_exported import class XCTest.XCUIElementQuery
| `- error: class 'XCUIElementQuery' does not exist in module 'XCTest'
73 | @_exported import protocol XCTest.XCUIElementSnapshot
74 | @_exported import protocol XCTest.XCUIElementSnapshotProviding
/host/spi-builder-workspace/Sources/XCTBeton/XCTBeton.swift:73:28: error: protocol 'XCUIElementSnapshot' does not exist in module 'XCTest'
71 | @_exported import protocol XCTest.XCUIElementAttributes
72 | @_exported import class XCTest.XCUIElementQuery
73 | @_exported import protocol XCTest.XCUIElementSnapshot
| `- error: protocol 'XCUIElementSnapshot' does not exist in module 'XCTest'
74 | @_exported import protocol XCTest.XCUIElementSnapshotProviding
75 | @_exported import protocol XCTest.XCUIElementTypeQueryProvider
/host/spi-builder-workspace/Sources/XCTBeton/XCTBeton.swift:74:28: error: protocol 'XCUIElementSnapshotProviding' does not exist in module 'XCTest'
72 | @_exported import class XCTest.XCUIElementQuery
73 | @_exported import protocol XCTest.XCUIElementSnapshot
74 | @_exported import protocol XCTest.XCUIElementSnapshotProviding
| `- error: protocol 'XCUIElementSnapshotProviding' does not exist in module 'XCTest'
75 | @_exported import protocol XCTest.XCUIElementTypeQueryProvider
76 | @_exported import struct XCTest.XCUIGestureVelocity
/host/spi-builder-workspace/Sources/XCTBeton/XCTBeton.swift:75:28: error: protocol 'XCUIElementTypeQueryProvider' does not exist in module 'XCTest'
73 | @_exported import protocol XCTest.XCUIElementSnapshot
74 | @_exported import protocol XCTest.XCUIElementSnapshotProviding
75 | @_exported import protocol XCTest.XCUIElementTypeQueryProvider
| `- error: protocol 'XCUIElementTypeQueryProvider' does not exist in module 'XCTest'
76 | @_exported import struct XCTest.XCUIGestureVelocity
77 | @_exported import let XCTest.XCUIIdentifierCloseWindow
/host/spi-builder-workspace/Sources/XCTBeton/XCTBeton.swift:76:26: error: struct 'XCUIGestureVelocity' does not exist in module 'XCTest'
74 | @_exported import protocol XCTest.XCUIElementSnapshotProviding
75 | @_exported import protocol XCTest.XCUIElementTypeQueryProvider
76 | @_exported import struct XCTest.XCUIGestureVelocity
| `- error: struct 'XCUIGestureVelocity' does not exist in module 'XCTest'
77 | @_exported import let XCTest.XCUIIdentifierCloseWindow
78 | @_exported import let XCTest.XCUIIdentifierFullScreenWindow
/host/spi-builder-workspace/Sources/XCTBeton/XCTBeton.swift:77:23: error: variable 'XCUIIdentifierCloseWindow' does not exist in module 'XCTest'
75 | @_exported import protocol XCTest.XCUIElementTypeQueryProvider
76 | @_exported import struct XCTest.XCUIGestureVelocity
77 | @_exported import let XCTest.XCUIIdentifierCloseWindow
| `- error: variable 'XCUIIdentifierCloseWindow' does not exist in module 'XCTest'
78 | @_exported import let XCTest.XCUIIdentifierFullScreenWindow
79 | @_exported import let XCTest.XCUIIdentifierMinimizeWindow
/host/spi-builder-workspace/Sources/XCTBeton/XCTBeton.swift:78:23: error: variable 'XCUIIdentifierFullScreenWindow' does not exist in module 'XCTest'
76 | @_exported import struct XCTest.XCUIGestureVelocity
77 | @_exported import let XCTest.XCUIIdentifierCloseWindow
78 | @_exported import let XCTest.XCUIIdentifierFullScreenWindow
| `- error: variable 'XCUIIdentifierFullScreenWindow' does not exist in module 'XCTest'
79 | @_exported import let XCTest.XCUIIdentifierMinimizeWindow
80 | @_exported import let XCTest.XCUIIdentifierZoomWindow
/host/spi-builder-workspace/Sources/XCTBeton/XCTBeton.swift:79:23: error: variable 'XCUIIdentifierMinimizeWindow' does not exist in module 'XCTest'
77 | @_exported import let XCTest.XCUIIdentifierCloseWindow
78 | @_exported import let XCTest.XCUIIdentifierFullScreenWindow
79 | @_exported import let XCTest.XCUIIdentifierMinimizeWindow
| `- error: variable 'XCUIIdentifierMinimizeWindow' does not exist in module 'XCTest'
80 | @_exported import let XCTest.XCUIIdentifierZoomWindow
81 | @_exported import struct XCTest.XCUIKeyboardKey
/host/spi-builder-workspace/Sources/XCTBeton/XCTBeton.swift:80:23: error: variable 'XCUIIdentifierZoomWindow' does not exist in module 'XCTest'
78 | @_exported import let XCTest.XCUIIdentifierFullScreenWindow
79 | @_exported import let XCTest.XCUIIdentifierMinimizeWindow
80 | @_exported import let XCTest.XCUIIdentifierZoomWindow
| `- error: variable 'XCUIIdentifierZoomWindow' does not exist in module 'XCTest'
81 | @_exported import struct XCTest.XCUIKeyboardKey
82 | @_exported import enum XCTest.XCUIProtectedResource
/host/spi-builder-workspace/Sources/XCTBeton/XCTBeton.swift:81:26: error: struct 'XCUIKeyboardKey' does not exist in module 'XCTest'
79 | @_exported import let XCTest.XCUIIdentifierMinimizeWindow
80 | @_exported import let XCTest.XCUIIdentifierZoomWindow
81 | @_exported import struct XCTest.XCUIKeyboardKey
| `- error: struct 'XCUIKeyboardKey' does not exist in module 'XCTest'
82 | @_exported import enum XCTest.XCUIProtectedResource
83 | @_exported import enum XCTest.XCUIRemoteButton
/host/spi-builder-workspace/Sources/XCTBeton/XCTBeton.swift:82:24: error: enum 'XCUIProtectedResource' does not exist in module 'XCTest'
80 | @_exported import let XCTest.XCUIIdentifierZoomWindow
81 | @_exported import struct XCTest.XCUIKeyboardKey
82 | @_exported import enum XCTest.XCUIProtectedResource
| `- error: enum 'XCUIProtectedResource' does not exist in module 'XCTest'
83 | @_exported import enum XCTest.XCUIRemoteButton
84 | @_exported import class XCTest.XCUIScreen
/host/spi-builder-workspace/Sources/XCTBeton/XCTBeton.swift:83:24: error: enum 'XCUIRemoteButton' does not exist in module 'XCTest'
81 | @_exported import struct XCTest.XCUIKeyboardKey
82 | @_exported import enum XCTest.XCUIProtectedResource
83 | @_exported import enum XCTest.XCUIRemoteButton
| `- error: enum 'XCUIRemoteButton' does not exist in module 'XCTest'
84 | @_exported import class XCTest.XCUIScreen
85 | @_exported import class XCTest.XCUIScreenshot
/host/spi-builder-workspace/Sources/XCTBeton/XCTBeton.swift:84:25: error: class 'XCUIScreen' does not exist in module 'XCTest'
82 | @_exported import enum XCTest.XCUIProtectedResource
83 | @_exported import enum XCTest.XCUIRemoteButton
84 | @_exported import class XCTest.XCUIScreen
| `- error: class 'XCUIScreen' does not exist in module 'XCTest'
85 | @_exported import class XCTest.XCUIScreenshot
86 | @_exported import protocol XCTest.XCUIScreenshotProviding
/host/spi-builder-workspace/Sources/XCTBeton/XCTBeton.swift:85:25: error: class 'XCUIScreenshot' does not exist in module 'XCTest'
83 | @_exported import enum XCTest.XCUIRemoteButton
84 | @_exported import class XCTest.XCUIScreen
85 | @_exported import class XCTest.XCUIScreenshot
| `- error: class 'XCUIScreenshot' does not exist in module 'XCTest'
86 | @_exported import protocol XCTest.XCUIScreenshotProviding
87 | @_exported import typealias XCTest.XCWaitCompletionHandler
/host/spi-builder-workspace/Sources/XCTBeton/XCTBeton.swift:86:28: error: protocol 'XCUIScreenshotProviding' does not exist in module 'XCTest'
84 | @_exported import class XCTest.XCUIScreen
85 | @_exported import class XCTest.XCUIScreenshot
86 | @_exported import protocol XCTest.XCUIScreenshotProviding
| `- error: protocol 'XCUIScreenshotProviding' does not exist in module 'XCTest'
87 | @_exported import typealias XCTest.XCWaitCompletionHandler
88 | @_exported import enum XCTest._XCTAssertionType
/host/spi-builder-workspace/Sources/XCTBeton/XCTBeton.swift:88:24: error: enum '_XCTAssertionType' does not exist in module 'XCTest'
86 | @_exported import protocol XCTest.XCUIScreenshotProviding
87 | @_exported import typealias XCTest.XCWaitCompletionHandler
88 | @_exported import enum XCTest._XCTAssertionType
| `- error: enum '_XCTAssertionType' does not exist in module 'XCTest'
89 | @_exported import func XCTest._XCTDescriptionForValue
90 | @_exported import func XCTest._XCTFailureFormat
/host/spi-builder-workspace/Sources/XCTBeton/XCTBeton.swift:89:24: error: function '_XCTDescriptionForValue' does not exist in module 'XCTest'
87 | @_exported import typealias XCTest.XCWaitCompletionHandler
88 | @_exported import enum XCTest._XCTAssertionType
89 | @_exported import func XCTest._XCTDescriptionForValue
| `- error: function '_XCTDescriptionForValue' does not exist in module 'XCTest'
90 | @_exported import func XCTest._XCTFailureFormat
91 | @_exported import func XCTest._XCTPreformattedFailureHandler
/host/spi-builder-workspace/Sources/XCTBeton/XCTBeton.swift:90:24: error: function '_XCTFailureFormat' does not exist in module 'XCTest'
88 | @_exported import enum XCTest._XCTAssertionType
89 | @_exported import func XCTest._XCTDescriptionForValue
90 | @_exported import func XCTest._XCTFailureFormat
| `- error: function '_XCTFailureFormat' does not exist in module 'XCTest'
91 | @_exported import func XCTest._XCTPreformattedFailureHandler
92 | @_exported import class XCTest._XCTSkipFailureException
/host/spi-builder-workspace/Sources/XCTBeton/XCTBeton.swift:91:24: error: function '_XCTPreformattedFailureHandler' does not exist in module 'XCTest'
89 | @_exported import func XCTest._XCTDescriptionForValue
90 | @_exported import func XCTest._XCTFailureFormat
91 | @_exported import func XCTest._XCTPreformattedFailureHandler
| `- error: function '_XCTPreformattedFailureHandler' does not exist in module 'XCTest'
92 | @_exported import class XCTest._XCTSkipFailureException
93 | @_exported import class XCTest._XCTestCaseInterruptionException
/host/spi-builder-workspace/Sources/XCTBeton/XCTBeton.swift:92:25: error: class '_XCTSkipFailureException' does not exist in module 'XCTest'
90 | @_exported import func XCTest._XCTFailureFormat
91 | @_exported import func XCTest._XCTPreformattedFailureHandler
92 | @_exported import class XCTest._XCTSkipFailureException
| `- error: class '_XCTSkipFailureException' does not exist in module 'XCTest'
93 | @_exported import class XCTest._XCTestCaseInterruptionException
94 |
/host/spi-builder-workspace/Sources/XCTBeton/XCTBeton.swift:93:25: error: class '_XCTestCaseInterruptionException' does not exist in module 'XCTest'
91 | @_exported import func XCTest._XCTPreformattedFailureHandler
92 | @_exported import class XCTest._XCTSkipFailureException
93 | @_exported import class XCTest._XCTestCaseInterruptionException
| `- error: class '_XCTestCaseInterruptionException' does not exist in module 'XCTest'
94 |
95 | public typealias XCTBeton = XCTest
/host/spi-builder-workspace/Sources/XCTBeton/XCTestCase/XCTAssertMetric/XCTestCase+XCTAssertMetric.swift:60:9: error: cannot find type 'XCTPerformanceMeasurement' in scope
58 |
59 | internal func fetchMeasurement<Identifier>(for identifier: Identifier)
60 | -> [XCTPerformanceMeasurement] where Identifier: XCTAssertMetricIdentifier
| `- error: cannot find type 'XCTPerformanceMeasurement' in scope
61 | {
62 | let measurements =
/host/spi-builder-workspace/Sources/XCTBeton/XCTestCase/XCTestCase+measure.swift:14:33: error: method does not override any method from its superclass
12 | ///
13 | /// - Parameter block: A block whose performance is measured.
14 | @nonobjc public override func measure(_ block: () -> Void) {
| `- error: method does not override any method from its superclass
15 | self.measure(metrics: Self.defaultMetrics, options: Self.defaultMeasureOptions, block: block)
16 | }
/host/spi-builder-workspace/Sources/XCTBeton/XCTestCase/XCTestCase.swift:28:27: error: property does not override any property from its superclass
26 | internal var lastRunMetrics: [XCTMetric] = []
27 | /// Default options for ``XCTestCase/measure(_:)``. The default instance specifies 5 iteration counts.
28 | open class override var defaultMeasureOptions: XCTMeasureOptions { XCTMeasureOptions() }
| `- error: property does not override any property from its superclass
29 | }
30 |
[316/325] Compiling XCTBeton XCTestCase+measure.swift
/host/spi-builder-workspace/Sources/XCTBeton/XCTestCase/XCTestCase+measure.swift:14:33: error: method does not override any method from its superclass
12 | ///
13 | /// - Parameter block: A block whose performance is measured.
14 | @nonobjc public override func measure(_ block: () -> Void) {
| `- error: method does not override any method from its superclass
15 | self.measure(metrics: Self.defaultMetrics, options: Self.defaultMeasureOptions, block: block)
16 | }
/host/spi-builder-workspace/Sources/XCTBeton/Performance/XCTMetric/XCTMetric.swift:12:22: error: cannot find type 'XCTPerformanceMeasurement' in scope
10 | ///
11 | /// Use ``XCTestCase/XCTAssertMetric(_:_:_:_:file:line:)`` to make assertions for the measurements.
12 | var measurements: [XCTPerformanceMeasurement] { get }
| `- error: cannot find type 'XCTPerformanceMeasurement' in scope
13 | }
14 |
/host/spi-builder-workspace/Sources/XCTBeton/XCTestCase/XCTestCase+measure.swift:53:18: error: extra arguments at positions #1, #2 in call
51 | @nonobjc public func measure(metrics: [XCTMetric], options: XCTMeasureOptions, block: () -> Void)
52 | {
53 | super.measure(metrics: metrics, options: options, block: block)
| `- error: extra arguments at positions #1, #2 in call
54 | precondition(lastRunMetrics.isEmpty, "Must not have performed measurements yet!")
55 | lastRunMetrics = metrics
XCTest.XCTestCase.measure:2:13: note: 'measure(file:line:block:)' declared here
1 | class XCTestCase {
2 | public func measure(file: StaticString = #file, line: Int = #line, block: () -> Void)}
| `- note: 'measure(file:line:block:)' declared here
3 |
/host/spi-builder-workspace/Sources/XCTBeton/XCTestCase/XCTestCase.swift:28:27: error: property does not override any property from its superclass
26 | internal var lastRunMetrics: [XCTMetric] = []
27 | /// Default options for ``XCTestCase/measure(_:)``. The default instance specifies 5 iteration counts.
28 | open class override var defaultMeasureOptions: XCTMeasureOptions { XCTMeasureOptions() }
| `- error: property does not override any property from its superclass
29 | }
30 |
[317/325] Compiling XCTBeton XCTestCase.swift
/host/spi-builder-workspace/Sources/XCTBeton/XCTestCase/XCTestCase+measure.swift:14:33: error: method does not override any method from its superclass
12 | ///
13 | /// - Parameter block: A block whose performance is measured.
14 | @nonobjc public override func measure(_ block: () -> Void) {
| `- error: method does not override any method from its superclass
15 | self.measure(metrics: Self.defaultMetrics, options: Self.defaultMeasureOptions, block: block)
16 | }
/host/spi-builder-workspace/Sources/XCTBeton/Performance/XCTMetric/XCTMetric.swift:12:22: error: cannot find type 'XCTPerformanceMeasurement' in scope
10 | ///
11 | /// Use ``XCTestCase/XCTAssertMetric(_:_:_:_:file:line:)`` to make assertions for the measurements.
12 | var measurements: [XCTPerformanceMeasurement] { get }
| `- error: cannot find type 'XCTPerformanceMeasurement' in scope
13 | }
14 |
/host/spi-builder-workspace/Sources/XCTBeton/XCTestCase/XCTestCase+measure.swift:53:18: error: extra arguments at positions #1, #2 in call
51 | @nonobjc public func measure(metrics: [XCTMetric], options: XCTMeasureOptions, block: () -> Void)
52 | {
53 | super.measure(metrics: metrics, options: options, block: block)
| `- error: extra arguments at positions #1, #2 in call
54 | precondition(lastRunMetrics.isEmpty, "Must not have performed measurements yet!")
55 | lastRunMetrics = metrics
XCTest.XCTestCase.measure:2:13: note: 'measure(file:line:block:)' declared here
1 | class XCTestCase {
2 | public func measure(file: StaticString = #file, line: Int = #line, block: () -> Void)}
| `- note: 'measure(file:line:block:)' declared here
3 |
/host/spi-builder-workspace/Sources/XCTBeton/XCTestCase/XCTestCase.swift:28:27: error: property does not override any property from its superclass
26 | internal var lastRunMetrics: [XCTMetric] = []
27 | /// Default options for ``XCTestCase/measure(_:)``. The default instance specifies 5 iteration counts.
28 | open class override var defaultMeasureOptions: XCTMeasureOptions { XCTMeasureOptions() }
| `- error: property does not override any property from its superclass
29 | }
30 |
[318/325] Compiling XCTBeton XCTMemoryMetric.swift
/host/spi-builder-workspace/Sources/XCTBeton/Performance/XCTMetric/XCTMemoryMetric.swift:3:14: error: class 'XCTMemoryMetric' does not exist in module 'XCTest'
1 | import Beton
2 |
3 | import class XCTest.XCTMemoryMetric
| `- error: class 'XCTMemoryMetric' does not exist in module 'XCTest'
4 |
5 | /// A metric to record the physical memory that a performance test uses.
/host/spi-builder-workspace/Sources/XCTBeton/Performance/XCTMetric/XCTMemoryMetric.swift:20:16: error: cannot find type 'XCTPerformanceMeasurement' in scope
18 | from startTime: XCTPerformanceMeasurementTimestamp,
19 | to endTime: XCTPerformanceMeasurementTimestamp
20 | ) throws -> [XCTPerformanceMeasurement] {
| `- error: cannot find type 'XCTPerformanceMeasurement' in scope
21 | storing(measurements: try super.reportMeasurements(from: startTime, to: endTime))
22 | }
/host/spi-builder-workspace/Sources/XCTBeton/Performance/XCTMetric/XCTMemoryMetric.swift:18:21: error: cannot find type 'XCTPerformanceMeasurementTimestamp' in scope
16 | /// allowing you to make assertions to them.
17 | public override func reportMeasurements(
18 | from startTime: XCTPerformanceMeasurementTimestamp,
| `- error: cannot find type 'XCTPerformanceMeasurementTimestamp' in scope
19 | to endTime: XCTPerformanceMeasurementTimestamp
20 | ) throws -> [XCTPerformanceMeasurement] {
/host/spi-builder-workspace/Sources/XCTBeton/Performance/XCTMetric/XCTMemoryMetric.swift:19:17: error: cannot find type 'XCTPerformanceMeasurementTimestamp' in scope
17 | public override func reportMeasurements(
18 | from startTime: XCTPerformanceMeasurementTimestamp,
19 | to endTime: XCTPerformanceMeasurementTimestamp
| `- error: cannot find type 'XCTPerformanceMeasurementTimestamp' in scope
20 | ) throws -> [XCTPerformanceMeasurement] {
21 | storing(measurements: try super.reportMeasurements(from: startTime, to: endTime))
/host/spi-builder-workspace/Sources/XCTBeton/Performance/XCTMetric/XCTMemoryMetric.swift:24:24: error: method does not override any method from its superclass
22 | }
23 |
24 | override public func copy(with zone: NSZone? = nil) -> Any {
| `- error: method does not override any method from its superclass
25 | remembering(copy: super.copy(with: zone))
26 | }
/host/spi-builder-workspace/Sources/XCTBeton/Performance/XCTMetric/XCTMemoryMetric.swift:9:38: error: no type named 'XCTMemoryMetric' in module 'XCTest'
7 | /// ``XCTMemoryMetric`` is a wrapper to
8 | /// [`XCTest.XCTMemoryMetric`](https://developer.apple.com/documentation/xctest/xctmemorymetric).
9 | public class XCTMemoryMetric: XCTest.XCTMemoryMetric, XCTMetric {
| `- error: no type named 'XCTMemoryMetric' in module 'XCTest'
10 | deinit { forgetSelf() }
11 |
/host/spi-builder-workspace/Sources/XCTBeton/Performance/XCTMetric/XCTMetric.swift:8:35: error: no type named 'XCTMetric' in module 'XCTest'
6 | /// Extends [`XCTest.XCTMetric`](https://developer.apple.com/documentation/xctest/xctmetric) with
7 | /// ``XCTMetric/measurements-swift.property`` holding recorded performance metrics.
8 | public protocol XCTMetric: XCTest.XCTMetric {
| `- error: no type named 'XCTMetric' in module 'XCTest'
9 | /// Holds recorded performance metrics.
10 | ///
/host/spi-builder-workspace/Sources/XCTBeton/Performance/XCTMetric/XCTMetric.swift:12:22: error: cannot find type 'XCTPerformanceMeasurement' in scope
10 | ///
11 | /// Use ``XCTestCase/XCTAssertMetric(_:_:_:_:file:line:)`` to make assertions for the measurements.
12 | var measurements: [XCTPerformanceMeasurement] { get }
| `- error: cannot find type 'XCTPerformanceMeasurement' in scope
13 | }
14 |
/host/spi-builder-workspace/Sources/XCTBeton/Performance/XCTMetric/XCTMemoryMetric.swift:25:23: error: 'super' cannot be used in class 'XCTMemoryMetric' because it has no superclass
23 |
24 | override public func copy(with zone: NSZone? = nil) -> Any {
25 | remembering(copy: super.copy(with: zone))
| `- error: 'super' cannot be used in class 'XCTMemoryMetric' because it has no superclass
26 | }
27 |
/host/spi-builder-workspace/Sources/XCTBeton/Performance/XCTMetric/XCTMetric+measurementStorage.swift:8:44: error: cannot find type 'XCTPerformanceMeasurement' in scope
6 | private final class MeasurementStorage: @unchecked Sendable {
7 | private let lock = NSLock()
8 | private var results: [ObjectIdentifier: [XCTPerformanceMeasurement]] = [:]
| `- error: cannot find type 'XCTPerformanceMeasurement' in scope
9 | private var copyMap: [ObjectIdentifier: ObjectIdentifier] = [:]
10 |
/host/spi-builder-workspace/Sources/XCTBeton/Performance/XCTMetric/XCTMetric+measurementStorage.swift:11:51: error: cannot find type 'XCTPerformanceMeasurement' in scope
9 | private var copyMap: [ObjectIdentifier: ObjectIdentifier] = [:]
10 |
11 | func measurements(for id: ObjectIdentifier) -> [XCTPerformanceMeasurement] {
| `- error: cannot find type 'XCTPerformanceMeasurement' in scope
12 | lock.lock()
13 | defer { lock.unlock() }
/host/spi-builder-workspace/Sources/XCTBeton/Performance/XCTMetric/XCTMetric+measurementStorage.swift:18:20: error: cannot find type 'XCTPerformanceMeasurement' in scope
16 |
17 | func store(
18 | measurements: [XCTPerformanceMeasurement],
| `- error: cannot find type 'XCTPerformanceMeasurement' in scope
19 | for id: ObjectIdentifier
20 | ) {
/host/spi-builder-workspace/Sources/XCTBeton/Performance/XCTMetric/XCTMetric+measurementStorage.swift:49:29: error: cannot find type 'XCTPerformanceMeasurement' in scope
47 |
48 | extension XCTMetric {
49 | public var measurements: [XCTPerformanceMeasurement] {
| `- error: cannot find type 'XCTPerformanceMeasurement' in scope
50 | measurementStorage.measurements(for: id)
51 | }
/host/spi-builder-workspace/Sources/XCTBeton/Performance/XCTMetric/XCTMetric+measurementStorage.swift:55:63: error: cannot find type 'XCTPerformanceMeasurement' in scope
53 |
54 | extension XCTMetric {
55 | func storing(measurements: [XCTPerformanceMeasurement]) -> [XCTPerformanceMeasurement] {
| `- error: cannot find type 'XCTPerformanceMeasurement' in scope
56 | measurementStorage.store(measurements: measurements, for: id)
57 | return measurements
/host/spi-builder-workspace/Sources/XCTBeton/Performance/XCTMetric/XCTMetric+measurementStorage.swift:55:31: error: cannot find type 'XCTPerformanceMeasurement' in scope
53 |
54 | extension XCTMetric {
55 | func storing(measurements: [XCTPerformanceMeasurement]) -> [XCTPerformanceMeasurement] {
| `- error: cannot find type 'XCTPerformanceMeasurement' in scope
56 | measurementStorage.store(measurements: measurements, for: id)
57 | return measurements
/host/spi-builder-workspace/Sources/XCTBeton/Performance/XCTMetric/XCTMetric+measurementStorage.swift:73:59: error: argument type 'Self' expected to be an instance of a class or class-constrained type
71 |
72 | extension XCTMetric {
73 | fileprivate var id: ObjectIdentifier { ObjectIdentifier(self) }
| `- error: argument type 'Self' expected to be an instance of a class or class-constrained type
74 | }
75 |
[319/325] Compiling XCTBeton XCTMetric+measurementStorage.swift
/host/spi-builder-workspace/Sources/XCTBeton/Performance/XCTMetric/XCTMemoryMetric.swift:3:14: error: class 'XCTMemoryMetric' does not exist in module 'XCTest'
1 | import Beton
2 |
3 | import class XCTest.XCTMemoryMetric
| `- error: class 'XCTMemoryMetric' does not exist in module 'XCTest'
4 |
5 | /// A metric to record the physical memory that a performance test uses.
/host/spi-builder-workspace/Sources/XCTBeton/Performance/XCTMetric/XCTMemoryMetric.swift:20:16: error: cannot find type 'XCTPerformanceMeasurement' in scope
18 | from startTime: XCTPerformanceMeasurementTimestamp,
19 | to endTime: XCTPerformanceMeasurementTimestamp
20 | ) throws -> [XCTPerformanceMeasurement] {
| `- error: cannot find type 'XCTPerformanceMeasurement' in scope
21 | storing(measurements: try super.reportMeasurements(from: startTime, to: endTime))
22 | }
/host/spi-builder-workspace/Sources/XCTBeton/Performance/XCTMetric/XCTMemoryMetric.swift:18:21: error: cannot find type 'XCTPerformanceMeasurementTimestamp' in scope
16 | /// allowing you to make assertions to them.
17 | public override func reportMeasurements(
18 | from startTime: XCTPerformanceMeasurementTimestamp,
| `- error: cannot find type 'XCTPerformanceMeasurementTimestamp' in scope
19 | to endTime: XCTPerformanceMeasurementTimestamp
20 | ) throws -> [XCTPerformanceMeasurement] {
/host/spi-builder-workspace/Sources/XCTBeton/Performance/XCTMetric/XCTMemoryMetric.swift:19:17: error: cannot find type 'XCTPerformanceMeasurementTimestamp' in scope
17 | public override func reportMeasurements(
18 | from startTime: XCTPerformanceMeasurementTimestamp,
19 | to endTime: XCTPerformanceMeasurementTimestamp
| `- error: cannot find type 'XCTPerformanceMeasurementTimestamp' in scope
20 | ) throws -> [XCTPerformanceMeasurement] {
21 | storing(measurements: try super.reportMeasurements(from: startTime, to: endTime))
/host/spi-builder-workspace/Sources/XCTBeton/Performance/XCTMetric/XCTMemoryMetric.swift:24:24: error: method does not override any method from its superclass
22 | }
23 |
24 | override public func copy(with zone: NSZone? = nil) -> Any {
| `- error: method does not override any method from its superclass
25 | remembering(copy: super.copy(with: zone))
26 | }
/host/spi-builder-workspace/Sources/XCTBeton/Performance/XCTMetric/XCTMemoryMetric.swift:9:38: error: no type named 'XCTMemoryMetric' in module 'XCTest'
7 | /// ``XCTMemoryMetric`` is a wrapper to
8 | /// [`XCTest.XCTMemoryMetric`](https://developer.apple.com/documentation/xctest/xctmemorymetric).
9 | public class XCTMemoryMetric: XCTest.XCTMemoryMetric, XCTMetric {
| `- error: no type named 'XCTMemoryMetric' in module 'XCTest'
10 | deinit { forgetSelf() }
11 |
/host/spi-builder-workspace/Sources/XCTBeton/Performance/XCTMetric/XCTMetric.swift:8:35: error: no type named 'XCTMetric' in module 'XCTest'
6 | /// Extends [`XCTest.XCTMetric`](https://developer.apple.com/documentation/xctest/xctmetric) with
7 | /// ``XCTMetric/measurements-swift.property`` holding recorded performance metrics.
8 | public protocol XCTMetric: XCTest.XCTMetric {
| `- error: no type named 'XCTMetric' in module 'XCTest'
9 | /// Holds recorded performance metrics.
10 | ///
/host/spi-builder-workspace/Sources/XCTBeton/Performance/XCTMetric/XCTMetric.swift:12:22: error: cannot find type 'XCTPerformanceMeasurement' in scope
10 | ///
11 | /// Use ``XCTestCase/XCTAssertMetric(_:_:_:_:file:line:)`` to make assertions for the measurements.
12 | var measurements: [XCTPerformanceMeasurement] { get }
| `- error: cannot find type 'XCTPerformanceMeasurement' in scope
13 | }
14 |
/host/spi-builder-workspace/Sources/XCTBeton/Performance/XCTMetric/XCTMemoryMetric.swift:25:23: error: 'super' cannot be used in class 'XCTMemoryMetric' because it has no superclass
23 |
24 | override public func copy(with zone: NSZone? = nil) -> Any {
25 | remembering(copy: super.copy(with: zone))
| `- error: 'super' cannot be used in class 'XCTMemoryMetric' because it has no superclass
26 | }
27 |
/host/spi-builder-workspace/Sources/XCTBeton/Performance/XCTMetric/XCTMetric+measurementStorage.swift:8:44: error: cannot find type 'XCTPerformanceMeasurement' in scope
6 | private final class MeasurementStorage: @unchecked Sendable {
7 | private let lock = NSLock()
8 | private var results: [ObjectIdentifier: [XCTPerformanceMeasurement]] = [:]
| `- error: cannot find type 'XCTPerformanceMeasurement' in scope
9 | private var copyMap: [ObjectIdentifier: ObjectIdentifier] = [:]
10 |
/host/spi-builder-workspace/Sources/XCTBeton/Performance/XCTMetric/XCTMetric+measurementStorage.swift:11:51: error: cannot find type 'XCTPerformanceMeasurement' in scope
9 | private var copyMap: [ObjectIdentifier: ObjectIdentifier] = [:]
10 |
11 | func measurements(for id: ObjectIdentifier) -> [XCTPerformanceMeasurement] {
| `- error: cannot find type 'XCTPerformanceMeasurement' in scope
12 | lock.lock()
13 | defer { lock.unlock() }
/host/spi-builder-workspace/Sources/XCTBeton/Performance/XCTMetric/XCTMetric+measurementStorage.swift:18:20: error: cannot find type 'XCTPerformanceMeasurement' in scope
16 |
17 | func store(
18 | measurements: [XCTPerformanceMeasurement],
| `- error: cannot find type 'XCTPerformanceMeasurement' in scope
19 | for id: ObjectIdentifier
20 | ) {
/host/spi-builder-workspace/Sources/XCTBeton/Performance/XCTMetric/XCTMetric+measurementStorage.swift:49:29: error: cannot find type 'XCTPerformanceMeasurement' in scope
47 |
48 | extension XCTMetric {
49 | public var measurements: [XCTPerformanceMeasurement] {
| `- error: cannot find type 'XCTPerformanceMeasurement' in scope
50 | measurementStorage.measurements(for: id)
51 | }
/host/spi-builder-workspace/Sources/XCTBeton/Performance/XCTMetric/XCTMetric+measurementStorage.swift:55:63: error: cannot find type 'XCTPerformanceMeasurement' in scope
53 |
54 | extension XCTMetric {
55 | func storing(measurements: [XCTPerformanceMeasurement]) -> [XCTPerformanceMeasurement] {
| `- error: cannot find type 'XCTPerformanceMeasurement' in scope
56 | measurementStorage.store(measurements: measurements, for: id)
57 | return measurements
/host/spi-builder-workspace/Sources/XCTBeton/Performance/XCTMetric/XCTMetric+measurementStorage.swift:55:31: error: cannot find type 'XCTPerformanceMeasurement' in scope
53 |
54 | extension XCTMetric {
55 | func storing(measurements: [XCTPerformanceMeasurement]) -> [XCTPerformanceMeasurement] {
| `- error: cannot find type 'XCTPerformanceMeasurement' in scope
56 | measurementStorage.store(measurements: measurements, for: id)
57 | return measurements
/host/spi-builder-workspace/Sources/XCTBeton/Performance/XCTMetric/XCTMetric+measurementStorage.swift:73:59: error: argument type 'Self' expected to be an instance of a class or class-constrained type
71 |
72 | extension XCTMetric {
73 | fileprivate var id: ObjectIdentifier { ObjectIdentifier(self) }
| `- error: argument type 'Self' expected to be an instance of a class or class-constrained type
74 | }
75 |
[320/325] Compiling XCTBeton XCTAssertCpuIdentifier.swift
/host/spi-builder-workspace/Sources/XCTBeton/Performance/XCTMetric/XCTMetric.swift:8:35: error: no type named 'XCTMetric' in module 'XCTest'
6 | /// Extends [`XCTest.XCTMetric`](https://developer.apple.com/documentation/xctest/xctmetric) with
7 | /// ``XCTMetric/measurements-swift.property`` holding recorded performance metrics.
8 | public protocol XCTMetric: XCTest.XCTMetric {
| `- error: no type named 'XCTMetric' in module 'XCTest'
9 | /// Holds recorded performance metrics.
10 | ///
[321/325] Compiling XCTBeton XCTAssertDiskIdentifier.swift
/host/spi-builder-workspace/Sources/XCTBeton/Performance/XCTMetric/XCTMetric.swift:8:35: error: no type named 'XCTMetric' in module 'XCTest'
6 | /// Extends [`XCTest.XCTMetric`](https://developer.apple.com/documentation/xctest/xctmetric) with
7 | /// ``XCTMetric/measurements-swift.property`` holding recorded performance metrics.
8 | public protocol XCTMetric: XCTest.XCTMetric {
| `- error: no type named 'XCTMetric' in module 'XCTest'
9 | /// Holds recorded performance metrics.
10 | ///
[322/325] Compiling XCTBeton XCTestCase+XCTAssertMetric.swift
/host/spi-builder-workspace/Sources/XCTBeton/Performance/XCTMetric/XCTMetric.swift:8:35: error: no type named 'XCTMetric' in module 'XCTest'
6 | /// Extends [`XCTest.XCTMetric`](https://developer.apple.com/documentation/xctest/xctmetric) with
7 | /// ``XCTMetric/measurements-swift.property`` holding recorded performance metrics.
8 | public protocol XCTMetric: XCTest.XCTMetric {
| `- error: no type named 'XCTMetric' in module 'XCTest'
9 | /// Holds recorded performance metrics.
10 | ///
/host/spi-builder-workspace/Sources/XCTBeton/XCTestCase/XCTAssertMetric/XCTestCase+XCTAssertMetric.swift:60:9: error: cannot find type 'XCTPerformanceMeasurement' in scope
58 |
59 | internal func fetchMeasurement<Identifier>(for identifier: Identifier)
60 | -> [XCTPerformanceMeasurement] where Identifier: XCTAssertMetricIdentifier
| `- error: cannot find type 'XCTPerformanceMeasurement' in scope
61 | {
62 | let measurements =
/host/spi-builder-workspace/Sources/XCTBeton/XCTestCase/XCTAssertMetric/XCTestCase+XCTAssertMetric.swift:34:72: error: cannot infer key path type from context; consider explicitly specifying a root type
32 | line: UInt = #line
33 | ) {
34 | let measurements: [Double] = fetchMeasurement(for: identifier).map(\.value).map(\.value)
| `- error: cannot infer key path type from context; consider explicitly specifying a root type
35 | XCTAssertLessThanOrEqual(
36 | measurements[keyPath: aspect.measurementKeyPath],
/host/spi-builder-workspace/Sources/XCTBeton/XCTestCase/XCTAssertMetric/XCTestCase+XCTAssertMetric.swift:34:85: error: cannot infer key path type from context; consider explicitly specifying a root type
32 | line: UInt = #line
33 | ) {
34 | let measurements: [Double] = fetchMeasurement(for: identifier).map(\.value).map(\.value)
| `- error: cannot infer key path type from context; consider explicitly specifying a root type
35 | XCTAssertLessThanOrEqual(
36 | measurements[keyPath: aspect.measurementKeyPath],
/host/spi-builder-workspace/Sources/XCTBeton/Performance/XCTMetric/XCTMetric.swift:12:22: error: cannot find type 'XCTPerformanceMeasurement' in scope
10 | ///
11 | /// Use ``XCTestCase/XCTAssertMetric(_:_:_:_:file:line:)`` to make assertions for the measurements.
12 | var measurements: [XCTPerformanceMeasurement] { get }
| `- error: cannot find type 'XCTPerformanceMeasurement' in scope
13 | }
14 |
/host/spi-builder-workspace/Sources/XCTBeton/Performance/XCTMetric/XCTMetric+measurementStorage.swift:49:29: error: cannot find type 'XCTPerformanceMeasurement' in scope
47 |
48 | extension XCTMetric {
49 | public var measurements: [XCTPerformanceMeasurement] {
| `- error: cannot find type 'XCTPerformanceMeasurement' in scope
50 | measurementStorage.measurements(for: id)
51 | }
/host/spi-builder-workspace/Sources/XCTBeton/XCTestCase/XCTAssertMetric/XCTestCase+XCTAssertMetric.swift:64:24: error: cannot convert value of type 'Identifier.RelatedMetric?' to closure result type 'ElementOfResult?'
62 | let measurements =
63 | lastRunMetrics
64 | .compactMap { $0 as? Identifier.RelatedMetric }
| `- error: cannot convert value of type 'Identifier.RelatedMetric?' to closure result type 'ElementOfResult?'
65 | .map(\.measurements)
66 | .reduce([], +)
/host/spi-builder-workspace/Sources/XCTBeton/XCTestCase/XCTAssertMetric/XCTestCase+XCTAssertMetric.swift:67:8: error: reference to member 'filter' cannot be resolved without a contextual type
65 | .map(\.measurements)
66 | .reduce([], +)
67 | .filter { $0.identifier == identifier.identifier } // TODO: this naming is fucking dumb
| `- error: reference to member 'filter' cannot be resolved without a contextual type
68 | return Array(measurements.dropFirst())
69 | }
/host/spi-builder-workspace/Sources/XCTBeton/XCTestCase/XCTAssertMetric/XCTestCase+XCTAssertMetric.swift:65:12: error: cannot infer key path type from context; consider explicitly specifying a root type
63 | lastRunMetrics
64 | .compactMap { $0 as? Identifier.RelatedMetric }
65 | .map(\.measurements)
| `- error: cannot infer key path type from context; consider explicitly specifying a root type
66 | .reduce([], +)
67 | .filter { $0.identifier == identifier.identifier } // TODO: this naming is fucking dumb
/host/spi-builder-workspace/Sources/XCTBeton/XCTestCase/XCTAssertMetric/XCTestCase+XCTAssertMetric.swift:64:8: error: generic parameter 'ElementOfResult' could not be inferred
62 | let measurements =
63 | lastRunMetrics
64 | .compactMap { $0 as? Identifier.RelatedMetric }
| `- error: generic parameter 'ElementOfResult' could not be inferred
65 | .map(\.measurements)
66 | .reduce([], +)
Swift.Sequence.compactMap:2:24: note: in call to function 'compactMap'
1 | protocol Sequence {
2 | @inlinable public func compactMap<ElementOfResult>(_ transform: (Self.Element) throws -> ElementOfResult?) rethrows -> [ElementOfResult]}
| `- note: in call to function 'compactMap'
3 |
[323/325] Compiling XCTBeton XCTAssertMetricIdentifier.swift
/host/spi-builder-workspace/Sources/XCTBeton/Performance/XCTMetric/XCTMetric.swift:8:35: error: no type named 'XCTMetric' in module 'XCTest'
6 | /// Extends [`XCTest.XCTMetric`](https://developer.apple.com/documentation/xctest/xctmetric) with
7 | /// ``XCTMetric/measurements-swift.property`` holding recorded performance metrics.
8 | public protocol XCTMetric: XCTest.XCTMetric {
| `- error: no type named 'XCTMetric' in module 'XCTest'
9 | /// Holds recorded performance metrics.
10 | ///
/host/spi-builder-workspace/Sources/XCTBeton/XCTestCase/XCTAssertMetric/XCTestCase+XCTAssertMetric.swift:60:9: error: cannot find type 'XCTPerformanceMeasurement' in scope
58 |
59 | internal func fetchMeasurement<Identifier>(for identifier: Identifier)
60 | -> [XCTPerformanceMeasurement] where Identifier: XCTAssertMetricIdentifier
| `- error: cannot find type 'XCTPerformanceMeasurement' in scope
61 | {
62 | let measurements =
/host/spi-builder-workspace/Sources/XCTBeton/XCTestCase/XCTAssertMetric/XCTestCase+XCTAssertMetric.swift:34:72: error: cannot infer key path type from context; consider explicitly specifying a root type
32 | line: UInt = #line
33 | ) {
34 | let measurements: [Double] = fetchMeasurement(for: identifier).map(\.value).map(\.value)
| `- error: cannot infer key path type from context; consider explicitly specifying a root type
35 | XCTAssertLessThanOrEqual(
36 | measurements[keyPath: aspect.measurementKeyPath],
/host/spi-builder-workspace/Sources/XCTBeton/XCTestCase/XCTAssertMetric/XCTestCase+XCTAssertMetric.swift:34:85: error: cannot infer key path type from context; consider explicitly specifying a root type
32 | line: UInt = #line
33 | ) {
34 | let measurements: [Double] = fetchMeasurement(for: identifier).map(\.value).map(\.value)
| `- error: cannot infer key path type from context; consider explicitly specifying a root type
35 | XCTAssertLessThanOrEqual(
36 | measurements[keyPath: aspect.measurementKeyPath],
/host/spi-builder-workspace/Sources/XCTBeton/Performance/XCTMetric/XCTMetric.swift:12:22: error: cannot find type 'XCTPerformanceMeasurement' in scope
10 | ///
11 | /// Use ``XCTestCase/XCTAssertMetric(_:_:_:_:file:line:)`` to make assertions for the measurements.
12 | var measurements: [XCTPerformanceMeasurement] { get }
| `- error: cannot find type 'XCTPerformanceMeasurement' in scope
13 | }
14 |
/host/spi-builder-workspace/Sources/XCTBeton/Performance/XCTMetric/XCTMetric+measurementStorage.swift:49:29: error: cannot find type 'XCTPerformanceMeasurement' in scope
47 |
48 | extension XCTMetric {
49 | public var measurements: [XCTPerformanceMeasurement] {
| `- error: cannot find type 'XCTPerformanceMeasurement' in scope
50 | measurementStorage.measurements(for: id)
51 | }
/host/spi-builder-workspace/Sources/XCTBeton/XCTestCase/XCTAssertMetric/XCTestCase+XCTAssertMetric.swift:64:24: error: cannot convert value of type 'Identifier.RelatedMetric?' to closure result type 'ElementOfResult?'
62 | let measurements =
63 | lastRunMetrics
64 | .compactMap { $0 as? Identifier.RelatedMetric }
| `- error: cannot convert value of type 'Identifier.RelatedMetric?' to closure result type 'ElementOfResult?'
65 | .map(\.measurements)
66 | .reduce([], +)
/host/spi-builder-workspace/Sources/XCTBeton/XCTestCase/XCTAssertMetric/XCTestCase+XCTAssertMetric.swift:67:8: error: reference to member 'filter' cannot be resolved without a contextual type
65 | .map(\.measurements)
66 | .reduce([], +)
67 | .filter { $0.identifier == identifier.identifier } // TODO: this naming is fucking dumb
| `- error: reference to member 'filter' cannot be resolved without a contextual type
68 | return Array(measurements.dropFirst())
69 | }
/host/spi-builder-workspace/Sources/XCTBeton/XCTestCase/XCTAssertMetric/XCTestCase+XCTAssertMetric.swift:65:12: error: cannot infer key path type from context; consider explicitly specifying a root type
63 | lastRunMetrics
64 | .compactMap { $0 as? Identifier.RelatedMetric }
65 | .map(\.measurements)
| `- error: cannot infer key path type from context; consider explicitly specifying a root type
66 | .reduce([], +)
67 | .filter { $0.identifier == identifier.identifier } // TODO: this naming is fucking dumb
/host/spi-builder-workspace/Sources/XCTBeton/XCTestCase/XCTAssertMetric/XCTestCase+XCTAssertMetric.swift:64:8: error: generic parameter 'ElementOfResult' could not be inferred
62 | let measurements =
63 | lastRunMetrics
64 | .compactMap { $0 as? Identifier.RelatedMetric }
| `- error: generic parameter 'ElementOfResult' could not be inferred
65 | .map(\.measurements)
66 | .reduce([], +)
Swift.Sequence.compactMap:2:24: note: in call to function 'compactMap'
1 | protocol Sequence {
2 | @inlinable public func compactMap<ElementOfResult>(_ transform: (Self.Element) throws -> ElementOfResult?) rethrows -> [ElementOfResult]}
| `- note: in call to function 'compactMap'
3 |
[324/325] Compiling XCTBeton XCTBeton.swift
/host/spi-builder-workspace/Sources/XCTBeton/XCTBeton.swift:1:28: error: protocol 'XCTActivity' does not exist in module 'XCTest'
1 | @_exported import protocol XCTest.XCTActivity
| `- error: protocol 'XCTActivity' does not exist in module 'XCTest'
2 | @_exported import class XCTest.XCTApplicationLaunchMetric
3 | @_exported import func XCTest.XCTAssert
/host/spi-builder-workspace/Sources/XCTBeton/XCTBeton.swift:2:25: error: class 'XCTApplicationLaunchMetric' does not exist in module 'XCTest'
1 | @_exported import protocol XCTest.XCTActivity
2 | @_exported import class XCTest.XCTApplicationLaunchMetric
| `- error: class 'XCTApplicationLaunchMetric' does not exist in module 'XCTest'
3 | @_exported import func XCTest.XCTAssert
4 | @_exported import func XCTest.XCTAssertEqual
/host/spi-builder-workspace/Sources/XCTBeton/XCTBeton.swift:20:25: error: class 'XCTAttachment' does not exist in module 'XCTest'
18 | @_exported import func XCTest.XCTAssertThrowsError
19 | @_exported import func XCTest.XCTAssertTrue
20 | @_exported import class XCTest.XCTAttachment
| `- error: class 'XCTAttachment' does not exist in module 'XCTest'
21 | @_exported import class XCTest.XCTContext
22 | @_exported import class XCTest.XCTDarwinNotificationExpectation
/host/spi-builder-workspace/Sources/XCTBeton/XCTBeton.swift:21:25: error: class 'XCTContext' does not exist in module 'XCTest'
19 | @_exported import func XCTest.XCTAssertTrue
20 | @_exported import class XCTest.XCTAttachment
21 | @_exported import class XCTest.XCTContext
| `- error: class 'XCTContext' does not exist in module 'XCTest'
22 | @_exported import class XCTest.XCTDarwinNotificationExpectation
23 | @_exported import func XCTest.XCTExpectFailure
/host/spi-builder-workspace/Sources/XCTBeton/XCTBeton.swift:22:25: error: class 'XCTDarwinNotificationExpectation' does not exist in module 'XCTest'
20 | @_exported import class XCTest.XCTAttachment
21 | @_exported import class XCTest.XCTContext
22 | @_exported import class XCTest.XCTDarwinNotificationExpectation
| `- error: class 'XCTDarwinNotificationExpectation' does not exist in module 'XCTest'
23 | @_exported import func XCTest.XCTExpectFailure
24 | @_exported import class XCTest.XCTExpectedFailure
/host/spi-builder-workspace/Sources/XCTBeton/XCTBeton.swift:23:24: error: function 'XCTExpectFailure' does not exist in module 'XCTest'
21 | @_exported import class XCTest.XCTContext
22 | @_exported import class XCTest.XCTDarwinNotificationExpectation
23 | @_exported import func XCTest.XCTExpectFailure
| `- error: function 'XCTExpectFailure' does not exist in module 'XCTest'
24 | @_exported import class XCTest.XCTExpectedFailure
25 | @_exported import func XCTest.XCTFail
/host/spi-builder-workspace/Sources/XCTBeton/XCTBeton.swift:24:25: error: class 'XCTExpectedFailure' does not exist in module 'XCTest'
22 | @_exported import class XCTest.XCTDarwinNotificationExpectation
23 | @_exported import func XCTest.XCTExpectFailure
24 | @_exported import class XCTest.XCTExpectedFailure
| `- error: class 'XCTExpectedFailure' does not exist in module 'XCTest'
25 | @_exported import func XCTest.XCTFail
26 | @_exported import struct XCTest.XCTIssue
/host/spi-builder-workspace/Sources/XCTBeton/XCTBeton.swift:26:26: error: struct 'XCTIssue' does not exist in module 'XCTest'
24 | @_exported import class XCTest.XCTExpectedFailure
25 | @_exported import func XCTest.XCTFail
26 | @_exported import struct XCTest.XCTIssue
| `- error: struct 'XCTIssue' does not exist in module 'XCTest'
27 | @_exported import class XCTest.XCTIssueReference
28 | @_exported import class XCTest.XCTKVOExpectation
/host/spi-builder-workspace/Sources/XCTBeton/XCTBeton.swift:27:25: error: class 'XCTIssueReference' does not exist in module 'XCTest'
25 | @_exported import func XCTest.XCTFail
26 | @_exported import struct XCTest.XCTIssue
27 | @_exported import class XCTest.XCTIssueReference
| `- error: class 'XCTIssueReference' does not exist in module 'XCTest'
28 | @_exported import class XCTest.XCTKVOExpectation
29 | @_exported import class XCTest.XCTMutableIssue
/host/spi-builder-workspace/Sources/XCTBeton/XCTBeton.swift:28:25: error: class 'XCTKVOExpectation' does not exist in module 'XCTest'
26 | @_exported import struct XCTest.XCTIssue
27 | @_exported import class XCTest.XCTIssueReference
28 | @_exported import class XCTest.XCTKVOExpectation
| `- error: class 'XCTKVOExpectation' does not exist in module 'XCTest'
29 | @_exported import class XCTest.XCTMutableIssue
30 | @_exported import class XCTest.XCTNSNotificationExpectation
/host/spi-builder-workspace/Sources/XCTBeton/XCTBeton.swift:29:25: error: class 'XCTMutableIssue' does not exist in module 'XCTest'
27 | @_exported import class XCTest.XCTIssueReference
28 | @_exported import class XCTest.XCTKVOExpectation
29 | @_exported import class XCTest.XCTMutableIssue
| `- error: class 'XCTMutableIssue' does not exist in module 'XCTest'
30 | @_exported import class XCTest.XCTNSNotificationExpectation
31 | @_exported import class XCTest.XCTNSPredicateExpectation
/host/spi-builder-workspace/Sources/XCTBeton/XCTBeton.swift:32:25: error: class 'XCTOSSignpostMetric' does not exist in module 'XCTest'
30 | @_exported import class XCTest.XCTNSNotificationExpectation
31 | @_exported import class XCTest.XCTNSPredicateExpectation
32 | @_exported import class XCTest.XCTOSSignpostMetric
| `- error: class 'XCTOSSignpostMetric' does not exist in module 'XCTest'
33 | @_exported import class XCTest.XCTPerformanceMeasurement
34 | @_exported import class XCTest.XCTPerformanceMeasurementTimestamp
/host/spi-builder-workspace/Sources/XCTBeton/XCTBeton.swift:33:25: error: class 'XCTPerformanceMeasurement' does not exist in module 'XCTest'
31 | @_exported import class XCTest.XCTNSPredicateExpectation
32 | @_exported import class XCTest.XCTOSSignpostMetric
33 | @_exported import class XCTest.XCTPerformanceMeasurement
| `- error: class 'XCTPerformanceMeasurement' does not exist in module 'XCTest'
34 | @_exported import class XCTest.XCTPerformanceMeasurementTimestamp
35 | @_exported import struct XCTest.XCTPerformanceMetric
/host/spi-builder-workspace/Sources/XCTBeton/XCTBeton.swift:34:25: error: class 'XCTPerformanceMeasurementTimestamp' does not exist in module 'XCTest'
32 | @_exported import class XCTest.XCTOSSignpostMetric
33 | @_exported import class XCTest.XCTPerformanceMeasurement
34 | @_exported import class XCTest.XCTPerformanceMeasurementTimestamp
| `- error: class 'XCTPerformanceMeasurementTimestamp' does not exist in module 'XCTest'
35 | @_exported import struct XCTest.XCTPerformanceMetric
36 | @_exported import func XCTest.XCTSelfTestMain
/host/spi-builder-workspace/Sources/XCTBeton/XCTBeton.swift:36:24: error: function 'XCTSelfTestMain' does not exist in module 'XCTest'
34 | @_exported import class XCTest.XCTPerformanceMeasurementTimestamp
35 | @_exported import struct XCTest.XCTPerformanceMetric
36 | @_exported import func XCTest.XCTSelfTestMain
| `- error: function 'XCTSelfTestMain' does not exist in module 'XCTest'
37 | @_exported import struct XCTest.XCTSkip
38 | @_exported import func XCTest.XCTSkipIf
/host/spi-builder-workspace/Sources/XCTBeton/XCTBeton.swift:40:25: error: class 'XCTSourceCodeContext' does not exist in module 'XCTest'
38 | @_exported import func XCTest.XCTSkipIf
39 | @_exported import func XCTest.XCTSkipUnless
40 | @_exported import class XCTest.XCTSourceCodeContext
| `- error: class 'XCTSourceCodeContext' does not exist in module 'XCTest'
41 | @_exported import class XCTest.XCTSourceCodeFrame
42 | @_exported import class XCTest.XCTSourceCodeLocation
/host/spi-builder-workspace/Sources/XCTBeton/XCTBeton.swift:41:25: error: class 'XCTSourceCodeFrame' does not exist in module 'XCTest'
39 | @_exported import func XCTest.XCTSkipUnless
40 | @_exported import class XCTest.XCTSourceCodeContext
41 | @_exported import class XCTest.XCTSourceCodeFrame
| `- error: class 'XCTSourceCodeFrame' does not exist in module 'XCTest'
42 | @_exported import class XCTest.XCTSourceCodeLocation
43 | @_exported import class XCTest.XCTSourceCodeSymbolInfo
/host/spi-builder-workspace/Sources/XCTBeton/XCTBeton.swift:42:25: error: class 'XCTSourceCodeLocation' does not exist in module 'XCTest'
40 | @_exported import class XCTest.XCTSourceCodeContext
41 | @_exported import class XCTest.XCTSourceCodeFrame
42 | @_exported import class XCTest.XCTSourceCodeLocation
| `- error: class 'XCTSourceCodeLocation' does not exist in module 'XCTest'
43 | @_exported import class XCTest.XCTSourceCodeSymbolInfo
44 | @_exported import func XCTest.XCTUnwrap
/host/spi-builder-workspace/Sources/XCTBeton/XCTBeton.swift:43:25: error: class 'XCTSourceCodeSymbolInfo' does not exist in module 'XCTest'
41 | @_exported import class XCTest.XCTSourceCodeFrame
42 | @_exported import class XCTest.XCTSourceCodeLocation
43 | @_exported import class XCTest.XCTSourceCodeSymbolInfo
| `- error: class 'XCTSourceCodeSymbolInfo' does not exist in module 'XCTest'
44 | @_exported import func XCTest.XCTUnwrap
45 | @_exported import class XCTest.XCTWaiter
/host/spi-builder-workspace/Sources/XCTBeton/XCTBeton.swift:47:23: error: variable 'XCT_UI_TESTING_AVAILABLE' does not exist in module 'XCTest'
45 | @_exported import class XCTest.XCTWaiter
46 | @_exported import protocol XCTest.XCTWaiterDelegate
47 | @_exported import var XCTest.XCT_UI_TESTING_AVAILABLE
| `- error: variable 'XCT_UI_TESTING_AVAILABLE' does not exist in module 'XCTest'
48 | import class XCTest.XCTest
49 | @_exported import class XCTest.XCTestCaseRun
/host/spi-builder-workspace/Sources/XCTBeton/XCTBeton.swift:53:25: error: class 'XCTestLog' does not exist in module 'XCTest'
51 | @_exported import let XCTest.XCTestErrorDomain
52 | @_exported import class XCTest.XCTestExpectation
53 | @_exported import class XCTest.XCTestLog
| `- error: class 'XCTestLog' does not exist in module 'XCTest'
54 | @_exported import protocol XCTest.XCTestObservation
55 | @_exported import class XCTest.XCTestObservationCenter
/host/spi-builder-workspace/Sources/XCTBeton/XCTBeton.swift:56:25: error: class 'XCTestObserver' does not exist in module 'XCTest'
54 | @_exported import protocol XCTest.XCTestObservation
55 | @_exported import class XCTest.XCTestObservationCenter
56 | @_exported import class XCTest.XCTestObserver
| `- error: class 'XCTestObserver' does not exist in module 'XCTest'
57 | @_exported import let XCTest.XCTestObserverClassKey
58 | @_exported import class XCTest.XCTestProbe
/host/spi-builder-workspace/Sources/XCTBeton/XCTBeton.swift:57:23: error: variable 'XCTestObserverClassKey' does not exist in module 'XCTest'
55 | @_exported import class XCTest.XCTestObservationCenter
56 | @_exported import class XCTest.XCTestObserver
57 | @_exported import let XCTest.XCTestObserverClassKey
| `- error: variable 'XCTestObserverClassKey' does not exist in module 'XCTest'
58 | @_exported import class XCTest.XCTestProbe
59 | @_exported import class XCTest.XCTestRun
/host/spi-builder-workspace/Sources/XCTBeton/XCTBeton.swift:58:25: error: class 'XCTestProbe' does not exist in module 'XCTest'
56 | @_exported import class XCTest.XCTestObserver
57 | @_exported import let XCTest.XCTestObserverClassKey
58 | @_exported import class XCTest.XCTestProbe
| `- error: class 'XCTestProbe' does not exist in module 'XCTest'
59 | @_exported import class XCTest.XCTestRun
60 | @_exported import let XCTest.XCTestScopeAll
/host/spi-builder-workspace/Sources/XCTBeton/XCTBeton.swift:60:23: error: variable 'XCTestScopeAll' does not exist in module 'XCTest'
58 | @_exported import class XCTest.XCTestProbe
59 | @_exported import class XCTest.XCTestRun
60 | @_exported import let XCTest.XCTestScopeAll
| `- error: variable 'XCTestScopeAll' does not exist in module 'XCTest'
61 | @_exported import let XCTest.XCTestScopeKey
62 | @_exported import let XCTest.XCTestScopeNone
/host/spi-builder-workspace/Sources/XCTBeton/XCTBeton.swift:61:23: error: variable 'XCTestScopeKey' does not exist in module 'XCTest'
59 | @_exported import class XCTest.XCTestRun
60 | @_exported import let XCTest.XCTestScopeAll
61 | @_exported import let XCTest.XCTestScopeKey
| `- error: variable 'XCTestScopeKey' does not exist in module 'XCTest'
62 | @_exported import let XCTest.XCTestScopeNone
63 | @_exported import let XCTest.XCTestScopeSelf
/host/spi-builder-workspace/Sources/XCTBeton/XCTBeton.swift:62:23: error: variable 'XCTestScopeNone' does not exist in module 'XCTest'
60 | @_exported import let XCTest.XCTestScopeAll
61 | @_exported import let XCTest.XCTestScopeKey
62 | @_exported import let XCTest.XCTestScopeNone
| `- error: variable 'XCTestScopeNone' does not exist in module 'XCTest'
63 | @_exported import let XCTest.XCTestScopeSelf
64 | @_exported import class XCTest.XCTestSuite
/host/spi-builder-workspace/Sources/XCTBeton/XCTBeton.swift:63:23: error: variable 'XCTestScopeSelf' does not exist in module 'XCTest'
61 | @_exported import let XCTest.XCTestScopeKey
62 | @_exported import let XCTest.XCTestScopeNone
63 | @_exported import let XCTest.XCTestScopeSelf
| `- error: variable 'XCTestScopeSelf' does not exist in module 'XCTest'
64 | @_exported import class XCTest.XCTestSuite
65 | @_exported import class XCTest.XCTestSuiteRun
/host/spi-builder-workspace/Sources/XCTBeton/XCTBeton.swift:66:23: error: variable 'XCTestToolKey' does not exist in module 'XCTest'
64 | @_exported import class XCTest.XCTestSuite
65 | @_exported import class XCTest.XCTestSuiteRun
66 | @_exported import let XCTest.XCTestToolKey
| `- error: variable 'XCTestToolKey' does not exist in module 'XCTest'
67 | @_exported import let XCTest.XCTestedUnitPath
68 | @_exported import class XCTest.XCUIApplication
/host/spi-builder-workspace/Sources/XCTBeton/XCTBeton.swift:67:23: error: variable 'XCTestedUnitPath' does not exist in module 'XCTest'
65 | @_exported import class XCTest.XCTestSuiteRun
66 | @_exported import let XCTest.XCTestToolKey
67 | @_exported import let XCTest.XCTestedUnitPath
| `- error: variable 'XCTestedUnitPath' does not exist in module 'XCTest'
68 | @_exported import class XCTest.XCUIApplication
69 | @_exported import class XCTest.XCUICoordinate
/host/spi-builder-workspace/Sources/XCTBeton/XCTBeton.swift:68:25: error: class 'XCUIApplication' does not exist in module 'XCTest'
66 | @_exported import let XCTest.XCTestToolKey
67 | @_exported import let XCTest.XCTestedUnitPath
68 | @_exported import class XCTest.XCUIApplication
| `- error: class 'XCUIApplication' does not exist in module 'XCTest'
69 | @_exported import class XCTest.XCUICoordinate
70 | @_exported import class XCTest.XCUIElement
/host/spi-builder-workspace/Sources/XCTBeton/XCTBeton.swift:69:25: error: class 'XCUICoordinate' does not exist in module 'XCTest'
67 | @_exported import let XCTest.XCTestedUnitPath
68 | @_exported import class XCTest.XCUIApplication
69 | @_exported import class XCTest.XCUICoordinate
| `- error: class 'XCUICoordinate' does not exist in module 'XCTest'
70 | @_exported import class XCTest.XCUIElement
71 | @_exported import protocol XCTest.XCUIElementAttributes
/host/spi-builder-workspace/Sources/XCTBeton/XCTBeton.swift:70:25: error: class 'XCUIElement' does not exist in module 'XCTest'
68 | @_exported import class XCTest.XCUIApplication
69 | @_exported import class XCTest.XCUICoordinate
70 | @_exported import class XCTest.XCUIElement
| `- error: class 'XCUIElement' does not exist in module 'XCTest'
71 | @_exported import protocol XCTest.XCUIElementAttributes
72 | @_exported import class XCTest.XCUIElementQuery
/host/spi-builder-workspace/Sources/XCTBeton/XCTBeton.swift:71:28: error: protocol 'XCUIElementAttributes' does not exist in module 'XCTest'
69 | @_exported import class XCTest.XCUICoordinate
70 | @_exported import class XCTest.XCUIElement
71 | @_exported import protocol XCTest.XCUIElementAttributes
| `- error: protocol 'XCUIElementAttributes' does not exist in module 'XCTest'
72 | @_exported import class XCTest.XCUIElementQuery
73 | @_exported import protocol XCTest.XCUIElementSnapshot
/host/spi-builder-workspace/Sources/XCTBeton/XCTBeton.swift:72:25: error: class 'XCUIElementQuery' does not exist in module 'XCTest'
70 | @_exported import class XCTest.XCUIElement
71 | @_exported import protocol XCTest.XCUIElementAttributes
72 | @_exported import class XCTest.XCUIElementQuery
| `- error: class 'XCUIElementQuery' does not exist in module 'XCTest'
73 | @_exported import protocol XCTest.XCUIElementSnapshot
74 | @_exported import protocol XCTest.XCUIElementSnapshotProviding
/host/spi-builder-workspace/Sources/XCTBeton/XCTBeton.swift:73:28: error: protocol 'XCUIElementSnapshot' does not exist in module 'XCTest'
71 | @_exported import protocol XCTest.XCUIElementAttributes
72 | @_exported import class XCTest.XCUIElementQuery
73 | @_exported import protocol XCTest.XCUIElementSnapshot
| `- error: protocol 'XCUIElementSnapshot' does not exist in module 'XCTest'
74 | @_exported import protocol XCTest.XCUIElementSnapshotProviding
75 | @_exported import protocol XCTest.XCUIElementTypeQueryProvider
/host/spi-builder-workspace/Sources/XCTBeton/XCTBeton.swift:74:28: error: protocol 'XCUIElementSnapshotProviding' does not exist in module 'XCTest'
72 | @_exported import class XCTest.XCUIElementQuery
73 | @_exported import protocol XCTest.XCUIElementSnapshot
74 | @_exported import protocol XCTest.XCUIElementSnapshotProviding
| `- error: protocol 'XCUIElementSnapshotProviding' does not exist in module 'XCTest'
75 | @_exported import protocol XCTest.XCUIElementTypeQueryProvider
76 | @_exported import struct XCTest.XCUIGestureVelocity
/host/spi-builder-workspace/Sources/XCTBeton/XCTBeton.swift:75:28: error: protocol 'XCUIElementTypeQueryProvider' does not exist in module 'XCTest'
73 | @_exported import protocol XCTest.XCUIElementSnapshot
74 | @_exported import protocol XCTest.XCUIElementSnapshotProviding
75 | @_exported import protocol XCTest.XCUIElementTypeQueryProvider
| `- error: protocol 'XCUIElementTypeQueryProvider' does not exist in module 'XCTest'
76 | @_exported import struct XCTest.XCUIGestureVelocity
77 | @_exported import let XCTest.XCUIIdentifierCloseWindow
/host/spi-builder-workspace/Sources/XCTBeton/XCTBeton.swift:76:26: error: struct 'XCUIGestureVelocity' does not exist in module 'XCTest'
74 | @_exported import protocol XCTest.XCUIElementSnapshotProviding
75 | @_exported import protocol XCTest.XCUIElementTypeQueryProvider
76 | @_exported import struct XCTest.XCUIGestureVelocity
| `- error: struct 'XCUIGestureVelocity' does not exist in module 'XCTest'
77 | @_exported import let XCTest.XCUIIdentifierCloseWindow
78 | @_exported import let XCTest.XCUIIdentifierFullScreenWindow
/host/spi-builder-workspace/Sources/XCTBeton/XCTBeton.swift:77:23: error: variable 'XCUIIdentifierCloseWindow' does not exist in module 'XCTest'
75 | @_exported import protocol XCTest.XCUIElementTypeQueryProvider
76 | @_exported import struct XCTest.XCUIGestureVelocity
77 | @_exported import let XCTest.XCUIIdentifierCloseWindow
| `- error: variable 'XCUIIdentifierCloseWindow' does not exist in module 'XCTest'
78 | @_exported import let XCTest.XCUIIdentifierFullScreenWindow
79 | @_exported import let XCTest.XCUIIdentifierMinimizeWindow
/host/spi-builder-workspace/Sources/XCTBeton/XCTBeton.swift:78:23: error: variable 'XCUIIdentifierFullScreenWindow' does not exist in module 'XCTest'
76 | @_exported import struct XCTest.XCUIGestureVelocity
77 | @_exported import let XCTest.XCUIIdentifierCloseWindow
78 | @_exported import let XCTest.XCUIIdentifierFullScreenWindow
| `- error: variable 'XCUIIdentifierFullScreenWindow' does not exist in module 'XCTest'
79 | @_exported import let XCTest.XCUIIdentifierMinimizeWindow
80 | @_exported import let XCTest.XCUIIdentifierZoomWindow
/host/spi-builder-workspace/Sources/XCTBeton/XCTBeton.swift:79:23: error: variable 'XCUIIdentifierMinimizeWindow' does not exist in module 'XCTest'
77 | @_exported import let XCTest.XCUIIdentifierCloseWindow
78 | @_exported import let XCTest.XCUIIdentifierFullScreenWindow
79 | @_exported import let XCTest.XCUIIdentifierMinimizeWindow
| `- error: variable 'XCUIIdentifierMinimizeWindow' does not exist in module 'XCTest'
80 | @_exported import let XCTest.XCUIIdentifierZoomWindow
81 | @_exported import struct XCTest.XCUIKeyboardKey
/host/spi-builder-workspace/Sources/XCTBeton/XCTBeton.swift:80:23: error: variable 'XCUIIdentifierZoomWindow' does not exist in module 'XCTest'
78 | @_exported import let XCTest.XCUIIdentifierFullScreenWindow
79 | @_exported import let XCTest.XCUIIdentifierMinimizeWindow
80 | @_exported import let XCTest.XCUIIdentifierZoomWindow
| `- error: variable 'XCUIIdentifierZoomWindow' does not exist in module 'XCTest'
81 | @_exported import struct XCTest.XCUIKeyboardKey
82 | @_exported import enum XCTest.XCUIProtectedResource
/host/spi-builder-workspace/Sources/XCTBeton/XCTBeton.swift:81:26: error: struct 'XCUIKeyboardKey' does not exist in module 'XCTest'
79 | @_exported import let XCTest.XCUIIdentifierMinimizeWindow
80 | @_exported import let XCTest.XCUIIdentifierZoomWindow
81 | @_exported import struct XCTest.XCUIKeyboardKey
| `- error: struct 'XCUIKeyboardKey' does not exist in module 'XCTest'
82 | @_exported import enum XCTest.XCUIProtectedResource
83 | @_exported import enum XCTest.XCUIRemoteButton
/host/spi-builder-workspace/Sources/XCTBeton/XCTBeton.swift:82:24: error: enum 'XCUIProtectedResource' does not exist in module 'XCTest'
80 | @_exported import let XCTest.XCUIIdentifierZoomWindow
81 | @_exported import struct XCTest.XCUIKeyboardKey
82 | @_exported import enum XCTest.XCUIProtectedResource
| `- error: enum 'XCUIProtectedResource' does not exist in module 'XCTest'
83 | @_exported import enum XCTest.XCUIRemoteButton
84 | @_exported import class XCTest.XCUIScreen
/host/spi-builder-workspace/Sources/XCTBeton/XCTBeton.swift:83:24: error: enum 'XCUIRemoteButton' does not exist in module 'XCTest'
81 | @_exported import struct XCTest.XCUIKeyboardKey
82 | @_exported import enum XCTest.XCUIProtectedResource
83 | @_exported import enum XCTest.XCUIRemoteButton
| `- error: enum 'XCUIRemoteButton' does not exist in module 'XCTest'
84 | @_exported import class XCTest.XCUIScreen
85 | @_exported import class XCTest.XCUIScreenshot
/host/spi-builder-workspace/Sources/XCTBeton/XCTBeton.swift:84:25: error: class 'XCUIScreen' does not exist in module 'XCTest'
82 | @_exported import enum XCTest.XCUIProtectedResource
83 | @_exported import enum XCTest.XCUIRemoteButton
84 | @_exported import class XCTest.XCUIScreen
| `- error: class 'XCUIScreen' does not exist in module 'XCTest'
85 | @_exported import class XCTest.XCUIScreenshot
86 | @_exported import protocol XCTest.XCUIScreenshotProviding
/host/spi-builder-workspace/Sources/XCTBeton/XCTBeton.swift:85:25: error: class 'XCUIScreenshot' does not exist in module 'XCTest'
83 | @_exported import enum XCTest.XCUIRemoteButton
84 | @_exported import class XCTest.XCUIScreen
85 | @_exported import class XCTest.XCUIScreenshot
| `- error: class 'XCUIScreenshot' does not exist in module 'XCTest'
86 | @_exported import protocol XCTest.XCUIScreenshotProviding
87 | @_exported import typealias XCTest.XCWaitCompletionHandler
/host/spi-builder-workspace/Sources/XCTBeton/XCTBeton.swift:86:28: error: protocol 'XCUIScreenshotProviding' does not exist in module 'XCTest'
84 | @_exported import class XCTest.XCUIScreen
85 | @_exported import class XCTest.XCUIScreenshot
86 | @_exported import protocol XCTest.XCUIScreenshotProviding
| `- error: protocol 'XCUIScreenshotProviding' does not exist in module 'XCTest'
87 | @_exported import typealias XCTest.XCWaitCompletionHandler
88 | @_exported import enum XCTest._XCTAssertionType
/host/spi-builder-workspace/Sources/XCTBeton/XCTBeton.swift:88:24: error: enum '_XCTAssertionType' does not exist in module 'XCTest'
86 | @_exported import protocol XCTest.XCUIScreenshotProviding
87 | @_exported import typealias XCTest.XCWaitCompletionHandler
88 | @_exported import enum XCTest._XCTAssertionType
| `- error: enum '_XCTAssertionType' does not exist in module 'XCTest'
89 | @_exported import func XCTest._XCTDescriptionForValue
90 | @_exported import func XCTest._XCTFailureFormat
/host/spi-builder-workspace/Sources/XCTBeton/XCTBeton.swift:89:24: error: function '_XCTDescriptionForValue' does not exist in module 'XCTest'
87 | @_exported import typealias XCTest.XCWaitCompletionHandler
88 | @_exported import enum XCTest._XCTAssertionType
89 | @_exported import func XCTest._XCTDescriptionForValue
| `- error: function '_XCTDescriptionForValue' does not exist in module 'XCTest'
90 | @_exported import func XCTest._XCTFailureFormat
91 | @_exported import func XCTest._XCTPreformattedFailureHandler
/host/spi-builder-workspace/Sources/XCTBeton/XCTBeton.swift:90:24: error: function '_XCTFailureFormat' does not exist in module 'XCTest'
88 | @_exported import enum XCTest._XCTAssertionType
89 | @_exported import func XCTest._XCTDescriptionForValue
90 | @_exported import func XCTest._XCTFailureFormat
| `- error: function '_XCTFailureFormat' does not exist in module 'XCTest'
91 | @_exported import func XCTest._XCTPreformattedFailureHandler
92 | @_exported import class XCTest._XCTSkipFailureException
/host/spi-builder-workspace/Sources/XCTBeton/XCTBeton.swift:91:24: error: function '_XCTPreformattedFailureHandler' does not exist in module 'XCTest'
89 | @_exported import func XCTest._XCTDescriptionForValue
90 | @_exported import func XCTest._XCTFailureFormat
91 | @_exported import func XCTest._XCTPreformattedFailureHandler
| `- error: function '_XCTPreformattedFailureHandler' does not exist in module 'XCTest'
92 | @_exported import class XCTest._XCTSkipFailureException
93 | @_exported import class XCTest._XCTestCaseInterruptionException
/host/spi-builder-workspace/Sources/XCTBeton/XCTBeton.swift:92:25: error: class '_XCTSkipFailureException' does not exist in module 'XCTest'
90 | @_exported import func XCTest._XCTFailureFormat
91 | @_exported import func XCTest._XCTPreformattedFailureHandler
92 | @_exported import class XCTest._XCTSkipFailureException
| `- error: class '_XCTSkipFailureException' does not exist in module 'XCTest'
93 | @_exported import class XCTest._XCTestCaseInterruptionException
94 |
/host/spi-builder-workspace/Sources/XCTBeton/XCTBeton.swift:93:25: error: class '_XCTestCaseInterruptionException' does not exist in module 'XCTest'
91 | @_exported import func XCTest._XCTPreformattedFailureHandler
92 | @_exported import class XCTest._XCTSkipFailureException
93 | @_exported import class XCTest._XCTestCaseInterruptionException
| `- error: class '_XCTestCaseInterruptionException' does not exist in module 'XCTest'
94 |
95 | public typealias XCTBeton = XCTest
/host/spi-builder-workspace/Sources/XCTBeton/Performance/XCTMetric/XCTMetric.swift:8:35: error: no type named 'XCTMetric' in module 'XCTest'
6 | /// Extends [`XCTest.XCTMetric`](https://developer.apple.com/documentation/xctest/xctmetric) with
7 | /// ``XCTMetric/measurements-swift.property`` holding recorded performance metrics.
8 | public protocol XCTMetric: XCTest.XCTMetric {
| `- error: no type named 'XCTMetric' in module 'XCTest'
9 | /// Holds recorded performance metrics.
10 | ///
[325/325] Compiling XCTBeton XCTAssertClockIdentifier.swift
/host/spi-builder-workspace/Sources/XCTBeton/XCTBeton.swift:1:28: error: protocol 'XCTActivity' does not exist in module 'XCTest'
1 | @_exported import protocol XCTest.XCTActivity
| `- error: protocol 'XCTActivity' does not exist in module 'XCTest'
2 | @_exported import class XCTest.XCTApplicationLaunchMetric
3 | @_exported import func XCTest.XCTAssert
/host/spi-builder-workspace/Sources/XCTBeton/XCTBeton.swift:2:25: error: class 'XCTApplicationLaunchMetric' does not exist in module 'XCTest'
1 | @_exported import protocol XCTest.XCTActivity
2 | @_exported import class XCTest.XCTApplicationLaunchMetric
| `- error: class 'XCTApplicationLaunchMetric' does not exist in module 'XCTest'
3 | @_exported import func XCTest.XCTAssert
4 | @_exported import func XCTest.XCTAssertEqual
/host/spi-builder-workspace/Sources/XCTBeton/XCTBeton.swift:20:25: error: class 'XCTAttachment' does not exist in module 'XCTest'
18 | @_exported import func XCTest.XCTAssertThrowsError
19 | @_exported import func XCTest.XCTAssertTrue
20 | @_exported import class XCTest.XCTAttachment
| `- error: class 'XCTAttachment' does not exist in module 'XCTest'
21 | @_exported import class XCTest.XCTContext
22 | @_exported import class XCTest.XCTDarwinNotificationExpectation
/host/spi-builder-workspace/Sources/XCTBeton/XCTBeton.swift:21:25: error: class 'XCTContext' does not exist in module 'XCTest'
19 | @_exported import func XCTest.XCTAssertTrue
20 | @_exported import class XCTest.XCTAttachment
21 | @_exported import class XCTest.XCTContext
| `- error: class 'XCTContext' does not exist in module 'XCTest'
22 | @_exported import class XCTest.XCTDarwinNotificationExpectation
23 | @_exported import func XCTest.XCTExpectFailure
/host/spi-builder-workspace/Sources/XCTBeton/XCTBeton.swift:22:25: error: class 'XCTDarwinNotificationExpectation' does not exist in module 'XCTest'
20 | @_exported import class XCTest.XCTAttachment
21 | @_exported import class XCTest.XCTContext
22 | @_exported import class XCTest.XCTDarwinNotificationExpectation
| `- error: class 'XCTDarwinNotificationExpectation' does not exist in module 'XCTest'
23 | @_exported import func XCTest.XCTExpectFailure
24 | @_exported import class XCTest.XCTExpectedFailure
/host/spi-builder-workspace/Sources/XCTBeton/XCTBeton.swift:23:24: error: function 'XCTExpectFailure' does not exist in module 'XCTest'
21 | @_exported import class XCTest.XCTContext
22 | @_exported import class XCTest.XCTDarwinNotificationExpectation
23 | @_exported import func XCTest.XCTExpectFailure
| `- error: function 'XCTExpectFailure' does not exist in module 'XCTest'
24 | @_exported import class XCTest.XCTExpectedFailure
25 | @_exported import func XCTest.XCTFail
/host/spi-builder-workspace/Sources/XCTBeton/XCTBeton.swift:24:25: error: class 'XCTExpectedFailure' does not exist in module 'XCTest'
22 | @_exported import class XCTest.XCTDarwinNotificationExpectation
23 | @_exported import func XCTest.XCTExpectFailure
24 | @_exported import class XCTest.XCTExpectedFailure
| `- error: class 'XCTExpectedFailure' does not exist in module 'XCTest'
25 | @_exported import func XCTest.XCTFail
26 | @_exported import struct XCTest.XCTIssue
/host/spi-builder-workspace/Sources/XCTBeton/XCTBeton.swift:26:26: error: struct 'XCTIssue' does not exist in module 'XCTest'
24 | @_exported import class XCTest.XCTExpectedFailure
25 | @_exported import func XCTest.XCTFail
26 | @_exported import struct XCTest.XCTIssue
| `- error: struct 'XCTIssue' does not exist in module 'XCTest'
27 | @_exported import class XCTest.XCTIssueReference
28 | @_exported import class XCTest.XCTKVOExpectation
/host/spi-builder-workspace/Sources/XCTBeton/XCTBeton.swift:27:25: error: class 'XCTIssueReference' does not exist in module 'XCTest'
25 | @_exported import func XCTest.XCTFail
26 | @_exported import struct XCTest.XCTIssue
27 | @_exported import class XCTest.XCTIssueReference
| `- error: class 'XCTIssueReference' does not exist in module 'XCTest'
28 | @_exported import class XCTest.XCTKVOExpectation
29 | @_exported import class XCTest.XCTMutableIssue
/host/spi-builder-workspace/Sources/XCTBeton/XCTBeton.swift:28:25: error: class 'XCTKVOExpectation' does not exist in module 'XCTest'
26 | @_exported import struct XCTest.XCTIssue
27 | @_exported import class XCTest.XCTIssueReference
28 | @_exported import class XCTest.XCTKVOExpectation
| `- error: class 'XCTKVOExpectation' does not exist in module 'XCTest'
29 | @_exported import class XCTest.XCTMutableIssue
30 | @_exported import class XCTest.XCTNSNotificationExpectation
/host/spi-builder-workspace/Sources/XCTBeton/XCTBeton.swift:29:25: error: class 'XCTMutableIssue' does not exist in module 'XCTest'
27 | @_exported import class XCTest.XCTIssueReference
28 | @_exported import class XCTest.XCTKVOExpectation
29 | @_exported import class XCTest.XCTMutableIssue
| `- error: class 'XCTMutableIssue' does not exist in module 'XCTest'
30 | @_exported import class XCTest.XCTNSNotificationExpectation
31 | @_exported import class XCTest.XCTNSPredicateExpectation
/host/spi-builder-workspace/Sources/XCTBeton/XCTBeton.swift:32:25: error: class 'XCTOSSignpostMetric' does not exist in module 'XCTest'
30 | @_exported import class XCTest.XCTNSNotificationExpectation
31 | @_exported import class XCTest.XCTNSPredicateExpectation
32 | @_exported import class XCTest.XCTOSSignpostMetric
| `- error: class 'XCTOSSignpostMetric' does not exist in module 'XCTest'
33 | @_exported import class XCTest.XCTPerformanceMeasurement
34 | @_exported import class XCTest.XCTPerformanceMeasurementTimestamp
/host/spi-builder-workspace/Sources/XCTBeton/XCTBeton.swift:33:25: error: class 'XCTPerformanceMeasurement' does not exist in module 'XCTest'
31 | @_exported import class XCTest.XCTNSPredicateExpectation
32 | @_exported import class XCTest.XCTOSSignpostMetric
33 | @_exported import class XCTest.XCTPerformanceMeasurement
| `- error: class 'XCTPerformanceMeasurement' does not exist in module 'XCTest'
34 | @_exported import class XCTest.XCTPerformanceMeasurementTimestamp
35 | @_exported import struct XCTest.XCTPerformanceMetric
/host/spi-builder-workspace/Sources/XCTBeton/XCTBeton.swift:34:25: error: class 'XCTPerformanceMeasurementTimestamp' does not exist in module 'XCTest'
32 | @_exported import class XCTest.XCTOSSignpostMetric
33 | @_exported import class XCTest.XCTPerformanceMeasurement
34 | @_exported import class XCTest.XCTPerformanceMeasurementTimestamp
| `- error: class 'XCTPerformanceMeasurementTimestamp' does not exist in module 'XCTest'
35 | @_exported import struct XCTest.XCTPerformanceMetric
36 | @_exported import func XCTest.XCTSelfTestMain
/host/spi-builder-workspace/Sources/XCTBeton/XCTBeton.swift:36:24: error: function 'XCTSelfTestMain' does not exist in module 'XCTest'
34 | @_exported import class XCTest.XCTPerformanceMeasurementTimestamp
35 | @_exported import struct XCTest.XCTPerformanceMetric
36 | @_exported import func XCTest.XCTSelfTestMain
| `- error: function 'XCTSelfTestMain' does not exist in module 'XCTest'
37 | @_exported import struct XCTest.XCTSkip
38 | @_exported import func XCTest.XCTSkipIf
/host/spi-builder-workspace/Sources/XCTBeton/XCTBeton.swift:40:25: error: class 'XCTSourceCodeContext' does not exist in module 'XCTest'
38 | @_exported import func XCTest.XCTSkipIf
39 | @_exported import func XCTest.XCTSkipUnless
40 | @_exported import class XCTest.XCTSourceCodeContext
| `- error: class 'XCTSourceCodeContext' does not exist in module 'XCTest'
41 | @_exported import class XCTest.XCTSourceCodeFrame
42 | @_exported import class XCTest.XCTSourceCodeLocation
/host/spi-builder-workspace/Sources/XCTBeton/XCTBeton.swift:41:25: error: class 'XCTSourceCodeFrame' does not exist in module 'XCTest'
39 | @_exported import func XCTest.XCTSkipUnless
40 | @_exported import class XCTest.XCTSourceCodeContext
41 | @_exported import class XCTest.XCTSourceCodeFrame
| `- error: class 'XCTSourceCodeFrame' does not exist in module 'XCTest'
42 | @_exported import class XCTest.XCTSourceCodeLocation
43 | @_exported import class XCTest.XCTSourceCodeSymbolInfo
/host/spi-builder-workspace/Sources/XCTBeton/XCTBeton.swift:42:25: error: class 'XCTSourceCodeLocation' does not exist in module 'XCTest'
40 | @_exported import class XCTest.XCTSourceCodeContext
41 | @_exported import class XCTest.XCTSourceCodeFrame
42 | @_exported import class XCTest.XCTSourceCodeLocation
| `- error: class 'XCTSourceCodeLocation' does not exist in module 'XCTest'
43 | @_exported import class XCTest.XCTSourceCodeSymbolInfo
44 | @_exported import func XCTest.XCTUnwrap
/host/spi-builder-workspace/Sources/XCTBeton/XCTBeton.swift:43:25: error: class 'XCTSourceCodeSymbolInfo' does not exist in module 'XCTest'
41 | @_exported import class XCTest.XCTSourceCodeFrame
42 | @_exported import class XCTest.XCTSourceCodeLocation
43 | @_exported import class XCTest.XCTSourceCodeSymbolInfo
| `- error: class 'XCTSourceCodeSymbolInfo' does not exist in module 'XCTest'
44 | @_exported import func XCTest.XCTUnwrap
45 | @_exported import class XCTest.XCTWaiter
/host/spi-builder-workspace/Sources/XCTBeton/XCTBeton.swift:47:23: error: variable 'XCT_UI_TESTING_AVAILABLE' does not exist in module 'XCTest'
45 | @_exported import class XCTest.XCTWaiter
46 | @_exported import protocol XCTest.XCTWaiterDelegate
47 | @_exported import var XCTest.XCT_UI_TESTING_AVAILABLE
| `- error: variable 'XCT_UI_TESTING_AVAILABLE' does not exist in module 'XCTest'
48 | import class XCTest.XCTest
49 | @_exported import class XCTest.XCTestCaseRun
/host/spi-builder-workspace/Sources/XCTBeton/XCTBeton.swift:53:25: error: class 'XCTestLog' does not exist in module 'XCTest'
51 | @_exported import let XCTest.XCTestErrorDomain
52 | @_exported import class XCTest.XCTestExpectation
53 | @_exported import class XCTest.XCTestLog
| `- error: class 'XCTestLog' does not exist in module 'XCTest'
54 | @_exported import protocol XCTest.XCTestObservation
55 | @_exported import class XCTest.XCTestObservationCenter
/host/spi-builder-workspace/Sources/XCTBeton/XCTBeton.swift:56:25: error: class 'XCTestObserver' does not exist in module 'XCTest'
54 | @_exported import protocol XCTest.XCTestObservation
55 | @_exported import class XCTest.XCTestObservationCenter
56 | @_exported import class XCTest.XCTestObserver
| `- error: class 'XCTestObserver' does not exist in module 'XCTest'
57 | @_exported import let XCTest.XCTestObserverClassKey
58 | @_exported import class XCTest.XCTestProbe
/host/spi-builder-workspace/Sources/XCTBeton/XCTBeton.swift:57:23: error: variable 'XCTestObserverClassKey' does not exist in module 'XCTest'
55 | @_exported import class XCTest.XCTestObservationCenter
56 | @_exported import class XCTest.XCTestObserver
57 | @_exported import let XCTest.XCTestObserverClassKey
| `- error: variable 'XCTestObserverClassKey' does not exist in module 'XCTest'
58 | @_exported import class XCTest.XCTestProbe
59 | @_exported import class XCTest.XCTestRun
/host/spi-builder-workspace/Sources/XCTBeton/XCTBeton.swift:58:25: error: class 'XCTestProbe' does not exist in module 'XCTest'
56 | @_exported import class XCTest.XCTestObserver
57 | @_exported import let XCTest.XCTestObserverClassKey
58 | @_exported import class XCTest.XCTestProbe
| `- error: class 'XCTestProbe' does not exist in module 'XCTest'
59 | @_exported import class XCTest.XCTestRun
60 | @_exported import let XCTest.XCTestScopeAll
/host/spi-builder-workspace/Sources/XCTBeton/XCTBeton.swift:60:23: error: variable 'XCTestScopeAll' does not exist in module 'XCTest'
58 | @_exported import class XCTest.XCTestProbe
59 | @_exported import class XCTest.XCTestRun
60 | @_exported import let XCTest.XCTestScopeAll
| `- error: variable 'XCTestScopeAll' does not exist in module 'XCTest'
61 | @_exported import let XCTest.XCTestScopeKey
62 | @_exported import let XCTest.XCTestScopeNone
/host/spi-builder-workspace/Sources/XCTBeton/XCTBeton.swift:61:23: error: variable 'XCTestScopeKey' does not exist in module 'XCTest'
59 | @_exported import class XCTest.XCTestRun
60 | @_exported import let XCTest.XCTestScopeAll
61 | @_exported import let XCTest.XCTestScopeKey
| `- error: variable 'XCTestScopeKey' does not exist in module 'XCTest'
62 | @_exported import let XCTest.XCTestScopeNone
63 | @_exported import let XCTest.XCTestScopeSelf
/host/spi-builder-workspace/Sources/XCTBeton/XCTBeton.swift:62:23: error: variable 'XCTestScopeNone' does not exist in module 'XCTest'
60 | @_exported import let XCTest.XCTestScopeAll
61 | @_exported import let XCTest.XCTestScopeKey
62 | @_exported import let XCTest.XCTestScopeNone
| `- error: variable 'XCTestScopeNone' does not exist in module 'XCTest'
63 | @_exported import let XCTest.XCTestScopeSelf
64 | @_exported import class XCTest.XCTestSuite
/host/spi-builder-workspace/Sources/XCTBeton/XCTBeton.swift:63:23: error: variable 'XCTestScopeSelf' does not exist in module 'XCTest'
61 | @_exported import let XCTest.XCTestScopeKey
62 | @_exported import let XCTest.XCTestScopeNone
63 | @_exported import let XCTest.XCTestScopeSelf
| `- error: variable 'XCTestScopeSelf' does not exist in module 'XCTest'
64 | @_exported import class XCTest.XCTestSuite
65 | @_exported import class XCTest.XCTestSuiteRun
/host/spi-builder-workspace/Sources/XCTBeton/XCTBeton.swift:66:23: error: variable 'XCTestToolKey' does not exist in module 'XCTest'
64 | @_exported import class XCTest.XCTestSuite
65 | @_exported import class XCTest.XCTestSuiteRun
66 | @_exported import let XCTest.XCTestToolKey
| `- error: variable 'XCTestToolKey' does not exist in module 'XCTest'
67 | @_exported import let XCTest.XCTestedUnitPath
68 | @_exported import class XCTest.XCUIApplication
/host/spi-builder-workspace/Sources/XCTBeton/XCTBeton.swift:67:23: error: variable 'XCTestedUnitPath' does not exist in module 'XCTest'
65 | @_exported import class XCTest.XCTestSuiteRun
66 | @_exported import let XCTest.XCTestToolKey
67 | @_exported import let XCTest.XCTestedUnitPath
| `- error: variable 'XCTestedUnitPath' does not exist in module 'XCTest'
68 | @_exported import class XCTest.XCUIApplication
69 | @_exported import class XCTest.XCUICoordinate
/host/spi-builder-workspace/Sources/XCTBeton/XCTBeton.swift:68:25: error: class 'XCUIApplication' does not exist in module 'XCTest'
66 | @_exported import let XCTest.XCTestToolKey
67 | @_exported import let XCTest.XCTestedUnitPath
68 | @_exported import class XCTest.XCUIApplication
| `- error: class 'XCUIApplication' does not exist in module 'XCTest'
69 | @_exported import class XCTest.XCUICoordinate
70 | @_exported import class XCTest.XCUIElement
/host/spi-builder-workspace/Sources/XCTBeton/XCTBeton.swift:69:25: error: class 'XCUICoordinate' does not exist in module 'XCTest'
67 | @_exported import let XCTest.XCTestedUnitPath
68 | @_exported import class XCTest.XCUIApplication
69 | @_exported import class XCTest.XCUICoordinate
| `- error: class 'XCUICoordinate' does not exist in module 'XCTest'
70 | @_exported import class XCTest.XCUIElement
71 | @_exported import protocol XCTest.XCUIElementAttributes
/host/spi-builder-workspace/Sources/XCTBeton/XCTBeton.swift:70:25: error: class 'XCUIElement' does not exist in module 'XCTest'
68 | @_exported import class XCTest.XCUIApplication
69 | @_exported import class XCTest.XCUICoordinate
70 | @_exported import class XCTest.XCUIElement
| `- error: class 'XCUIElement' does not exist in module 'XCTest'
71 | @_exported import protocol XCTest.XCUIElementAttributes
72 | @_exported import class XCTest.XCUIElementQuery
/host/spi-builder-workspace/Sources/XCTBeton/XCTBeton.swift:71:28: error: protocol 'XCUIElementAttributes' does not exist in module 'XCTest'
69 | @_exported import class XCTest.XCUICoordinate
70 | @_exported import class XCTest.XCUIElement
71 | @_exported import protocol XCTest.XCUIElementAttributes
| `- error: protocol 'XCUIElementAttributes' does not exist in module 'XCTest'
72 | @_exported import class XCTest.XCUIElementQuery
73 | @_exported import protocol XCTest.XCUIElementSnapshot
/host/spi-builder-workspace/Sources/XCTBeton/XCTBeton.swift:72:25: error: class 'XCUIElementQuery' does not exist in module 'XCTest'
70 | @_exported import class XCTest.XCUIElement
71 | @_exported import protocol XCTest.XCUIElementAttributes
72 | @_exported import class XCTest.XCUIElementQuery
| `- error: class 'XCUIElementQuery' does not exist in module 'XCTest'
73 | @_exported import protocol XCTest.XCUIElementSnapshot
74 | @_exported import protocol XCTest.XCUIElementSnapshotProviding
/host/spi-builder-workspace/Sources/XCTBeton/XCTBeton.swift:73:28: error: protocol 'XCUIElementSnapshot' does not exist in module 'XCTest'
71 | @_exported import protocol XCTest.XCUIElementAttributes
72 | @_exported import class XCTest.XCUIElementQuery
73 | @_exported import protocol XCTest.XCUIElementSnapshot
| `- error: protocol 'XCUIElementSnapshot' does not exist in module 'XCTest'
74 | @_exported import protocol XCTest.XCUIElementSnapshotProviding
75 | @_exported import protocol XCTest.XCUIElementTypeQueryProvider
/host/spi-builder-workspace/Sources/XCTBeton/XCTBeton.swift:74:28: error: protocol 'XCUIElementSnapshotProviding' does not exist in module 'XCTest'
72 | @_exported import class XCTest.XCUIElementQuery
73 | @_exported import protocol XCTest.XCUIElementSnapshot
74 | @_exported import protocol XCTest.XCUIElementSnapshotProviding
| `- error: protocol 'XCUIElementSnapshotProviding' does not exist in module 'XCTest'
75 | @_exported import protocol XCTest.XCUIElementTypeQueryProvider
76 | @_exported import struct XCTest.XCUIGestureVelocity
/host/spi-builder-workspace/Sources/XCTBeton/XCTBeton.swift:75:28: error: protocol 'XCUIElementTypeQueryProvider' does not exist in module 'XCTest'
73 | @_exported import protocol XCTest.XCUIElementSnapshot
74 | @_exported import protocol XCTest.XCUIElementSnapshotProviding
75 | @_exported import protocol XCTest.XCUIElementTypeQueryProvider
| `- error: protocol 'XCUIElementTypeQueryProvider' does not exist in module 'XCTest'
76 | @_exported import struct XCTest.XCUIGestureVelocity
77 | @_exported import let XCTest.XCUIIdentifierCloseWindow
/host/spi-builder-workspace/Sources/XCTBeton/XCTBeton.swift:76:26: error: struct 'XCUIGestureVelocity' does not exist in module 'XCTest'
74 | @_exported import protocol XCTest.XCUIElementSnapshotProviding
75 | @_exported import protocol XCTest.XCUIElementTypeQueryProvider
76 | @_exported import struct XCTest.XCUIGestureVelocity
| `- error: struct 'XCUIGestureVelocity' does not exist in module 'XCTest'
77 | @_exported import let XCTest.XCUIIdentifierCloseWindow
78 | @_exported import let XCTest.XCUIIdentifierFullScreenWindow
/host/spi-builder-workspace/Sources/XCTBeton/XCTBeton.swift:77:23: error: variable 'XCUIIdentifierCloseWindow' does not exist in module 'XCTest'
75 | @_exported import protocol XCTest.XCUIElementTypeQueryProvider
76 | @_exported import struct XCTest.XCUIGestureVelocity
77 | @_exported import let XCTest.XCUIIdentifierCloseWindow
| `- error: variable 'XCUIIdentifierCloseWindow' does not exist in module 'XCTest'
78 | @_exported import let XCTest.XCUIIdentifierFullScreenWindow
79 | @_exported import let XCTest.XCUIIdentifierMinimizeWindow
/host/spi-builder-workspace/Sources/XCTBeton/XCTBeton.swift:78:23: error: variable 'XCUIIdentifierFullScreenWindow' does not exist in module 'XCTest'
76 | @_exported import struct XCTest.XCUIGestureVelocity
77 | @_exported import let XCTest.XCUIIdentifierCloseWindow
78 | @_exported import let XCTest.XCUIIdentifierFullScreenWindow
| `- error: variable 'XCUIIdentifierFullScreenWindow' does not exist in module 'XCTest'
79 | @_exported import let XCTest.XCUIIdentifierMinimizeWindow
80 | @_exported import let XCTest.XCUIIdentifierZoomWindow
/host/spi-builder-workspace/Sources/XCTBeton/XCTBeton.swift:79:23: error: variable 'XCUIIdentifierMinimizeWindow' does not exist in module 'XCTest'
77 | @_exported import let XCTest.XCUIIdentifierCloseWindow
78 | @_exported import let XCTest.XCUIIdentifierFullScreenWindow
79 | @_exported import let XCTest.XCUIIdentifierMinimizeWindow
| `- error: variable 'XCUIIdentifierMinimizeWindow' does not exist in module 'XCTest'
80 | @_exported import let XCTest.XCUIIdentifierZoomWindow
81 | @_exported import struct XCTest.XCUIKeyboardKey
/host/spi-builder-workspace/Sources/XCTBeton/XCTBeton.swift:80:23: error: variable 'XCUIIdentifierZoomWindow' does not exist in module 'XCTest'
78 | @_exported import let XCTest.XCUIIdentifierFullScreenWindow
79 | @_exported import let XCTest.XCUIIdentifierMinimizeWindow
80 | @_exported import let XCTest.XCUIIdentifierZoomWindow
| `- error: variable 'XCUIIdentifierZoomWindow' does not exist in module 'XCTest'
81 | @_exported import struct XCTest.XCUIKeyboardKey
82 | @_exported import enum XCTest.XCUIProtectedResource
/host/spi-builder-workspace/Sources/XCTBeton/XCTBeton.swift:81:26: error: struct 'XCUIKeyboardKey' does not exist in module 'XCTest'
79 | @_exported import let XCTest.XCUIIdentifierMinimizeWindow
80 | @_exported import let XCTest.XCUIIdentifierZoomWindow
81 | @_exported import struct XCTest.XCUIKeyboardKey
| `- error: struct 'XCUIKeyboardKey' does not exist in module 'XCTest'
82 | @_exported import enum XCTest.XCUIProtectedResource
83 | @_exported import enum XCTest.XCUIRemoteButton
/host/spi-builder-workspace/Sources/XCTBeton/XCTBeton.swift:82:24: error: enum 'XCUIProtectedResource' does not exist in module 'XCTest'
80 | @_exported import let XCTest.XCUIIdentifierZoomWindow
81 | @_exported import struct XCTest.XCUIKeyboardKey
82 | @_exported import enum XCTest.XCUIProtectedResource
| `- error: enum 'XCUIProtectedResource' does not exist in module 'XCTest'
83 | @_exported import enum XCTest.XCUIRemoteButton
84 | @_exported import class XCTest.XCUIScreen
/host/spi-builder-workspace/Sources/XCTBeton/XCTBeton.swift:83:24: error: enum 'XCUIRemoteButton' does not exist in module 'XCTest'
81 | @_exported import struct XCTest.XCUIKeyboardKey
82 | @_exported import enum XCTest.XCUIProtectedResource
83 | @_exported import enum XCTest.XCUIRemoteButton
| `- error: enum 'XCUIRemoteButton' does not exist in module 'XCTest'
84 | @_exported import class XCTest.XCUIScreen
85 | @_exported import class XCTest.XCUIScreenshot
/host/spi-builder-workspace/Sources/XCTBeton/XCTBeton.swift:84:25: error: class 'XCUIScreen' does not exist in module 'XCTest'
82 | @_exported import enum XCTest.XCUIProtectedResource
83 | @_exported import enum XCTest.XCUIRemoteButton
84 | @_exported import class XCTest.XCUIScreen
| `- error: class 'XCUIScreen' does not exist in module 'XCTest'
85 | @_exported import class XCTest.XCUIScreenshot
86 | @_exported import protocol XCTest.XCUIScreenshotProviding
/host/spi-builder-workspace/Sources/XCTBeton/XCTBeton.swift:85:25: error: class 'XCUIScreenshot' does not exist in module 'XCTest'
83 | @_exported import enum XCTest.XCUIRemoteButton
84 | @_exported import class XCTest.XCUIScreen
85 | @_exported import class XCTest.XCUIScreenshot
| `- error: class 'XCUIScreenshot' does not exist in module 'XCTest'
86 | @_exported import protocol XCTest.XCUIScreenshotProviding
87 | @_exported import typealias XCTest.XCWaitCompletionHandler
/host/spi-builder-workspace/Sources/XCTBeton/XCTBeton.swift:86:28: error: protocol 'XCUIScreenshotProviding' does not exist in module 'XCTest'
84 | @_exported import class XCTest.XCUIScreen
85 | @_exported import class XCTest.XCUIScreenshot
86 | @_exported import protocol XCTest.XCUIScreenshotProviding
| `- error: protocol 'XCUIScreenshotProviding' does not exist in module 'XCTest'
87 | @_exported import typealias XCTest.XCWaitCompletionHandler
88 | @_exported import enum XCTest._XCTAssertionType
/host/spi-builder-workspace/Sources/XCTBeton/XCTBeton.swift:88:24: error: enum '_XCTAssertionType' does not exist in module 'XCTest'
86 | @_exported import protocol XCTest.XCUIScreenshotProviding
87 | @_exported import typealias XCTest.XCWaitCompletionHandler
88 | @_exported import enum XCTest._XCTAssertionType
| `- error: enum '_XCTAssertionType' does not exist in module 'XCTest'
89 | @_exported import func XCTest._XCTDescriptionForValue
90 | @_exported import func XCTest._XCTFailureFormat
/host/spi-builder-workspace/Sources/XCTBeton/XCTBeton.swift:89:24: error: function '_XCTDescriptionForValue' does not exist in module 'XCTest'
87 | @_exported import typealias XCTest.XCWaitCompletionHandler
88 | @_exported import enum XCTest._XCTAssertionType
89 | @_exported import func XCTest._XCTDescriptionForValue
| `- error: function '_XCTDescriptionForValue' does not exist in module 'XCTest'
90 | @_exported import func XCTest._XCTFailureFormat
91 | @_exported import func XCTest._XCTPreformattedFailureHandler
/host/spi-builder-workspace/Sources/XCTBeton/XCTBeton.swift:90:24: error: function '_XCTFailureFormat' does not exist in module 'XCTest'
88 | @_exported import enum XCTest._XCTAssertionType
89 | @_exported import func XCTest._XCTDescriptionForValue
90 | @_exported import func XCTest._XCTFailureFormat
| `- error: function '_XCTFailureFormat' does not exist in module 'XCTest'
91 | @_exported import func XCTest._XCTPreformattedFailureHandler
92 | @_exported import class XCTest._XCTSkipFailureException
/host/spi-builder-workspace/Sources/XCTBeton/XCTBeton.swift:91:24: error: function '_XCTPreformattedFailureHandler' does not exist in module 'XCTest'
89 | @_exported import func XCTest._XCTDescriptionForValue
90 | @_exported import func XCTest._XCTFailureFormat
91 | @_exported import func XCTest._XCTPreformattedFailureHandler
| `- error: function '_XCTPreformattedFailureHandler' does not exist in module 'XCTest'
92 | @_exported import class XCTest._XCTSkipFailureException
93 | @_exported import class XCTest._XCTestCaseInterruptionException
/host/spi-builder-workspace/Sources/XCTBeton/XCTBeton.swift:92:25: error: class '_XCTSkipFailureException' does not exist in module 'XCTest'
90 | @_exported import func XCTest._XCTFailureFormat
91 | @_exported import func XCTest._XCTPreformattedFailureHandler
92 | @_exported import class XCTest._XCTSkipFailureException
| `- error: class '_XCTSkipFailureException' does not exist in module 'XCTest'
93 | @_exported import class XCTest._XCTestCaseInterruptionException
94 |
/host/spi-builder-workspace/Sources/XCTBeton/XCTBeton.swift:93:25: error: class '_XCTestCaseInterruptionException' does not exist in module 'XCTest'
91 | @_exported import func XCTest._XCTPreformattedFailureHandler
92 | @_exported import class XCTest._XCTSkipFailureException
93 | @_exported import class XCTest._XCTestCaseInterruptionException
| `- error: class '_XCTestCaseInterruptionException' does not exist in module 'XCTest'
94 |
95 | public typealias XCTBeton = XCTest
/host/spi-builder-workspace/Sources/XCTBeton/Performance/XCTMetric/XCTMetric.swift:8:35: error: no type named 'XCTMetric' in module 'XCTest'
6 | /// Extends [`XCTest.XCTMetric`](https://developer.apple.com/documentation/xctest/xctmetric) with
7 | /// ``XCTMetric/measurements-swift.property`` holding recorded performance metrics.
8 | public protocol XCTMetric: XCTest.XCTMetric {
| `- error: no type named 'XCTMetric' in module 'XCTest'
9 | /// Holds recorded performance metrics.
10 | ///
BUILD FAILURE 6.1 linux