The Swift Package Index logo.Swift Package Index

Build Information

Failed to build DeepSwiftSeek, reference main (73ed94), with Swift 6.4 for Linux on 22 Sep 2026 09:13:23 UTC.

Build Command

bash -c docker run --pull=always --rm -v "checkouts-54344843-0":/host -w "$PWD" -e JAVA_HOME="/root/.sdkman/candidates/java/current" -e SPI_BUILD="1" -e SPI_PROCESSING="1" registry.gitlab.com/saguaro1/spi-images:basic-6.4-latest swift build --triple x86_64-unknown-linux-gnu 2>&1

Build Log

========================================
RunAll
========================================
Builder version: 5.1.0
Interrupt handler set up.
========================================
Checkout
========================================
Clone URL: https://github.com/tornikegomareli/DeepSwiftSeek.git
Reference: main
Initialized empty Git repository in /host/spi-builder-workspace/.git/
hint: Using 'master' as the name for the initial branch. This default branch name
hint: is subject to change. To configure the initial branch name to use in all
hint: of your new repositories, which will suppress this warning, call:
hint:
hint: 	git config --global init.defaultBranch <name>
hint:
hint: Names commonly chosen instead of 'master' are 'main', 'trunk' and
hint: 'development'. The just-created branch can be renamed via this command:
hint:
hint: 	git branch -m <name>
From https://github.com/tornikegomareli/DeepSwiftSeek
 * branch            main       -> FETCH_HEAD
 * [new branch]      main       -> origin/main
HEAD is now at 73ed94c Merge pull request #2 from ef1rspb/main
Cloned https://github.com/tornikegomareli/DeepSwiftSeek.git
Revision (git rev-parse @):
73ed94c6d2d4fd499bc0864c28f3e0f9abacbbb2
SUCCESS checkout https://github.com/tornikegomareli/DeepSwiftSeek.git at main
========================================
Build
========================================
Selected platform:         linux
Swift version:             6.4
Building package at path:  $PWD
https://github.com/tornikegomareli/DeepSwiftSeek.git
Running build ...
bash -c docker run --pull=always --rm -v "checkouts-54344843-0":/host -w "$PWD" -e JAVA_HOME="/root/.sdkman/candidates/java/current" -e SPI_BUILD="1" -e SPI_PROCESSING="1" registry.gitlab.com/saguaro1/spi-images:basic-6.4-latest swift build --triple x86_64-unknown-linux-gnu 2>&1
basic-6.4-latest: Pulling from saguaro1/spi-images
Digest: sha256:c77fcce225e223ac0fafed844619173fc6de8d62dd560eeb28db3182af6a282b
Status: Image is up to date for registry.gitlab.com/saguaro1/spi-images:basic-6.4-latest
Building for debugging...
[Planning deferred tasks]
error: SwiftCompile normal x86_64 failed with a nonzero exit code. Command line:     cd /host

/host/spi-builder-workspace/Sources/DeepSwiftSeek/DeepSeekRequestSerializer.swift:22:15: error: cannot find type 'URLRequest' in scope
 20 |     model: DeepSeekModel,
 21 |     parameters: ChatParameters?
 22 |   ) throws -> URLRequest {
    |               `- error: cannot find type 'URLRequest' in scope
 23 |     try serializeRequest(
 24 |       endpoint: "chat/completions",
/host/spi-builder-workspace/Sources/DeepSwiftSeek/DeepSeekRequestSerializer.swift:30:51: error: cannot find type 'URLRequest' in scope
 28 |   }
 29 |
 30 |   public func serializeBalanceRequest() throws -> URLRequest {
    |                                                   `- error: cannot find type 'URLRequest' in scope
 31 |     try serializeRequestWithoutBody(
 32 |       endpoint: "/user/balance",
/host/spi-builder-workspace/Sources/DeepSwiftSeek/DeepSeekRequestSerializer.swift:41:15: error: cannot find type 'URLRequest' in scope
 39 |     model: DeepSeekModel,
 40 |     parameters: ChatParameters?
 41 |   ) throws -> URLRequest {
    |               `- error: cannot find type 'URLRequest' in scope
 42 |     try serializeRequest(
 43 |       endpoint: "beta/completions",
/host/spi-builder-workspace/Sources/DeepSwiftSeek/DeepSeekRequestSerializer.swift:49:50: error: cannot find type 'URLRequest' in scope
 47 |   }
 48 |
 49 |   public func serializeModelsRequest() throws -> URLRequest {
    |                                                  `- error: cannot find type 'URLRequest' in scope
 50 |     try serializeRequestWithoutBody(
 51 |       endpoint: "models",
/host/spi-builder-workspace/Sources/DeepSwiftSeek/DeepSeekRequestSerializer.swift:59:15: error: cannot find type 'URLRequest' in scope
 57 |     endpoint: String,
 58 |     method: String
 59 |   ) throws -> URLRequest {
    |               `- error: cannot find type 'URLRequest' in scope
 60 |     try createBaseRequest(endpoint: endpoint, method: method)
 61 |   }
/host/spi-builder-workspace/Sources/DeepSwiftSeek/DeepSeekRequestSerializer.swift:66:15: error: cannot find type 'URLRequest' in scope
 64 |     endpoint: String,
 65 |     method: String
 66 |   ) throws -> URLRequest {
    |               `- error: cannot find type 'URLRequest' in scope
 67 |     guard let url = URL(string: "\(configuration.baseURL)/\(endpoint)") else {
 68 |       throw DeepSeekError.invalidUrl(message: "Invalid URL for \(endpoint) endpoint")
/host/spi-builder-workspace/Sources/DeepSwiftSeek/DeepSeekRequestSerializer.swift:83:15: error: cannot find type 'URLRequest' in scope
 81 |     method: String,
 82 |     body: T?
 83 |   ) throws -> URLRequest {
    |               `- error: cannot find type 'URLRequest' in scope
 84 |     guard let url = URL(string: "\(configuration.baseURL)/\(endpoint)") else {
 85 |       throw DeepSeekError.invalidUrl(message: "Invalid URL for \(endpoint) endpoint")
/host/spi-builder-workspace/Sources/DeepSwiftSeek/DeepSeekService.swift:35:24: error: 'URLSession' is unavailable: This type has moved to the FoundationNetworking module. Import that module to use it.
 33 | public final class DeepSeekClient: DeepSeekService, Sendable {
 34 |   private let configuration: Configuration
 35 |   private let session: URLSession
    |                        `- error: 'URLSession' is unavailable: This type has moved to the FoundationNetworking module. Import that module to use it.
 36 |   private let serializer: DeepSeekRequestSerializer
 37 |
Foundation.URLSession:2:18: note: 'URLSession' has been explicitly marked unavailable here
1 | @available(*, unavailable, message: "This type has moved to the FoundationNetworking module. Import that module to use it.")
2 | public typealias URLSession = AnyObject
  |                  `- note: 'URLSession' has been explicitly marked unavailable here
/host/spi-builder-workspace/Sources/DeepSwiftSeek/DeepSeekService.swift:38:54: error: 'URLSession' is unavailable: This type has moved to the FoundationNetworking module. Import that module to use it.
 36 |   private let serializer: DeepSeekRequestSerializer
 37 |
 38 |   public init(configuration: Configuration, session: URLSession = .shared) {
    |                                                      `- error: 'URLSession' is unavailable: This type has moved to the FoundationNetworking module. Import that module to use it.
 39 |     self.configuration = configuration
 40 |     self.session = session
Foundation.URLSession:2:18: note: 'URLSession' has been explicitly marked unavailable here
1 | @available(*, unavailable, message: "This type has moved to the FoundationNetworking module. Import that module to use it.")
2 | public typealias URLSession = AnyObject
  |                  `- note: 'URLSession' has been explicitly marked unavailable here
/host/spi-builder-workspace/Sources/DeepSwiftSeek/DeepSeekService.swift:38:68: error: type 'URLSession' (aka 'AnyObject') has no member 'shared'
 36 |   private let serializer: DeepSeekRequestSerializer
 37 |
 38 |   public init(configuration: Configuration, session: URLSession = .shared) {
    |                                                                    `- error: type 'URLSession' (aka 'AnyObject') has no member 'shared'
 39 |     self.configuration = configuration
 40 |     self.session = session
/host/spi-builder-workspace/Sources/DeepSwiftSeek/DeepSeekService.swift:38:68: error: value of type '_' expected to be instance of class or class-constrained type
 36 |   private let serializer: DeepSeekRequestSerializer
 37 |
 38 |   public init(configuration: Configuration, session: URLSession = .shared) {
    |                                                                    `- error: value of type '_' expected to be instance of class or class-constrained type
 39 |     self.configuration = configuration
 40 |     self.session = session
/host/spi-builder-workspace/Sources/DeepSwiftSeek/DeepSeekService.swift:35:15: error: stored property 'session' of 'Sendable'-conforming class 'DeepSeekClient' has non-Sendable type 'AnyObject'
 33 | public final class DeepSeekClient: DeepSeekService, Sendable {
 34 |   private let configuration: Configuration
 35 |   private let session: URLSession
    |               `- error: stored property 'session' of 'Sendable'-conforming class 'DeepSeekClient' has non-Sendable type 'AnyObject'
 36 |   private let serializer: DeepSeekRequestSerializer
 37 |
Failed frontend command:
/usr/bin/swift-frontend -frontend -emit-module -experimental-skip-non-inlinable-function-bodies-without-types /host/spi-builder-workspace/Sources/DeepSwiftSeek/ChatMessageBuilder.swift /host/spi-builder-workspace/Sources/DeepSwiftSeek/DeepSeekRequestSerializer.swift /host/spi-builder-workspace/Sources/DeepSwiftSeek/DeepSeekService.swift /host/spi-builder-workspace/Sources/DeepSwiftSeek/PublicModels/BalanceAvailability/AvailabilityResponse.swift /host/spi-builder-workspace/Sources/DeepSwiftSeek/PublicModels/ChatCompletion/ChatCompletionMessageResponse.swift /host/spi-builder-workspace/Sources/DeepSwiftSeek/PublicModels/ChatCompletion/ChatCompletionResponse.swift /host/spi-builder-workspace/Sources/DeepSwiftSeek/PublicModels/ChatCompletion/ChoiceResponse.swift /host/spi-builder-workspace/Sources/DeepSwiftSeek/PublicModels/ChatCompletion/CompletionTokensDetails.swift /host/spi-builder-workspace/Sources/DeepSwiftSeek/PublicModels/ChatCompletion/ContentLogProb.swift /host/spi-builder-workspace/Sources/DeepSwiftSeek/PublicModels/ChatCompletion/FunctionCall.swift /host/spi-builder-workspace/Sources/DeepSwiftSeek/PublicModels/ChatCompletion/LogProbs.swift /host/spi-builder-workspace/Sources/DeepSwiftSeek/PublicModels/ChatCompletion/ToolCall.swift /host/spi-builder-workspace/Sources/DeepSwiftSeek/PublicModels/ChatCompletion/TopLogProb.swift /host/spi-builder-workspace/Sources/DeepSwiftSeek/PublicModels/ChatCompletion/Usage.swift /host/spi-builder-workspace/Sources/DeepSwiftSeek/PublicModels/Configuration.swift /host/spi-builder-workspace/Sources/DeepSwiftSeek/PublicModels/DeepSeekModel.swift /host/spi-builder-workspace/Sources/DeepSwiftSeek/PublicModels/DeepSeekModelsList.swift /host/spi-builder-workspace/Sources/DeepSwiftSeek/PublicModels/Errors/DeepSeekError.swift /host/spi-builder-workspace/Sources/DeepSwiftSeek/PublicModels/Errors/DeepSeekErrorResponse.swift /host/spi-builder-workspace/Sources/DeepSwiftSeek/PublicModels/Errors/Response-\>Error.swift /host/spi-builder-workspace/Sources/DeepSwiftSeek/PublicModels/RequestModels/ChatMessageRequest.swift /host/spi-builder-workspace/Sources/DeepSwiftSeek/PublicModels/RequestModels/ChatParameters.swift /host/spi-builder-workspace/Sources/DeepSwiftSeek/PublicModels/RequestModels/MessegingRole.swift /host/spi-builder-workspace/Sources/DeepSwiftSeek/PublicModels/RequestModels/ResponseFormat.swift /host/spi-builder-workspace/Sources/DeepSwiftSeek/PublicModels/RequestModels/StreamOptions.swift /host/spi-builder-workspace/Sources/DeepSwiftSeek/PublicModels/RequestModels/Tool.swift /host/spi-builder-workspace/Sources/DeepSwiftSeek/PublicModels/RequestModels/ToolChoice.swift -target x86_64-unknown-linux-gnu -disable-objc-interop -I /host/spi-builder-workspace/.build/out/Products/Debug-linux-x86_64 -module-cache-path /host/spi-builder-workspace/.build/out/ModuleCache.noindex -color-diagnostics -Xcc -fcolor-diagnostics -enable-testing -g -debug-info-format\=dwarf -dwarf-version\=4 -swift-version 6 -Onone -D SWIFT_PACKAGE -D DEBUG -D SWIFT_MODULE_RESOURCE_BUNDLE_UNAVAILABLE -D Xcode -serialize-debugging-options -enable-experimental-feature DebugDescriptionMacro -empty-abi-descriptor -external-plugin-path /usr/lib/swift/host/plugins/testing\#/usr/bin/swift-plugin-server -validate-clang-modules-once -clang-build-session-file /host/spi-builder-workspace/.build/out/ModuleCache.noindex/Session.modulevalidation -Xcc -working-directory -Xcc /host -enable-anonymous-context-mangled-names -file-compilation-dir /host -Xcc -fno-omit-frame-pointer -Xcc -D_LIBCPP_HARDENING_MODE\=_LIBCPP_HARDENING_MODE_DEBUG -Xcc -fmodules-prune-interval\=86400 -Xcc -fmodules-prune-after\=345600 -Xcc -I/host/spi-builder-workspace/.build/out/Products/Debug-linux-x86_64/include -Xcc -I/host/spi-builder-workspace/.build/out/Intermediates.noindex/DeepSwiftSeek.build/Debug-linux-x86_64/DeepSwiftSeek-t.build/DerivedSources-normal/x86_64 -Xcc -I/host/spi-builder-workspace/.build/out/Intermediates.noindex/DeepSwiftSeek.build/Debug-linux-x86_64/DeepSwiftSeek-t.build/DerivedSources/x86_64 -Xcc -I/host/spi-builder-workspace/.build/out/Intermediates.noindex/DeepSwiftSeek.build/Debug-linux-x86_64/DeepSwiftSeek-t.build/DerivedSources -Xcc -DSWIFT_PACKAGE -Xcc -DDEBUG\=1 -no-auto-bridging-header-chaining -module-name DeepSwiftSeek -package-name spi_builder_workspace -const-gather-protocols-file /host/spi-builder-workspace/.build/out/Intermediates.noindex/DeepSwiftSeek.build/Debug-linux-x86_64/DeepSwiftSeek-t.build/Objects-normal/x86_64/DeepSwiftSeek_const_extract_protocols.json -in-process-plugin-server-path /usr/lib/swift/host/libSwiftInProcPluginServer.so -plugin-path /usr/lib/swift/host/plugins -plugin-path /usr/local/lib/swift/host/plugins -emit-module-doc-path /host/spi-builder-workspace/.build/out/Intermediates.noindex/DeepSwiftSeek.build/Debug-linux-x86_64/DeepSwiftSeek-t.build/Objects-normal/x86_64/Modules/DeepSwiftSeek.swiftdoc -emit-module-source-info-path /host/spi-builder-workspace/.build/out/Intermediates.noindex/DeepSwiftSeek.build/Debug-linux-x86_64/DeepSwiftSeek-t.build/Objects-normal/x86_64/Modules/DeepSwiftSeek.swiftsourceinfo -emit-objc-header-path /host/spi-builder-workspace/.build/out/Intermediates.noindex/DeepSwiftSeek.build/Debug-linux-x86_64/DeepSwiftSeek-t.build/Objects-normal/x86_64/DeepSwiftSeek-Swift.h -serialize-diagnostics-path /host/spi-builder-workspace/.build/out/Intermediates.noindex/DeepSwiftSeek.build/Debug-linux-x86_64/DeepSwiftSeek-t.build/Objects-normal/x86_64/DeepSwiftSeek-primary-emit-module.dia -emit-dependencies-path /host/spi-builder-workspace/.build/out/Intermediates.noindex/DeepSwiftSeek.build/Debug-linux-x86_64/DeepSwiftSeek-t.build/Objects-normal/x86_64/DeepSwiftSeek-primary-emit-module.d -parse-as-library -o /host/spi-builder-workspace/.build/out/Intermediates.noindex/DeepSwiftSeek.build/Debug-linux-x86_64/DeepSwiftSeek-t.build/Objects-normal/x86_64/Modules/DeepSwiftSeek.swiftmodule
error: Build failed
BUILD FAILURE 6.4 linux