The Swift Package Index logo.Swift Package Index

Build Information

Failed to build SwiftPropertyLaws, reference main (9e774f), with Swift 6.1 for macOS (Xcode) using Xcode 16.3 on 13 Oct 2026 02:30:27 UTC.

Build Command

env DEVELOPER_DIR=/Applications/Xcode-16.3.0.app xcrun xcodebuild -IDEClonedSourcePackagesDirPathOverride=$PWD/.dependencies -skipMacroValidation -skipPackagePluginValidation -derivedDataPath $PWD/.derivedData build -scheme SwiftPropertyLaws-Package -destination platform=macOS,arch=arm64

Build Log

Copy /Users/admin/builder/spi-builder-workspace/.derivedData/Build/Products/Debug/SwiftSyntax601.swiftmodule/arm64-apple-macos.abi.json /Users/admin/builder/spi-builder-workspace/.derivedData/Build/Intermediates.noindex/swift-syntax.build/Debug/SwiftSyntax601.build/Objects-normal/arm64/SwiftSyntax601.abi.json (in target 'SwiftSyntax601' from project 'swift-syntax')
    cd /Users/admin/builder/spi-builder-workspace/.dependencies/checkouts/swift-syntax
    builtin-copy -exclude .DS_Store -exclude CVS -exclude .svn -exclude .git -exclude .hg -resolve-src-symlinks -rename /Users/admin/builder/spi-builder-workspace/.derivedData/Build/Intermediates.noindex/swift-syntax.build/Debug/SwiftSyntax601.build/Objects-normal/arm64/SwiftSyntax601.abi.json /Users/admin/builder/spi-builder-workspace/.derivedData/Build/Products/Debug/SwiftSyntax601.swiftmodule/arm64-apple-macos.abi.json
Copy /Users/admin/builder/spi-builder-workspace/.derivedData/Build/Products/Debug/SwiftSyntax600.swiftmodule/arm64-apple-macos.abi.json /Users/admin/builder/spi-builder-workspace/.derivedData/Build/Intermediates.noindex/swift-syntax.build/Debug/SwiftSyntax600.build/Objects-normal/arm64/SwiftSyntax600.abi.json (in target 'SwiftSyntax600' from project 'swift-syntax')
    cd /Users/admin/builder/spi-builder-workspace/.dependencies/checkouts/swift-syntax
    builtin-copy -exclude .DS_Store -exclude CVS -exclude .svn -exclude .git -exclude .hg -resolve-src-symlinks -rename /Users/admin/builder/spi-builder-workspace/.derivedData/Build/Intermediates.noindex/swift-syntax.build/Debug/SwiftSyntax600.build/Objects-normal/arm64/SwiftSyntax600.abi.json /Users/admin/builder/spi-builder-workspace/.derivedData/Build/Products/Debug/SwiftSyntax600.swiftmodule/arm64-apple-macos.abi.json
SwiftDriver\ Compilation\ Requirements SwiftSyntax510 normal arm64 com.apple.xcode.tools.swift.compiler (in target 'SwiftSyntax510' from project 'swift-syntax')
    cd /Users/admin/builder/spi-builder-workspace/.swiftpm/xcode
    builtin-Swift-Compilation-Requirements -- /Applications/Xcode-16.3.0.app/Contents/Developer/Toolchains/XcodeDefault.xctoolchain/usr/bin/swiftc -module-name SwiftSyntax510 -Onone -enforce-exclusivity\=checked @/Users/admin/builder/spi-builder-workspace/.derivedData/Build/Intermediates.noindex/swift-syntax.build/Debug/SwiftSyntax510.build/Objects-normal/arm64/SwiftSyntax510.SwiftFileList -DSWIFT_PACKAGE -DDEBUG -DXcode -plugin-path /Applications/Xcode-16.3.0.app/Contents/Developer/Toolchains/XcodeDefault.xctoolchain/usr/lib/swift/host/plugins/testing -enable-experimental-feature DebugDescriptionMacro -sdk /Applications/Xcode-16.3.0.app/Contents/Developer/Platforms/MacOSX.platform/Developer/SDKs/MacOSX15.4.sdk -target arm64-apple-macos10.15 -g -module-cache-path /Users/admin/builder/spi-builder-workspace/.derivedData/ModuleCache.noindex -Xfrontend -serialize-debugging-options -profile-coverage-mapping -profile-generate -enable-testing -suppress-warnings -index-store-path /Users/admin/builder/spi-builder-workspace/.derivedData/Index.noindex/DataStore -swift-version 6 -I /Users/admin/builder/spi-builder-workspace/.derivedData/Build/Products/Debug -I /Applications/Xcode-16.3.0.app/Contents/Developer/Platforms/MacOSX.platform/Developer/usr/lib -F /Users/admin/builder/spi-builder-workspace/.derivedData/Build/Products/Debug -F /Applications/Xcode-16.3.0.app/Contents/Developer/Platforms/MacOSX.platform/Developer/Library/Frameworks -parse-as-library -c -j10 -enable-batch-mode -incremental -Xcc -ivfsstatcache -Xcc /Users/admin/builder/spi-builder-workspace/.derivedData/SDKStatCaches.noindex/macosx15.4-24E241-8287b8f5db97e746a1562fbca0c9d29b.sdkstatcache -output-file-map /Users/admin/builder/spi-builder-workspace/.derivedData/Build/Intermediates.noindex/swift-syntax.build/Debug/SwiftSyntax510.build/Objects-normal/arm64/SwiftSyntax510-OutputFileMap.json -use-frontend-parseable-output -save-temps -no-color-diagnostics -serialize-diagnostics -emit-dependencies -emit-module -emit-module-path /Users/admin/builder/spi-builder-workspace/.derivedData/Build/Intermediates.noindex/swift-syntax.build/Debug/SwiftSyntax510.build/Objects-normal/arm64/SwiftSyntax510.swiftmodule -validate-clang-modules-once -clang-build-session-file /Users/admin/builder/spi-builder-workspace/.derivedData/ModuleCache.noindex/Session.modulevalidation -package-name swift_syntax -Xcc -I/Users/admin/builder/spi-builder-workspace/.derivedData/Build/Intermediates.noindex/swift-syntax.build/Debug/SwiftSyntax510.build/swift-overrides.hmap -emit-const-values -Xfrontend -const-gather-protocols-file -Xfrontend /Users/admin/builder/spi-builder-workspace/.derivedData/Build/Intermediates.noindex/swift-syntax.build/Debug/SwiftSyntax510.build/Objects-normal/arm64/SwiftSyntax510_const_extract_protocols.json -Xcc -I/Users/admin/builder/spi-builder-workspace/.derivedData/Build/Products/Debug/include -Xcc -I/Users/admin/builder/spi-builder-workspace/.derivedData/Build/Intermediates.noindex/swift-syntax.build/Debug/SwiftSyntax510.build/DerivedSources-normal/arm64 -Xcc -I/Users/admin/builder/spi-builder-workspace/.derivedData/Build/Intermediates.noindex/swift-syntax.build/Debug/SwiftSyntax510.build/DerivedSources/arm64 -Xcc -I/Users/admin/builder/spi-builder-workspace/.derivedData/Build/Intermediates.noindex/swift-syntax.build/Debug/SwiftSyntax510.build/DerivedSources -Xcc -DSWIFT_PACKAGE -Xcc -DDEBUG\=1 -emit-objc-header -emit-objc-header-path /Users/admin/builder/spi-builder-workspace/.derivedData/Build/Intermediates.noindex/swift-syntax.build/Debug/SwiftSyntax510.build/Objects-normal/arm64/SwiftSyntax510-Swift.h -working-directory /Users/admin/builder/spi-builder-workspace/.swiftpm/xcode -experimental-emit-module-separately -disable-cmo
SwiftDriver\ Compilation\ Requirements SwiftSyntax509 normal arm64 com.apple.xcode.tools.swift.compiler (in target 'SwiftSyntax509' from project 'swift-syntax')
    cd /Users/admin/builder/spi-builder-workspace/.swiftpm/xcode
    builtin-Swift-Compilation-Requirements -- /Applications/Xcode-16.3.0.app/Contents/Developer/Toolchains/XcodeDefault.xctoolchain/usr/bin/swiftc -module-name SwiftSyntax509 -Onone -enforce-exclusivity\=checked @/Users/admin/builder/spi-builder-workspace/.derivedData/Build/Intermediates.noindex/swift-syntax.build/Debug/SwiftSyntax509.build/Objects-normal/arm64/SwiftSyntax509.SwiftFileList -DSWIFT_PACKAGE -DDEBUG -DXcode -plugin-path /Applications/Xcode-16.3.0.app/Contents/Developer/Toolchains/XcodeDefault.xctoolchain/usr/lib/swift/host/plugins/testing -enable-experimental-feature DebugDescriptionMacro -sdk /Applications/Xcode-16.3.0.app/Contents/Developer/Platforms/MacOSX.platform/Developer/SDKs/MacOSX15.4.sdk -target arm64-apple-macos10.15 -g -module-cache-path /Users/admin/builder/spi-builder-workspace/.derivedData/ModuleCache.noindex -Xfrontend -serialize-debugging-options -profile-coverage-mapping -profile-generate -enable-testing -suppress-warnings -index-store-path /Users/admin/builder/spi-builder-workspace/.derivedData/Index.noindex/DataStore -swift-version 6 -I /Users/admin/builder/spi-builder-workspace/.derivedData/Build/Products/Debug -I /Applications/Xcode-16.3.0.app/Contents/Developer/Platforms/MacOSX.platform/Developer/usr/lib -F /Users/admin/builder/spi-builder-workspace/.derivedData/Build/Products/Debug -F /Applications/Xcode-16.3.0.app/Contents/Developer/Platforms/MacOSX.platform/Developer/Library/Frameworks -parse-as-library -c -j10 -enable-batch-mode -incremental -Xcc -ivfsstatcache -Xcc /Users/admin/builder/spi-builder-workspace/.derivedData/SDKStatCaches.noindex/macosx15.4-24E241-8287b8f5db97e746a1562fbca0c9d29b.sdkstatcache -output-file-map /Users/admin/builder/spi-builder-workspace/.derivedData/Build/Intermediates.noindex/swift-syntax.build/Debug/SwiftSyntax509.build/Objects-normal/arm64/SwiftSyntax509-OutputFileMap.json -use-frontend-parseable-output -save-temps -no-color-diagnostics -serialize-diagnostics -emit-dependencies -emit-module -emit-module-path /Users/admin/builder/spi-builder-workspace/.derivedData/Build/Intermediates.noindex/swift-syntax.build/Debug/SwiftSyntax509.build/Objects-normal/arm64/SwiftSyntax509.swiftmodule -validate-clang-modules-once -clang-build-session-file /Users/admin/builder/spi-builder-workspace/.derivedData/ModuleCache.noindex/Session.modulevalidation -package-name swift_syntax -Xcc -I/Users/admin/builder/spi-builder-workspace/.derivedData/Build/Intermediates.noindex/swift-syntax.build/Debug/SwiftSyntax509.build/swift-overrides.hmap -emit-const-values -Xfrontend -const-gather-protocols-file -Xfrontend /Users/admin/builder/spi-builder-workspace/.derivedData/Build/Intermediates.noindex/swift-syntax.build/Debug/SwiftSyntax509.build/Objects-normal/arm64/SwiftSyntax509_const_extract_protocols.json -Xcc -I/Users/admin/builder/spi-builder-workspace/.derivedData/Build/Products/Debug/include -Xcc -I/Users/admin/builder/spi-builder-workspace/.derivedData/Build/Intermediates.noindex/swift-syntax.build/Debug/SwiftSyntax509.build/DerivedSources-normal/arm64 -Xcc -I/Users/admin/builder/spi-builder-workspace/.derivedData/Build/Intermediates.noindex/swift-syntax.build/Debug/SwiftSyntax509.build/DerivedSources/arm64 -Xcc -I/Users/admin/builder/spi-builder-workspace/.derivedData/Build/Intermediates.noindex/swift-syntax.build/Debug/SwiftSyntax509.build/DerivedSources -Xcc -DSWIFT_PACKAGE -Xcc -DDEBUG\=1 -emit-objc-header -emit-objc-header-path /Users/admin/builder/spi-builder-workspace/.derivedData/Build/Intermediates.noindex/swift-syntax.build/Debug/SwiftSyntax509.build/Objects-normal/arm64/SwiftSyntax509-Swift.h -working-directory /Users/admin/builder/spi-builder-workspace/.swiftpm/xcode -experimental-emit-module-separately -disable-cmo
Copy /Users/admin/builder/spi-builder-workspace/.derivedData/Build/Products/Debug/SwiftSyntax510.swiftmodule/arm64-apple-macos.abi.json /Users/admin/builder/spi-builder-workspace/.derivedData/Build/Intermediates.noindex/swift-syntax.build/Debug/SwiftSyntax510.build/Objects-normal/arm64/SwiftSyntax510.abi.json (in target 'SwiftSyntax510' from project 'swift-syntax')
    cd /Users/admin/builder/spi-builder-workspace/.dependencies/checkouts/swift-syntax
    builtin-copy -exclude .DS_Store -exclude CVS -exclude .svn -exclude .git -exclude .hg -resolve-src-symlinks -rename /Users/admin/builder/spi-builder-workspace/.derivedData/Build/Intermediates.noindex/swift-syntax.build/Debug/SwiftSyntax510.build/Objects-normal/arm64/SwiftSyntax510.abi.json /Users/admin/builder/spi-builder-workspace/.derivedData/Build/Products/Debug/SwiftSyntax510.swiftmodule/arm64-apple-macos.abi.json
Copy /Users/admin/builder/spi-builder-workspace/.derivedData/Build/Products/Debug/SwiftSyntax509.swiftmodule/arm64-apple-macos.abi.json /Users/admin/builder/spi-builder-workspace/.derivedData/Build/Intermediates.noindex/swift-syntax.build/Debug/SwiftSyntax509.build/Objects-normal/arm64/SwiftSyntax509.abi.json (in target 'SwiftSyntax509' from project 'swift-syntax')
    cd /Users/admin/builder/spi-builder-workspace/.dependencies/checkouts/swift-syntax
    builtin-copy -exclude .DS_Store -exclude CVS -exclude .svn -exclude .git -exclude .hg -resolve-src-symlinks -rename /Users/admin/builder/spi-builder-workspace/.derivedData/Build/Intermediates.noindex/swift-syntax.build/Debug/SwiftSyntax509.build/Objects-normal/arm64/SwiftSyntax509.abi.json /Users/admin/builder/spi-builder-workspace/.derivedData/Build/Products/Debug/SwiftSyntax509.swiftmodule/arm64-apple-macos.abi.json
SwiftEmitModule normal arm64 Emitting\ module\ for\ PropertyBased (in target 'PropertyBased' from project 'PropertyBased')
EmitSwiftModule normal arm64 (in target 'PropertyBased' from project 'PropertyBased')
    cd /Users/admin/builder/spi-builder-workspace/.swiftpm/xcode

SwiftDriver\ Compilation SwiftSyntax600 normal arm64 com.apple.xcode.tools.swift.compiler (in target 'SwiftSyntax600' from project 'swift-syntax')
    cd /Users/admin/builder/spi-builder-workspace/.swiftpm/xcode
    builtin-Swift-Compilation -- /Applications/Xcode-16.3.0.app/Contents/Developer/Toolchains/XcodeDefault.xctoolchain/usr/bin/swiftc -module-name SwiftSyntax600 -Onone -enforce-exclusivity\=checked @/Users/admin/builder/spi-builder-workspace/.derivedData/Build/Intermediates.noindex/swift-syntax.build/Debug/SwiftSyntax600.build/Objects-normal/arm64/SwiftSyntax600.SwiftFileList -DSWIFT_PACKAGE -DDEBUG -DXcode -plugin-path /Applications/Xcode-16.3.0.app/Contents/Developer/Toolchains/XcodeDefault.xctoolchain/usr/lib/swift/host/plugins/testing -enable-experimental-feature DebugDescriptionMacro -sdk /Applications/Xcode-16.3.0.app/Contents/Developer/Platforms/MacOSX.platform/Developer/SDKs/MacOSX15.4.sdk -target arm64-apple-macos10.15 -g -module-cache-path /Users/admin/builder/spi-builder-workspace/.derivedData/ModuleCache.noindex -Xfrontend -serialize-debugging-options -profile-coverage-mapping -profile-generate -enable-testing -suppress-warnings -index-store-path /Users/admin/builder/spi-builder-workspace/.derivedData/Index.noindex/DataStore -swift-version 6 -I /Users/admin/builder/spi-builder-workspace/.derivedData/Build/Products/Debug -I /Applications/Xcode-16.3.0.app/Contents/Developer/Platforms/MacOSX.platform/Developer/usr/lib -F /Users/admin/builder/spi-builder-workspace/.derivedData/Build/Products/Debug -F /Applications/Xcode-16.3.0.app/Contents/Developer/Platforms/MacOSX.platform/Developer/Library/Frameworks -parse-as-library -c -j10 -enable-batch-mode -incremental -Xcc -ivfsstatcache -Xcc /Users/admin/builder/spi-builder-workspace/.derivedData/SDKStatCaches.noindex/macosx15.4-24E241-8287b8f5db97e746a1562fbca0c9d29b.sdkstatcache -output-file-map /Users/admin/builder/spi-builder-workspace/.derivedData/Build/Intermediates.noindex/swift-syntax.build/Debug/SwiftSyntax600.build/Objects-normal/arm64/SwiftSyntax600-OutputFileMap.json -use-frontend-parseable-output -save-temps -no-color-diagnostics -serialize-diagnostics -emit-dependencies -emit-module -emit-module-path /Users/admin/builder/spi-builder-workspace/.derivedData/Build/Intermediates.noindex/swift-syntax.build/Debug/SwiftSyntax600.build/Objects-normal/arm64/SwiftSyntax600.swiftmodule -validate-clang-modules-once -clang-build-session-file /Users/admin/builder/spi-builder-workspace/.derivedData/ModuleCache.noindex/Session.modulevalidation -package-name swift_syntax -Xcc -I/Users/admin/builder/spi-builder-workspace/.derivedData/Build/Intermediates.noindex/swift-syntax.build/Debug/SwiftSyntax600.build/swift-overrides.hmap -emit-const-values -Xfrontend -const-gather-protocols-file -Xfrontend /Users/admin/builder/spi-builder-workspace/.derivedData/Build/Intermediates.noindex/swift-syntax.build/Debug/SwiftSyntax600.build/Objects-normal/arm64/SwiftSyntax600_const_extract_protocols.json -Xcc -I/Users/admin/builder/spi-builder-workspace/.derivedData/Build/Products/Debug/include -Xcc -I/Users/admin/builder/spi-builder-workspace/.derivedData/Build/Intermediates.noindex/swift-syntax.build/Debug/SwiftSyntax600.build/DerivedSources-normal/arm64 -Xcc -I/Users/admin/builder/spi-builder-workspace/.derivedData/Build/Intermediates.noindex/swift-syntax.build/Debug/SwiftSyntax600.build/DerivedSources/arm64 -Xcc -I/Users/admin/builder/spi-builder-workspace/.derivedData/Build/Intermediates.noindex/swift-syntax.build/Debug/SwiftSyntax600.build/DerivedSources -Xcc -DSWIFT_PACKAGE -Xcc -DDEBUG\=1 -emit-objc-header -emit-objc-header-path /Users/admin/builder/spi-builder-workspace/.derivedData/Build/Intermediates.noindex/swift-syntax.build/Debug/SwiftSyntax600.build/Objects-normal/arm64/SwiftSyntax600-Swift.h -working-directory /Users/admin/builder/spi-builder-workspace/.swiftpm/xcode -experimental-emit-module-separately -disable-cmo
SwiftDriverJobDiscovery normal arm64 Compiling Empty.swift (in target 'SwiftSyntax601' from project 'swift-syntax')
SwiftCompile normal arm64 Compiling\ Float80+Real.swift /Users/admin/builder/spi-builder-workspace/.dependencies/checkouts/swift-numerics/Sources/RealModule/Float80+Real.swift (in target 'RealModule' from project 'swift-numerics')
SwiftCompile normal arm64 /Users/admin/builder/spi-builder-workspace/.dependencies/checkouts/swift-numerics/Sources/RealModule/Float80+Real.swift (in target 'RealModule' from project 'swift-numerics')
    cd /Users/admin/builder/spi-builder-workspace/.swiftpm/xcode

SwiftDriver SwiftSyntax normal arm64 com.apple.xcode.tools.swift.compiler (in target 'SwiftSyntax' from project 'swift-syntax')
    cd /Users/admin/builder/spi-builder-workspace/.swiftpm/xcode
    builtin-SwiftDriver -- /Applications/Xcode-16.3.0.app/Contents/Developer/Toolchains/XcodeDefault.xctoolchain/usr/bin/swiftc -module-name SwiftSyntax -Onone -enforce-exclusivity\=checked @/Users/admin/builder/spi-builder-workspace/.derivedData/Build/Intermediates.noindex/swift-syntax.build/Debug/SwiftSyntax.build/Objects-normal/arm64/SwiftSyntax.SwiftFileList -DSWIFT_PACKAGE -DDEBUG -DXcode -plugin-path /Applications/Xcode-16.3.0.app/Contents/Developer/Toolchains/XcodeDefault.xctoolchain/usr/lib/swift/host/plugins/testing -enable-experimental-feature DebugDescriptionMacro -sdk /Applications/Xcode-16.3.0.app/Contents/Developer/Platforms/MacOSX.platform/Developer/SDKs/MacOSX15.4.sdk -target arm64-apple-macos10.15 -g -module-cache-path /Users/admin/builder/spi-builder-workspace/.derivedData/ModuleCache.noindex -Xfrontend -serialize-debugging-options -profile-coverage-mapping -profile-generate -enable-testing -suppress-warnings -index-store-path /Users/admin/builder/spi-builder-workspace/.derivedData/Index.noindex/DataStore -swift-version 6 -I /Users/admin/builder/spi-builder-workspace/.derivedData/Build/Products/Debug -I /Applications/Xcode-16.3.0.app/Contents/Developer/Platforms/MacOSX.platform/Developer/usr/lib -F /Users/admin/builder/spi-builder-workspace/.derivedData/Build/Products/Debug/PackageFrameworks -F /Users/admin/builder/spi-builder-workspace/.derivedData/Build/Products/Debug/PackageFrameworks -F /Users/admin/builder/spi-builder-workspace/.derivedData/Build/Products/Debug/PackageFrameworks -F /Users/admin/builder/spi-builder-workspace/.derivedData/Build/Products/Debug/PackageFrameworks -F /Users/admin/builder/spi-builder-workspace/.derivedData/Build/Products/Debug/PackageFrameworks -F /Users/admin/builder/spi-builder-workspace/.derivedData/Build/Products/Debug/PackageFrameworks -F /Users/admin/builder/spi-builder-workspace/.derivedData/Build/Products/Debug -F /Applications/Xcode-16.3.0.app/Contents/Developer/Platforms/MacOSX.platform/Developer/Library/Frameworks -c -j10 -enable-batch-mode -incremental -Xcc -ivfsstatcache -Xcc /Users/admin/builder/spi-builder-workspace/.derivedData/SDKStatCaches.noindex/macosx15.4-24E241-8287b8f5db97e746a1562fbca0c9d29b.sdkstatcache -output-file-map /Users/admin/builder/spi-builder-workspace/.derivedData/Build/Intermediates.noindex/swift-syntax.build/Debug/SwiftSyntax.build/Objects-normal/arm64/SwiftSyntax-OutputFileMap.json -use-frontend-parseable-output -save-temps -no-color-diagnostics -serialize-diagnostics -emit-dependencies -emit-module -emit-module-path /Users/admin/builder/spi-builder-workspace/.derivedData/Build/Intermediates.noindex/swift-syntax.build/Debug/SwiftSyntax.build/Objects-normal/arm64/SwiftSyntax.swiftmodule -validate-clang-modules-once -clang-build-session-file /Users/admin/builder/spi-builder-workspace/.derivedData/ModuleCache.noindex/Session.modulevalidation -package-name swift_syntax -Xcc -I/Users/admin/builder/spi-builder-workspace/.derivedData/Build/Intermediates.noindex/swift-syntax.build/Debug/SwiftSyntax.build/swift-overrides.hmap -emit-const-values -Xfrontend -const-gather-protocols-file -Xfrontend /Users/admin/builder/spi-builder-workspace/.derivedData/Build/Intermediates.noindex/swift-syntax.build/Debug/SwiftSyntax.build/Objects-normal/arm64/SwiftSyntax_const_extract_protocols.json -Xcc -I/Users/admin/builder/spi-builder-workspace/.dependencies/checkouts/swift-syntax/Sources/_SwiftSyntaxCShims/include -Xcc -I/Users/admin/builder/spi-builder-workspace/.derivedData/Build/Products/Debug/include -Xcc -I/Users/admin/builder/spi-builder-workspace/.derivedData/Build/Intermediates.noindex/swift-syntax.build/Debug/SwiftSyntax.build/DerivedSources-normal/arm64 -Xcc -I/Users/admin/builder/spi-builder-workspace/.derivedData/Build/Intermediates.noindex/swift-syntax.build/Debug/SwiftSyntax.build/DerivedSources/arm64 -Xcc -I/Users/admin/builder/spi-builder-workspace/.derivedData/Build/Intermediates.noindex/swift-syntax.build/Debug/SwiftSyntax.build/DerivedSources -Xcc -DSWIFT_PACKAGE -Xcc -DDEBUG\=1 -emit-objc-header -emit-objc-header-path /Users/admin/builder/spi-builder-workspace/.derivedData/Build/Intermediates.noindex/swift-syntax.build/Debug/SwiftSyntax.build/Objects-normal/arm64/SwiftSyntax-Swift.h -working-directory /Users/admin/builder/spi-builder-workspace/.swiftpm/xcode -experimental-emit-module-separately -disable-cmo
SwiftDriverJobDiscovery normal arm64 Compiling Empty.swift (in target 'SwiftSyntax509' from project 'swift-syntax')
SwiftDriver\ Compilation SwiftSyntax601 normal arm64 com.apple.xcode.tools.swift.compiler (in target 'SwiftSyntax601' from project 'swift-syntax')
    cd /Users/admin/builder/spi-builder-workspace/.swiftpm/xcode
    builtin-Swift-Compilation -- /Applications/Xcode-16.3.0.app/Contents/Developer/Toolchains/XcodeDefault.xctoolchain/usr/bin/swiftc -module-name SwiftSyntax601 -Onone -enforce-exclusivity\=checked @/Users/admin/builder/spi-builder-workspace/.derivedData/Build/Intermediates.noindex/swift-syntax.build/Debug/SwiftSyntax601.build/Objects-normal/arm64/SwiftSyntax601.SwiftFileList -DSWIFT_PACKAGE -DDEBUG -DXcode -plugin-path /Applications/Xcode-16.3.0.app/Contents/Developer/Toolchains/XcodeDefault.xctoolchain/usr/lib/swift/host/plugins/testing -enable-experimental-feature DebugDescriptionMacro -sdk /Applications/Xcode-16.3.0.app/Contents/Developer/Platforms/MacOSX.platform/Developer/SDKs/MacOSX15.4.sdk -target arm64-apple-macos10.15 -g -module-cache-path /Users/admin/builder/spi-builder-workspace/.derivedData/ModuleCache.noindex -Xfrontend -serialize-debugging-options -profile-coverage-mapping -profile-generate -enable-testing -suppress-warnings -index-store-path /Users/admin/builder/spi-builder-workspace/.derivedData/Index.noindex/DataStore -swift-version 6 -I /Users/admin/builder/spi-builder-workspace/.derivedData/Build/Products/Debug -I /Applications/Xcode-16.3.0.app/Contents/Developer/Platforms/MacOSX.platform/Developer/usr/lib -F /Users/admin/builder/spi-builder-workspace/.derivedData/Build/Products/Debug -F /Applications/Xcode-16.3.0.app/Contents/Developer/Platforms/MacOSX.platform/Developer/Library/Frameworks -parse-as-library -c -j10 -enable-batch-mode -incremental -Xcc -ivfsstatcache -Xcc /Users/admin/builder/spi-builder-workspace/.derivedData/SDKStatCaches.noindex/macosx15.4-24E241-8287b8f5db97e746a1562fbca0c9d29b.sdkstatcache -output-file-map /Users/admin/builder/spi-builder-workspace/.derivedData/Build/Intermediates.noindex/swift-syntax.build/Debug/SwiftSyntax601.build/Objects-normal/arm64/SwiftSyntax601-OutputFileMap.json -use-frontend-parseable-output -save-temps -no-color-diagnostics -serialize-diagnostics -emit-dependencies -emit-module -emit-module-path /Users/admin/builder/spi-builder-workspace/.derivedData/Build/Intermediates.noindex/swift-syntax.build/Debug/SwiftSyntax601.build/Objects-normal/arm64/SwiftSyntax601.swiftmodule -validate-clang-modules-once -clang-build-session-file /Users/admin/builder/spi-builder-workspace/.derivedData/ModuleCache.noindex/Session.modulevalidation -package-name swift_syntax -Xcc -I/Users/admin/builder/spi-builder-workspace/.derivedData/Build/Intermediates.noindex/swift-syntax.build/Debug/SwiftSyntax601.build/swift-overrides.hmap -emit-const-values -Xfrontend -const-gather-protocols-file -Xfrontend /Users/admin/builder/spi-builder-workspace/.derivedData/Build/Intermediates.noindex/swift-syntax.build/Debug/SwiftSyntax601.build/Objects-normal/arm64/SwiftSyntax601_const_extract_protocols.json -Xcc -I/Users/admin/builder/spi-builder-workspace/.derivedData/Build/Products/Debug/include -Xcc -I/Users/admin/builder/spi-builder-workspace/.derivedData/Build/Intermediates.noindex/swift-syntax.build/Debug/SwiftSyntax601.build/DerivedSources-normal/arm64 -Xcc -I/Users/admin/builder/spi-builder-workspace/.derivedData/Build/Intermediates.noindex/swift-syntax.build/Debug/SwiftSyntax601.build/DerivedSources/arm64 -Xcc -I/Users/admin/builder/spi-builder-workspace/.derivedData/Build/Intermediates.noindex/swift-syntax.build/Debug/SwiftSyntax601.build/DerivedSources -Xcc -DSWIFT_PACKAGE -Xcc -DDEBUG\=1 -emit-objc-header -emit-objc-header-path /Users/admin/builder/spi-builder-workspace/.derivedData/Build/Intermediates.noindex/swift-syntax.build/Debug/SwiftSyntax601.build/Objects-normal/arm64/SwiftSyntax601-Swift.h -working-directory /Users/admin/builder/spi-builder-workspace/.swiftpm/xcode -experimental-emit-module-separately -disable-cmo
SwiftDriverJobDiscovery normal arm64 Compiling Empty.swift (in target 'SwiftSyntax510' from project 'swift-syntax')
SwiftDriver\ Compilation SwiftSyntax509 normal arm64 com.apple.xcode.tools.swift.compiler (in target 'SwiftSyntax509' from project 'swift-syntax')
    cd /Users/admin/builder/spi-builder-workspace/.swiftpm/xcode
    builtin-Swift-Compilation -- /Applications/Xcode-16.3.0.app/Contents/Developer/Toolchains/XcodeDefault.xctoolchain/usr/bin/swiftc -module-name SwiftSyntax509 -Onone -enforce-exclusivity\=checked @/Users/admin/builder/spi-builder-workspace/.derivedData/Build/Intermediates.noindex/swift-syntax.build/Debug/SwiftSyntax509.build/Objects-normal/arm64/SwiftSyntax509.SwiftFileList -DSWIFT_PACKAGE -DDEBUG -DXcode -plugin-path /Applications/Xcode-16.3.0.app/Contents/Developer/Toolchains/XcodeDefault.xctoolchain/usr/lib/swift/host/plugins/testing -enable-experimental-feature DebugDescriptionMacro -sdk /Applications/Xcode-16.3.0.app/Contents/Developer/Platforms/MacOSX.platform/Developer/SDKs/MacOSX15.4.sdk -target arm64-apple-macos10.15 -g -module-cache-path /Users/admin/builder/spi-builder-workspace/.derivedData/ModuleCache.noindex -Xfrontend -serialize-debugging-options -profile-coverage-mapping -profile-generate -enable-testing -suppress-warnings -index-store-path /Users/admin/builder/spi-builder-workspace/.derivedData/Index.noindex/DataStore -swift-version 6 -I /Users/admin/builder/spi-builder-workspace/.derivedData/Build/Products/Debug -I /Applications/Xcode-16.3.0.app/Contents/Developer/Platforms/MacOSX.platform/Developer/usr/lib -F /Users/admin/builder/spi-builder-workspace/.derivedData/Build/Products/Debug -F /Applications/Xcode-16.3.0.app/Contents/Developer/Platforms/MacOSX.platform/Developer/Library/Frameworks -parse-as-library -c -j10 -enable-batch-mode -incremental -Xcc -ivfsstatcache -Xcc /Users/admin/builder/spi-builder-workspace/.derivedData/SDKStatCaches.noindex/macosx15.4-24E241-8287b8f5db97e746a1562fbca0c9d29b.sdkstatcache -output-file-map /Users/admin/builder/spi-builder-workspace/.derivedData/Build/Intermediates.noindex/swift-syntax.build/Debug/SwiftSyntax509.build/Objects-normal/arm64/SwiftSyntax509-OutputFileMap.json -use-frontend-parseable-output -save-temps -no-color-diagnostics -serialize-diagnostics -emit-dependencies -emit-module -emit-module-path /Users/admin/builder/spi-builder-workspace/.derivedData/Build/Intermediates.noindex/swift-syntax.build/Debug/SwiftSyntax509.build/Objects-normal/arm64/SwiftSyntax509.swiftmodule -validate-clang-modules-once -clang-build-session-file /Users/admin/builder/spi-builder-workspace/.derivedData/ModuleCache.noindex/Session.modulevalidation -package-name swift_syntax -Xcc -I/Users/admin/builder/spi-builder-workspace/.derivedData/Build/Intermediates.noindex/swift-syntax.build/Debug/SwiftSyntax509.build/swift-overrides.hmap -emit-const-values -Xfrontend -const-gather-protocols-file -Xfrontend /Users/admin/builder/spi-builder-workspace/.derivedData/Build/Intermediates.noindex/swift-syntax.build/Debug/SwiftSyntax509.build/Objects-normal/arm64/SwiftSyntax509_const_extract_protocols.json -Xcc -I/Users/admin/builder/spi-builder-workspace/.derivedData/Build/Products/Debug/include -Xcc -I/Users/admin/builder/spi-builder-workspace/.derivedData/Build/Intermediates.noindex/swift-syntax.build/Debug/SwiftSyntax509.build/DerivedSources-normal/arm64 -Xcc -I/Users/admin/builder/spi-builder-workspace/.derivedData/Build/Intermediates.noindex/swift-syntax.build/Debug/SwiftSyntax509.build/DerivedSources/arm64 -Xcc -I/Users/admin/builder/spi-builder-workspace/.derivedData/Build/Intermediates.noindex/swift-syntax.build/Debug/SwiftSyntax509.build/DerivedSources -Xcc -DSWIFT_PACKAGE -Xcc -DDEBUG\=1 -emit-objc-header -emit-objc-header-path /Users/admin/builder/spi-builder-workspace/.derivedData/Build/Intermediates.noindex/swift-syntax.build/Debug/SwiftSyntax509.build/Objects-normal/arm64/SwiftSyntax509-Swift.h -working-directory /Users/admin/builder/spi-builder-workspace/.swiftpm/xcode -experimental-emit-module-separately -disable-cmo
SwiftDriver\ Compilation SwiftSyntax510 normal arm64 com.apple.xcode.tools.swift.compiler (in target 'SwiftSyntax510' from project 'swift-syntax')
    cd /Users/admin/builder/spi-builder-workspace/.swiftpm/xcode
    builtin-Swift-Compilation -- /Applications/Xcode-16.3.0.app/Contents/Developer/Toolchains/XcodeDefault.xctoolchain/usr/bin/swiftc -module-name SwiftSyntax510 -Onone -enforce-exclusivity\=checked @/Users/admin/builder/spi-builder-workspace/.derivedData/Build/Intermediates.noindex/swift-syntax.build/Debug/SwiftSyntax510.build/Objects-normal/arm64/SwiftSyntax510.SwiftFileList -DSWIFT_PACKAGE -DDEBUG -DXcode -plugin-path /Applications/Xcode-16.3.0.app/Contents/Developer/Toolchains/XcodeDefault.xctoolchain/usr/lib/swift/host/plugins/testing -enable-experimental-feature DebugDescriptionMacro -sdk /Applications/Xcode-16.3.0.app/Contents/Developer/Platforms/MacOSX.platform/Developer/SDKs/MacOSX15.4.sdk -target arm64-apple-macos10.15 -g -module-cache-path /Users/admin/builder/spi-builder-workspace/.derivedData/ModuleCache.noindex -Xfrontend -serialize-debugging-options -profile-coverage-mapping -profile-generate -enable-testing -suppress-warnings -index-store-path /Users/admin/builder/spi-builder-workspace/.derivedData/Index.noindex/DataStore -swift-version 6 -I /Users/admin/builder/spi-builder-workspace/.derivedData/Build/Products/Debug -I /Applications/Xcode-16.3.0.app/Contents/Developer/Platforms/MacOSX.platform/Developer/usr/lib -F /Users/admin/builder/spi-builder-workspace/.derivedData/Build/Products/Debug -F /Applications/Xcode-16.3.0.app/Contents/Developer/Platforms/MacOSX.platform/Developer/Library/Frameworks -parse-as-library -c -j10 -enable-batch-mode -incremental -Xcc -ivfsstatcache -Xcc /Users/admin/builder/spi-builder-workspace/.derivedData/SDKStatCaches.noindex/macosx15.4-24E241-8287b8f5db97e746a1562fbca0c9d29b.sdkstatcache -output-file-map /Users/admin/builder/spi-builder-workspace/.derivedData/Build/Intermediates.noindex/swift-syntax.build/Debug/SwiftSyntax510.build/Objects-normal/arm64/SwiftSyntax510-OutputFileMap.json -use-frontend-parseable-output -save-temps -no-color-diagnostics -serialize-diagnostics -emit-dependencies -emit-module -emit-module-path /Users/admin/builder/spi-builder-workspace/.derivedData/Build/Intermediates.noindex/swift-syntax.build/Debug/SwiftSyntax510.build/Objects-normal/arm64/SwiftSyntax510.swiftmodule -validate-clang-modules-once -clang-build-session-file /Users/admin/builder/spi-builder-workspace/.derivedData/ModuleCache.noindex/Session.modulevalidation -package-name swift_syntax -Xcc -I/Users/admin/builder/spi-builder-workspace/.derivedData/Build/Intermediates.noindex/swift-syntax.build/Debug/SwiftSyntax510.build/swift-overrides.hmap -emit-const-values -Xfrontend -const-gather-protocols-file -Xfrontend /Users/admin/builder/spi-builder-workspace/.derivedData/Build/Intermediates.noindex/swift-syntax.build/Debug/SwiftSyntax510.build/Objects-normal/arm64/SwiftSyntax510_const_extract_protocols.json -Xcc -I/Users/admin/builder/spi-builder-workspace/.derivedData/Build/Products/Debug/include -Xcc -I/Users/admin/builder/spi-builder-workspace/.derivedData/Build/Intermediates.noindex/swift-syntax.build/Debug/SwiftSyntax510.build/DerivedSources-normal/arm64 -Xcc -I/Users/admin/builder/spi-builder-workspace/.derivedData/Build/Intermediates.noindex/swift-syntax.build/Debug/SwiftSyntax510.build/DerivedSources/arm64 -Xcc -I/Users/admin/builder/spi-builder-workspace/.derivedData/Build/Intermediates.noindex/swift-syntax.build/Debug/SwiftSyntax510.build/DerivedSources -Xcc -DSWIFT_PACKAGE -Xcc -DDEBUG\=1 -emit-objc-header -emit-objc-header-path /Users/admin/builder/spi-builder-workspace/.derivedData/Build/Intermediates.noindex/swift-syntax.build/Debug/SwiftSyntax510.build/Objects-normal/arm64/SwiftSyntax510-Swift.h -working-directory /Users/admin/builder/spi-builder-workspace/.swiftpm/xcode -experimental-emit-module-separately -disable-cmo
SwiftCompile normal arm64 Compiling\ ElementaryFunctions.swift /Users/admin/builder/spi-builder-workspace/.dependencies/checkouts/swift-numerics/Sources/RealModule/ElementaryFunctions.swift (in target 'RealModule' from project 'swift-numerics')
SwiftCompile normal arm64 /Users/admin/builder/spi-builder-workspace/.dependencies/checkouts/swift-numerics/Sources/RealModule/ElementaryFunctions.swift (in target 'RealModule' from project 'swift-numerics')
    cd /Users/admin/builder/spi-builder-workspace/.swiftpm/xcode

SwiftCompile normal arm64 Compiling\ Real.swift /Users/admin/builder/spi-builder-workspace/.dependencies/checkouts/swift-numerics/Sources/RealModule/Real.swift (in target 'RealModule' from project 'swift-numerics')
SwiftCompile normal arm64 /Users/admin/builder/spi-builder-workspace/.dependencies/checkouts/swift-numerics/Sources/RealModule/Real.swift (in target 'RealModule' from project 'swift-numerics')
    cd /Users/admin/builder/spi-builder-workspace/.swiftpm/xcode

SwiftDriverJobDiscovery normal arm64 Compiling RelaxedArithmetic.swift (in target 'RealModule' from project 'swift-numerics')
SwiftCompile normal arm64 Compiling\ Double+Real.swift /Users/admin/builder/spi-builder-workspace/.dependencies/checkouts/swift-numerics/Sources/RealModule/Double+Real.swift (in target 'RealModule' from project 'swift-numerics')
SwiftCompile normal arm64 /Users/admin/builder/spi-builder-workspace/.dependencies/checkouts/swift-numerics/Sources/RealModule/Double+Real.swift (in target 'RealModule' from project 'swift-numerics')
    cd /Users/admin/builder/spi-builder-workspace/.swiftpm/xcode

SwiftDriverJobDiscovery normal arm64 Compiling AugmentedArithmetic.swift (in target 'RealModule' from project 'swift-numerics')
SwiftCompile normal arm64 Compiling\ AlgebraicField.swift,\ ApproximateEquality.swift /Users/admin/builder/spi-builder-workspace/.dependencies/checkouts/swift-numerics/Sources/RealModule/AlgebraicField.swift /Users/admin/builder/spi-builder-workspace/.dependencies/checkouts/swift-numerics/Sources/RealModule/ApproximateEquality.swift (in target 'RealModule' from project 'swift-numerics')
SwiftCompile normal arm64 /Users/admin/builder/spi-builder-workspace/.dependencies/checkouts/swift-numerics/Sources/RealModule/AlgebraicField.swift (in target 'RealModule' from project 'swift-numerics')
    cd /Users/admin/builder/spi-builder-workspace/.swiftpm/xcode

SwiftCompile normal arm64 /Users/admin/builder/spi-builder-workspace/.dependencies/checkouts/swift-numerics/Sources/RealModule/ApproximateEquality.swift (in target 'RealModule' from project 'swift-numerics')
    cd /Users/admin/builder/spi-builder-workspace/.swiftpm/xcode

SwiftEmitModule normal arm64 Emitting\ module\ for\ SwiftSyntax (in target 'SwiftSyntax' from project 'swift-syntax')
EmitSwiftModule normal arm64 (in target 'SwiftSyntax' from project 'swift-syntax')
    cd /Users/admin/builder/spi-builder-workspace/.swiftpm/xcode

SwiftDriverJobDiscovery normal arm64 Compiling Float80+Real.swift (in target 'RealModule' from project 'swift-numerics')
SwiftCompile normal arm64 Compiling\ SyntaxNodesD.swift,\ SyntaxNodesEF.swift,\ SyntaxNodesGHI.swift,\ SyntaxNodesJKLMN.swift,\ SyntaxNodesOP.swift,\ SyntaxNodesQRS.swift,\ SyntaxNodesTUVWXYZ.swift /Users/admin/builder/spi-builder-workspace/.dependencies/checkouts/swift-syntax/Sources/SwiftSyntax/generated/syntaxNodes/SyntaxNodesD.swift /Users/admin/builder/spi-builder-workspace/.dependencies/checkouts/swift-syntax/Sources/SwiftSyntax/generated/syntaxNodes/SyntaxNodesEF.swift /Users/admin/builder/spi-builder-workspace/.dependencies/checkouts/swift-syntax/Sources/SwiftSyntax/generated/syntaxNodes/SyntaxNodesGHI.swift /Users/admin/builder/spi-builder-workspace/.dependencies/checkouts/swift-syntax/Sources/SwiftSyntax/generated/syntaxNodes/SyntaxNodesJKLMN.swift /Users/admin/builder/spi-builder-workspace/.dependencies/checkouts/swift-syntax/Sources/SwiftSyntax/generated/syntaxNodes/SyntaxNodesOP.swift /Users/admin/builder/spi-builder-workspace/.dependencies/checkouts/swift-syntax/Sources/SwiftSyntax/generated/syntaxNodes/SyntaxNodesQRS.swift /Users/admin/builder/spi-builder-workspace/.dependencies/checkouts/swift-syntax/Sources/SwiftSyntax/generated/syntaxNodes/SyntaxNodesTUVWXYZ.swift (in target 'SwiftSyntax' from project 'swift-syntax')
SwiftCompile normal arm64 /Users/admin/builder/spi-builder-workspace/.dependencies/checkouts/swift-syntax/Sources/SwiftSyntax/generated/syntaxNodes/SyntaxNodesD.swift (in target 'SwiftSyntax' from project 'swift-syntax')
    cd /Users/admin/builder/spi-builder-workspace/.swiftpm/xcode

SwiftCompile normal arm64 /Users/admin/builder/spi-builder-workspace/.dependencies/checkouts/swift-syntax/Sources/SwiftSyntax/generated/syntaxNodes/SyntaxNodesEF.swift (in target 'SwiftSyntax' from project 'swift-syntax')
    cd /Users/admin/builder/spi-builder-workspace/.swiftpm/xcode

SwiftCompile normal arm64 /Users/admin/builder/spi-builder-workspace/.dependencies/checkouts/swift-syntax/Sources/SwiftSyntax/generated/syntaxNodes/SyntaxNodesGHI.swift (in target 'SwiftSyntax' from project 'swift-syntax')
    cd /Users/admin/builder/spi-builder-workspace/.swiftpm/xcode

SwiftCompile normal arm64 /Users/admin/builder/spi-builder-workspace/.dependencies/checkouts/swift-syntax/Sources/SwiftSyntax/generated/syntaxNodes/SyntaxNodesJKLMN.swift (in target 'SwiftSyntax' from project 'swift-syntax')
    cd /Users/admin/builder/spi-builder-workspace/.swiftpm/xcode

SwiftCompile normal arm64 /Users/admin/builder/spi-builder-workspace/.dependencies/checkouts/swift-syntax/Sources/SwiftSyntax/generated/syntaxNodes/SyntaxNodesOP.swift (in target 'SwiftSyntax' from project 'swift-syntax')
    cd /Users/admin/builder/spi-builder-workspace/.swiftpm/xcode

SwiftCompile normal arm64 /Users/admin/builder/spi-builder-workspace/.dependencies/checkouts/swift-syntax/Sources/SwiftSyntax/generated/syntaxNodes/SyntaxNodesQRS.swift (in target 'SwiftSyntax' from project 'swift-syntax')
    cd /Users/admin/builder/spi-builder-workspace/.swiftpm/xcode

SwiftCompile normal arm64 /Users/admin/builder/spi-builder-workspace/.dependencies/checkouts/swift-syntax/Sources/SwiftSyntax/generated/syntaxNodes/SyntaxNodesTUVWXYZ.swift (in target 'SwiftSyntax' from project 'swift-syntax')
    cd /Users/admin/builder/spi-builder-workspace/.swiftpm/xcode

SwiftDriverJobDiscovery normal arm64 Compiling Float16+Real.swift (in target 'RealModule' from project 'swift-numerics')
SwiftCompile normal arm64 Compiling\ AbsolutePosition.swift,\ AbsoluteSyntaxInfo.swift,\ ArenaAllocatedBuffer.swift,\ Assert.swift,\ BumpPtrAllocator.swift,\ CommonAncestor.swift,\ Convenience.swift /Users/admin/builder/spi-builder-workspace/.dependencies/checkouts/swift-syntax/Sources/SwiftSyntax/AbsolutePosition.swift /Users/admin/builder/spi-builder-workspace/.dependencies/checkouts/swift-syntax/Sources/SwiftSyntax/AbsoluteSyntaxInfo.swift /Users/admin/builder/spi-builder-workspace/.dependencies/checkouts/swift-syntax/Sources/SwiftSyntax/ArenaAllocatedBuffer.swift /Users/admin/builder/spi-builder-workspace/.dependencies/checkouts/swift-syntax/Sources/SwiftSyntax/Assert.swift /Users/admin/builder/spi-builder-workspace/.dependencies/checkouts/swift-syntax/Sources/SwiftSyntax/BumpPtrAllocator.swift /Users/admin/builder/spi-builder-workspace/.dependencies/checkouts/swift-syntax/Sources/SwiftSyntax/CommonAncestor.swift /Users/admin/builder/spi-builder-workspace/.dependencies/checkouts/swift-syntax/Sources/SwiftSyntax/Convenience.swift (in target 'SwiftSyntax' from project 'swift-syntax')
SwiftCompile normal arm64 /Users/admin/builder/spi-builder-workspace/.dependencies/checkouts/swift-syntax/Sources/SwiftSyntax/AbsolutePosition.swift (in target 'SwiftSyntax' from project 'swift-syntax')
    cd /Users/admin/builder/spi-builder-workspace/.swiftpm/xcode

SwiftCompile normal arm64 /Users/admin/builder/spi-builder-workspace/.dependencies/checkouts/swift-syntax/Sources/SwiftSyntax/AbsoluteSyntaxInfo.swift (in target 'SwiftSyntax' from project 'swift-syntax')
    cd /Users/admin/builder/spi-builder-workspace/.swiftpm/xcode

SwiftCompile normal arm64 /Users/admin/builder/spi-builder-workspace/.dependencies/checkouts/swift-syntax/Sources/SwiftSyntax/ArenaAllocatedBuffer.swift (in target 'SwiftSyntax' from project 'swift-syntax')
    cd /Users/admin/builder/spi-builder-workspace/.swiftpm/xcode

SwiftCompile normal arm64 /Users/admin/builder/spi-builder-workspace/.dependencies/checkouts/swift-syntax/Sources/SwiftSyntax/Assert.swift (in target 'SwiftSyntax' from project 'swift-syntax')
    cd /Users/admin/builder/spi-builder-workspace/.swiftpm/xcode

SwiftCompile normal arm64 /Users/admin/builder/spi-builder-workspace/.dependencies/checkouts/swift-syntax/Sources/SwiftSyntax/BumpPtrAllocator.swift (in target 'SwiftSyntax' from project 'swift-syntax')
    cd /Users/admin/builder/spi-builder-workspace/.swiftpm/xcode

SwiftCompile normal arm64 /Users/admin/builder/spi-builder-workspace/.dependencies/checkouts/swift-syntax/Sources/SwiftSyntax/CommonAncestor.swift (in target 'SwiftSyntax' from project 'swift-syntax')
    cd /Users/admin/builder/spi-builder-workspace/.swiftpm/xcode

SwiftCompile normal arm64 /Users/admin/builder/spi-builder-workspace/.dependencies/checkouts/swift-syntax/Sources/SwiftSyntax/Convenience.swift (in target 'SwiftSyntax' from project 'swift-syntax')
    cd /Users/admin/builder/spi-builder-workspace/.swiftpm/xcode

SwiftDriverJobDiscovery normal arm64 Compiling ElementaryFunctions.swift (in target 'RealModule' from project 'swift-numerics')
SwiftCompile normal arm64 Compiling\ SyntaxProtocol.swift,\ SyntaxText.swift,\ SyntaxTreeViewMode.swift,\ TokenDiagnostic.swift,\ TokenSequence.swift,\ TokenSyntax.swift,\ Trivia.swift /Users/admin/builder/spi-builder-workspace/.dependencies/checkouts/swift-syntax/Sources/SwiftSyntax/SyntaxProtocol.swift /Users/admin/builder/spi-builder-workspace/.dependencies/checkouts/swift-syntax/Sources/SwiftSyntax/SyntaxText.swift /Users/admin/builder/spi-builder-workspace/.dependencies/checkouts/swift-syntax/Sources/SwiftSyntax/SyntaxTreeViewMode.swift /Users/admin/builder/spi-builder-workspace/.dependencies/checkouts/swift-syntax/Sources/SwiftSyntax/TokenDiagnostic.swift /Users/admin/builder/spi-builder-workspace/.dependencies/checkouts/swift-syntax/Sources/SwiftSyntax/TokenSequence.swift /Users/admin/builder/spi-builder-workspace/.dependencies/checkouts/swift-syntax/Sources/SwiftSyntax/TokenSyntax.swift /Users/admin/builder/spi-builder-workspace/.dependencies/checkouts/swift-syntax/Sources/SwiftSyntax/Trivia.swift (in target 'SwiftSyntax' from project 'swift-syntax')
SwiftCompile normal arm64 /Users/admin/builder/spi-builder-workspace/.dependencies/checkouts/swift-syntax/Sources/SwiftSyntax/SyntaxProtocol.swift (in target 'SwiftSyntax' from project 'swift-syntax')
    cd /Users/admin/builder/spi-builder-workspace/.swiftpm/xcode

SwiftCompile normal arm64 /Users/admin/builder/spi-builder-workspace/.dependencies/checkouts/swift-syntax/Sources/SwiftSyntax/SyntaxText.swift (in target 'SwiftSyntax' from project 'swift-syntax')
    cd /Users/admin/builder/spi-builder-workspace/.swiftpm/xcode

SwiftCompile normal arm64 /Users/admin/builder/spi-builder-workspace/.dependencies/checkouts/swift-syntax/Sources/SwiftSyntax/SyntaxTreeViewMode.swift (in target 'SwiftSyntax' from project 'swift-syntax')
    cd /Users/admin/builder/spi-builder-workspace/.swiftpm/xcode

SwiftCompile normal arm64 /Users/admin/builder/spi-builder-workspace/.dependencies/checkouts/swift-syntax/Sources/SwiftSyntax/TokenDiagnostic.swift (in target 'SwiftSyntax' from project 'swift-syntax')
    cd /Users/admin/builder/spi-builder-workspace/.swiftpm/xcode

SwiftCompile normal arm64 /Users/admin/builder/spi-builder-workspace/.dependencies/checkouts/swift-syntax/Sources/SwiftSyntax/TokenSequence.swift (in target 'SwiftSyntax' from project 'swift-syntax')
    cd /Users/admin/builder/spi-builder-workspace/.swiftpm/xcode

SwiftCompile normal arm64 /Users/admin/builder/spi-builder-workspace/.dependencies/checkouts/swift-syntax/Sources/SwiftSyntax/TokenSyntax.swift (in target 'SwiftSyntax' from project 'swift-syntax')
    cd /Users/admin/builder/spi-builder-workspace/.swiftpm/xcode

SwiftCompile normal arm64 /Users/admin/builder/spi-builder-workspace/.dependencies/checkouts/swift-syntax/Sources/SwiftSyntax/Trivia.swift (in target 'SwiftSyntax' from project 'swift-syntax')
    cd /Users/admin/builder/spi-builder-workspace/.swiftpm/xcode

SwiftDriverJobDiscovery normal arm64 Compiling Real.swift (in target 'RealModule' from project 'swift-numerics')
SwiftCompile normal arm64 Compiling\ Utils.swift,\ ChildNameForKeyPath.swift,\ Keyword.swift,\ RenamedChildrenCompatibility.swift,\ RenamedNodesCompatibility.swift,\ SyntaxAnyVisitor.swift,\ SyntaxBaseNodes.swift /Users/admin/builder/spi-builder-workspace/.dependencies/checkouts/swift-syntax/Sources/SwiftSyntax/Utils.swift /Users/admin/builder/spi-builder-workspace/.dependencies/checkouts/swift-syntax/Sources/SwiftSyntax/generated/ChildNameForKeyPath.swift /Users/admin/builder/spi-builder-workspace/.dependencies/checkouts/swift-syntax/Sources/SwiftSyntax/generated/Keyword.swift /Users/admin/builder/spi-builder-workspace/.dependencies/checkouts/swift-syntax/Sources/SwiftSyntax/generated/RenamedChildrenCompatibility.swift /Users/admin/builder/spi-builder-workspace/.dependencies/checkouts/swift-syntax/Sources/SwiftSyntax/generated/RenamedNodesCompatibility.swift /Users/admin/builder/spi-builder-workspace/.dependencies/checkouts/swift-syntax/Sources/SwiftSyntax/generated/SyntaxAnyVisitor.swift /Users/admin/builder/spi-builder-workspace/.dependencies/checkouts/swift-syntax/Sources/SwiftSyntax/generated/SyntaxBaseNodes.swift (in target 'SwiftSyntax' from project 'swift-syntax')
SwiftCompile normal arm64 /Users/admin/builder/spi-builder-workspace/.dependencies/checkouts/swift-syntax/Sources/SwiftSyntax/Utils.swift (in target 'SwiftSyntax' from project 'swift-syntax')
    cd /Users/admin/builder/spi-builder-workspace/.swiftpm/xcode

SwiftCompile normal arm64 /Users/admin/builder/spi-builder-workspace/.dependencies/checkouts/swift-syntax/Sources/SwiftSyntax/generated/ChildNameForKeyPath.swift (in target 'SwiftSyntax' from project 'swift-syntax')
    cd /Users/admin/builder/spi-builder-workspace/.swiftpm/xcode

SwiftCompile normal arm64 /Users/admin/builder/spi-builder-workspace/.dependencies/checkouts/swift-syntax/Sources/SwiftSyntax/generated/Keyword.swift (in target 'SwiftSyntax' from project 'swift-syntax')
    cd /Users/admin/builder/spi-builder-workspace/.swiftpm/xcode

SwiftCompile normal arm64 /Users/admin/builder/spi-builder-workspace/.dependencies/checkouts/swift-syntax/Sources/SwiftSyntax/generated/RenamedChildrenCompatibility.swift (in target 'SwiftSyntax' from project 'swift-syntax')
    cd /Users/admin/builder/spi-builder-workspace/.swiftpm/xcode

SwiftCompile normal arm64 /Users/admin/builder/spi-builder-workspace/.dependencies/checkouts/swift-syntax/Sources/SwiftSyntax/generated/RenamedNodesCompatibility.swift (in target 'SwiftSyntax' from project 'swift-syntax')
    cd /Users/admin/builder/spi-builder-workspace/.swiftpm/xcode

SwiftCompile normal arm64 /Users/admin/builder/spi-builder-workspace/.dependencies/checkouts/swift-syntax/Sources/SwiftSyntax/generated/SyntaxAnyVisitor.swift (in target 'SwiftSyntax' from project 'swift-syntax')
    cd /Users/admin/builder/spi-builder-workspace/.swiftpm/xcode

SwiftCompile normal arm64 /Users/admin/builder/spi-builder-workspace/.dependencies/checkouts/swift-syntax/Sources/SwiftSyntax/generated/SyntaxBaseNodes.swift (in target 'SwiftSyntax' from project 'swift-syntax')
    cd /Users/admin/builder/spi-builder-workspace/.swiftpm/xcode

SwiftDriverJobDiscovery normal arm64 Emitting module for PropertyLawCore (in target 'PropertyLawCore' from project 'SwiftPropertyLaws')
SwiftDriver\ Compilation\ Requirements PropertyLawCore normal arm64 com.apple.xcode.tools.swift.compiler (in target 'PropertyLawCore' from project 'SwiftPropertyLaws')
    cd /Users/admin/builder/spi-builder-workspace/.swiftpm/xcode
    builtin-Swift-Compilation-Requirements -- /Applications/Xcode-16.3.0.app/Contents/Developer/Toolchains/XcodeDefault.xctoolchain/usr/bin/swiftc -module-name PropertyLawCore -Onone -enforce-exclusivity\=checked @/Users/admin/builder/spi-builder-workspace/.derivedData/Build/Intermediates.noindex/SwiftPropertyLaws.build/Debug/PropertyLawCore.build/Objects-normal/arm64/PropertyLawCore.SwiftFileList -DSWIFT_PACKAGE -DDEBUG -DXcode -plugin-path /Applications/Xcode-16.3.0.app/Contents/Developer/Toolchains/XcodeDefault.xctoolchain/usr/lib/swift/host/plugins/testing -enable-experimental-feature DebugDescriptionMacro -sdk /Applications/Xcode-16.3.0.app/Contents/Developer/Platforms/MacOSX.platform/Developer/SDKs/MacOSX15.4.sdk -target arm64-apple-macos14.0 -g -module-cache-path /Users/admin/builder/spi-builder-workspace/.derivedData/ModuleCache.noindex -Xfrontend -serialize-debugging-options -profile-coverage-mapping -profile-generate -enable-testing -index-store-path /Users/admin/builder/spi-builder-workspace/.derivedData/Index.noindex/DataStore -swift-version 6 -I /Users/admin/builder/spi-builder-workspace/.derivedData/Build/Products/Debug -I /Applications/Xcode-16.3.0.app/Contents/Developer/Platforms/MacOSX.platform/Developer/usr/lib -F /Users/admin/builder/spi-builder-workspace/.derivedData/Build/Products/Debug -F /Applications/Xcode-16.3.0.app/Contents/Developer/Platforms/MacOSX.platform/Developer/Library/Frameworks -c -j10 -enable-batch-mode -incremental -Xcc -ivfsstatcache -Xcc /Users/admin/builder/spi-builder-workspace/.derivedData/SDKStatCaches.noindex/macosx15.4-24E241-8287b8f5db97e746a1562fbca0c9d29b.sdkstatcache -output-file-map /Users/admin/builder/spi-builder-workspace/.derivedData/Build/Intermediates.noindex/SwiftPropertyLaws.build/Debug/PropertyLawCore.build/Objects-normal/arm64/PropertyLawCore-OutputFileMap.json -use-frontend-parseable-output -save-temps -no-color-diagnostics -serialize-diagnostics -emit-dependencies -emit-module -emit-module-path /Users/admin/builder/spi-builder-workspace/.derivedData/Build/Intermediates.noindex/SwiftPropertyLaws.build/Debug/PropertyLawCore.build/Objects-normal/arm64/PropertyLawCore.swiftmodule -validate-clang-modules-once -clang-build-session-file /Users/admin/builder/spi-builder-workspace/.derivedData/ModuleCache.noindex/Session.modulevalidation -package-name spi_builder_workspace -Xcc -I/Users/admin/builder/spi-builder-workspace/.derivedData/Build/Intermediates.noindex/SwiftPropertyLaws.build/Debug/PropertyLawCore.build/swift-overrides.hmap -emit-const-values -Xfrontend -const-gather-protocols-file -Xfrontend /Users/admin/builder/spi-builder-workspace/.derivedData/Build/Intermediates.noindex/SwiftPropertyLaws.build/Debug/PropertyLawCore.build/Objects-normal/arm64/PropertyLawCore_const_extract_protocols.json -Xcc -I/Users/admin/builder/spi-builder-workspace/.derivedData/Build/Products/Debug/include -Xcc -I/Users/admin/builder/spi-builder-workspace/.derivedData/Build/Intermediates.noindex/SwiftPropertyLaws.build/Debug/PropertyLawCore.build/DerivedSources-normal/arm64 -Xcc -I/Users/admin/builder/spi-builder-workspace/.derivedData/Build/Intermediates.noindex/SwiftPropertyLaws.build/Debug/PropertyLawCore.build/DerivedSources/arm64 -Xcc -I/Users/admin/builder/spi-builder-workspace/.derivedData/Build/Intermediates.noindex/SwiftPropertyLaws.build/Debug/PropertyLawCore.build/DerivedSources -Xcc -DSWIFT_PACKAGE -Xcc -DDEBUG\=1 -emit-objc-header -emit-objc-header-path /Users/admin/builder/spi-builder-workspace/.derivedData/Build/Intermediates.noindex/SwiftPropertyLaws.build/Debug/PropertyLawCore.build/Objects-normal/arm64/PropertyLawCore-Swift.h -working-directory /Users/admin/builder/spi-builder-workspace/.swiftpm/xcode -experimental-emit-module-separately -disable-cmo
SwiftDriverJobDiscovery normal arm64 Emitting module for RealModule (in target 'RealModule' from project 'swift-numerics')
SwiftDriver\ Compilation\ Requirements RealModule normal arm64 com.apple.xcode.tools.swift.compiler (in target 'RealModule' from project 'swift-numerics')
    cd /Users/admin/builder/spi-builder-workspace/.swiftpm/xcode
    builtin-Swift-Compilation-Requirements -- /Applications/Xcode-16.3.0.app/Contents/Developer/Toolchains/XcodeDefault.xctoolchain/usr/bin/swiftc -module-name RealModule -Onone -enforce-exclusivity\=checked @/Users/admin/builder/spi-builder-workspace/.derivedData/Build/Intermediates.noindex/swift-numerics.build/Debug/RealModule.build/Objects-normal/arm64/RealModule.SwiftFileList -DSWIFT_PACKAGE -DDEBUG -DXcode -plugin-path /Applications/Xcode-16.3.0.app/Contents/Developer/Toolchains/XcodeDefault.xctoolchain/usr/lib/swift/host/plugins/testing -enable-experimental-feature DebugDescriptionMacro -sdk /Applications/Xcode-16.3.0.app/Contents/Developer/Platforms/MacOSX.platform/Developer/SDKs/MacOSX15.4.sdk -target arm64-apple-macos10.13 -g -module-cache-path /Users/admin/builder/spi-builder-workspace/.derivedData/ModuleCache.noindex -Xfrontend -serialize-debugging-options -profile-coverage-mapping -profile-generate -enable-testing -suppress-warnings -index-store-path /Users/admin/builder/spi-builder-workspace/.derivedData/Index.noindex/DataStore -swift-version 5 -I /Users/admin/builder/spi-builder-workspace/.derivedData/Build/Products/Debug -I /Applications/Xcode-16.3.0.app/Contents/Developer/Platforms/MacOSX.platform/Developer/usr/lib -F /Users/admin/builder/spi-builder-workspace/.derivedData/Build/Products/Debug/PackageFrameworks -F /Users/admin/builder/spi-builder-workspace/.derivedData/Build/Products/Debug -F /Applications/Xcode-16.3.0.app/Contents/Developer/Platforms/MacOSX.platform/Developer/Library/Frameworks -c -j10 -enable-batch-mode -incremental -Xcc -ivfsstatcache -Xcc /Users/admin/builder/spi-builder-workspace/.derivedData/SDKStatCaches.noindex/macosx15.4-24E241-8287b8f5db97e746a1562fbca0c9d29b.sdkstatcache -output-file-map /Users/admin/builder/spi-builder-workspace/.derivedData/Build/Intermediates.noindex/swift-numerics.build/Debug/RealModule.build/Objects-normal/arm64/RealModule-OutputFileMap.json -use-frontend-parseable-output -save-temps -no-color-diagnostics -serialize-diagnostics -emit-dependencies -emit-module -emit-module-path /Users/admin/builder/spi-builder-workspace/.derivedData/Build/Intermediates.noindex/swift-numerics.build/Debug/RealModule.build/Objects-normal/arm64/RealModule.swiftmodule -validate-clang-modules-once -clang-build-session-file /Users/admin/builder/spi-builder-workspace/.derivedData/ModuleCache.noindex/Session.modulevalidation -package-name swift_numerics -Xcc -I/Users/admin/builder/spi-builder-workspace/.derivedData/Build/Intermediates.noindex/swift-numerics.build/Debug/RealModule.build/swift-overrides.hmap -emit-const-values -Xfrontend -const-gather-protocols-file -Xfrontend /Users/admin/builder/spi-builder-workspace/.derivedData/Build/Intermediates.noindex/swift-numerics.build/Debug/RealModule.build/Objects-normal/arm64/RealModule_const_extract_protocols.json -Xcc -I/Users/admin/builder/spi-builder-workspace/.dependencies/checkouts/swift-numerics/Sources/_NumericsShims/include -Xcc -I/Users/admin/builder/spi-builder-workspace/.derivedData/Build/Products/Debug/include -Xcc -I/Users/admin/builder/spi-builder-workspace/.derivedData/Build/Intermediates.noindex/swift-numerics.build/Debug/RealModule.build/DerivedSources-normal/arm64 -Xcc -I/Users/admin/builder/spi-builder-workspace/.derivedData/Build/Intermediates.noindex/swift-numerics.build/Debug/RealModule.build/DerivedSources/arm64 -Xcc -I/Users/admin/builder/spi-builder-workspace/.derivedData/Build/Intermediates.noindex/swift-numerics.build/Debug/RealModule.build/DerivedSources -Xcc -DSWIFT_PACKAGE -Xcc -DDEBUG\=1 -emit-objc-header -emit-objc-header-path /Users/admin/builder/spi-builder-workspace/.derivedData/Build/Intermediates.noindex/swift-numerics.build/Debug/RealModule.build/Objects-normal/arm64/RealModule-Swift.h -working-directory /Users/admin/builder/spi-builder-workspace/.swiftpm/xcode -experimental-emit-module-separately -disable-cmo
Copy /Users/admin/builder/spi-builder-workspace/.derivedData/Build/Products/Debug/PropertyLawCore.swiftmodule/arm64-apple-macos.abi.json /Users/admin/builder/spi-builder-workspace/.derivedData/Build/Intermediates.noindex/SwiftPropertyLaws.build/Debug/PropertyLawCore.build/Objects-normal/arm64/PropertyLawCore.abi.json (in target 'PropertyLawCore' from project 'SwiftPropertyLaws')
    cd /Users/admin/builder/spi-builder-workspace
    builtin-copy -exclude .DS_Store -exclude CVS -exclude .svn -exclude .git -exclude .hg -resolve-src-symlinks -rename /Users/admin/builder/spi-builder-workspace/.derivedData/Build/Intermediates.noindex/SwiftPropertyLaws.build/Debug/PropertyLawCore.build/Objects-normal/arm64/PropertyLawCore.abi.json /Users/admin/builder/spi-builder-workspace/.derivedData/Build/Products/Debug/PropertyLawCore.swiftmodule/arm64-apple-macos.abi.json
Copy /Users/admin/builder/spi-builder-workspace/.derivedData/Build/Products/Debug/RealModule.swiftmodule/arm64-apple-macos.swiftmodule /Users/admin/builder/spi-builder-workspace/.derivedData/Build/Intermediates.noindex/swift-numerics.build/Debug/RealModule.build/Objects-normal/arm64/RealModule.swiftmodule (in target 'RealModule' from project 'swift-numerics')
    cd /Users/admin/builder/spi-builder-workspace/.dependencies/checkouts/swift-numerics
    builtin-copy -exclude .DS_Store -exclude CVS -exclude .svn -exclude .git -exclude .hg -resolve-src-symlinks -rename /Users/admin/builder/spi-builder-workspace/.derivedData/Build/Intermediates.noindex/swift-numerics.build/Debug/RealModule.build/Objects-normal/arm64/RealModule.swiftmodule /Users/admin/builder/spi-builder-workspace/.derivedData/Build/Products/Debug/RealModule.swiftmodule/arm64-apple-macos.swiftmodule
Copy /Users/admin/builder/spi-builder-workspace/.derivedData/Build/Products/Debug/RealModule.swiftmodule/arm64-apple-macos.abi.json /Users/admin/builder/spi-builder-workspace/.derivedData/Build/Intermediates.noindex/swift-numerics.build/Debug/RealModule.build/Objects-normal/arm64/RealModule.abi.json (in target 'RealModule' from project 'swift-numerics')
    cd /Users/admin/builder/spi-builder-workspace/.dependencies/checkouts/swift-numerics
    builtin-copy -exclude .DS_Store -exclude CVS -exclude .svn -exclude .git -exclude .hg -resolve-src-symlinks -rename /Users/admin/builder/spi-builder-workspace/.derivedData/Build/Intermediates.noindex/swift-numerics.build/Debug/RealModule.build/Objects-normal/arm64/RealModule.abi.json /Users/admin/builder/spi-builder-workspace/.derivedData/Build/Products/Debug/RealModule.swiftmodule/arm64-apple-macos.abi.json
SwiftCompile normal arm64 Compiling\ SwiftSyntaxCompatibility.swift,\ Syntax.swift,\ SyntaxChildren.swift,\ SyntaxCollection.swift,\ SyntaxHashable.swift,\ SyntaxIdentifier.swift,\ SyntaxNodeStructure.swift /Users/admin/builder/spi-builder-workspace/.dependencies/checkouts/swift-syntax/Sources/SwiftSyntax/SwiftSyntaxCompatibility.swift /Users/admin/builder/spi-builder-workspace/.dependencies/checkouts/swift-syntax/Sources/SwiftSyntax/Syntax.swift /Users/admin/builder/spi-builder-workspace/.dependencies/checkouts/swift-syntax/Sources/SwiftSyntax/SyntaxChildren.swift /Users/admin/builder/spi-builder-workspace/.dependencies/checkouts/swift-syntax/Sources/SwiftSyntax/SyntaxCollection.swift /Users/admin/builder/spi-builder-workspace/.dependencies/checkouts/swift-syntax/Sources/SwiftSyntax/SyntaxHashable.swift /Users/admin/builder/spi-builder-workspace/.dependencies/checkouts/swift-syntax/Sources/SwiftSyntax/SyntaxIdentifier.swift /Users/admin/builder/spi-builder-workspace/.dependencies/checkouts/swift-syntax/Sources/SwiftSyntax/SyntaxNodeStructure.swift (in target 'SwiftSyntax' from project 'swift-syntax')
SwiftCompile normal arm64 /Users/admin/builder/spi-builder-workspace/.dependencies/checkouts/swift-syntax/Sources/SwiftSyntax/SwiftSyntaxCompatibility.swift (in target 'SwiftSyntax' from project 'swift-syntax')
    cd /Users/admin/builder/spi-builder-workspace/.swiftpm/xcode

SwiftCompile normal arm64 /Users/admin/builder/spi-builder-workspace/.dependencies/checkouts/swift-syntax/Sources/SwiftSyntax/Syntax.swift (in target 'SwiftSyntax' from project 'swift-syntax')
    cd /Users/admin/builder/spi-builder-workspace/.swiftpm/xcode

SwiftCompile normal arm64 /Users/admin/builder/spi-builder-workspace/.dependencies/checkouts/swift-syntax/Sources/SwiftSyntax/SyntaxChildren.swift (in target 'SwiftSyntax' from project 'swift-syntax')
    cd /Users/admin/builder/spi-builder-workspace/.swiftpm/xcode

SwiftCompile normal arm64 /Users/admin/builder/spi-builder-workspace/.dependencies/checkouts/swift-syntax/Sources/SwiftSyntax/SyntaxCollection.swift (in target 'SwiftSyntax' from project 'swift-syntax')
    cd /Users/admin/builder/spi-builder-workspace/.swiftpm/xcode

SwiftCompile normal arm64 /Users/admin/builder/spi-builder-workspace/.dependencies/checkouts/swift-syntax/Sources/SwiftSyntax/SyntaxHashable.swift (in target 'SwiftSyntax' from project 'swift-syntax')
    cd /Users/admin/builder/spi-builder-workspace/.swiftpm/xcode

SwiftCompile normal arm64 /Users/admin/builder/spi-builder-workspace/.dependencies/checkouts/swift-syntax/Sources/SwiftSyntax/SyntaxIdentifier.swift (in target 'SwiftSyntax' from project 'swift-syntax')
    cd /Users/admin/builder/spi-builder-workspace/.swiftpm/xcode

SwiftCompile normal arm64 /Users/admin/builder/spi-builder-workspace/.dependencies/checkouts/swift-syntax/Sources/SwiftSyntax/SyntaxNodeStructure.swift (in target 'SwiftSyntax' from project 'swift-syntax')
    cd /Users/admin/builder/spi-builder-workspace/.swiftpm/xcode

SwiftCompile normal arm64 Compiling\ CustomTraits.swift,\ EditorPlaceholder.swift,\ Identifier.swift,\ MemoryLayout.swift,\ MissingNodeInitializers.swift,\ RawSyntax.swift,\ RawSyntaxArena.swift /Users/admin/builder/spi-builder-workspace/.dependencies/checkouts/swift-syntax/Sources/SwiftSyntax/CustomTraits.swift /Users/admin/builder/spi-builder-workspace/.dependencies/checkouts/swift-syntax/Sources/SwiftSyntax/EditorPlaceholder.swift /Users/admin/builder/spi-builder-workspace/.dependencies/checkouts/swift-syntax/Sources/SwiftSyntax/Identifier.swift /Users/admin/builder/spi-builder-workspace/.dependencies/checkouts/swift-syntax/Sources/SwiftSyntax/MemoryLayout.swift /Users/admin/builder/spi-builder-workspace/.dependencies/checkouts/swift-syntax/Sources/SwiftSyntax/MissingNodeInitializers.swift /Users/admin/builder/spi-builder-workspace/.dependencies/checkouts/swift-syntax/Sources/SwiftSyntax/Raw/RawSyntax.swift /Users/admin/builder/spi-builder-workspace/.dependencies/checkouts/swift-syntax/Sources/SwiftSyntax/Raw/RawSyntaxArena.swift (in target 'SwiftSyntax' from project 'swift-syntax')
SwiftCompile normal arm64 /Users/admin/builder/spi-builder-workspace/.dependencies/checkouts/swift-syntax/Sources/SwiftSyntax/CustomTraits.swift (in target 'SwiftSyntax' from project 'swift-syntax')
    cd /Users/admin/builder/spi-builder-workspace/.swiftpm/xcode

SwiftCompile normal arm64 /Users/admin/builder/spi-builder-workspace/.dependencies/checkouts/swift-syntax/Sources/SwiftSyntax/EditorPlaceholder.swift (in target 'SwiftSyntax' from project 'swift-syntax')
    cd /Users/admin/builder/spi-builder-workspace/.swiftpm/xcode

SwiftCompile normal arm64 /Users/admin/builder/spi-builder-workspace/.dependencies/checkouts/swift-syntax/Sources/SwiftSyntax/Identifier.swift (in target 'SwiftSyntax' from project 'swift-syntax')
    cd /Users/admin/builder/spi-builder-workspace/.swiftpm/xcode

SwiftCompile normal arm64 /Users/admin/builder/spi-builder-workspace/.dependencies/checkouts/swift-syntax/Sources/SwiftSyntax/MemoryLayout.swift (in target 'SwiftSyntax' from project 'swift-syntax')
    cd /Users/admin/builder/spi-builder-workspace/.swiftpm/xcode

SwiftCompile normal arm64 /Users/admin/builder/spi-builder-workspace/.dependencies/checkouts/swift-syntax/Sources/SwiftSyntax/MissingNodeInitializers.swift (in target 'SwiftSyntax' from project 'swift-syntax')
    cd /Users/admin/builder/spi-builder-workspace/.swiftpm/xcode

SwiftCompile normal arm64 /Users/admin/builder/spi-builder-workspace/.dependencies/checkouts/swift-syntax/Sources/SwiftSyntax/Raw/RawSyntax.swift (in target 'SwiftSyntax' from project 'swift-syntax')
    cd /Users/admin/builder/spi-builder-workspace/.swiftpm/xcode

SwiftCompile normal arm64 /Users/admin/builder/spi-builder-workspace/.dependencies/checkouts/swift-syntax/Sources/SwiftSyntax/Raw/RawSyntaxArena.swift (in target 'SwiftSyntax' from project 'swift-syntax')
    cd /Users/admin/builder/spi-builder-workspace/.swiftpm/xcode

SwiftDriverJobDiscovery normal arm64 Compiling AlgebraicField.swift, ApproximateEquality.swift (in target 'RealModule' from project 'swift-numerics')
SwiftCompile normal arm64 Compiling\ RawSyntaxNodesJKLMN.swift,\ RawSyntaxNodesOP.swift,\ RawSyntaxNodesQRS.swift,\ RawSyntaxNodesTUVWXYZ.swift,\ RawSyntaxValidation.swift,\ SyntaxNodesAB.swift,\ SyntaxNodesC.swift /Users/admin/builder/spi-builder-workspace/.dependencies/checkouts/swift-syntax/Sources/SwiftSyntax/generated/raw/RawSyntaxNodesJKLMN.swift /Users/admin/builder/spi-builder-workspace/.dependencies/checkouts/swift-syntax/Sources/SwiftSyntax/generated/raw/RawSyntaxNodesOP.swift /Users/admin/builder/spi-builder-workspace/.dependencies/checkouts/swift-syntax/Sources/SwiftSyntax/generated/raw/RawSyntaxNodesQRS.swift /Users/admin/builder/spi-builder-workspace/.dependencies/checkouts/swift-syntax/Sources/SwiftSyntax/generated/raw/RawSyntaxNodesTUVWXYZ.swift /Users/admin/builder/spi-builder-workspace/.dependencies/checkouts/swift-syntax/Sources/SwiftSyntax/generated/raw/RawSyntaxValidation.swift /Users/admin/builder/spi-builder-workspace/.dependencies/checkouts/swift-syntax/Sources/SwiftSyntax/generated/syntaxNodes/SyntaxNodesAB.swift /Users/admin/builder/spi-builder-workspace/.dependencies/checkouts/swift-syntax/Sources/SwiftSyntax/generated/syntaxNodes/SyntaxNodesC.swift (in target 'SwiftSyntax' from project 'swift-syntax')
SwiftCompile normal arm64 /Users/admin/builder/spi-builder-workspace/.dependencies/checkouts/swift-syntax/Sources/SwiftSyntax/generated/raw/RawSyntaxNodesJKLMN.swift (in target 'SwiftSyntax' from project 'swift-syntax')
    cd /Users/admin/builder/spi-builder-workspace/.swiftpm/xcode

SwiftCompile normal arm64 /Users/admin/builder/spi-builder-workspace/.dependencies/checkouts/swift-syntax/Sources/SwiftSyntax/generated/raw/RawSyntaxNodesOP.swift (in target 'SwiftSyntax' from project 'swift-syntax')
    cd /Users/admin/builder/spi-builder-workspace/.swiftpm/xcode

SwiftCompile normal arm64 /Users/admin/builder/spi-builder-workspace/.dependencies/checkouts/swift-syntax/Sources/SwiftSyntax/generated/raw/RawSyntaxNodesQRS.swift (in target 'SwiftSyntax' from project 'swift-syntax')
    cd /Users/admin/builder/spi-builder-workspace/.swiftpm/xcode

SwiftCompile normal arm64 /Users/admin/builder/spi-builder-workspace/.dependencies/checkouts/swift-syntax/Sources/SwiftSyntax/generated/raw/RawSyntaxNodesTUVWXYZ.swift (in target 'SwiftSyntax' from project 'swift-syntax')
    cd /Users/admin/builder/spi-builder-workspace/.swiftpm/xcode

SwiftCompile normal arm64 /Users/admin/builder/spi-builder-workspace/.dependencies/checkouts/swift-syntax/Sources/SwiftSyntax/generated/raw/RawSyntaxValidation.swift (in target 'SwiftSyntax' from project 'swift-syntax')
    cd /Users/admin/builder/spi-builder-workspace/.swiftpm/xcode

SwiftCompile normal arm64 /Users/admin/builder/spi-builder-workspace/.dependencies/checkouts/swift-syntax/Sources/SwiftSyntax/generated/syntaxNodes/SyntaxNodesAB.swift (in target 'SwiftSyntax' from project 'swift-syntax')
    cd /Users/admin/builder/spi-builder-workspace/.swiftpm/xcode

SwiftCompile normal arm64 /Users/admin/builder/spi-builder-workspace/.dependencies/checkouts/swift-syntax/Sources/SwiftSyntax/generated/syntaxNodes/SyntaxNodesC.swift (in target 'SwiftSyntax' from project 'swift-syntax')
    cd /Users/admin/builder/spi-builder-workspace/.swiftpm/xcode

SwiftDriverJobDiscovery normal arm64 Compiling Double+Real.swift (in target 'RealModule' from project 'swift-numerics')
SwiftCompile normal arm64 Compiling\ SyntaxCollections.swift,\ SyntaxEnum.swift,\ SyntaxKind.swift,\ SyntaxRewriter.swift,\ SyntaxTraits.swift,\ SyntaxVisitor.swift,\ TokenKind.swift /Users/admin/builder/spi-builder-workspace/.dependencies/checkouts/swift-syntax/Sources/SwiftSyntax/generated/SyntaxCollections.swift /Users/admin/builder/spi-builder-workspace/.dependencies/checkouts/swift-syntax/Sources/SwiftSyntax/generated/SyntaxEnum.swift /Users/admin/builder/spi-builder-workspace/.dependencies/checkouts/swift-syntax/Sources/SwiftSyntax/generated/SyntaxKind.swift /Users/admin/builder/spi-builder-workspace/.dependencies/checkouts/swift-syntax/Sources/SwiftSyntax/generated/SyntaxRewriter.swift /Users/admin/builder/spi-builder-workspace/.dependencies/checkouts/swift-syntax/Sources/SwiftSyntax/generated/SyntaxTraits.swift /Users/admin/builder/spi-builder-workspace/.dependencies/checkouts/swift-syntax/Sources/SwiftSyntax/generated/SyntaxVisitor.swift /Users/admin/builder/spi-builder-workspace/.dependencies/checkouts/swift-syntax/Sources/SwiftSyntax/generated/TokenKind.swift (in target 'SwiftSyntax' from project 'swift-syntax')
SwiftCompile normal arm64 /Users/admin/builder/spi-builder-workspace/.dependencies/checkouts/swift-syntax/Sources/SwiftSyntax/generated/SyntaxCollections.swift (in target 'SwiftSyntax' from project 'swift-syntax')
    cd /Users/admin/builder/spi-builder-workspace/.swiftpm/xcode

SwiftCompile normal arm64 /Users/admin/builder/spi-builder-workspace/.dependencies/checkouts/swift-syntax/Sources/SwiftSyntax/generated/SyntaxEnum.swift (in target 'SwiftSyntax' from project 'swift-syntax')
    cd /Users/admin/builder/spi-builder-workspace/.swiftpm/xcode

SwiftCompile normal arm64 /Users/admin/builder/spi-builder-workspace/.dependencies/checkouts/swift-syntax/Sources/SwiftSyntax/generated/SyntaxKind.swift (in target 'SwiftSyntax' from project 'swift-syntax')
    cd /Users/admin/builder/spi-builder-workspace/.swiftpm/xcode

SwiftCompile normal arm64 /Users/admin/builder/spi-builder-workspace/.dependencies/checkouts/swift-syntax/Sources/SwiftSyntax/generated/SyntaxRewriter.swift (in target 'SwiftSyntax' from project 'swift-syntax')
    cd /Users/admin/builder/spi-builder-workspace/.swiftpm/xcode

SwiftCompile normal arm64 /Users/admin/builder/spi-builder-workspace/.dependencies/checkouts/swift-syntax/Sources/SwiftSyntax/generated/SyntaxTraits.swift (in target 'SwiftSyntax' from project 'swift-syntax')
    cd /Users/admin/builder/spi-builder-workspace/.swiftpm/xcode

SwiftCompile normal arm64 /Users/admin/builder/spi-builder-workspace/.dependencies/checkouts/swift-syntax/Sources/SwiftSyntax/generated/SyntaxVisitor.swift (in target 'SwiftSyntax' from project 'swift-syntax')
    cd /Users/admin/builder/spi-builder-workspace/.swiftpm/xcode

SwiftCompile normal arm64 /Users/admin/builder/spi-builder-workspace/.dependencies/checkouts/swift-syntax/Sources/SwiftSyntax/generated/TokenKind.swift (in target 'SwiftSyntax' from project 'swift-syntax')
    cd /Users/admin/builder/spi-builder-workspace/.swiftpm/xcode

SwiftDriverJobDiscovery normal arm64 Emitting module for InternalCollectionsUtilities (in target 'InternalCollectionsUtilities' from project 'swift-collections')
SwiftDriver\ Compilation\ Requirements InternalCollectionsUtilities normal arm64 com.apple.xcode.tools.swift.compiler (in target 'InternalCollectionsUtilities' from project 'swift-collections')
    cd /Users/admin/builder/spi-builder-workspace/.swiftpm/xcode
    builtin-Swift-Compilation-Requirements -- /Applications/Xcode-16.3.0.app/Contents/Developer/Toolchains/XcodeDefault.xctoolchain/usr/bin/swiftc -module-name InternalCollectionsUtilities -Onone -enforce-exclusivity\=checked @/Users/admin/builder/spi-builder-workspace/.derivedData/Build/Intermediates.noindex/swift-collections.build/Debug/InternalCollectionsUtilities.build/Objects-normal/arm64/InternalCollectionsUtilities.SwiftFileList -DSWIFT_PACKAGE -DDEBUG -DCOLLECTIONS_RANDOMIZED_TESTING -DXcode -enable-experimental-feature AvailabilityMacro\=SwiftStdlib\ 5.0:\ macOS\ 10.14.4,\ iOS\ 12.2,\ watchOS\ 5.2,\ tvOS\ 12.2 -enable-experimental-feature AvailabilityMacro\=SwiftStdlib\ 5.1:\ macOS\ 10.15,\ iOS\ 13.0,\ watchOS\ 6.0,\ tvOS\ 13.0 -enable-experimental-feature AvailabilityMacro\=SwiftStdlib\ 5.6:\ macOS\ 12.3,\ iOS\ 15.4,\ watchOS\ 8.5,\ tvOS\ 15.4 -enable-experimental-feature AvailabilityMacro\=SwiftStdlib\ 5.8:\ macOS\ 13.3,\ iOS\ 16.4,\ watchOS\ 9.4,\ tvOS\ 16.4 -enable-experimental-feature AvailabilityMacro\=SwiftStdlib\ 5.9:\ macOS\ 14.0,\ iOS\ 17.0,\ watchOS\ 10.0,\ tvOS\ 17.0 -enable-experimental-feature AvailabilityMacro\=SwiftStdlib\ 5.10:\ macOS\ 14.4,\ iOS\ 17.4,\ watchOS\ 10.4,\ tvOS\ 17.4,\ visionOS\ 1.1 -enable-experimental-feature AvailabilityMacro\=SwiftStdlib\ 6.0:\ macOS\ 15.0,\ iOS\ 18.0,\ watchOS\ 11.0,\ tvOS\ 18.0,\ visionOS\ 2.0 -enable-experimental-feature AvailabilityMacro\=SwiftStdlib\ 6.1:\ macOS\ 15.4,\ iOS\ 18.4,\ watchOS\ 11.4,\ tvOS\ 18.4,\ visionOS\ 2.4 -enable-experimental-feature AvailabilityMacro\=SwiftStdlib\ 6.2:\ macOS\ 26.0,\ iOS\ 26.0,\ watchOS\ 26.0,\ tvOS\ 26.0,\ visionOS\ 26.0 -enable-experimental-feature AvailabilityMacro\=SwiftStdlib\ 6.3:\ macOS\ 26.4,\ iOS\ 26.4,\ watchOS\ 26.4,\ tvOS\ 26.4,\ visionOS\ 26.4 -enable-experimental-feature AvailabilityMacro\=SwiftStdlib\ 6.4:\ macOS\ 9999,\ iOS\ 9999,\ watchOS\ 9999,\ tvOS\ 9999,\ visionOS\ 9999 -enable-experimental-feature AvailabilityMacro\=SwiftStdlib\ 6.5:\ macOS\ 9999,\ iOS\ 9999,\ watchOS\ 9999,\ tvOS\ 9999,\ visionOS\ 9999 -enable-upcoming-feature MemberImportVisibility -enable-experimental-feature BuiltinModule -plugin-path /Applications/Xcode-16.3.0.app/Contents/Developer/Toolchains/XcodeDefault.xctoolchain/usr/lib/swift/host/plugins/testing -enable-experimental-feature DebugDescriptionMacro -sdk /Applications/Xcode-16.3.0.app/Contents/Developer/Platforms/MacOSX.platform/Developer/SDKs/MacOSX15.4.sdk -target arm64-apple-macos10.13 -g -module-cache-path /Users/admin/builder/spi-builder-workspace/.derivedData/ModuleCache.noindex -Xfrontend -serialize-debugging-options -profile-coverage-mapping -profile-generate -enable-testing -suppress-warnings -index-store-path /Users/admin/builder/spi-builder-workspace/.derivedData/Index.noindex/DataStore -swift-version 6 -I /Users/admin/builder/spi-builder-workspace/.derivedData/Build/Products/Debug -I /Applications/Xcode-16.3.0.app/Contents/Developer/Platforms/MacOSX.platform/Developer/usr/lib -F /Users/admin/builder/spi-builder-workspace/.derivedData/Build/Products/Debug -F /Applications/Xcode-16.3.0.app/Contents/Developer/Platforms/MacOSX.platform/Developer/Library/Frameworks -c -j10 -enable-batch-mode -incremental -Xcc -ivfsstatcache -Xcc /Users/admin/builder/spi-builder-workspace/.derivedData/SDKStatCaches.noindex/macosx15.4-24E241-8287b8f5db97e746a1562fbca0c9d29b.sdkstatcache -output-file-map /Users/admin/builder/spi-builder-workspace/.derivedData/Build/Intermediates.noindex/swift-collections.build/Debug/InternalCollectionsUtilities.build/Objects-normal/arm64/InternalCollectionsUtilities-OutputFileMap.json -use-frontend-parseable-output -save-temps -no-color-diagnostics -serialize-diagnostics -emit-dependencies -emit-module -emit-module-path /Users/admin/builder/spi-builder-workspace/.derivedData/Build/Intermediates.noindex/swift-collections.build/Debug/InternalCollectionsUtilities.build/Objects-normal/arm64/InternalCollectionsUtilities.swiftmodule -user-module-version 1.6.0 -validate-clang-modules-once -clang-build-session-file /Users/admin/builder/spi-builder-workspace/.derivedData/ModuleCache.noindex/Session.modulevalidation -package-name swift_collections -Xcc -I/Users/admin/builder/spi-builder-workspace/.derivedData/Build/Intermediates.noindex/swift-collections.build/Debug/InternalCollectionsUtilities.build/swift-overrides.hmap -emit-const-values -Xfrontend -const-gather-protocols-file -Xfrontend /Users/admin/builder/spi-builder-workspace/.derivedData/Build/Intermediates.noindex/swift-collections.build/Debug/InternalCollectionsUtilities.build/Objects-normal/arm64/InternalCollectionsUtilities_const_extract_protocols.json -Xcc -I/Users/admin/builder/spi-builder-workspace/.derivedData/Build/Products/Debug/include -Xcc -I/Users/admin/builder/spi-builder-workspace/.derivedData/Build/Intermediates.noindex/swift-collections.build/Debug/InternalCollectionsUtilities.build/DerivedSources-normal/arm64 -Xcc -I/Users/admin/builder/spi-builder-workspace/.derivedData/Build/Intermediates.noindex/swift-collections.build/Debug/InternalCollectionsUtilities.build/DerivedSources/arm64 -Xcc -I/Users/admin/builder/spi-builder-workspace/.derivedData/Build/Intermediates.noindex/swift-collections.build/Debug/InternalCollectionsUtilities.build/DerivedSources -Xcc -DSWIFT_PACKAGE -Xcc -DDEBUG\=1 -emit-objc-header -emit-objc-header-path /Users/admin/builder/spi-builder-workspace/.derivedData/Build/Intermediates.noindex/swift-collections.build/Debug/InternalCollectionsUtilities.build/Objects-normal/arm64/InternalCollectionsUtilities-Swift.h -working-directory /Users/admin/builder/spi-builder-workspace/.swiftpm/xcode -experimental-emit-module-separately -disable-cmo
SwiftDriverJobDiscovery normal arm64 Compiling AbsolutePosition.swift, AbsoluteSyntaxInfo.swift, ArenaAllocatedBuffer.swift, Assert.swift, BumpPtrAllocator.swift, CommonAncestor.swift, Convenience.swift (in target 'SwiftSyntax' from project 'swift-syntax')
SwiftCompile normal arm64 Compiling\ RawSyntaxLayoutView.swift,\ RawSyntaxNodeProtocol.swift,\ RawSyntaxTokenView.swift,\ SourceEdit.swift,\ SourceLength.swift,\ SourceLocation.swift,\ SourcePresence.swift /Users/admin/builder/spi-builder-workspace/.dependencies/checkouts/swift-syntax/Sources/SwiftSyntax/Raw/RawSyntaxLayoutView.swift /Users/admin/builder/spi-builder-workspace/.dependencies/checkouts/swift-syntax/Sources/SwiftSyntax/Raw/RawSyntaxNodeProtocol.swift /Users/admin/builder/spi-builder-workspace/.dependencies/checkouts/swift-syntax/Sources/SwiftSyntax/Raw/RawSyntaxTokenView.swift /Users/admin/builder/spi-builder-workspace/.dependencies/checkouts/swift-syntax/Sources/SwiftSyntax/SourceEdit.swift /Users/admin/builder/spi-builder-workspace/.dependencies/checkouts/swift-syntax/Sources/SwiftSyntax/SourceLength.swift /Users/admin/builder/spi-builder-workspace/.dependencies/checkouts/swift-syntax/Sources/SwiftSyntax/SourceLocation.swift /Users/admin/builder/spi-builder-workspace/.dependencies/checkouts/swift-syntax/Sources/SwiftSyntax/SourcePresence.swift (in target 'SwiftSyntax' from project 'swift-syntax')
SwiftCompile normal arm64 /Users/admin/builder/spi-builder-workspace/.dependencies/checkouts/swift-syntax/Sources/SwiftSyntax/Raw/RawSyntaxLayoutView.swift (in target 'SwiftSyntax' from project 'swift-syntax')
    cd /Users/admin/builder/spi-builder-workspace/.swiftpm/xcode

SwiftCompile normal arm64 /Users/admin/builder/spi-builder-workspace/.dependencies/checkouts/swift-syntax/Sources/SwiftSyntax/Raw/RawSyntaxNodeProtocol.swift (in target 'SwiftSyntax' from project 'swift-syntax')
    cd /Users/admin/builder/spi-builder-workspace/.swiftpm/xcode

SwiftCompile normal arm64 /Users/admin/builder/spi-builder-workspace/.dependencies/checkouts/swift-syntax/Sources/SwiftSyntax/Raw/RawSyntaxTokenView.swift (in target 'SwiftSyntax' from project 'swift-syntax')
    cd /Users/admin/builder/spi-builder-workspace/.swiftpm/xcode

SwiftCompile normal arm64 /Users/admin/builder/spi-builder-workspace/.dependencies/checkouts/swift-syntax/Sources/SwiftSyntax/SourceEdit.swift (in target 'SwiftSyntax' from project 'swift-syntax')
    cd /Users/admin/builder/spi-builder-workspace/.swiftpm/xcode

SwiftCompile normal arm64 /Users/admin/builder/spi-builder-workspace/.dependencies/checkouts/swift-syntax/Sources/SwiftSyntax/SourceLength.swift (in target 'SwiftSyntax' from project 'swift-syntax')
    cd /Users/admin/builder/spi-builder-workspace/.swiftpm/xcode

SwiftCompile normal arm64 /Users/admin/builder/spi-builder-workspace/.dependencies/checkouts/swift-syntax/Sources/SwiftSyntax/SourceLocation.swift (in target 'SwiftSyntax' from project 'swift-syntax')
    cd /Users/admin/builder/spi-builder-workspace/.swiftpm/xcode

SwiftCompile normal arm64 /Users/admin/builder/spi-builder-workspace/.dependencies/checkouts/swift-syntax/Sources/SwiftSyntax/SourcePresence.swift (in target 'SwiftSyntax' from project 'swift-syntax')
    cd /Users/admin/builder/spi-builder-workspace/.swiftpm/xcode

Copy /Users/admin/builder/spi-builder-workspace/.derivedData/Build/Products/Debug/InternalCollectionsUtilities.swiftmodule/arm64-apple-macos.abi.json /Users/admin/builder/spi-builder-workspace/.derivedData/Build/Intermediates.noindex/swift-collections.build/Debug/InternalCollectionsUtilities.build/Objects-normal/arm64/InternalCollectionsUtilities.abi.json (in target 'InternalCollectionsUtilities' from project 'swift-collections')
    cd /Users/admin/builder/spi-builder-workspace/.dependencies/checkouts/swift-collections
    builtin-copy -exclude .DS_Store -exclude CVS -exclude .svn -exclude .git -exclude .hg -resolve-src-symlinks -rename /Users/admin/builder/spi-builder-workspace/.derivedData/Build/Intermediates.noindex/swift-collections.build/Debug/InternalCollectionsUtilities.build/Objects-normal/arm64/InternalCollectionsUtilities.abi.json /Users/admin/builder/spi-builder-workspace/.derivedData/Build/Products/Debug/InternalCollectionsUtilities.swiftmodule/arm64-apple-macos.abi.json
SwiftDriverJobDiscovery normal arm64 Emitting module for PropertyBased (in target 'PropertyBased' from project 'PropertyBased')
SwiftDriver\ Compilation\ Requirements PropertyBased normal arm64 com.apple.xcode.tools.swift.compiler (in target 'PropertyBased' from project 'PropertyBased')
    cd /Users/admin/builder/spi-builder-workspace/.swiftpm/xcode
    builtin-Swift-Compilation-Requirements -- /Applications/Xcode-16.3.0.app/Contents/Developer/Toolchains/XcodeDefault.xctoolchain/usr/bin/swiftc -module-name PropertyBased -Onone -enforce-exclusivity\=checked @/Users/admin/builder/spi-builder-workspace/.derivedData/Build/Intermediates.noindex/PropertyBased.build/Debug/PropertyBased.build/Objects-normal/arm64/PropertyBased.SwiftFileList -DSWIFT_PACKAGE -DDEBUG -DXcode -plugin-path /Applications/Xcode-16.3.0.app/Contents/Developer/Toolchains/XcodeDefault.xctoolchain/usr/lib/swift/host/plugins/testing -enable-experimental-feature DebugDescriptionMacro -sdk /Applications/Xcode-16.3.0.app/Contents/Developer/Platforms/MacOSX.platform/Developer/SDKs/MacOSX15.4.sdk -target arm64-apple-macos10.15 -g -module-cache-path /Users/admin/builder/spi-builder-workspace/.derivedData/ModuleCache.noindex -Xfrontend -serialize-debugging-options -profile-coverage-mapping -profile-generate -enable-testing -suppress-warnings -index-store-path /Users/admin/builder/spi-builder-workspace/.derivedData/Index.noindex/DataStore -swift-version 6 -I /Users/admin/builder/spi-builder-workspace/.derivedData/Build/Products/Debug -I /Applications/Xcode-16.3.0.app/Contents/Developer/Platforms/MacOSX.platform/Developer/usr/lib -F /Users/admin/builder/spi-builder-workspace/.derivedData/Build/Products/Debug -F /Applications/Xcode-16.3.0.app/Contents/Developer/Platforms/MacOSX.platform/Developer/Library/Frameworks -c -j10 -enable-batch-mode -incremental -Xcc -ivfsstatcache -Xcc /Users/admin/builder/spi-builder-workspace/.derivedData/SDKStatCaches.noindex/macosx15.4-24E241-8287b8f5db97e746a1562fbca0c9d29b.sdkstatcache -output-file-map /Users/admin/builder/spi-builder-workspace/.derivedData/Build/Intermediates.noindex/PropertyBased.build/Debug/PropertyBased.build/Objects-normal/arm64/PropertyBased-OutputFileMap.json -use-frontend-parseable-output -save-temps -no-color-diagnostics -serialize-diagnostics -emit-dependencies -emit-module -emit-module-path /Users/admin/builder/spi-builder-workspace/.derivedData/Build/Intermediates.noindex/PropertyBased.build/Debug/PropertyBased.build/Objects-normal/arm64/PropertyBased.swiftmodule -user-module-version 2.0.1 -validate-clang-modules-once -clang-build-session-file /Users/admin/builder/spi-builder-workspace/.derivedData/ModuleCache.noindex/Session.modulevalidation -package-name swift_property_based -Xcc -I/Users/admin/builder/spi-builder-workspace/.derivedData/Build/Intermediates.noindex/PropertyBased.build/Debug/PropertyBased.build/swift-overrides.hmap -emit-const-values -Xfrontend -const-gather-protocols-file -Xfrontend /Users/admin/builder/spi-builder-workspace/.derivedData/Build/Intermediates.noindex/PropertyBased.build/Debug/PropertyBased.build/Objects-normal/arm64/PropertyBased_const_extract_protocols.json -Xcc -I/Users/admin/builder/spi-builder-workspace/.derivedData/Build/Products/Debug/include -Xcc -I/Users/admin/builder/spi-builder-workspace/.derivedData/Build/Intermediates.noindex/PropertyBased.build/Debug/PropertyBased.build/DerivedSources-normal/arm64 -Xcc -I/Users/admin/builder/spi-builder-workspace/.derivedData/Build/Intermediates.noindex/PropertyBased.build/Debug/PropertyBased.build/DerivedSources/arm64 -Xcc -I/Users/admin/builder/spi-builder-workspace/.derivedData/Build/Intermediates.noindex/PropertyBased.build/Debug/PropertyBased.build/DerivedSources -Xcc -DSWIFT_PACKAGE -Xcc -DDEBUG\=1 -emit-objc-header -emit-objc-header-path /Users/admin/builder/spi-builder-workspace/.derivedData/Build/Intermediates.noindex/PropertyBased.build/Debug/PropertyBased.build/Objects-normal/arm64/PropertyBased-Swift.h -working-directory /Users/admin/builder/spi-builder-workspace/.swiftpm/xcode -experimental-emit-module-separately -disable-cmo
SwiftCompile normal arm64 Compiling\ Tokens.swift,\ TriviaPieces.swift,\ RawSyntaxNodesAB.swift,\ RawSyntaxNodesC.swift,\ RawSyntaxNodesD.swift,\ RawSyntaxNodesEF.swift,\ RawSyntaxNodesGHI.swift /Users/admin/builder/spi-builder-workspace/.dependencies/checkouts/swift-syntax/Sources/SwiftSyntax/generated/Tokens.swift /Users/admin/builder/spi-builder-workspace/.dependencies/checkouts/swift-syntax/Sources/SwiftSyntax/generated/TriviaPieces.swift /Users/admin/builder/spi-builder-workspace/.dependencies/checkouts/swift-syntax/Sources/SwiftSyntax/generated/raw/RawSyntaxNodesAB.swift /Users/admin/builder/spi-builder-workspace/.dependencies/checkouts/swift-syntax/Sources/SwiftSyntax/generated/raw/RawSyntaxNodesC.swift /Users/admin/builder/spi-builder-workspace/.dependencies/checkouts/swift-syntax/Sources/SwiftSyntax/generated/raw/RawSyntaxNodesD.swift /Users/admin/builder/spi-builder-workspace/.dependencies/checkouts/swift-syntax/Sources/SwiftSyntax/generated/raw/RawSyntaxNodesEF.swift /Users/admin/builder/spi-builder-workspace/.dependencies/checkouts/swift-syntax/Sources/SwiftSyntax/generated/raw/RawSyntaxNodesGHI.swift (in target 'SwiftSyntax' from project 'swift-syntax')
SwiftCompile normal arm64 /Users/admin/builder/spi-builder-workspace/.dependencies/checkouts/swift-syntax/Sources/SwiftSyntax/generated/Tokens.swift (in target 'SwiftSyntax' from project 'swift-syntax')
    cd /Users/admin/builder/spi-builder-workspace/.swiftpm/xcode

SwiftCompile normal arm64 /Users/admin/builder/spi-builder-workspace/.dependencies/checkouts/swift-syntax/Sources/SwiftSyntax/generated/TriviaPieces.swift (in target 'SwiftSyntax' from project 'swift-syntax')
    cd /Users/admin/builder/spi-builder-workspace/.swiftpm/xcode

SwiftCompile normal arm64 /Users/admin/builder/spi-builder-workspace/.dependencies/checkouts/swift-syntax/Sources/SwiftSyntax/generated/raw/RawSyntaxNodesAB.swift (in target 'SwiftSyntax' from project 'swift-syntax')
    cd /Users/admin/builder/spi-builder-workspace/.swiftpm/xcode

SwiftCompile normal arm64 /Users/admin/builder/spi-builder-workspace/.dependencies/checkouts/swift-syntax/Sources/SwiftSyntax/generated/raw/RawSyntaxNodesC.swift (in target 'SwiftSyntax' from project 'swift-syntax')
    cd /Users/admin/builder/spi-builder-workspace/.swiftpm/xcode

SwiftCompile normal arm64 /Users/admin/builder/spi-builder-workspace/.dependencies/checkouts/swift-syntax/Sources/SwiftSyntax/generated/raw/RawSyntaxNodesD.swift (in target 'SwiftSyntax' from project 'swift-syntax')
    cd /Users/admin/builder/spi-builder-workspace/.swiftpm/xcode

SwiftCompile normal arm64 /Users/admin/builder/spi-builder-workspace/.dependencies/checkouts/swift-syntax/Sources/SwiftSyntax/generated/raw/RawSyntaxNodesEF.swift (in target 'SwiftSyntax' from project 'swift-syntax')
    cd /Users/admin/builder/spi-builder-workspace/.swiftpm/xcode

SwiftCompile normal arm64 /Users/admin/builder/spi-builder-workspace/.dependencies/checkouts/swift-syntax/Sources/SwiftSyntax/generated/raw/RawSyntaxNodesGHI.swift (in target 'SwiftSyntax' from project 'swift-syntax')
    cd /Users/admin/builder/spi-builder-workspace/.swiftpm/xcode

Copy /Users/admin/builder/spi-builder-workspace/.derivedData/Build/Products/Debug/PropertyBased.swiftmodule/arm64-apple-macos.abi.json /Users/admin/builder/spi-builder-workspace/.derivedData/Build/Intermediates.noindex/PropertyBased.build/Debug/PropertyBased.build/Objects-normal/arm64/PropertyBased.abi.json (in target 'PropertyBased' from project 'PropertyBased')
    cd /Users/admin/builder/spi-builder-workspace/.dependencies/checkouts/swift-property-based
    builtin-copy -exclude .DS_Store -exclude CVS -exclude .svn -exclude .git -exclude .hg -resolve-src-symlinks -rename /Users/admin/builder/spi-builder-workspace/.derivedData/Build/Intermediates.noindex/PropertyBased.build/Debug/PropertyBased.build/Objects-normal/arm64/PropertyBased.abi.json /Users/admin/builder/spi-builder-workspace/.derivedData/Build/Products/Debug/PropertyBased.swiftmodule/arm64-apple-macos.abi.json
SwiftDriverJobDiscovery normal arm64 Compiling SyntaxProtocol.swift, SyntaxText.swift, SyntaxTreeViewMode.swift, TokenDiagnostic.swift, TokenSequence.swift, TokenSyntax.swift, Trivia.swift (in target 'SwiftSyntax' from project 'swift-syntax')
SwiftCompile normal arm64 Compiling\ Float+Real.swift /Users/admin/builder/spi-builder-workspace/.dependencies/checkouts/swift-numerics/Sources/RealModule/Float+Real.swift (in target 'RealModule' from project 'swift-numerics')
SwiftCompile normal arm64 /Users/admin/builder/spi-builder-workspace/.dependencies/checkouts/swift-numerics/Sources/RealModule/Float+Real.swift (in target 'RealModule' from project 'swift-numerics')
    cd /Users/admin/builder/spi-builder-workspace/.swiftpm/xcode

SwiftDriver ComplexModule normal arm64 com.apple.xcode.tools.swift.compiler (in target 'ComplexModule' from project 'swift-numerics')
    cd /Users/admin/builder/spi-builder-workspace/.swiftpm/xcode
    builtin-SwiftDriver -- /Applications/Xcode-16.3.0.app/Contents/Developer/Toolchains/XcodeDefault.xctoolchain/usr/bin/swiftc -module-name ComplexModule -Onone -enforce-exclusivity\=checked @/Users/admin/builder/spi-builder-workspace/.derivedData/Build/Intermediates.noindex/swift-numerics.build/Debug/ComplexModule.build/Objects-normal/arm64/ComplexModule.SwiftFileList -DSWIFT_PACKAGE -DDEBUG -DXcode -plugin-path /Applications/Xcode-16.3.0.app/Contents/Developer/Toolchains/XcodeDefault.xctoolchain/usr/lib/swift/host/plugins/testing -enable-experimental-feature DebugDescriptionMacro -sdk /Applications/Xcode-16.3.0.app/Contents/Developer/Platforms/MacOSX.platform/Developer/SDKs/MacOSX15.4.sdk -target arm64-apple-macos10.13 -g -module-cache-path /Users/admin/builder/spi-builder-workspace/.derivedData/ModuleCache.noindex -Xfrontend -serialize-debugging-options -profile-coverage-mapping -profile-generate -enable-testing -suppress-warnings -index-store-path /Users/admin/builder/spi-builder-workspace/.derivedData/Index.noindex/DataStore -swift-version 5 -I /Users/admin/builder/spi-builder-workspace/.derivedData/Build/Products/Debug -I /Applications/Xcode-16.3.0.app/Contents/Developer/Platforms/MacOSX.platform/Developer/usr/lib -F /Users/admin/builder/spi-builder-workspace/.derivedData/Build/Products/Debug/PackageFrameworks -F /Users/admin/builder/spi-builder-workspace/.derivedData/Build/Products/Debug/PackageFrameworks -F /Users/admin/builder/spi-builder-workspace/.derivedData/Build/Products/Debug -F /Applications/Xcode-16.3.0.app/Contents/Developer/Platforms/MacOSX.platform/Developer/Library/Frameworks -c -j10 -enable-batch-mode -incremental -Xcc -ivfsstatcache -Xcc /Users/admin/builder/spi-builder-workspace/.derivedData/SDKStatCaches.noindex/macosx15.4-24E241-8287b8f5db97e746a1562fbca0c9d29b.sdkstatcache -output-file-map /Users/admin/builder/spi-builder-workspace/.derivedData/Build/Intermediates.noindex/swift-numerics.build/Debug/ComplexModule.build/Objects-normal/arm64/ComplexModule-OutputFileMap.json -use-frontend-parseable-output -save-temps -no-color-diagnostics -serialize-diagnostics -emit-dependencies -emit-module -emit-module-path /Users/admin/builder/spi-builder-workspace/.derivedData/Build/Intermediates.noindex/swift-numerics.build/Debug/ComplexModule.build/Objects-normal/arm64/ComplexModule.swiftmodule -validate-clang-modules-once -clang-build-session-file /Users/admin/builder/spi-builder-workspace/.derivedData/ModuleCache.noindex/Session.modulevalidation -package-name swift_numerics -Xcc -I/Users/admin/builder/spi-builder-workspace/.derivedData/Build/Intermediates.noindex/swift-numerics.build/Debug/ComplexModule.build/swift-overrides.hmap -emit-const-values -Xfrontend -const-gather-protocols-file -Xfrontend /Users/admin/builder/spi-builder-workspace/.derivedData/Build/Intermediates.noindex/swift-numerics.build/Debug/ComplexModule.build/Objects-normal/arm64/ComplexModule_const_extract_protocols.json -Xcc -I/Users/admin/builder/spi-builder-workspace/.dependencies/checkouts/swift-numerics/Sources/_NumericsShims/include -Xcc -I/Users/admin/builder/spi-builder-workspace/.derivedData/Build/Products/Debug/include -Xcc -I/Users/admin/builder/spi-builder-workspace/.derivedData/Build/Intermediates.noindex/swift-numerics.build/Debug/ComplexModule.build/DerivedSources-normal/arm64 -Xcc -I/Users/admin/builder/spi-builder-workspace/.derivedData/Build/Intermediates.noindex/swift-numerics.build/Debug/ComplexModule.build/DerivedSources/arm64 -Xcc -I/Users/admin/builder/spi-builder-workspace/.derivedData/Build/Intermediates.noindex/swift-numerics.build/Debug/ComplexModule.build/DerivedSources -Xcc -DSWIFT_PACKAGE -Xcc -DDEBUG\=1 -emit-objc-header -emit-objc-header-path /Users/admin/builder/spi-builder-workspace/.derivedData/Build/Intermediates.noindex/swift-numerics.build/Debug/ComplexModule.build/Objects-normal/arm64/ComplexModule-Swift.h -working-directory /Users/admin/builder/spi-builder-workspace/.swiftpm/xcode -experimental-emit-module-separately -disable-cmo
SwiftDriverJobDiscovery normal arm64 Compiling SwiftSyntaxCompatibility.swift, Syntax.swift, SyntaxChildren.swift, SyntaxCollection.swift, SyntaxHashable.swift, SyntaxIdentifier.swift, SyntaxNodeStructure.swift (in target 'SwiftSyntax' from project 'swift-syntax')
SwiftCompile normal arm64 Compiling\ RealFunctions.swift /Users/admin/builder/spi-builder-workspace/.dependencies/checkouts/swift-numerics/Sources/RealModule/RealFunctions.swift (in target 'RealModule' from project 'swift-numerics')
SwiftCompile normal arm64 /Users/admin/builder/spi-builder-workspace/.dependencies/checkouts/swift-numerics/Sources/RealModule/RealFunctions.swift (in target 'RealModule' from project 'swift-numerics')
    cd /Users/admin/builder/spi-builder-workspace/.swiftpm/xcode

SwiftEmitModule normal arm64 Emitting\ module\ for\ ComplexModule (in target 'ComplexModule' from project 'swift-numerics')
EmitSwiftModule normal arm64 (in target 'ComplexModule' from project 'swift-numerics')
    cd /Users/admin/builder/spi-builder-workspace/.swiftpm/xcode

SwiftDriverJobDiscovery normal arm64 Compiling CustomTraits.swift, EditorPlaceholder.swift, Identifier.swift, MemoryLayout.swift, MissingNodeInitializers.swift, RawSyntax.swift, RawSyntaxArena.swift (in target 'SwiftSyntax' from project 'swift-syntax')
SwiftCompile normal arm64 Compiling\ QualifiedTypeName.swift,\ RawType.swift /Users/admin/builder/spi-builder-workspace/Sources/PropertyLawCore/QualifiedTypeName.swift /Users/admin/builder/spi-builder-workspace/Sources/PropertyLawCore/RawType.swift (in target 'PropertyLawCore' from project 'SwiftPropertyLaws')
SwiftCompile normal arm64 /Users/admin/builder/spi-builder-workspace/Sources/PropertyLawCore/QualifiedTypeName.swift (in target 'PropertyLawCore' from project 'SwiftPropertyLaws')
    cd /Users/admin/builder/spi-builder-workspace/.swiftpm/xcode

SwiftCompile normal arm64 /Users/admin/builder/spi-builder-workspace/Sources/PropertyLawCore/RawType.swift (in target 'PropertyLawCore' from project 'SwiftPropertyLaws')
    cd /Users/admin/builder/spi-builder-workspace/.swiftpm/xcode

SwiftDriverJobDiscovery normal arm64 Compiling RealFunctions.swift (in target 'RealModule' from project 'swift-numerics')
SwiftCompile normal arm64 Compiling\ MemberwiseEmitter.swift,\ PropertyLawTestStub.swift /Users/admin/builder/spi-builder-workspace/Sources/PropertyLawCore/MemberwiseEmitter.swift /Users/admin/builder/spi-builder-workspace/Sources/PropertyLawCore/PropertyLawTestStub.swift (in target 'PropertyLawCore' from project 'SwiftPropertyLaws')
SwiftCompile normal arm64 /Users/admin/builder/spi-builder-workspace/Sources/PropertyLawCore/MemberwiseEmitter.swift (in target 'PropertyLawCore' from project 'SwiftPropertyLaws')
    cd /Users/admin/builder/spi-builder-workspace/.swiftpm/xcode

SwiftCompile normal arm64 /Users/admin/builder/spi-builder-workspace/Sources/PropertyLawCore/PropertyLawTestStub.swift (in target 'PropertyLawCore' from project 'SwiftPropertyLaws')
    cd /Users/admin/builder/spi-builder-workspace/.swiftpm/xcode

SwiftDriverJobDiscovery normal arm64 Compiling Float+Real.swift (in target 'RealModule' from project 'swift-numerics')
SwiftDriver\ Compilation RealModule normal arm64 com.apple.xcode.tools.swift.compiler (in target 'RealModule' from project 'swift-numerics')
    cd /Users/admin/builder/spi-builder-workspace/.swiftpm/xcode
    builtin-Swift-Compilation -- /Applications/Xcode-16.3.0.app/Contents/Developer/Toolchains/XcodeDefault.xctoolchain/usr/bin/swiftc -module-name RealModule -Onone -enforce-exclusivity\=checked @/Users/admin/builder/spi-builder-workspace/.derivedData/Build/Intermediates.noindex/swift-numerics.build/Debug/RealModule.build/Objects-normal/arm64/RealModule.SwiftFileList -DSWIFT_PACKAGE -DDEBUG -DXcode -plugin-path /Applications/Xcode-16.3.0.app/Contents/Developer/Toolchains/XcodeDefault.xctoolchain/usr/lib/swift/host/plugins/testing -enable-experimental-feature DebugDescriptionMacro -sdk /Applications/Xcode-16.3.0.app/Contents/Developer/Platforms/MacOSX.platform/Developer/SDKs/MacOSX15.4.sdk -target arm64-apple-macos10.13 -g -module-cache-path /Users/admin/builder/spi-builder-workspace/.derivedData/ModuleCache.noindex -Xfrontend -serialize-debugging-options -profile-coverage-mapping -profile-generate -enable-testing -suppress-warnings -index-store-path /Users/admin/builder/spi-builder-workspace/.derivedData/Index.noindex/DataStore -swift-version 5 -I /Users/admin/builder/spi-builder-workspace/.derivedData/Build/Products/Debug -I /Applications/Xcode-16.3.0.app/Contents/Developer/Platforms/MacOSX.platform/Developer/usr/lib -F /Users/admin/builder/spi-builder-workspace/.derivedData/Build/Products/Debug/PackageFrameworks -F /Users/admin/builder/spi-builder-workspace/.derivedData/Build/Products/Debug -F /Applications/Xcode-16.3.0.app/Contents/Developer/Platforms/MacOSX.platform/Developer/Library/Frameworks -c -j10 -enable-batch-mode -incremental -Xcc -ivfsstatcache -Xcc /Users/admin/builder/spi-builder-workspace/.derivedData/SDKStatCaches.noindex/macosx15.4-24E241-8287b8f5db97e746a1562fbca0c9d29b.sdkstatcache -output-file-map /Users/admin/builder/spi-builder-workspace/.derivedData/Build/Intermediates.noindex/swift-numerics.build/Debug/RealModule.build/Objects-normal/arm64/RealModule-OutputFileMap.json -use-frontend-parseable-output -save-temps -no-color-diagnostics -serialize-diagnostics -emit-dependencies -emit-module -emit-module-path /Users/admin/builder/spi-builder-workspace/.derivedData/Build/Intermediates.noindex/swift-numerics.build/Debug/RealModule.build/Objects-normal/arm64/RealModule.swiftmodule -validate-clang-modules-once -clang-build-session-file /Users/admin/builder/spi-builder-workspace/.derivedData/ModuleCache.noindex/Session.modulevalidation -package-name swift_numerics -Xcc -I/Users/admin/builder/spi-builder-workspace/.derivedData/Build/Intermediates.noindex/swift-numerics.build/Debug/RealModule.build/swift-overrides.hmap -emit-const-values -Xfrontend -const-gather-protocols-file -Xfrontend /Users/admin/builder/spi-builder-workspace/.derivedData/Build/Intermediates.noindex/swift-numerics.build/Debug/RealModule.build/Objects-normal/arm64/RealModule_const_extract_protocols.json -Xcc -I/Users/admin/builder/spi-builder-workspace/.dependencies/checkouts/swift-numerics/Sources/_NumericsShims/include -Xcc -I/Users/admin/builder/spi-builder-workspace/.derivedData/Build/Products/Debug/include -Xcc -I/Users/admin/builder/spi-builder-workspace/.derivedData/Build/Intermediates.noindex/swift-numerics.build/Debug/RealModule.build/DerivedSources-normal/arm64 -Xcc -I/Users/admin/builder/spi-builder-workspace/.derivedData/Build/Intermediates.noindex/swift-numerics.build/Debug/RealModule.build/DerivedSources/arm64 -Xcc -I/Users/admin/builder/spi-builder-workspace/.derivedData/Build/Intermediates.noindex/swift-numerics.build/Debug/RealModule.build/DerivedSources -Xcc -DSWIFT_PACKAGE -Xcc -DDEBUG\=1 -emit-objc-header -emit-objc-header-path /Users/admin/builder/spi-builder-workspace/.derivedData/Build/Intermediates.noindex/swift-numerics.build/Debug/RealModule.build/Objects-normal/arm64/RealModule-Swift.h -working-directory /Users/admin/builder/spi-builder-workspace/.swiftpm/xcode -experimental-emit-module-separately -disable-cmo
SwiftDriverJobDiscovery normal arm64 Compiling QualifiedTypeName.swift, RawType.swift (in target 'PropertyLawCore' from project 'SwiftPropertyLaws')
SwiftCompile normal arm64 Compiling\ AccessLevel.swift,\ CompositeMemberParser.swift,\ DerivationStrategy.swift /Users/admin/builder/spi-builder-workspace/Sources/PropertyLawCore/AccessLevel.swift /Users/admin/builder/spi-builder-workspace/Sources/PropertyLawCore/CompositeMemberParser.swift /Users/admin/builder/spi-builder-workspace/Sources/PropertyLawCore/DerivationStrategy.swift (in target 'PropertyLawCore' from project 'SwiftPropertyLaws')
SwiftCompile normal arm64 /Users/admin/builder/spi-builder-workspace/Sources/PropertyLawCore/AccessLevel.swift (in target 'PropertyLawCore' from project 'SwiftPropertyLaws')
    cd /Users/admin/builder/spi-builder-workspace/.swiftpm/xcode

SwiftCompile normal arm64 /Users/admin/builder/spi-builder-workspace/Sources/PropertyLawCore/CompositeMemberParser.swift (in target 'PropertyLawCore' from project 'SwiftPropertyLaws')
    cd /Users/admin/builder/spi-builder-workspace/.swiftpm/xcode

SwiftCompile normal arm64 /Users/admin/builder/spi-builder-workspace/Sources/PropertyLawCore/DerivationStrategy.swift (in target 'PropertyLawCore' from project 'SwiftPropertyLaws')
    cd /Users/admin/builder/spi-builder-workspace/.swiftpm/xcode

SwiftCompile normal arm64 Compiling\ Scaffold.swift,\ StatelessDerivation.swift /Users/admin/builder/spi-builder-workspace/Sources/PropertyLawCore/Scaffold.swift /Users/admin/builder/spi-builder-workspace/Sources/PropertyLawCore/StatelessDerivation.swift (in target 'PropertyLawCore' from project 'SwiftPropertyLaws')
SwiftCompile normal arm64 /Users/admin/builder/spi-builder-workspace/Sources/PropertyLawCore/Scaffold.swift (in target 'PropertyLawCore' from project 'SwiftPropertyLaws')
    cd /Users/admin/builder/spi-builder-workspace/.swiftpm/xcode

SwiftCompile normal arm64 /Users/admin/builder/spi-builder-workspace/Sources/PropertyLawCore/StatelessDerivation.swift (in target 'PropertyLawCore' from project 'SwiftPropertyLaws')
    cd /Users/admin/builder/spi-builder-workspace/.swiftpm/xcode

SwiftDriverJobDiscovery normal arm64 Compiling MemberwiseEmitter.swift, PropertyLawTestStub.swift (in target 'PropertyLawCore' from project 'SwiftPropertyLaws')
SwiftCompile normal arm64 Compiling\ RecursiveGeneratorEmitter.swift,\ ResolutionFailure.swift /Users/admin/builder/spi-builder-workspace/Sources/PropertyLawCore/RecursiveGeneratorEmitter.swift /Users/admin/builder/spi-builder-workspace/Sources/PropertyLawCore/ResolutionFailure.swift (in target 'PropertyLawCore' from project 'SwiftPropertyLaws')
SwiftCompile normal arm64 /Users/admin/builder/spi-builder-workspace/Sources/PropertyLawCore/RecursiveGeneratorEmitter.swift (in target 'PropertyLawCore' from project 'SwiftPropertyLaws')
    cd /Users/admin/builder/spi-builder-workspace/.swiftpm/xcode

SwiftCompile normal arm64 /Users/admin/builder/spi-builder-workspace/Sources/PropertyLawCore/ResolutionFailure.swift (in target 'PropertyLawCore' from project 'SwiftPropertyLaws')
    cd /Users/admin/builder/spi-builder-workspace/.swiftpm/xcode

SwiftDriverJobDiscovery normal arm64 Compiling RawSyntaxLayoutView.swift, RawSyntaxNodeProtocol.swift, RawSyntaxTokenView.swift, SourceEdit.swift, SourceLength.swift, SourceLocation.swift, SourcePresence.swift (in target 'SwiftSyntax' from project 'swift-syntax')
SwiftCompile normal arm64 Compiling\ GeneratorPlan.swift,\ GeneratorResolver.swift /Users/admin/builder/spi-builder-workspace/Sources/PropertyLawCore/GeneratorPlan.swift /Users/admin/builder/spi-builder-workspace/Sources/PropertyLawCore/GeneratorResolver.swift (in target 'PropertyLawCore' from project 'SwiftPropertyLaws')
SwiftCompile normal arm64 /Users/admin/builder/spi-builder-workspace/Sources/PropertyLawCore/GeneratorPlan.swift (in target 'PropertyLawCore' from project 'SwiftPropertyLaws')
    cd /Users/admin/builder/spi-builder-workspace/.swiftpm/xcode

SwiftCompile normal arm64 /Users/admin/builder/spi-builder-workspace/Sources/PropertyLawCore/GeneratorResolver.swift (in target 'PropertyLawCore' from project 'SwiftPropertyLaws')
    cd /Users/admin/builder/spi-builder-workspace/.swiftpm/xcode

SwiftDriverJobDiscovery normal arm64 Emitting module for ComplexModule (in target 'ComplexModule' from project 'swift-numerics')
SwiftDriver\ Compilation\ Requirements ComplexModule normal arm64 com.apple.xcode.tools.swift.compiler (in target 'ComplexModule' from project 'swift-numerics')
    cd /Users/admin/builder/spi-builder-workspace/.swiftpm/xcode
    builtin-Swift-Compilation-Requirements -- /Applications/Xcode-16.3.0.app/Contents/Developer/Toolchains/XcodeDefault.xctoolchain/usr/bin/swiftc -module-name ComplexModule -Onone -enforce-exclusivity\=checked @/Users/admin/builder/spi-builder-workspace/.derivedData/Build/Intermediates.noindex/swift-numerics.build/Debug/ComplexModule.build/Objects-normal/arm64/ComplexModule.SwiftFileList -DSWIFT_PACKAGE -DDEBUG -DXcode -plugin-path /Applications/Xcode-16.3.0.app/Contents/Developer/Toolchains/XcodeDefault.xctoolchain/usr/lib/swift/host/plugins/testing -enable-experimental-feature DebugDescriptionMacro -sdk /Applications/Xcode-16.3.0.app/Contents/Developer/Platforms/MacOSX.platform/Developer/SDKs/MacOSX15.4.sdk -target arm64-apple-macos10.13 -g -module-cache-path /Users/admin/builder/spi-builder-workspace/.derivedData/ModuleCache.noindex -Xfrontend -serialize-debugging-options -profile-coverage-mapping -profile-generate -enable-testing -suppress-warnings -index-store-path /Users/admin/builder/spi-builder-workspace/.derivedData/Index.noindex/DataStore -swift-version 5 -I /Users/admin/builder/spi-builder-workspace/.derivedData/Build/Products/Debug -I /Applications/Xcode-16.3.0.app/Contents/Developer/Platforms/MacOSX.platform/Developer/usr/lib -F /Users/admin/builder/spi-builder-workspace/.derivedData/Build/Products/Debug/PackageFrameworks -F /Users/admin/builder/spi-builder-workspace/.derivedData/Build/Products/Debug/PackageFrameworks -F /Users/admin/builder/spi-builder-workspace/.derivedData/Build/Products/Debug -F /Applications/Xcode-16.3.0.app/Contents/Developer/Platforms/MacOSX.platform/Developer/Library/Frameworks -c -j10 -enable-batch-mode -incremental -Xcc -ivfsstatcache -Xcc /Users/admin/builder/spi-builder-workspace/.derivedData/SDKStatCaches.noindex/macosx15.4-24E241-8287b8f5db97e746a1562fbca0c9d29b.sdkstatcache -output-file-map /Users/admin/builder/spi-builder-workspace/.derivedData/Build/Intermediates.noindex/swift-numerics.build/Debug/ComplexModule.build/Objects-normal/arm64/ComplexModule-OutputFileMap.json -use-frontend-parseable-output -save-temps -no-color-diagnostics -serialize-diagnostics -emit-dependencies -emit-module -emit-module-path /Users/admin/builder/spi-builder-workspace/.derivedData/Build/Intermediates.noindex/swift-numerics.build/Debug/ComplexModule.build/Objects-normal/arm64/ComplexModule.swiftmodule -validate-clang-modules-once -clang-build-session-file /Users/admin/builder/spi-builder-workspace/.derivedData/ModuleCache.noindex/Session.modulevalidation -package-name swift_numerics -Xcc -I/Users/admin/builder/spi-builder-workspace/.derivedData/Build/Intermediates.noindex/swift-numerics.build/Debug/ComplexModule.build/swift-overrides.hmap -emit-const-values -Xfrontend -const-gather-protocols-file -Xfrontend /Users/admin/builder/spi-builder-workspace/.derivedData/Build/Intermediates.noindex/swift-numerics.build/Debug/ComplexModule.build/Objects-normal/arm64/ComplexModule_const_extract_protocols.json -Xcc -I/Users/admin/builder/spi-builder-workspace/.dependencies/checkouts/swift-numerics/Sources/_NumericsShims/include -Xcc -I/Users/admin/builder/spi-builder-workspace/.derivedData/Build/Products/Debug/include -Xcc -I/Users/admin/builder/spi-builder-workspace/.derivedData/Build/Intermediates.noindex/swift-numerics.build/Debug/ComplexModule.build/DerivedSources-normal/arm64 -Xcc -I/Users/admin/builder/spi-builder-workspace/.derivedData/Build/Intermediates.noindex/swift-numerics.build/Debug/ComplexModule.build/DerivedSources/arm64 -Xcc -I/Users/admin/builder/spi-builder-workspace/.derivedData/Build/Intermediates.noindex/swift-numerics.build/Debug/ComplexModule.build/DerivedSources -Xcc -DSWIFT_PACKAGE -Xcc -DDEBUG\=1 -emit-objc-header -emit-objc-header-path /Users/admin/builder/spi-builder-workspace/.derivedData/Build/Intermediates.noindex/swift-numerics.build/Debug/ComplexModule.build/Objects-normal/arm64/ComplexModule-Swift.h -working-directory /Users/admin/builder/spi-builder-workspace/.swiftpm/xcode -experimental-emit-module-separately -disable-cmo
SwiftDriverJobDiscovery normal arm64 Compiling Scaffold.swift, StatelessDerivation.swift (in target 'PropertyLawCore' from project 'SwiftPropertyLaws')
SwiftCompile normal arm64 Compiling\ EnumPayloadDerivation.swift,\ GeneratorExpressionEmitter.swift /Users/admin/builder/spi-builder-workspace/Sources/PropertyLawCore/EnumPayloadDerivation.swift /Users/admin/builder/spi-builder-workspace/Sources/PropertyLawCore/GeneratorExpressionEmitter.swift (in target 'PropertyLawCore' from project 'SwiftPropertyLaws')
SwiftCompile normal arm64 /Users/admin/builder/spi-builder-workspace/Sources/PropertyLawCore/EnumPayloadDerivation.swift (in target 'PropertyLawCore' from project 'SwiftPropertyLaws')
    cd /Users/admin/builder/spi-builder-workspace/.swiftpm/xcode

SwiftCompile normal arm64 /Users/admin/builder/spi-builder-workspace/Sources/PropertyLawCore/GeneratorExpressionEmitter.swift (in target 'PropertyLawCore' from project 'SwiftPropertyLaws')
    cd /Users/admin/builder/spi-builder-workspace/.swiftpm/xcode

Copy /Users/admin/builder/spi-builder-workspace/.derivedData/Build/Products/Debug/ComplexModule.swiftmodule/arm64-apple-macos.swiftmodule /Users/admin/builder/spi-builder-workspace/.derivedData/Build/Intermediates.noindex/swift-numerics.build/Debug/ComplexModule.build/Objects-normal/arm64/ComplexModule.swiftmodule (in target 'ComplexModule' from project 'swift-numerics')
    cd /Users/admin/builder/spi-builder-workspace/.dependencies/checkouts/swift-numerics
    builtin-copy -exclude .DS_Store -exclude CVS -exclude .svn -exclude .git -exclude .hg -resolve-src-symlinks -rename /Users/admin/builder/spi-builder-workspace/.derivedData/Build/Intermediates.noindex/swift-numerics.build/Debug/ComplexModule.build/Objects-normal/arm64/ComplexModule.swiftmodule /Users/admin/builder/spi-builder-workspace/.derivedData/Build/Products/Debug/ComplexModule.swiftmodule/arm64-apple-macos.swiftmodule
SwiftDriverJobDiscovery normal arm64 Compiling RecursiveGeneratorEmitter.swift, ResolutionFailure.swift (in target 'PropertyLawCore' from project 'SwiftPropertyLaws')
Copy /Users/admin/builder/spi-builder-workspace/.derivedData/Build/Products/Debug/ComplexModule.swiftmodule/arm64-apple-macos.abi.json /Users/admin/builder/spi-builder-workspace/.derivedData/Build/Intermediates.noindex/swift-numerics.build/Debug/ComplexModule.build/Objects-normal/arm64/ComplexModule.abi.json (in target 'ComplexModule' from project 'swift-numerics')
    cd /Users/admin/builder/spi-builder-workspace/.dependencies/checkouts/swift-numerics
    builtin-copy -exclude .DS_Store -exclude CVS -exclude .svn -exclude .git -exclude .hg -resolve-src-symlinks -rename /Users/admin/builder/spi-builder-workspace/.derivedData/Build/Intermediates.noindex/swift-numerics.build/Debug/ComplexModule.build/Objects-normal/arm64/ComplexModule.abi.json /Users/admin/builder/spi-builder-workspace/.derivedData/Build/Products/Debug/ComplexModule.swiftmodule/arm64-apple-macos.abi.json
SwiftCompile normal arm64 Compiling\ InitializerBasedDerivation+CollectionPreference.swift,\ InitializerBasedDerivation.swift /Users/admin/builder/spi-builder-workspace/Sources/PropertyLawCore/InitializerBasedDerivation+CollectionPreference.swift /Users/admin/builder/spi-builder-workspace/Sources/PropertyLawCore/InitializerBasedDerivation.swift (in target 'PropertyLawCore' from project 'SwiftPropertyLaws')
SwiftCompile normal arm64 /Users/admin/builder/spi-builder-workspace/Sources/PropertyLawCore/InitializerBasedDerivation+CollectionPreference.swift (in target 'PropertyLawCore' from project 'SwiftPropertyLaws')
    cd /Users/admin/builder/spi-builder-workspace/.swiftpm/xcode

SwiftCompile normal arm64 /Users/admin/builder/spi-builder-workspace/Sources/PropertyLawCore/InitializerBasedDerivation.swift (in target 'PropertyLawCore' from project 'SwiftPropertyLaws')
    cd /Users/admin/builder/spi-builder-workspace/.swiftpm/xcode

SwiftCompile normal arm64 Compiling\ KnownProtocol.swift,\ LabelNarrowedGenerators.swift /Users/admin/builder/spi-builder-workspace/Sources/PropertyLawCore/KnownProtocol.swift /Users/admin/builder/spi-builder-workspace/Sources/PropertyLawCore/LabelNarrowedGenerators.swift (in target 'PropertyLawCore' from project 'SwiftPropertyLaws')
SwiftCompile normal arm64 /Users/admin/builder/spi-builder-workspace/Sources/PropertyLawCore/KnownProtocol.swift (in target 'PropertyLawCore' from project 'SwiftPropertyLaws')
    cd /Users/admin/builder/spi-builder-workspace/.swiftpm/xcode

SwiftCompile normal arm64 /Users/admin/builder/spi-builder-workspace/Sources/PropertyLawCore/LabelNarrowedGenerators.swift (in target 'PropertyLawCore' from project 'SwiftPropertyLaws')
    cd /Users/admin/builder/spi-builder-workspace/.swiftpm/xcode

SwiftDriverJobDiscovery normal arm64 Compiling EnumPayloadDerivation.swift, GeneratorExpressionEmitter.swift (in target 'PropertyLawCore' from project 'SwiftPropertyLaws')
SwiftCompile normal arm64 Compiling\ TodoReason.swift,\ TypeShape.swift /Users/admin/builder/spi-builder-workspace/Sources/PropertyLawCore/TodoReason.swift /Users/admin/builder/spi-builder-workspace/Sources/PropertyLawCore/TypeShape.swift (in target 'PropertyLawCore' from project 'SwiftPropertyLaws')
SwiftCompile normal arm64 /Users/admin/builder/spi-builder-workspace/Sources/PropertyLawCore/TodoReason.swift (in target 'PropertyLawCore' from project 'SwiftPropertyLaws')
    cd /Users/admin/builder/spi-builder-workspace/.swiftpm/xcode

SwiftCompile normal arm64 /Users/admin/builder/spi-builder-workspace/Sources/PropertyLawCore/TypeShape.swift (in target 'PropertyLawCore' from project 'SwiftPropertyLaws')
    cd /Users/admin/builder/spi-builder-workspace/.swiftpm/xcode

SwiftDriverJobDiscovery normal arm64 Compiling AccessLevel.swift, CompositeMemberParser.swift, DerivationStrategy.swift (in target 'PropertyLawCore' from project 'SwiftPropertyLaws')
SwiftCompile normal arm64 Compiling\ Shrink+Date.swift,\ Shrink+Float.swift,\ Shrink+Integer.swift /Users/admin/builder/spi-builder-workspace/.dependencies/checkouts/swift-property-based/Sources/PropertyBased/Shrink+Date.swift /Users/admin/builder/spi-builder-workspace/.dependencies/checkouts/swift-property-based/Sources/PropertyBased/Shrink+Float.swift /Users/admin/builder/spi-builder-workspace/.dependencies/checkouts/swift-property-based/Sources/PropertyBased/Shrink+Integer.swift (in target 'PropertyBased' from project 'PropertyBased')
SwiftCompile normal arm64 /Users/admin/builder/spi-builder-workspace/.dependencies/checkouts/swift-property-based/Sources/PropertyBased/Shrink+Date.swift (in target 'PropertyBased' from project 'PropertyBased')
    cd /Users/admin/builder/spi-builder-workspace/.swiftpm/xcode

SwiftCompile normal arm64 /Users/admin/builder/spi-builder-workspace/.dependencies/checkouts/swift-property-based/Sources/PropertyBased/Shrink+Float.swift (in target 'PropertyBased' from project 'PropertyBased')
    cd /Users/admin/builder/spi-builder-workspace/.swiftpm/xcode

SwiftCompile normal arm64 /Users/admin/builder/spi-builder-workspace/.dependencies/checkouts/swift-property-based/Sources/PropertyBased/Shrink+Integer.swift (in target 'PropertyBased' from project 'PropertyBased')
    cd /Users/admin/builder/spi-builder-workspace/.swiftpm/xcode

SwiftDriverJobDiscovery normal arm64 Compiling GeneratorPlan.swift, GeneratorResolver.swift (in target 'PropertyLawCore' from project 'SwiftPropertyLaws')
SwiftCompile normal arm64 Compiling\ Gen+Collection.swift,\ Gen+Color.swift,\ Gen+Date.swift,\ Gen+Duration.swift /Users/admin/builder/spi-builder-workspace/.dependencies/checkouts/swift-property-based/Sources/PropertyBased/Gen+Collection.swift /Users/admin/builder/spi-builder-workspace/.dependencies/checkouts/swift-property-based/Sources/PropertyBased/Gen+Color.swift /Users/admin/builder/spi-builder-workspace/.dependencies/checkouts/swift-property-based/Sources/PropertyBased/Gen+Date.swift /Users/admin/builder/spi-builder-workspace/.dependencies/checkouts/swift-property-based/Sources/PropertyBased/Gen+Duration.swift (in target 'PropertyBased' from project 'PropertyBased')
SwiftCompile normal arm64 /Users/admin/builder/spi-builder-workspace/.dependencies/checkouts/swift-property-based/Sources/PropertyBased/Gen+Collection.swift (in target 'PropertyBased' from project 'PropertyBased')
    cd /Users/admin/builder/spi-builder-workspace/.swiftpm/xcode

SwiftCompile normal arm64 /Users/admin/builder/spi-builder-workspace/.dependencies/checkouts/swift-property-based/Sources/PropertyBased/Gen+Color.swift (in target 'PropertyBased' from project 'PropertyBased')
    cd /Users/admin/builder/spi-builder-workspace/.swiftpm/xcode

SwiftCompile normal arm64 /Users/admin/builder/spi-builder-workspace/.dependencies/checkouts/swift-property-based/Sources/PropertyBased/Gen+Date.swift (in target 'PropertyBased' from project 'PropertyBased')
    cd /Users/admin/builder/spi-builder-workspace/.swiftpm/xcode

SwiftCompile normal arm64 /Users/admin/builder/spi-builder-workspace/.dependencies/checkouts/swift-property-based/Sources/PropertyBased/Gen+Duration.swift (in target 'PropertyBased' from project 'PropertyBased')
    cd /Users/admin/builder/spi-builder-workspace/.swiftpm/xcode

SwiftDriverJobDiscovery normal arm64 Compiling InitializerBasedDerivation+CollectionPreference.swift, InitializerBasedDerivation.swift (in target 'PropertyLawCore' from project 'SwiftPropertyLaws')
SwiftCompile normal arm64 Compiling\ Shrink.swift,\ Xoshiro.swift,\ Zip.swift /Users/admin/builder/spi-builder-workspace/.dependencies/checkouts/swift-property-based/Sources/PropertyBased/Shrink.swift /Users/admin/builder/spi-builder-workspace/.dependencies/checkouts/swift-property-based/Sources/PropertyBased/Xoshiro.swift /Users/admin/builder/spi-builder-workspace/.dependencies/checkouts/swift-property-based/Sources/PropertyBased/Zip.swift (in target 'PropertyBased' from project 'PropertyBased')
SwiftCompile normal arm64 /Users/admin/builder/spi-builder-workspace/.dependencies/checkouts/swift-property-based/Sources/PropertyBased/Shrink.swift (in target 'PropertyBased' from project 'PropertyBased')
    cd /Users/admin/builder/spi-builder-workspace/.swiftpm/xcode

SwiftCompile normal arm64 /Users/admin/builder/spi-builder-workspace/.dependencies/checkouts/swift-property-based/Sources/PropertyBased/Xoshiro.swift (in target 'PropertyBased' from project 'PropertyBased')
    cd /Users/admin/builder/spi-builder-workspace/.swiftpm/xcode

SwiftCompile normal arm64 /Users/admin/builder/spi-builder-workspace/.dependencies/checkouts/swift-property-based/Sources/PropertyBased/Zip.swift (in target 'PropertyBased' from project 'PropertyBased')
    cd /Users/admin/builder/spi-builder-workspace/.swiftpm/xcode

SwiftDriverJobDiscovery normal arm64 Compiling KnownProtocol.swift, LabelNarrowedGenerators.swift (in target 'PropertyLawCore' from project 'SwiftPropertyLaws')
SwiftCompile normal arm64 Compiling\ PropertyCheck+Pack.swift,\ PropertyCheck.swift,\ SeededRandomNumberGenerator.swift /Users/admin/builder/spi-builder-workspace/.dependencies/checkouts/swift-property-based/Sources/PropertyBased/PropertyCheck+Pack.swift /Users/admin/builder/spi-builder-workspace/.dependencies/checkouts/swift-property-based/Sources/PropertyBased/PropertyCheck.swift /Users/admin/builder/spi-builder-workspace/.dependencies/checkouts/swift-property-based/Sources/PropertyBased/SeededRandomNumberGenerator.swift (in target 'PropertyBased' from project 'PropertyBased')
SwiftCompile normal arm64 /Users/admin/builder/spi-builder-workspace/.dependencies/checkouts/swift-property-based/Sources/PropertyBased/PropertyCheck+Pack.swift (in target 'PropertyBased' from project 'PropertyBased')
    cd /Users/admin/builder/spi-builder-workspace/.swiftpm/xcode

SwiftCompile normal arm64 /Users/admin/builder/spi-builder-workspace/.dependencies/checkouts/swift-property-based/Sources/PropertyBased/PropertyCheck.swift (in target 'PropertyBased' from project 'PropertyBased')
    cd /Users/admin/builder/spi-builder-workspace/.swiftpm/xcode

SwiftCompile normal arm64 /Users/admin/builder/spi-builder-workspace/.dependencies/checkouts/swift-property-based/Sources/PropertyBased/SeededRandomNumberGenerator.swift (in target 'PropertyBased' from project 'PropertyBased')
    cd /Users/admin/builder/spi-builder-workspace/.swiftpm/xcode

SwiftDriverJobDiscovery normal arm64 Compiling TodoReason.swift, TypeShape.swift (in target 'PropertyLawCore' from project 'SwiftPropertyLaws')
SwiftDriver\ Compilation PropertyLawCore normal arm64 com.apple.xcode.tools.swift.compiler (in target 'PropertyLawCore' from project 'SwiftPropertyLaws')
    cd /Users/admin/builder/spi-builder-workspace/.swiftpm/xcode
    builtin-Swift-Compilation -- /Applications/Xcode-16.3.0.app/Contents/Developer/Toolchains/XcodeDefault.xctoolchain/usr/bin/swiftc -module-name PropertyLawCore -Onone -enforce-exclusivity\=checked @/Users/admin/builder/spi-builder-workspace/.derivedData/Build/Intermediates.noindex/SwiftPropertyLaws.build/Debug/PropertyLawCore.build/Objects-normal/arm64/PropertyLawCore.SwiftFileList -DSWIFT_PACKAGE -DDEBUG -DXcode -plugin-path /Applications/Xcode-16.3.0.app/Contents/Developer/Toolchains/XcodeDefault.xctoolchain/usr/lib/swift/host/plugins/testing -enable-experimental-feature DebugDescriptionMacro -sdk /Applications/Xcode-16.3.0.app/Contents/Developer/Platforms/MacOSX.platform/Developer/SDKs/MacOSX15.4.sdk -target arm64-apple-macos14.0 -g -module-cache-path /Users/admin/builder/spi-builder-workspace/.derivedData/ModuleCache.noindex -Xfrontend -serialize-debugging-options -profile-coverage-mapping -profile-generate -enable-testing -index-store-path /Users/admin/builder/spi-builder-workspace/.derivedData/Index.noindex/DataStore -swift-version 6 -I /Users/admin/builder/spi-builder-workspace/.derivedData/Build/Products/Debug -I /Applications/Xcode-16.3.0.app/Contents/Developer/Platforms/MacOSX.platform/Developer/usr/lib -F /Users/admin/builder/spi-builder-workspace/.derivedData/Build/Products/Debug -F /Applications/Xcode-16.3.0.app/Contents/Developer/Platforms/MacOSX.platform/Developer/Library/Frameworks -c -j10 -enable-batch-mode -incremental -Xcc -ivfsstatcache -Xcc /Users/admin/builder/spi-builder-workspace/.derivedData/SDKStatCaches.noindex/macosx15.4-24E241-8287b8f5db97e746a1562fbca0c9d29b.sdkstatcache -output-file-map /Users/admin/builder/spi-builder-workspace/.derivedData/Build/Intermediates.noindex/SwiftPropertyLaws.build/Debug/PropertyLawCore.build/Objects-normal/arm64/PropertyLawCore-OutputFileMap.json -use-frontend-parseable-output -save-temps -no-color-diagnostics -serialize-diagnostics -emit-dependencies -emit-module -emit-module-path /Users/admin/builder/spi-builder-workspace/.derivedData/Build/Intermediates.noindex/SwiftPropertyLaws.build/Debug/PropertyLawCore.build/Objects-normal/arm64/PropertyLawCore.swiftmodule -validate-clang-modules-once -clang-build-session-file /Users/admin/builder/spi-builder-workspace/.derivedData/ModuleCache.noindex/Session.modulevalidation -package-name spi_builder_workspace -Xcc -I/Users/admin/builder/spi-builder-workspace/.derivedData/Build/Intermediates.noindex/SwiftPropertyLaws.build/Debug/PropertyLawCore.build/swift-overrides.hmap -emit-const-values -Xfrontend -const-gather-protocols-file -Xfrontend /Users/admin/builder/spi-builder-workspace/.derivedData/Build/Intermediates.noindex/SwiftPropertyLaws.build/Debug/PropertyLawCore.build/Objects-normal/arm64/PropertyLawCore_const_extract_protocols.json -Xcc -I/Users/admin/builder/spi-builder-workspace/.derivedData/Build/Products/Debug/include -Xcc -I/Users/admin/builder/spi-builder-workspace/.derivedData/Build/Intermediates.noindex/SwiftPropertyLaws.build/Debug/PropertyLawCore.build/DerivedSources-normal/arm64 -Xcc -I/Users/admin/builder/spi-builder-workspace/.derivedData/Build/Intermediates.noindex/SwiftPropertyLaws.build/Debug/PropertyLawCore.build/DerivedSources/arm64 -Xcc -I/Users/admin/builder/spi-builder-workspace/.derivedData/Build/Intermediates.noindex/SwiftPropertyLaws.build/Debug/PropertyLawCore.build/DerivedSources -Xcc -DSWIFT_PACKAGE -Xcc -DDEBUG\=1 -emit-objc-header -emit-objc-header-path /Users/admin/builder/spi-builder-workspace/.derivedData/Build/Intermediates.noindex/SwiftPropertyLaws.build/Debug/PropertyLawCore.build/Objects-normal/arm64/PropertyLawCore-Swift.h -working-directory /Users/admin/builder/spi-builder-workspace/.swiftpm/xcode -experimental-emit-module-separately -disable-cmo
SwiftDriverJobDiscovery normal arm64 Compiling Shrink+Date.swift, Shrink+Float.swift, Shrink+Integer.swift (in target 'PropertyBased' from project 'PropertyBased')
SwiftCompile normal arm64 Compiling\ Shrink+Appended.swift,\ Shrink+Bitset.swift,\ Shrink+Collection.swift /Users/admin/builder/spi-builder-workspace/.dependencies/checkouts/swift-property-based/Sources/PropertyBased/Shrink+Appended.swift /Users/admin/builder/spi-builder-workspace/.dependencies/checkouts/swift-property-based/Sources/PropertyBased/Shrink+Bitset.swift /Users/admin/builder/spi-builder-workspace/.dependencies/checkouts/swift-property-based/Sources/PropertyBased/Shrink+Collection.swift (in target 'PropertyBased' from project 'PropertyBased')
SwiftCompile normal arm64 /Users/admin/builder/spi-builder-workspace/.dependencies/checkouts/swift-property-based/Sources/PropertyBased/Shrink+Appended.swift (in target 'PropertyBased' from project 'PropertyBased')
    cd /Users/admin/builder/spi-builder-workspace/.swiftpm/xcode

SwiftCompile normal arm64 /Users/admin/builder/spi-builder-workspace/.dependencies/checkouts/swift-property-based/Sources/PropertyBased/Shrink+Bitset.swift (in target 'PropertyBased' from project 'PropertyBased')
    cd /Users/admin/builder/spi-builder-workspace/.swiftpm/xcode

SwiftCompile normal arm64 /Users/admin/builder/spi-builder-workspace/.dependencies/checkouts/swift-property-based/Sources/PropertyBased/Shrink+Collection.swift (in target 'PropertyBased' from project 'PropertyBased')
    cd /Users/admin/builder/spi-builder-workspace/.swiftpm/xcode

SwiftCompile normal arm64 Compiling\ Gen+String.swift,\ Gen.swift,\ Generator.swift,\ GeneratorError.swift /Users/admin/builder/spi-builder-workspace/.dependencies/checkouts/swift-property-based/Sources/PropertyBased/Gen+String.swift /Users/admin/builder/spi-builder-workspace/.dependencies/checkouts/swift-property-based/Sources/PropertyBased/Gen.swift /Users/admin/builder/spi-builder-workspace/.dependencies/checkouts/swift-property-based/Sources/PropertyBased/Generator.swift /Users/admin/builder/spi-builder-workspace/.dependencies/checkouts/swift-property-based/Sources/PropertyBased/GeneratorError.swift (in target 'PropertyBased' from project 'PropertyBased')
SwiftCompile normal arm64 /Users/admin/builder/spi-builder-workspace/.dependencies/checkouts/swift-property-based/Sources/PropertyBased/Gen+String.swift (in target 'PropertyBased' from project 'PropertyBased')
    cd /Users/admin/builder/spi-builder-workspace/.swiftpm/xcode

SwiftCompile normal arm64 /Users/admin/builder/spi-builder-workspace/.dependencies/checkouts/swift-property-based/Sources/PropertyBased/Gen.swift (in target 'PropertyBased' from project 'PropertyBased')
    cd /Users/admin/builder/spi-builder-workspace/.swiftpm/xcode

SwiftCompile normal arm64 /Users/admin/builder/spi-builder-workspace/.dependencies/checkouts/swift-property-based/Sources/PropertyBased/Generator.swift (in target 'PropertyBased' from project 'PropertyBased')
    cd /Users/admin/builder/spi-builder-workspace/.swiftpm/xcode

SwiftCompile normal arm64 /Users/admin/builder/spi-builder-workspace/.dependencies/checkouts/swift-property-based/Sources/PropertyBased/GeneratorError.swift (in target 'PropertyBased' from project 'PropertyBased')
    cd /Users/admin/builder/spi-builder-workspace/.swiftpm/xcode

SwiftDriverJobDiscovery normal arm64 Compiling Shrink.swift, Xoshiro.swift, Zip.swift (in target 'PropertyBased' from project 'PropertyBased')
SwiftDriver PropertyLawKit normal arm64 com.apple.xcode.tools.swift.compiler (in target 'PropertyLawKit' from project 'SwiftPropertyLaws')
    cd /Users/admin/builder/spi-builder-workspace/.swiftpm/xcode
    builtin-SwiftDriver -- /Applications/Xcode-16.3.0.app/Contents/Developer/Toolchains/XcodeDefault.xctoolchain/usr/bin/swiftc -module-name PropertyLawKit -Onone -enforce-exclusivity\=checked @/Users/admin/builder/spi-builder-workspace/.derivedData/Build/Intermediates.noindex/SwiftPropertyLaws.build/Debug/PropertyLawKit.build/Objects-normal/arm64/PropertyLawKit.SwiftFileList -DSWIFT_PACKAGE -DDEBUG -DXcode -plugin-path /Applications/Xcode-16.3.0.app/Contents/Developer/Toolchains/XcodeDefault.xctoolchain/usr/lib/swift/host/plugins/testing -enable-experimental-feature DebugDescriptionMacro -sdk /Applications/Xcode-16.3.0.app/Contents/Developer/Platforms/MacOSX.platform/Developer/SDKs/MacOSX15.4.sdk -target arm64-apple-macos14.0 -g -module-cache-path /Users/admin/builder/spi-builder-workspace/.derivedData/ModuleCache.noindex -Xfrontend -serialize-debugging-options -profile-coverage-mapping -profile-generate -enable-testing -index-store-path /Users/admin/builder/spi-builder-workspace/.derivedData/Index.noindex/DataStore -swift-version 6 -I /Users/admin/builder/spi-builder-workspace/.derivedData/Build/Products/Debug -I /Applications/Xcode-16.3.0.app/Contents/Developer/Platforms/MacOSX.platform/Developer/usr/lib -F /Users/admin/builder/spi-builder-workspace/.derivedData/Build/Products/Debug/PackageFrameworks -F /Users/admin/builder/spi-builder-workspace/.derivedData/Build/Products/Debug -F /Applications/Xcode-16.3.0.app/Contents/Developer/Platforms/MacOSX.platform/Developer/Library/Frameworks -c -j10 -enable-batch-mode -incremental -Xcc -ivfsstatcache -Xcc /Users/admin/builder/spi-builder-workspace/.derivedData/SDKStatCaches.noindex/macosx15.4-24E241-8287b8f5db97e746a1562fbca0c9d29b.sdkstatcache -output-file-map /Users/admin/builder/spi-builder-workspace/.derivedData/Build/Intermediates.noindex/SwiftPropertyLaws.build/Debug/PropertyLawKit.build/Objects-normal/arm64/PropertyLawKit-OutputFileMap.json -use-frontend-parseable-output -save-temps -no-color-diagnostics -serialize-diagnostics -emit-dependencies -emit-module -emit-module-path /Users/admin/builder/spi-builder-workspace/.derivedData/Build/Intermediates.noindex/SwiftPropertyLaws.build/Debug/PropertyLawKit.build/Objects-normal/arm64/PropertyLawKit.swiftmodule -validate-clang-modules-once -clang-build-session-file /Users/admin/builder/spi-builder-workspace/.derivedData/ModuleCache.noindex/Session.modulevalidation -package-name spi_builder_workspace -Xcc -I/Users/admin/builder/spi-builder-workspace/.derivedData/Build/Intermediates.noindex/SwiftPropertyLaws.build/Debug/PropertyLawKit.build/swift-overrides.hmap -emit-const-values -Xfrontend -const-gather-protocols-file -Xfrontend /Users/admin/builder/spi-builder-workspace/.derivedData/Build/Intermediates.noindex/SwiftPropertyLaws.build/Debug/PropertyLawKit.build/Objects-normal/arm64/PropertyLawKit_const_extract_protocols.json -Xcc -I/Users/admin/builder/spi-builder-workspace/.derivedData/Build/Products/Debug/include -Xcc -I/Users/admin/builder/spi-builder-workspace/.derivedData/Build/Intermediates.noindex/SwiftPropertyLaws.build/Debug/PropertyLawKit.build/DerivedSources-normal/arm64 -Xcc -I/Users/admin/builder/spi-builder-workspace/.derivedData/Build/Intermediates.noindex/SwiftPropertyLaws.build/Debug/PropertyLawKit.build/DerivedSources/arm64 -Xcc -I/Users/admin/builder/spi-builder-workspace/.derivedData/Build/Intermediates.noindex/SwiftPropertyLaws.build/Debug/PropertyLawKit.build/DerivedSources -Xcc -DSWIFT_PACKAGE -Xcc -DDEBUG\=1 -emit-objc-header -emit-objc-header-path /Users/admin/builder/spi-builder-workspace/.derivedData/Build/Intermediates.noindex/SwiftPropertyLaws.build/Debug/PropertyLawKit.build/Objects-normal/arm64/PropertyLawKit-Swift.h -working-directory /Users/admin/builder/spi-builder-workspace/.swiftpm/xcode -experimental-emit-module-separately -disable-cmo
SwiftDriverJobDiscovery normal arm64 Compiling Gen+Collection.swift, Gen+Color.swift, Gen+Date.swift, Gen+Duration.swift (in target 'PropertyBased' from project 'PropertyBased')
SwiftCompile normal arm64 Compiling\ Gen+Float.swift,\ Gen+Frequency.swift,\ Gen+Int.swift,\ Gen+SIMD.swift /Users/admin/builder/spi-builder-workspace/.dependencies/checkouts/swift-property-based/Sources/PropertyBased/Gen+Float.swift /Users/admin/builder/spi-builder-workspace/.dependencies/checkouts/swift-property-based/Sources/PropertyBased/Gen+Frequency.swift /Users/admin/builder/spi-builder-workspace/.dependencies/checkouts/swift-property-based/Sources/PropertyBased/Gen+Int.swift /Users/admin/builder/spi-builder-workspace/.dependencies/checkouts/swift-property-based/Sources/PropertyBased/Gen+SIMD.swift (in target 'PropertyBased' from project 'PropertyBased')
SwiftCompile normal arm64 /Users/admin/builder/spi-builder-workspace/.dependencies/checkouts/swift-property-based/Sources/PropertyBased/Gen+Float.swift (in target 'PropertyBased' from project 'PropertyBased')
    cd /Users/admin/builder/spi-builder-workspace/.swiftpm/xcode

SwiftCompile normal arm64 /Users/admin/builder/spi-builder-workspace/.dependencies/checkouts/swift-property-based/Sources/PropertyBased/Gen+Frequency.swift (in target 'PropertyBased' from project 'PropertyBased')
    cd /Users/admin/builder/spi-builder-workspace/.swiftpm/xcode

SwiftCompile normal arm64 /Users/admin/builder/spi-builder-workspace/.dependencies/checkouts/swift-property-based/Sources/PropertyBased/Gen+Int.swift (in target 'PropertyBased' from project 'PropertyBased')
    cd /Users/admin/builder/spi-builder-workspace/.swiftpm/xcode

SwiftCompile normal arm64 /Users/admin/builder/spi-builder-workspace/.dependencies/checkouts/swift-property-based/Sources/PropertyBased/Gen+SIMD.swift (in target 'PropertyBased' from project 'PropertyBased')
    cd /Users/admin/builder/spi-builder-workspace/.swiftpm/xcode

SwiftDriverJobDiscovery normal arm64 Compiling Shrink+Appended.swift, Shrink+Bitset.swift, Shrink+Collection.swift (in target 'PropertyBased' from project 'PropertyBased')
SwiftCompile normal arm64 Compiling\ Shrink+MutableCollection.swift,\ Shrink+Optional.swift,\ Shrink+Tuple.swift /Users/admin/builder/spi-builder-workspace/.dependencies/checkouts/swift-property-based/Sources/PropertyBased/Shrink+MutableCollection.swift /Users/admin/builder/spi-builder-workspace/.dependencies/checkouts/swift-property-based/Sources/PropertyBased/Shrink+Optional.swift /Users/admin/builder/spi-builder-workspace/.dependencies/checkouts/swift-property-based/Sources/PropertyBased/Shrink+Tuple.swift (in target 'PropertyBased' from project 'PropertyBased')
SwiftCompile normal arm64 /Users/admin/builder/spi-builder-workspace/.dependencies/checkouts/swift-property-based/Sources/PropertyBased/Shrink+MutableCollection.swift (in target 'PropertyBased' from project 'PropertyBased')
    cd /Users/admin/builder/spi-builder-workspace/.swiftpm/xcode

SwiftCompile normal arm64 /Users/admin/builder/spi-builder-workspace/.dependencies/checkouts/swift-property-based/Sources/PropertyBased/Shrink+Optional.swift (in target 'PropertyBased' from project 'PropertyBased')
    cd /Users/admin/builder/spi-builder-workspace/.swiftpm/xcode

SwiftCompile normal arm64 /Users/admin/builder/spi-builder-workspace/.dependencies/checkouts/swift-property-based/Sources/PropertyBased/Shrink+Tuple.swift (in target 'PropertyBased' from project 'PropertyBased')
    cd /Users/admin/builder/spi-builder-workspace/.swiftpm/xcode

SwiftEmitModule normal arm64 Emitting\ module\ for\ PropertyLawKit (in target 'PropertyLawKit' from project 'SwiftPropertyLaws')
EmitSwiftModule normal arm64 (in target 'PropertyLawKit' from project 'SwiftPropertyLaws')
    cd /Users/admin/builder/spi-builder-workspace/.swiftpm/xcode

SwiftDriverJobDiscovery normal arm64 Compiling PropertyCheck+Pack.swift, PropertyCheck.swift, SeededRandomNumberGenerator.swift (in target 'PropertyBased' from project 'PropertyBased')
SwiftCompile normal arm64 Compiling\ CommutativeMonoid.swift,\ CommutativeMonoidLaws.swift,\ ComparableLaws.swift,\ CoverageClassifier.swift,\ DefensiveCopy.swift,\ DefensiveCopyLaws.swift,\ Enumeration.swift,\ EnumerationCombinators.swift,\ EnumerationProduct.swift,\ EquatableLaws.swift /Users/admin/builder/spi-builder-workspace/Sources/PropertyLawKit/Public/CommutativeMonoid.swift /Users/admin/builder/spi-builder-workspace/Sources/PropertyLawKit/Public/CommutativeMonoidLaws.swift /Users/admin/builder/spi-builder-workspace/Sources/PropertyLawKit/Public/ComparableLaws.swift /Users/admin/builder/spi-builder-workspace/Sources/PropertyLawKit/Public/CoverageClassifier.swift /Users/admin/builder/spi-builder-workspace/Sources/PropertyLawKit/Public/DefensiveCopy.swift /Users/admin/builder/spi-builder-workspace/Sources/PropertyLawKit/Public/DefensiveCopyLaws.swift /Users/admin/builder/spi-builder-workspace/Sources/PropertyLawKit/Public/Enumeration.swift /Users/admin/builder/spi-builder-workspace/Sources/PropertyLawKit/Public/EnumerationCombinators.swift /Users/admin/builder/spi-builder-workspace/Sources/PropertyLawKit/Public/EnumerationProduct.swift /Users/admin/builder/spi-builder-workspace/Sources/PropertyLawKit/Public/EquatableLaws.swift (in target 'PropertyLawKit' from project 'SwiftPropertyLaws')
SwiftCompile normal arm64 /Users/admin/builder/spi-builder-workspace/Sources/PropertyLawKit/Public/CommutativeMonoid.swift (in target 'PropertyLawKit' from project 'SwiftPropertyLaws')
    cd /Users/admin/builder/spi-builder-workspace/.swiftpm/xcode

SwiftCompile normal arm64 /Users/admin/builder/spi-builder-workspace/Sources/PropertyLawKit/Public/CommutativeMonoidLaws.swift (in target 'PropertyLawKit' from project 'SwiftPropertyLaws')
    cd /Users/admin/builder/spi-builder-workspace/.swiftpm/xcode

SwiftCompile normal arm64 /Users/admin/builder/spi-builder-workspace/Sources/PropertyLawKit/Public/ComparableLaws.swift (in target 'PropertyLawKit' from project 'SwiftPropertyLaws')
    cd /Users/admin/builder/spi-builder-workspace/.swiftpm/xcode

SwiftCompile normal arm64 /Users/admin/builder/spi-builder-workspace/Sources/PropertyLawKit/Public/CoverageClassifier.swift (in target 'PropertyLawKit' from project 'SwiftPropertyLaws')
    cd /Users/admin/builder/spi-builder-workspace/.swiftpm/xcode

SwiftCompile normal arm64 /Users/admin/builder/spi-builder-workspace/Sources/PropertyLawKit/Public/DefensiveCopy.swift (in target 'PropertyLawKit' from project 'SwiftPropertyLaws')
    cd /Users/admin/builder/spi-builder-workspace/.swiftpm/xcode

SwiftCompile normal arm64 /Users/admin/builder/spi-builder-workspace/Sources/PropertyLawKit/Public/DefensiveCopyLaws.swift (in target 'PropertyLawKit' from project 'SwiftPropertyLaws')
    cd /Users/admin/builder/spi-builder-workspace/.swiftpm/xcode

SwiftCompile normal arm64 /Users/admin/builder/spi-builder-workspace/Sources/PropertyLawKit/Public/Enumeration.swift (in target 'PropertyLawKit' from project 'SwiftPropertyLaws')
    cd /Users/admin/builder/spi-builder-workspace/.swiftpm/xcode

SwiftCompile normal arm64 /Users/admin/builder/spi-builder-workspace/Sources/PropertyLawKit/Public/EnumerationCombinators.swift (in target 'PropertyLawKit' from project 'SwiftPropertyLaws')
    cd /Users/admin/builder/spi-builder-workspace/.swiftpm/xcode

SwiftCompile normal arm64 /Users/admin/builder/spi-builder-workspace/Sources/PropertyLawKit/Public/EnumerationProduct.swift (in target 'PropertyLawKit' from project 'SwiftPropertyLaws')
    cd /Users/admin/builder/spi-builder-workspace/.swiftpm/xcode

SwiftCompile normal arm64 /Users/admin/builder/spi-builder-workspace/Sources/PropertyLawKit/Public/EquatableLaws.swift (in target 'PropertyLawKit' from project 'SwiftPropertyLaws')
    cd /Users/admin/builder/spi-builder-workspace/.swiftpm/xcode

SwiftDriverJobDiscovery normal arm64 Compiling Shrink+MutableCollection.swift, Shrink+Optional.swift, Shrink+Tuple.swift (in target 'PropertyBased' from project 'PropertyBased')
SwiftCompile normal arm64 Compiling\ InteractionInvariant.swift,\ InteractionInvariantLaws+Async.swift,\ InteractionInvariantLaws.swift,\ InvariantFalsifiabilityLaw.swift,\ IteratorProtocolLaws.swift,\ LosslessStringConvertibleLaws.swift,\ Monoid.swift,\ MonoidLaws.swift,\ MutableCollectionLaws.swift,\ NumericGenerators.swift /Users/admin/builder/spi-builder-workspace/Sources/PropertyLawKit/Public/InteractionInvariant.swift /Users/admin/builder/spi-builder-workspace/Sources/PropertyLawKit/Public/InteractionInvariantLaws+Async.swift /Users/admin/builder/spi-builder-workspace/Sources/PropertyLawKit/Public/InteractionInvariantLaws.swift /Users/admin/builder/spi-builder-workspace/Sources/PropertyLawKit/Public/InvariantFalsifiabilityLaw.swift /Users/admin/builder/spi-builder-workspace/Sources/PropertyLawKit/Public/IteratorProtocolLaws.swift /Users/admin/builder/spi-builder-workspace/Sources/PropertyLawKit/Public/LosslessStringConvertibleLaws.swift /Users/admin/builder/spi-builder-workspace/Sources/PropertyLawKit/Public/Monoid.swift /Users/admin/builder/spi-builder-workspace/Sources/PropertyLawKit/Public/MonoidLaws.swift /Users/admin/builder/spi-builder-workspace/Sources/PropertyLawKit/Public/MutableCollectionLaws.swift /Users/admin/builder/spi-builder-workspace/Sources/PropertyLawKit/Public/NumericGenerators.swift (in target 'PropertyLawKit' from project 'SwiftPropertyLaws')
SwiftCompile normal arm64 /Users/admin/builder/spi-builder-workspace/Sources/PropertyLawKit/Public/InteractionInvariant.swift (in target 'PropertyLawKit' from project 'SwiftPropertyLaws')
    cd /Users/admin/builder/spi-builder-workspace/.swiftpm/xcode

SwiftCompile normal arm64 /Users/admin/builder/spi-builder-workspace/Sources/PropertyLawKit/Public/InteractionInvariantLaws+Async.swift (in target 'PropertyLawKit' from project 'SwiftPropertyLaws')
    cd /Users/admin/builder/spi-builder-workspace/.swiftpm/xcode

SwiftCompile normal arm64 /Users/admin/builder/spi-builder-workspace/Sources/PropertyLawKit/Public/InteractionInvariantLaws.swift (in target 'PropertyLawKit' from project 'SwiftPropertyLaws')
    cd /Users/admin/builder/spi-builder-workspace/.swiftpm/xcode

SwiftCompile normal arm64 /Users/admin/builder/spi-builder-workspace/Sources/PropertyLawKit/Public/InvariantFalsifiabilityLaw.swift (in target 'PropertyLawKit' from project 'SwiftPropertyLaws')
    cd /Users/admin/builder/spi-builder-workspace/.swiftpm/xcode

SwiftCompile normal arm64 /Users/admin/builder/spi-builder-workspace/Sources/PropertyLawKit/Public/IteratorProtocolLaws.swift (in target 'PropertyLawKit' from project 'SwiftPropertyLaws')
    cd /Users/admin/builder/spi-builder-workspace/.swiftpm/xcode

SwiftCompile normal arm64 /Users/admin/builder/spi-builder-workspace/Sources/PropertyLawKit/Public/LosslessStringConvertibleLaws.swift (in target 'PropertyLawKit' from project 'SwiftPropertyLaws')
    cd /Users/admin/builder/spi-builder-workspace/.swiftpm/xcode

SwiftCompile normal arm64 /Users/admin/builder/spi-builder-workspace/Sources/PropertyLawKit/Public/Monoid.swift (in target 'PropertyLawKit' from project 'SwiftPropertyLaws')
    cd /Users/admin/builder/spi-builder-workspace/.swiftpm/xcode

SwiftCompile normal arm64 /Users/admin/builder/spi-builder-workspace/Sources/PropertyLawKit/Public/MonoidLaws.swift (in target 'PropertyLawKit' from project 'SwiftPropertyLaws')
    cd /Users/admin/builder/spi-builder-workspace/.swiftpm/xcode

SwiftCompile normal arm64 /Users/admin/builder/spi-builder-workspace/Sources/PropertyLawKit/Public/MutableCollectionLaws.swift (in target 'PropertyLawKit' from project 'SwiftPropertyLaws')
    cd /Users/admin/builder/spi-builder-workspace/.swiftpm/xcode

SwiftCompile normal arm64 /Users/admin/builder/spi-builder-workspace/Sources/PropertyLawKit/Public/NumericGenerators.swift (in target 'PropertyLawKit' from project 'SwiftPropertyLaws')
    cd /Users/admin/builder/spi-builder-workspace/.swiftpm/xcode

SwiftDriverJobDiscovery normal arm64 Compiling Gen+String.swift, Gen.swift, Generator.swift, GeneratorError.swift (in target 'PropertyBased' from project 'PropertyBased')
SwiftCompile normal arm64 Compiling\ EveryCarrierLaws.swift,\ EveryCaseLaws.swift,\ FixedWidthIntegerLaws.swift,\ FloatingPointCommutativityLaws.swift,\ FloatingPointLaws.swift,\ FoundationGenerators.swift,\ Group.swift,\ GroupLaws.swift,\ HashableLaws.swift,\ IdentifiableLaws.swift /Users/admin/builder/spi-builder-workspace/Sources/PropertyLawKit/Public/EveryCarrierLaws.swift /Users/admin/builder/spi-builder-workspace/Sources/PropertyLawKit/Public/EveryCaseLaws.swift /Users/admin/builder/spi-builder-workspace/Sources/PropertyLawKit/Public/FixedWidthIntegerLaws.swift /Users/admin/builder/spi-builder-workspace/Sources/PropertyLawKit/Public/FloatingPointCommutativityLaws.swift /Users/admin/builder/spi-builder-workspace/Sources/PropertyLawKit/Public/FloatingPointLaws.swift /Users/admin/builder/spi-builder-workspace/Sources/PropertyLawKit/Public/FoundationGenerators.swift /Users/admin/builder/spi-builder-workspace/Sources/PropertyLawKit/Public/Group.swift /Users/admin/builder/spi-builder-workspace/Sources/PropertyLawKit/Public/GroupLaws.swift /Users/admin/builder/spi-builder-workspace/Sources/PropertyLawKit/Public/HashableLaws.swift /Users/admin/builder/spi-builder-workspace/Sources/PropertyLawKit/Public/IdentifiableLaws.swift (in target 'PropertyLawKit' from project 'SwiftPropertyLaws')
SwiftCompile normal arm64 /Users/admin/builder/spi-builder-workspace/Sources/PropertyLawKit/Public/EveryCarrierLaws.swift (in target 'PropertyLawKit' from project 'SwiftPropertyLaws')
    cd /Users/admin/builder/spi-builder-workspace/.swiftpm/xcode

SwiftCompile normal arm64 /Users/admin/builder/spi-builder-workspace/Sources/PropertyLawKit/Public/EveryCaseLaws.swift (in target 'PropertyLawKit' from project 'SwiftPropertyLaws')
    cd /Users/admin/builder/spi-builder-workspace/.swiftpm/xcode

SwiftCompile normal arm64 /Users/admin/builder/spi-builder-workspace/Sources/PropertyLawKit/Public/FixedWidthIntegerLaws.swift (in target 'PropertyLawKit' from project 'SwiftPropertyLaws')
    cd /Users/admin/builder/spi-builder-workspace/.swiftpm/xcode

SwiftCompile normal arm64 /Users/admin/builder/spi-builder-workspace/Sources/PropertyLawKit/Public/FloatingPointCommutativityLaws.swift (in target 'PropertyLawKit' from project 'SwiftPropertyLaws')
    cd /Users/admin/builder/spi-builder-workspace/.swiftpm/xcode

SwiftCompile normal arm64 /Users/admin/builder/spi-builder-workspace/Sources/PropertyLawKit/Public/FloatingPointLaws.swift (in target 'PropertyLawKit' from project 'SwiftPropertyLaws')
    cd /Users/admin/builder/spi-builder-workspace/.swiftpm/xcode

SwiftCompile normal arm64 /Users/admin/builder/spi-builder-workspace/Sources/PropertyLawKit/Public/FoundationGenerators.swift (in target 'PropertyLawKit' from project 'SwiftPropertyLaws')
    cd /Users/admin/builder/spi-builder-workspace/.swiftpm/xcode

SwiftCompile normal arm64 /Users/admin/builder/spi-builder-workspace/Sources/PropertyLawKit/Public/Group.swift (in target 'PropertyLawKit' from project 'SwiftPropertyLaws')
    cd /Users/admin/builder/spi-builder-workspace/.swiftpm/xcode

SwiftCompile normal arm64 /Users/admin/builder/spi-builder-workspace/Sources/PropertyLawKit/Public/GroupLaws.swift (in target 'PropertyLawKit' from project 'SwiftPropertyLaws')
    cd /Users/admin/builder/spi-builder-workspace/.swiftpm/xcode

SwiftCompile normal arm64 /Users/admin/builder/spi-builder-workspace/Sources/PropertyLawKit/Public/HashableLaws.swift (in target 'PropertyLawKit' from project 'SwiftPropertyLaws')
    cd /Users/admin/builder/spi-builder-workspace/.swiftpm/xcode

SwiftCompile normal arm64 /Users/admin/builder/spi-builder-workspace/Sources/PropertyLawKit/Public/IdentifiableLaws.swift (in target 'PropertyLawKit' from project 'SwiftPropertyLaws')
    cd /Users/admin/builder/spi-builder-workspace/.swiftpm/xcode

SwiftDriverJobDiscovery normal arm64 Compiling Gen+Float.swift, Gen+Frequency.swift, Gen+Int.swift, Gen+SIMD.swift (in target 'PropertyBased' from project 'PropertyBased')
SwiftCompile normal arm64 Compiling\ PerLawDriver.swift,\ PropertyLawSuiteRunner.swift,\ ReplayEnvironmentValidator.swift,\ SpaceSampling.swift,\ ViolationFormatter.swift,\ CheckResult.swift,\ CodableCodec.swift,\ CodableLawConfig.swift,\ CodableRoundTripMode.swift,\ EnforcementMode.swift,\ Environment.swift /Users/admin/builder/spi-builder-workspace/Sources/PropertyLawKit/Internal/PerLawDriver.swift /Users/admin/builder/spi-builder-workspace/Sources/PropertyLawKit/Internal/PropertyLawSuiteRunner.swift /Users/admin/builder/spi-builder-workspace/Sources/PropertyLawKit/Internal/ReplayEnvironmentValidator.swift /Users/admin/builder/spi-builder-workspace/Sources/PropertyLawKit/Internal/SpaceSampling.swift /Users/admin/builder/spi-builder-workspace/Sources/PropertyLawKit/Internal/ViolationFormatter.swift /Users/admin/builder/spi-builder-workspace/Sources/PropertyLawKit/Model/CheckResult.swift /Users/admin/builder/spi-builder-workspace/Sources/PropertyLawKit/Model/CodableCodec.swift /Users/admin/builder/spi-builder-workspace/Sources/PropertyLawKit/Model/CodableLawConfig.swift /Users/admin/builder/spi-builder-workspace/Sources/PropertyLawKit/Model/CodableRoundTripMode.swift /Users/admin/builder/spi-builder-workspace/Sources/PropertyLawKit/Model/EnforcementMode.swift /Users/admin/builder/spi-builder-workspace/Sources/PropertyLawKit/Model/Environment.swift (in target 'PropertyLawKit' from project 'SwiftPropertyLaws')
SwiftCompile normal arm64 /Users/admin/builder/spi-builder-workspace/Sources/PropertyLawKit/Internal/PerLawDriver.swift (in target 'PropertyLawKit' from project 'SwiftPropertyLaws')
    cd /Users/admin/builder/spi-builder-workspace/.swiftpm/xcode

SwiftCompile normal arm64 /Users/admin/builder/spi-builder-workspace/Sources/PropertyLawKit/Internal/PropertyLawSuiteRunner.swift (in target 'PropertyLawKit' from project 'SwiftPropertyLaws')
    cd /Users/admin/builder/spi-builder-workspace/.swiftpm/xcode

SwiftCompile normal arm64 /Users/admin/builder/spi-builder-workspace/Sources/PropertyLawKit/Internal/ReplayEnvironmentValidator.swift (in target 'PropertyLawKit' from project 'SwiftPropertyLaws')
    cd /Users/admin/builder/spi-builder-workspace/.swiftpm/xcode

SwiftCompile normal arm64 /Users/admin/builder/spi-builder-workspace/Sources/PropertyLawKit/Internal/SpaceSampling.swift (in target 'PropertyLawKit' from project 'SwiftPropertyLaws')
    cd /Users/admin/builder/spi-builder-workspace/.swiftpm/xcode

SwiftCompile normal arm64 /Users/admin/builder/spi-builder-workspace/Sources/PropertyLawKit/Internal/ViolationFormatter.swift (in target 'PropertyLawKit' from project 'SwiftPropertyLaws')
    cd /Users/admin/builder/spi-builder-workspace/.swiftpm/xcode

SwiftCompile normal arm64 /Users/admin/builder/spi-builder-workspace/Sources/PropertyLawKit/Model/CheckResult.swift (in target 'PropertyLawKit' from project 'SwiftPropertyLaws')
    cd /Users/admin/builder/spi-builder-workspace/.swiftpm/xcode

SwiftCompile normal arm64 /Users/admin/builder/spi-builder-workspace/Sources/PropertyLawKit/Model/CodableCodec.swift (in target 'PropertyLawKit' from project 'SwiftPropertyLaws')
    cd /Users/admin/builder/spi-builder-workspace/.swiftpm/xcode

SwiftCompile normal arm64 /Users/admin/builder/spi-builder-workspace/Sources/PropertyLawKit/Model/CodableLawConfig.swift (in target 'PropertyLawKit' from project 'SwiftPropertyLaws')
    cd /Users/admin/builder/spi-builder-workspace/.swiftpm/xcode

SwiftCompile normal arm64 /Users/admin/builder/spi-builder-workspace/Sources/PropertyLawKit/Model/CodableRoundTripMode.swift (in target 'PropertyLawKit' from project 'SwiftPropertyLaws')
    cd /Users/admin/builder/spi-builder-workspace/.swiftpm/xcode

SwiftCompile normal arm64 /Users/admin/builder/spi-builder-workspace/Sources/PropertyLawKit/Model/EnforcementMode.swift (in target 'PropertyLawKit' from project 'SwiftPropertyLaws')
    cd /Users/admin/builder/spi-builder-workspace/.swiftpm/xcode

SwiftCompile normal arm64 /Users/admin/builder/spi-builder-workspace/Sources/PropertyLawKit/Model/Environment.swift (in target 'PropertyLawKit' from project 'SwiftPropertyLaws')
    cd /Users/admin/builder/spi-builder-workspace/.swiftpm/xcode

SwiftDriverJobDiscovery normal arm64 Emitting module for SwiftSyntax (in target 'SwiftSyntax' from project 'swift-syntax')
SwiftDriver\ Compilation\ Requirements SwiftSyntax normal arm64 com.apple.xcode.tools.swift.compiler (in target 'SwiftSyntax' from project 'swift-syntax')
    cd /Users/admin/builder/spi-builder-workspace/.swiftpm/xcode
    builtin-Swift-Compilation-Requirements -- /Applications/Xcode-16.3.0.app/Contents/Developer/Toolchains/XcodeDefault.xctoolchain/usr/bin/swiftc -module-name SwiftSyntax -Onone -enforce-exclusivity\=checked @/Users/admin/builder/spi-builder-workspace/.derivedData/Build/Intermediates.noindex/swift-syntax.build/Debug/SwiftSyntax.build/Objects-normal/arm64/SwiftSyntax.SwiftFileList -DSWIFT_PACKAGE -DDEBUG -DXcode -plugin-path /Applications/Xcode-16.3.0.app/Contents/Developer/Toolchains/XcodeDefault.xctoolchain/usr/lib/swift/host/plugins/testing -enable-experimental-feature DebugDescriptionMacro -sdk /Applications/Xcode-16.3.0.app/Contents/Developer/Platforms/MacOSX.platform/Developer/SDKs/MacOSX15.4.sdk -target arm64-apple-macos10.15 -g -module-cache-path /Users/admin/builder/spi-builder-workspace/.derivedData/ModuleCache.noindex -Xfrontend -serialize-debugging-options -profile-coverage-mapping -profile-generate -enable-testing -suppress-warnings -index-store-path /Users/admin/builder/spi-builder-workspace/.derivedData/Index.noindex/DataStore -swift-version 6 -I /Users/admin/builder/spi-builder-workspace/.derivedData/Build/Products/Debug -I /Applications/Xcode-16.3.0.app/Contents/Developer/Platforms/MacOSX.platform/Developer/usr/lib -F /Users/admin/builder/spi-builder-workspace/.derivedData/Build/Products/Debug/PackageFrameworks -F /Users/admin/builder/spi-builder-workspace/.derivedData/Build/Products/Debug/PackageFrameworks -F /Users/admin/builder/spi-builder-workspace/.derivedData/Build/Products/Debug/PackageFrameworks -F /Users/admin/builder/spi-builder-workspace/.derivedData/Build/Products/Debug/PackageFrameworks -F /Users/admin/builder/spi-builder-workspace/.derivedData/Build/Products/Debug/PackageFrameworks -F /Users/admin/builder/spi-builder-workspace/.derivedData/Build/Products/Debug/PackageFrameworks -F /Users/admin/builder/spi-builder-workspace/.derivedData/Build/Products/Debug -F /Applications/Xcode-16.3.0.app/Contents/Developer/Platforms/MacOSX.platform/Developer/Library/Frameworks -c -j10 -enable-batch-mode -incremental -Xcc -ivfsstatcache -Xcc /Users/admin/builder/spi-builder-workspace/.derivedData/SDKStatCaches.noindex/macosx15.4-24E241-8287b8f5db97e746a1562fbca0c9d29b.sdkstatcache -output-file-map /Users/admin/builder/spi-builder-workspace/.derivedData/Build/Intermediates.noindex/swift-syntax.build/Debug/SwiftSyntax.build/Objects-normal/arm64/SwiftSyntax-OutputFileMap.json -use-frontend-parseable-output -save-temps -no-color-diagnostics -serialize-diagnostics -emit-dependencies -emit-module -emit-module-path /Users/admin/builder/spi-builder-workspace/.derivedData/Build/Intermediates.noindex/swift-syntax.build/Debug/SwiftSyntax.build/Objects-normal/arm64/SwiftSyntax.swiftmodule -validate-clang-modules-once -clang-build-session-file /Users/admin/builder/spi-builder-workspace/.derivedData/ModuleCache.noindex/Session.modulevalidation -package-name swift_syntax -Xcc -I/Users/admin/builder/spi-builder-workspace/.derivedData/Build/Intermediates.noindex/swift-syntax.build/Debug/SwiftSyntax.build/swift-overrides.hmap -emit-const-values -Xfrontend -const-gather-protocols-file -Xfrontend /Users/admin/builder/spi-builder-workspace/.derivedData/Build/Intermediates.noindex/swift-syntax.build/Debug/SwiftSyntax.build/Objects-normal/arm64/SwiftSyntax_const_extract_protocols.json -Xcc -I/Users/admin/builder/spi-builder-workspace/.dependencies/checkouts/swift-syntax/Sources/_SwiftSyntaxCShims/include -Xcc -I/Users/admin/builder/spi-builder-workspace/.derivedData/Build/Products/Debug/include -Xcc -I/Users/admin/builder/spi-builder-workspace/.derivedData/Build/Intermediates.noindex/swift-syntax.build/Debug/SwiftSyntax.build/DerivedSources-normal/arm64 -Xcc -I/Users/admin/builder/spi-builder-workspace/.derivedData/Build/Intermediates.noindex/swift-syntax.build/Debug/SwiftSyntax.build/DerivedSources/arm64 -Xcc -I/Users/admin/builder/spi-builder-workspace/.derivedData/Build/Intermediates.noindex/swift-syntax.build/Debug/SwiftSyntax.build/DerivedSources -Xcc -DSWIFT_PACKAGE -Xcc -DDEBUG\=1 -emit-objc-header -emit-objc-header-path /Users/admin/builder/spi-builder-workspace/.derivedData/Build/Intermediates.noindex/swift-syntax.build/Debug/SwiftSyntax.build/Objects-normal/arm64/SwiftSyntax-Swift.h -working-directory /Users/admin/builder/spi-builder-workspace/.swiftpm/xcode -experimental-emit-module-separately -disable-cmo
SwiftDriverJobDiscovery normal arm64 Compiling Tokens.swift, TriviaPieces.swift, RawSyntaxNodesAB.swift, RawSyntaxNodesC.swift, RawSyntaxNodesD.swift, RawSyntaxNodesEF.swift, RawSyntaxNodesGHI.swift (in target 'SwiftSyntax' from project 'swift-syntax')
SwiftCompile normal arm64 Compiling\ EqualValuePairing.swift,\ InputSource.swift,\ LawCheckOptions.swift,\ LawIdentifier.swift,\ LawSelection.swift,\ LawSuppression.swift,\ PropertyLawViolation.swift,\ Seed.swift,\ SequenceLawOptions.swift,\ SpaceCoverage.swift,\ StrictnessTier.swift /Users/admin/builder/spi-builder-workspace/Sources/PropertyLawKit/Model/EqualValuePairing.swift /Users/admin/builder/spi-builder-workspace/Sources/PropertyLawKit/Model/InputSource.swift /Users/admin/builder/spi-builder-workspace/Sources/PropertyLawKit/Model/LawCheckOptions.swift /Users/admin/builder/spi-builder-workspace/Sources/PropertyLawKit/Model/LawIdentifier.swift /Users/admin/builder/spi-builder-workspace/Sources/PropertyLawKit/Model/LawSelection.swift /Users/admin/builder/spi-builder-workspace/Sources/PropertyLawKit/Model/LawSuppression.swift /Users/admin/builder/spi-builder-workspace/Sources/PropertyLawKit/Model/PropertyLawViolation.swift /Users/admin/builder/spi-builder-workspace/Sources/PropertyLawKit/Model/Seed.swift /Users/admin/builder/spi-builder-workspace/Sources/PropertyLawKit/Model/SequenceLawOptions.swift /Users/admin/builder/spi-builder-workspace/Sources/PropertyLawKit/Model/SpaceCoverage.swift /Users/admin/builder/spi-builder-workspace/Sources/PropertyLawKit/Model/StrictnessTier.swift (in target 'PropertyLawKit' from project 'SwiftPropertyLaws')
SwiftCompile normal arm64 /Users/admin/builder/spi-builder-workspace/Sources/PropertyLawKit/Model/EqualValuePairing.swift (in target 'PropertyLawKit' from project 'SwiftPropertyLaws')
    cd /Users/admin/builder/spi-builder-workspace/.swiftpm/xcode

SwiftCompile normal arm64 /Users/admin/builder/spi-builder-workspace/Sources/PropertyLawKit/Model/InputSource.swift (in target 'PropertyLawKit' from project 'SwiftPropertyLaws')
    cd /Users/admin/builder/spi-builder-workspace/.swiftpm/xcode

SwiftCompile normal arm64 /Users/admin/builder/spi-builder-workspace/Sources/PropertyLawKit/Model/LawCheckOptions.swift (in target 'PropertyLawKit' from project 'SwiftPropertyLaws')
    cd /Users/admin/builder/spi-builder-workspace/.swiftpm/xcode

SwiftCompile normal arm64 /Users/admin/builder/spi-builder-workspace/Sources/PropertyLawKit/Model/LawIdentifier.swift (in target 'PropertyLawKit' from project 'SwiftPropertyLaws')
    cd /Users/admin/builder/spi-builder-workspace/.swiftpm/xcode

SwiftCompile normal arm64 /Users/admin/builder/spi-builder-workspace/Sources/PropertyLawKit/Model/LawSelection.swift (in target 'PropertyLawKit' from project 'SwiftPropertyLaws')
    cd /Users/admin/builder/spi-builder-workspace/.swiftpm/xcode

SwiftCompile normal arm64 /Users/admin/builder/spi-builder-workspace/Sources/PropertyLawKit/Model/LawSuppression.swift (in target 'PropertyLawKit' from project 'SwiftPropertyLaws')
    cd /Users/admin/builder/spi-builder-workspace/.swiftpm/xcode

SwiftCompile normal arm64 /Users/admin/builder/spi-builder-workspace/Sources/PropertyLawKit/Model/PropertyLawViolation.swift (in target 'PropertyLawKit' from project 'SwiftPropertyLaws')
    cd /Users/admin/builder/spi-builder-workspace/.swiftpm/xcode

SwiftCompile normal arm64 /Users/admin/builder/spi-builder-workspace/Sources/PropertyLawKit/Model/Seed.swift (in target 'PropertyLawKit' from project 'SwiftPropertyLaws')
    cd /Users/admin/builder/spi-builder-workspace/.swiftpm/xcode

SwiftCompile normal arm64 /Users/admin/builder/spi-builder-workspace/Sources/PropertyLawKit/Model/SequenceLawOptions.swift (in target 'PropertyLawKit' from project 'SwiftPropertyLaws')
    cd /Users/admin/builder/spi-builder-workspace/.swiftpm/xcode

SwiftCompile normal arm64 /Users/admin/builder/spi-builder-workspace/Sources/PropertyLawKit/Model/SpaceCoverage.swift (in target 'PropertyLawKit' from project 'SwiftPropertyLaws')
    cd /Users/admin/builder/spi-builder-workspace/.swiftpm/xcode

SwiftCompile normal arm64 /Users/admin/builder/spi-builder-workspace/Sources/PropertyLawKit/Model/StrictnessTier.swift (in target 'PropertyLawKit' from project 'SwiftPropertyLaws')
    cd /Users/admin/builder/spi-builder-workspace/.swiftpm/xcode

SwiftMergeGeneratedHeaders /Users/admin/builder/spi-builder-workspace/.derivedData/Build/Intermediates.noindex/GeneratedModuleMaps/SwiftSyntax-Swift.h /Users/admin/builder/spi-builder-workspace/.derivedData/Build/Intermediates.noindex/swift-syntax.build/Debug/SwiftSyntax.build/Objects-normal/arm64/SwiftSyntax-Swift.h (in target 'SwiftSyntax' from project 'swift-syntax')
    cd /Users/admin/builder/spi-builder-workspace/.dependencies/checkouts/swift-syntax
    builtin-swiftHeaderTool -arch arm64 /Users/admin/builder/spi-builder-workspace/.derivedData/Build/Intermediates.noindex/swift-syntax.build/Debug/SwiftSyntax.build/Objects-normal/arm64/SwiftSyntax-Swift.h -o /Users/admin/builder/spi-builder-workspace/.derivedData/Build/Intermediates.noindex/GeneratedModuleMaps/SwiftSyntax-Swift.h
SwiftDriverJobDiscovery normal arm64 Compiling SyntaxCollections.swift, SyntaxEnum.swift, SyntaxKind.swift, SyntaxRewriter.swift, SyntaxTraits.swift, SyntaxVisitor.swift, TokenKind.swift (in target 'SwiftSyntax' from project 'swift-syntax')
Copy /Users/admin/builder/spi-builder-workspace/.derivedData/Build/Products/Debug/SwiftSyntax.swiftmodule/arm64-apple-macos.swiftmodule /Users/admin/builder/spi-builder-workspace/.derivedData/Build/Intermediates.noindex/swift-syntax.build/Debug/SwiftSyntax.build/Objects-normal/arm64/SwiftSyntax.swiftmodule (in target 'SwiftSyntax' from project 'swift-syntax')
    cd /Users/admin/builder/spi-builder-workspace/.dependencies/checkouts/swift-syntax
    builtin-copy -exclude .DS_Store -exclude CVS -exclude .svn -exclude .git -exclude .hg -resolve-src-symlinks -rename /Users/admin/builder/spi-builder-workspace/.derivedData/Build/Intermediates.noindex/swift-syntax.build/Debug/SwiftSyntax.build/Objects-normal/arm64/SwiftSyntax.swiftmodule /Users/admin/builder/spi-builder-workspace/.derivedData/Build/Products/Debug/SwiftSyntax.swiftmodule/arm64-apple-macos.swiftmodule
Copy /Users/admin/builder/spi-builder-workspace/.derivedData/Build/Products/Debug/SwiftSyntax.swiftmodule/arm64-apple-macos.swiftdoc /Users/admin/builder/spi-builder-workspace/.derivedData/Build/Intermediates.noindex/swift-syntax.build/Debug/SwiftSyntax.build/Objects-normal/arm64/SwiftSyntax.swiftdoc (in target 'SwiftSyntax' from project 'swift-syntax')
    cd /Users/admin/builder/spi-builder-workspace/.dependencies/checkouts/swift-syntax
    builtin-copy -exclude .DS_Store -exclude CVS -exclude .svn -exclude .git -exclude .hg -resolve-src-symlinks -rename /Users/admin/builder/spi-builder-workspace/.derivedData/Build/Intermediates.noindex/swift-syntax.build/Debug/SwiftSyntax.build/Objects-normal/arm64/SwiftSyntax.swiftdoc /Users/admin/builder/spi-builder-workspace/.derivedData/Build/Products/Debug/SwiftSyntax.swiftmodule/arm64-apple-macos.swiftdoc
Copy /Users/admin/builder/spi-builder-workspace/.derivedData/Build/Products/Debug/SwiftSyntax.swiftmodule/arm64-apple-macos.abi.json /Users/admin/builder/spi-builder-workspace/.derivedData/Build/Intermediates.noindex/swift-syntax.build/Debug/SwiftSyntax.build/Objects-normal/arm64/SwiftSyntax.abi.json (in target 'SwiftSyntax' from project 'swift-syntax')
    cd /Users/admin/builder/spi-builder-workspace/.dependencies/checkouts/swift-syntax
    builtin-copy -exclude .DS_Store -exclude CVS -exclude .svn -exclude .git -exclude .hg -resolve-src-symlinks -rename /Users/admin/builder/spi-builder-workspace/.derivedData/Build/Intermediates.noindex/swift-syntax.build/Debug/SwiftSyntax.build/Objects-normal/arm64/SwiftSyntax.abi.json /Users/admin/builder/spi-builder-workspace/.derivedData/Build/Products/Debug/SwiftSyntax.swiftmodule/arm64-apple-macos.abi.json
Copy /Users/admin/builder/spi-builder-workspace/.derivedData/Build/Products/Debug/SwiftSyntax.swiftmodule/Project/arm64-apple-macos.swiftsourceinfo /Users/admin/builder/spi-builder-workspace/.derivedData/Build/Intermediates.noindex/swift-syntax.build/Debug/SwiftSyntax.build/Objects-normal/arm64/SwiftSyntax.swiftsourceinfo (in target 'SwiftSyntax' from project 'swift-syntax')
    cd /Users/admin/builder/spi-builder-workspace/.dependencies/checkouts/swift-syntax
    builtin-copy -exclude .DS_Store -exclude CVS -exclude .svn -exclude .git -exclude .hg -resolve-src-symlinks -rename /Users/admin/builder/spi-builder-workspace/.derivedData/Build/Intermediates.noindex/swift-syntax.build/Debug/SwiftSyntax.build/Objects-normal/arm64/SwiftSyntax.swiftsourceinfo /Users/admin/builder/spi-builder-workspace/.derivedData/Build/Products/Debug/SwiftSyntax.swiftmodule/Project/arm64-apple-macos.swiftsourceinfo
SwiftCompile normal arm64 Compiling\ StdlibGenerators.swift,\ StrictWeakOrderingLaws.swift,\ StrictWeakOrderingVacuity.swift,\ StrideableLaws.swift,\ StringProtocolLaws.swift,\ TransformationFunctionLaws.swift,\ TransformationLaws.swift,\ UnsignedIntegerLaws.swift,\ ValueSemantic.swift,\ ValueSemanticLaws.swift /Users/admin/builder/spi-builder-workspace/Sources/PropertyLawKit/Public/StdlibGenerators.swift /Users/admin/builder/spi-builder-workspace/Sources/PropertyLawKit/Public/StrictWeakOrderingLaws.swift /Users/admin/builder/spi-builder-workspace/Sources/PropertyLawKit/Public/StrictWeakOrderingVacuity.swift /Users/admin/builder/spi-builder-workspace/Sources/PropertyLawKit/Public/StrideableLaws.swift /Users/admin/builder/spi-builder-workspace/Sources/PropertyLawKit/Public/StringProtocolLaws.swift /Users/admin/builder/spi-builder-workspace/Sources/PropertyLawKit/Public/TransformationFunctionLaws.swift /Users/admin/builder/spi-builder-workspace/Sources/PropertyLawKit/Public/TransformationLaws.swift /Users/admin/builder/spi-builder-workspace/Sources/PropertyLawKit/Public/UnsignedIntegerLaws.swift /Users/admin/builder/spi-builder-workspace/Sources/PropertyLawKit/Public/ValueSemantic.swift /Users/admin/builder/spi-builder-workspace/Sources/PropertyLawKit/Public/ValueSemanticLaws.swift (in target 'PropertyLawKit' from project 'SwiftPropertyLaws')
Failed frontend command:
/Applications/Xcode-16.3.0.app/Contents/Developer/Toolchains/XcodeDefault.xctoolchain/usr/bin/swift-frontend -frontend -c /Users/admin/builder/spi-builder-workspace/Sources/PropertyLawKit/Internal/AggregateDriver.swift /Users/admin/builder/spi-builder-workspace/Sources/PropertyLawKit/Internal/Backends/SwiftPropertyBasedBackend.swift /Users/admin/builder/spi-builder-workspace/Sources/PropertyLawKit/Internal/CheckPreflight.swift /Users/admin/builder/spi-builder-workspace/Sources/PropertyLawKit/Internal/CoverageAccumulator.swift /Users/admin/builder/spi-builder-workspace/Sources/PropertyLawKit/Internal/DrawPoolDriver.swift /Users/admin/builder/spi-builder-workspace/Sources/PropertyLawKit/Internal/EnumerationDriver.swift /Users/admin/builder/spi-builder-workspace/Sources/PropertyLawKit/Internal/EqualValueLawBuilders.swift /Users/admin/builder/spi-builder-workspace/Sources/PropertyLawKit/Internal/InheritedLawCollector.swift /Users/admin/builder/spi-builder-workspace/Sources/PropertyLawKit/Internal/LawCheckBuilders.swift /Users/admin/builder/spi-builder-workspace/Sources/PropertyLawKit/Internal/LawSuppressionPolicy.swift /Users/admin/builder/spi-builder-workspace/Sources/PropertyLawKit/Internal/NearMissCollector.swift /Users/admin/builder/spi-builder-workspace/Sources/PropertyLawKit/Internal/PerLawDriver.swift /Users/admin/builder/spi-builder-workspace/Sources/PropertyLawKit/Internal/PropertyLawSuiteRunner.swift /Users/admin/builder/spi-builder-workspace/Sources/PropertyLawKit/Internal/ReplayEnvironmentValidator.swift /Users/admin/builder/spi-builder-workspace/Sources/PropertyLawKit/Internal/SpaceSampling.swift /Users/admin/builder/spi-builder-workspace/Sources/PropertyLawKit/Internal/ViolationFormatter.swift /Users/admin/builder/spi-builder-workspace/Sources/PropertyLawKit/Model/CheckResult.swift /Users/admin/builder/spi-builder-workspace/Sources/PropertyLawKit/Model/CodableCodec.swift /Users/admin/builder/spi-builder-workspace/Sources/PropertyLawKit/Model/CodableLawConfig.swift /Users/admin/builder/spi-builder-workspace/Sources/PropertyLawKit/Model/CodableRoundTripMode.swift /Users/admin/builder/spi-builder-workspace/Sources/PropertyLawKit/Model/EnforcementMode.swift /Users/admin/builder/spi-builder-workspace/Sources/PropertyLawKit/Model/Environment.swift /Users/admin/builder/spi-builder-workspace/Sources/PropertyLawKit/Model/EqualValuePairing.swift /Users/admin/builder/spi-builder-workspace/Sources/PropertyLawKit/Model/InputSource.swift /Users/admin/builder/spi-builder-workspace/Sources/PropertyLawKit/Model/LawCheckOptions.swift /Users/admin/builder/spi-builder-workspace/Sources/PropertyLawKit/Model/LawIdentifier.swift /Users/admin/builder/spi-builder-workspace/Sources/PropertyLawKit/Model/LawSelection.swift /Users/admin/builder/spi-builder-workspace/Sources/PropertyLawKit/Model/LawSuppression.swift /Users/admin/builder/spi-builder-workspace/Sources/PropertyLawKit/Model/PropertyLawViolation.swift /Users/admin/builder/spi-builder-workspace/Sources/PropertyLawKit/Model/Seed.swift /Users/admin/builder/spi-builder-workspace/Sources/PropertyLawKit/Model/SequenceLawOptions.swift /Users/admin/builder/spi-builder-workspace/Sources/PropertyLawKit/Model/SpaceCoverage.swift /Users/admin/builder/spi-builder-workspace/Sources/PropertyLawKit/Model/StrictnessTier.swift /Users/admin/builder/spi-builder-workspace/Sources/PropertyLawKit/Model/TrialBudget.swift /Users/admin/builder/spi-builder-workspace/Sources/PropertyLawKit/PropertyLawKit.swift /Users/admin/builder/spi-builder-workspace/Sources/PropertyLawKit/Public/ActionSequenceFactory.swift /Users/admin/builder/spi-builder-workspace/Sources/PropertyLawKit/Public/AdditiveArithmeticLaws.swift /Users/admin/builder/spi-builder-workspace/Sources/PropertyLawKit/Public/BidirectionalCollectionLaws.swift /Users/admin/builder/spi-builder-workspace/Sources/PropertyLawKit/Public/BinaryFloatingPointLaws.swift /Users/admin/builder/spi-builder-workspace/Sources/PropertyLawKit/Public/BinaryIntegerLaws.swift /Users/admin/builder/spi-builder-workspace/Sources/PropertyLawKit/Public/CaseIterableLaws.swift /Users/admin/builder/spi-builder-workspace/Sources/PropertyLawKit/Public/CodableLaws.swift /Users/admin/builder/spi-builder-workspace/Sources/PropertyLawKit/Public/CollectionLaws.swift /Users/admin/builder/spi-builder-workspace/Sources/PropertyLawKit/Public/CommutativeMonoid.swift /Users/admin/builder/spi-builder-workspace/Sources/PropertyLawKit/Public/CommutativeMonoidLaws.swift /Users/admin/builder/spi-builder-workspace/Sources/PropertyLawKit/Public/ComparableLaws.swift /Users/admin/builder/spi-builder-workspace/Sources/PropertyLawKit/Public/CoverageClassifier.swift /Users/admin/builder/spi-builder-workspace/Sources/PropertyLawKit/Public/DefensiveCopy.swift /Users/admin/builder/spi-builder-workspace/Sources/PropertyLawKit/Public/DefensiveCopyLaws.swift /Users/admin/builder/spi-builder-workspace/Sources/PropertyLawKit/Public/Enumeration.swift /Users/admin/builder/spi-builder-workspace/Sources/PropertyLawKit/Public/EnumerationCombinators.swift /Users/admin/builder/spi-builder-workspace/Sources/PropertyLawKit/Public/EnumerationProduct.swift /Users/admin/builder/spi-builder-workspace/Sources/PropertyLawKit/Public/EquatableLaws.swift /Users/admin/builder/spi-builder-workspace/Sources/PropertyLawKit/Public/EveryCarrierLaws.swift /Users/admin/builder/spi-builder-workspace/Sources/PropertyLawKit/Public/EveryCaseLaws.swift /Users/admin/builder/spi-builder-workspace/Sources/PropertyLawKit/Public/FixedWidthIntegerLaws.swift /Users/admin/builder/spi-builder-workspace/Sources/PropertyLawKit/Public/FloatingPointCommutativityLaws.swift /Users/admin/builder/spi-builder-workspace/Sources/PropertyLawKit/Public/FloatingPointLaws.swift /Users/admin/builder/spi-builder-workspace/Sources/PropertyLawKit/Public/FoundationGenerators.swift /Users/admin/builder/spi-builder-workspace/Sources/PropertyLawKit/Public/Group.swift /Users/admin/builder/spi-builder-workspace/Sources/PropertyLawKit/Public/GroupLaws.swift /Users/admin/builder/spi-builder-workspace/Sources/PropertyLawKit/Public/HashableLaws.swift /Users/admin/builder/spi-builder-workspace/Sources/PropertyLawKit/Public/IdentifiableLaws.swift /Users/admin/builder/spi-builder-workspace/Sources/PropertyLawKit/Public/InteractionInvariant.swift /Users/admin/builder/spi-builder-workspace/Sources/PropertyLawKit/Public/InteractionInvariantLaws+Async.swift /Users/admin/builder/spi-builder-workspace/Sources/PropertyLawKit/Public/InteractionInvariantLaws.swift /Users/admin/builder/spi-builder-workspace/Sources/PropertyLawKit/Public/InvariantFalsifiabilityLaw.swift /Users/admin/builder/spi-builder-workspace/Sources/PropertyLawKit/Public/IteratorProtocolLaws.swift /Users/admin/builder/spi-builder-workspace/Sources/PropertyLawKit/Public/LosslessStringConvertibleLaws.swift /Users/admin/builder/spi-builder-workspace/Sources/PropertyLawKit/Public/Monoid.swift /Users/admin/builder/spi-builder-workspace/Sources/PropertyLawKit/Public/MonoidLaws.swift /Users/admin/builder/spi-builder-workspace/Sources/PropertyLawKit/Public/MutableCollectionLaws.swift /Users/admin/builder/spi-builder-workspace/Sources/PropertyLawKit/Public/NumericGenerators.swift /Users/admin/builder/spi-builder-workspace/Sources/PropertyLawKit/Public/NumericLaws.swift /Users/admin/builder/spi-builder-workspace/Sources/PropertyLawKit/Public/PropertyBackend.swift /Users/admin/builder/spi-builder-workspace/Sources/PropertyLawKit/Public/RandomAccessCollectionLaws.swift /Users/admin/builder/spi-builder-workspace/Sources/PropertyLawKit/Public/RangeReplaceableCollectionLaws.swift /Users/admin/builder/spi-builder-workspace/Sources/PropertyLawKit/Public/RawRepresentableLaws.swift /Users/admin/builder/spi-builder-workspace/Sources/PropertyLawKit/Public/ReplayEnvironmentMismatch.swift /Users/admin/builder/spi-builder-workspace/Sources/PropertyLawKit/Public/Ring.swift /Users/admin/builder/spi-builder-workspace/Sources/PropertyLawKit/Public/RingLaws.swift /Users/admin/builder/spi-builder-workspace/Sources/PropertyLawKit/Public/SameResult.swift /Users/admin/builder/spi-builder-workspace/Sources/PropertyLawKit/Public/Semigroup.swift /Users/admin/builder/spi-builder-workspace/Sources/PropertyLawKit/Public/SemigroupLaws.swift /Users/admin/builder/spi-builder-workspace/Sources/PropertyLawKit/Public/Semilattice.swift /Users/admin/builder/spi-builder-workspace/Sources/PropertyLawKit/Public/SemilatticeLaws.swift /Users/admin/builder/spi-builder-workspace/Sources/PropertyLawKit/Public/SequenceLaws.swift /Users/admin/builder/spi-builder-workspace/Sources/PropertyLawKit/Public/SetAlgebraLaws.swift /Users/admin/builder/spi-builder-workspace/Sources/PropertyLawKit/Public/SignedIntegerLaws.swift /Users/admin/builder/spi-builder-workspace/Sources/PropertyLawKit/Public/SignedNumericLaws.swift /Users/admin/builder/spi-builder-workspace/Sources/PropertyLawKit/Public/StableIdentity.swift /Users/admin/builder/spi-builder-workspace/Sources/PropertyLawKit/Public/StableIdentityLaws.swift /Users/admin/builder/spi-builder-workspace/Sources/PropertyLawKit/Public/StatefulGuard.swift -primary-file /Users/admin/builder/spi-builder-workspace/Sources/PropertyLawKit/Public/StdlibGenerators.swift -primary-file /Users/admin/builder/spi-builder-workspace/Sources/PropertyLawKit/Public/StrictWeakOrderingLaws.swift -primary-file /Users/admin/builder/spi-builder-workspace/Sources/PropertyLawKit/Public/StrictWeakOrderingVacuity.swift -primary-file /Users/admin/builder/spi-builder-workspace/Sources/PropertyLawKit/Public/StrideableLaws.swift -primary-file /Users/admin/builder/spi-builder-workspace/Sources/PropertyLawKit/Public/StringProtocolLaws.swift -primary-file /Users/admin/builder/spi-builder-workspace/Sources/PropertyLawKit/Public/TransformationFunctionLaws.swift -primary-file /Users/admin/builder/spi-builder-workspace/Sources/PropertyLawKit/Public/TransformationLaws.swift -primary-file /Users/admin/builder/spi-builder-workspace/Sources/PropertyLawKit/Public/UnsignedIntegerLaws.swift -primary-file /Users/admin/builder/spi-builder-workspace/Sources/PropertyLawKit/Public/ValueSemantic.swift -primary-file /Users/admin/builder/spi-builder-workspace/Sources/PropertyLawKit/Public/ValueSemanticLaws.swift -supplementary-output-file-map /Users/admin/builder/spi-builder-workspace/.derivedData/Build/Intermediates.noindex/SwiftPropertyLaws.build/Debug/PropertyLawKit.build/Objects-normal/arm64/supplementaryOutputs-52 -target arm64-apple-macos14.0 -Xllvm -aarch64-use-tbi -enable-objc-interop -stack-check -sdk /Applications/Xcode-16.3.0.app/Contents/Developer/Platforms/MacOSX.platform/Developer/SDKs/MacOSX15.4.sdk -I /Users/admin/builder/spi-builder-workspace/.derivedData/Build/Products/Debug -I /Applications/Xcode-16.3.0.app/Contents/Developer/Platforms/MacOSX.platform/Developer/usr/lib -F /Users/admin/builder/spi-builder-workspace/.derivedData/Build/Products/Debug/PackageFrameworks -F /Users/admin/builder/spi-builder-workspace/.derivedData/Build/Products/Debug -F /Applications/Xcode-16.3.0.app/Contents/Developer/Platforms/MacOSX.platform/Developer/Library/Frameworks -no-color-diagnostics -enable-testing -g -debug-info-format\=dwarf -dwarf-version\=4 -module-cache-path /Users/admin/builder/spi-builder-workspace/.derivedData/ModuleCache.noindex -profile-generate -profile-coverage-mapping -swift-version 6 -enforce-exclusivity\=checked -Onone -D SWIFT_PACKAGE -D DEBUG -D Xcode -serialize-debugging-options -const-gather-protocols-file /Users/admin/builder/spi-builder-workspace/.derivedData/Build/Intermediates.noindex/SwiftPropertyLaws.build/Debug/PropertyLawKit.build/Objects-normal/arm64/PropertyLawKit_const_extract_protocols.json -enable-experimental-feature DebugDescriptionMacro -empty-abi-descriptor -plugin-path /Applications/Xcode-16.3.0.app/Contents/Developer/Toolchains/XcodeDefault.xctoolchain/usr/lib/swift/host/plugins/testing -validate-clang-modules-once -clang-build-session-file /Users/admin/builder/spi-builder-workspace/.derivedData/ModuleCache.noindex/Session.modulevalidation -Xcc -working-directory -Xcc /Users/admin/builder/spi-builder-workspace/.swiftpm/xcode -resource-dir /Applications/Xcode-16.3.0.app/Contents/Developer/Toolchains/XcodeDefault.xctoolchain/usr/lib/swift -enable-anonymous-context-mangled-names -file-compilation-dir /Users/admin/builder/spi-builder-workspace/.swiftpm/xcode -Xcc -ivfsstatcache -Xcc /Users/admin/builder/spi-builder-workspace/.derivedData/SDKStatCaches.noindex/macosx15.4-24E241-8287b8f5db97e746a1562fbca0c9d29b.sdkstatcache -Xcc -I/Users/admin/builder/spi-builder-workspace/.derivedData/Build/Intermediates.noindex/SwiftPropertyLaws.build/Debug/PropertyLawKit.build/swift-overrides.hmap -Xcc -I/Users/admin/builder/spi-builder-workspace/.derivedData/Build/Products/Debug/include -Xcc -I/Users/admin/builder/spi-builder-workspace/.derivedData/Build/Intermediates.noindex/SwiftPropertyLaws.build/Debug/PropertyLawKit.build/DerivedSources-normal/arm64 -Xcc -I/Users/admin/builder/spi-builder-workspace/.derivedData/Build/Intermediates.noindex/SwiftPropertyLaws.build/Debug/PropertyLawKit.build/DerivedSources/arm64 -Xcc -I/Users/admin/builder/spi-builder-workspace/.derivedData/Build/Intermediates.noindex/SwiftPropertyLaws.build/Debug/PropertyLawKit.build/DerivedSources -Xcc -DSWIFT_PACKAGE -Xcc -DDEBUG\=1 -module-name PropertyLawKit -package-name spi_builder_workspace -frontend-parseable-output -disable-clang-spi -target-sdk-version 15.4 -target-sdk-name macosx15.4 -external-plugin-path /Applications/Xcode-16.3.0.app/Contents/Developer/Platforms/MacOSX.platform/Developer/usr/lib/swift/host/plugins\#/Applications/Xcode-16.3.0.app/Contents/Developer/Platforms/MacOSX.platform/Developer/usr/bin/swift-plugin-server -external-plugin-path /Applications/Xcode-16.3.0.app/Contents/Developer/Platforms/MacOSX.platform/Developer/usr/local/lib/swift/host/plugins\#/Applications/Xcode-16.3.0.app/Contents/Developer/Platforms/MacOSX.platform/Developer/usr/bin/swift-plugin-server -in-process-plugin-server-path /Applications/Xcode-16.3.0.app/Contents/Developer/Toolchains/XcodeDefault.xctoolchain/usr/lib/swift/host/libSwiftInProcPluginServer.dylib -plugin-path /Applications/Xcode-16.3.0.app/Contents/Developer/Toolchains/XcodeDefault.xctoolchain/usr/lib/swift/host/plugins -plugin-path /Applications/Xcode-16.3.0.app/Contents/Developer/Toolchains/XcodeDefault.xctoolchain/usr/local/lib/swift/host/plugins -o /Users/admin/builder/spi-builder-workspace/.derivedData/Build/Intermediates.noindex/SwiftPropertyLaws.build/Debug/PropertyLawKit.build/Objects-normal/arm64/StdlibGenerators.o -o /Users/admin/builder/spi-builder-workspace/.derivedData/Build/Intermediates.noindex/SwiftPropertyLaws.build/Debug/PropertyLawKit.build/Objects-normal/arm64/StrictWeakOrderingLaws.o -o /Users/admin/builder/spi-builder-workspace/.derivedData/Build/Intermediates.noindex/SwiftPropertyLaws.build/Debug/PropertyLawKit.build/Objects-normal/arm64/StrictWeakOrderingVacuity.o -o /Users/admin/builder/spi-builder-workspace/.derivedData/Build/Intermediates.noindex/SwiftPropertyLaws.build/Debug/PropertyLawKit.build/Objects-normal/arm64/StrideableLaws.o -o /Users/admin/builder/spi-builder-workspace/.derivedData/Build/Intermediates.noindex/SwiftPropertyLaws.build/Debug/PropertyLawKit.build/Objects-normal/arm64/StringProtocolLaws.o -o /Users/admin/builder/spi-builder-workspace/.derivedData/Build/Intermediates.noindex/SwiftPropertyLaws.build/Debug/PropertyLawKit.build/Objects-normal/arm64/TransformationFunctionLaws.o -o /Users/admin/builder/spi-builder-workspace/.derivedData/Build/Intermediates.noindex/SwiftPropertyLaws.build/Debug/PropertyLawKit.build/Objects-normal/arm64/TransformationLaws.o -o /Users/admin/builder/spi-builder-workspace/.derivedData/Build/Intermediates.noindex/SwiftPropertyLaws.build/Debug/PropertyLawKit.build/Objects-normal/arm64/UnsignedIntegerLaws.o -o /Users/admin/builder/spi-builder-workspace/.derivedData/Build/Intermediates.noindex/SwiftPropertyLaws.build/Debug/PropertyLawKit.build/Objects-normal/arm64/ValueSemantic.o -o /Users/admin/builder/spi-builder-workspace/.derivedData/Build/Intermediates.noindex/SwiftPropertyLaws.build/Debug/PropertyLawKit.build/Objects-normal/arm64/ValueSemanticLaws.o -index-unit-output-path /SwiftPropertyLaws.build/Debug/PropertyLawKit.build/Objects-normal/arm64/StdlibGenerators.o -index-unit-output-path /SwiftPropertyLaws.build/Debug/PropertyLawKit.build/Objects-normal/arm64/StrictWeakOrderingLaws.o -index-unit-output-path /SwiftPropertyLaws.build/Debug/PropertyLawKit.build/Objects-normal/arm64/StrictWeakOrderingVacuity.o -index-unit-output-path /SwiftPropertyLaws.build/Debug/PropertyLawKit.build/Objects-normal/arm64/StrideableLaws.o -index-unit-output-path /SwiftPropertyLaws.build/Debug/PropertyLawKit.build/Objects-normal/arm64/StringProtocolLaws.o -index-unit-output-path /SwiftPropertyLaws.build/Debug/PropertyLawKit.build/Objects-normal/arm64/TransformationFunctionLaws.o -index-unit-output-path /SwiftPropertyLaws.build/Debug/PropertyLawKit.build/Objects-normal/arm64/TransformationLaws.o -index-unit-output-path /SwiftPropertyLaws.build/Debug/PropertyLawKit.build/Objects-normal/arm64/UnsignedIntegerLaws.o -index-unit-output-path /SwiftPropertyLaws.build/Debug/PropertyLawKit.build/Objects-normal/arm64/ValueSemantic.o -index-unit-output-path /SwiftPropertyLaws.build/Debug/PropertyLawKit.build/Objects-normal/arm64/ValueSemanticLaws.o -index-store-path /Users/admin/builder/spi-builder-workspace/.derivedData/Index.noindex/DataStore -index-system-modules
SwiftCompile normal arm64 /Users/admin/builder/spi-builder-workspace/Sources/PropertyLawKit/Public/StdlibGenerators.swift (in target 'PropertyLawKit' from project 'SwiftPropertyLaws')
    cd /Users/admin/builder/spi-builder-workspace/.swiftpm/xcode

/Users/admin/builder/spi-builder-workspace/Sources/PropertyLawKit/Public/StdlibGenerators.swift:30:21: error: 'frequency' is unavailable
        Gen<UInt32>.frequency(
                    ^~~~~~~~~
/Users/admin/builder/spi-builder-workspace/.dependencies/checkouts/swift-property-based/Sources/PropertyBased/Gen+Frequency.swift:172:24: note: 'frequency' was introduced in Swift 6.2
    public static func frequency<each Seq: Sequence>(
                       ^
/Users/admin/builder/spi-builder-workspace/Sources/PropertyLawKit/Public/StdlibGenerators.swift:100:20: error: 'frequency' is unavailable
        Gen<UInt8>.frequency(
                   ^~~~~~~~~
/Users/admin/builder/spi-builder-workspace/.dependencies/checkouts/swift-property-based/Sources/PropertyBased/Gen+Frequency.swift:172:24: note: 'frequency' was introduced in Swift 6.2
    public static func frequency<each Seq: Sequence>(
                       ^
/Users/admin/builder/spi-builder-workspace/Sources/PropertyLawKit/Public/StdlibGenerators.swift:107:30: error: 'frequency' is unavailable
            (2.0, Gen<UInt8>.frequency(
                             ^~~~~~~~~
/Users/admin/builder/spi-builder-workspace/.dependencies/checkouts/swift-property-based/Sources/PropertyBased/Gen+Frequency.swift:172:24: note: 'frequency' was introduced in Swift 6.2
    public static func frequency<each Seq: Sequence>(
                       ^
/Users/admin/builder/spi-builder-workspace/Sources/PropertyLawKit/Public/StdlibGenerators.swift:114:30: error: 'frequency' is unavailable
            (1.0, Gen<UInt8>.frequency(
                             ^~~~~~~~~
/Users/admin/builder/spi-builder-workspace/.dependencies/checkouts/swift-property-based/Sources/PropertyBased/Gen+Frequency.swift:172:24: note: 'frequency' was introduced in Swift 6.2
    public static func frequency<each Seq: Sequence>(
                       ^
SwiftCompile normal arm64 /Users/admin/builder/spi-builder-workspace/Sources/PropertyLawKit/Public/StrictWeakOrderingLaws.swift (in target 'PropertyLawKit' from project 'SwiftPropertyLaws')
    cd /Users/admin/builder/spi-builder-workspace/.swiftpm/xcode

/Users/admin/builder/spi-builder-workspace/Sources/PropertyLawKit/Public/StrictWeakOrderingLaws.swift:176:13: warning: no 'async' operations occur within 'await' expression
            await requiringApplicableCases(await runBinaryLaw(
            ^
/Users/admin/builder/spi-builder-workspace/Sources/PropertyLawKit/Public/StrictWeakOrderingLaws.swift:271:13: warning: no 'async' operations occur within 'await' expression
            await requiringApplicableCases(await runTernaryLaw(
            ^
/Users/admin/builder/spi-builder-workspace/Sources/PropertyLawKit/Public/StrictWeakOrderingLaws.swift:334:12: warning: no 'async' operations occur within 'await' expression
    return await requiringApplicableCases(await runTernaryLaw(
           ^
SwiftCompile normal arm64 /Users/admin/builder/spi-builder-workspace/Sources/PropertyLawKit/Public/StrictWeakOrderingVacuity.swift (in target 'PropertyLawKit' from project 'SwiftPropertyLaws')
    cd /Users/admin/builder/spi-builder-workspace/.swiftpm/xcode

SwiftCompile normal arm64 /Users/admin/builder/spi-builder-workspace/Sources/PropertyLawKit/Public/StrideableLaws.swift (in target 'PropertyLawKit' from project 'SwiftPropertyLaws')
    cd /Users/admin/builder/spi-builder-workspace/.swiftpm/xcode

SwiftCompile normal arm64 /Users/admin/builder/spi-builder-workspace/Sources/PropertyLawKit/Public/StringProtocolLaws.swift (in target 'PropertyLawKit' from project 'SwiftPropertyLaws')
    cd /Users/admin/builder/spi-builder-workspace/.swiftpm/xcode

SwiftCompile normal arm64 /Users/admin/builder/spi-builder-workspace/Sources/PropertyLawKit/Public/TransformationFunctionLaws.swift (in target 'PropertyLawKit' from project 'SwiftPropertyLaws')
    cd /Users/admin/builder/spi-builder-workspace/.swiftpm/xcode

SwiftCompile normal arm64 /Users/admin/builder/spi-builder-workspace/Sources/PropertyLawKit/Public/TransformationLaws.swift (in target 'PropertyLawKit' from project 'SwiftPropertyLaws')
    cd /Users/admin/builder/spi-builder-workspace/.swiftpm/xcode

SwiftCompile normal arm64 /Users/admin/builder/spi-builder-workspace/Sources/PropertyLawKit/Public/UnsignedIntegerLaws.swift (in target 'PropertyLawKit' from project 'SwiftPropertyLaws')
    cd /Users/admin/builder/spi-builder-workspace/.swiftpm/xcode

SwiftCompile normal arm64 /Users/admin/builder/spi-builder-workspace/Sources/PropertyLawKit/Public/ValueSemantic.swift (in target 'PropertyLawKit' from project 'SwiftPropertyLaws')
    cd /Users/admin/builder/spi-builder-workspace/.swiftpm/xcode

SwiftCompile normal arm64 /Users/admin/builder/spi-builder-workspace/Sources/PropertyLawKit/Public/ValueSemanticLaws.swift (in target 'PropertyLawKit' from project 'SwiftPropertyLaws')
    cd /Users/admin/builder/spi-builder-workspace/.swiftpm/xcode

SwiftCompile normal arm64 Compiling\ AggregateDriver.swift,\ SwiftPropertyBasedBackend.swift,\ CheckPreflight.swift,\ CoverageAccumulator.swift,\ DrawPoolDriver.swift,\ EnumerationDriver.swift,\ EqualValueLawBuilders.swift,\ InheritedLawCollector.swift,\ LawCheckBuilders.swift,\ LawSuppressionPolicy.swift,\ NearMissCollector.swift /Users/admin/builder/spi-builder-workspace/Sources/PropertyLawKit/Internal/AggregateDriver.swift /Users/admin/builder/spi-builder-workspace/Sources/PropertyLawKit/Internal/Backends/SwiftPropertyBasedBackend.swift /Users/admin/builder/spi-builder-workspace/Sources/PropertyLawKit/Internal/CheckPreflight.swift /Users/admin/builder/spi-builder-workspace/Sources/PropertyLawKit/Internal/CoverageAccumulator.swift /Users/admin/builder/spi-builder-workspace/Sources/PropertyLawKit/Internal/DrawPoolDriver.swift /Users/admin/builder/spi-builder-workspace/Sources/PropertyLawKit/Internal/EnumerationDriver.swift /Users/admin/builder/spi-builder-workspace/Sources/PropertyLawKit/Internal/EqualValueLawBuilders.swift /Users/admin/builder/spi-builder-workspace/Sources/PropertyLawKit/Internal/InheritedLawCollector.swift /Users/admin/builder/spi-builder-workspace/Sources/PropertyLawKit/Internal/LawCheckBuilders.swift /Users/admin/builder/spi-builder-workspace/Sources/PropertyLawKit/Internal/LawSuppressionPolicy.swift /Users/admin/builder/spi-builder-workspace/Sources/PropertyLawKit/Internal/NearMissCollector.swift (in target 'PropertyLawKit' from project 'SwiftPropertyLaws')
Command SwiftCompile failed with a nonzero exit code
--- xcodebuild: WARNING: Using the first of multiple matching destinations:
{ platform:macOS, arch:arm64, id:3678c7a802501fa94c470d9f64bd6a9c7d1927ce, name:My Mac }
{ platform:macOS, arch:arm64, variant:Mac Catalyst, id:3678c7a802501fa94c470d9f64bd6a9c7d1927ce, name:My Mac }
{ platform:macOS, arch:arm64, variant:DriverKit, id:3678c7a802501fa94c470d9f64bd6a9c7d1927ce, name:My Mac }
{ platform:macOS, arch:arm64, variant:Designed for [iPad,iPhone], id:3678c7a802501fa94c470d9f64bd6a9c7d1927ce, name:My Mac }
** BUILD FAILED **
The following build commands failed:
	SwiftCompile normal arm64 Compiling\ StdlibGenerators.swift,\ StrictWeakOrderingLaws.swift,\ StrictWeakOrderingVacuity.swift,\ StrideableLaws.swift,\ StringProtocolLaws.swift,\ TransformationFunctionLaws.swift,\ TransformationLaws.swift,\ UnsignedIntegerLaws.swift,\ ValueSemantic.swift,\ ValueSemanticLaws.swift /Users/admin/builder/spi-builder-workspace/Sources/PropertyLawKit/Public/StdlibGenerators.swift /Users/admin/builder/spi-builder-workspace/Sources/PropertyLawKit/Public/StrictWeakOrderingLaws.swift /Users/admin/builder/spi-builder-workspace/Sources/PropertyLawKit/Public/StrictWeakOrderingVacuity.swift /Users/admin/builder/spi-builder-workspace/Sources/PropertyLawKit/Public/StrideableLaws.swift /Users/admin/builder/spi-builder-workspace/Sources/PropertyLawKit/Public/StringProtocolLaws.swift /Users/admin/builder/spi-builder-workspace/Sources/PropertyLawKit/Public/TransformationFunctionLaws.swift /Users/admin/builder/spi-builder-workspace/Sources/PropertyLawKit/Public/TransformationLaws.swift /Users/admin/builder/spi-builder-workspace/Sources/PropertyLawKit/Public/UnsignedIntegerLaws.swift /Users/admin/builder/spi-builder-workspace/Sources/PropertyLawKit/Public/ValueSemantic.swift /Users/admin/builder/spi-builder-workspace/Sources/PropertyLawKit/Public/ValueSemanticLaws.swift (in target 'PropertyLawKit' from project 'SwiftPropertyLaws')
	SwiftCompile normal arm64 /Users/admin/builder/spi-builder-workspace/Sources/PropertyLawKit/Public/StdlibGenerators.swift (in target 'PropertyLawKit' from project 'SwiftPropertyLaws')
	SwiftCompile normal arm64 Compiling\ AggregateDriver.swift,\ SwiftPropertyBasedBackend.swift,\ CheckPreflight.swift,\ CoverageAccumulator.swift,\ DrawPoolDriver.swift,\ EnumerationDriver.swift,\ EqualValueLawBuilders.swift,\ InheritedLawCollector.swift,\ LawCheckBuilders.swift,\ LawSuppressionPolicy.swift,\ NearMissCollector.swift /Users/admin/builder/spi-builder-workspace/Sources/PropertyLawKit/Internal/AggregateDriver.swift /Users/admin/builder/spi-builder-workspace/Sources/PropertyLawKit/Internal/Backends/SwiftPropertyBasedBackend.swift /Users/admin/builder/spi-builder-workspace/Sources/PropertyLawKit/Internal/CheckPreflight.swift /Users/admin/builder/spi-builder-workspace/Sources/PropertyLawKit/Internal/CoverageAccumulator.swift /Users/admin/builder/spi-builder-workspace/Sources/PropertyLawKit/Internal/DrawPoolDriver.swift /Users/admin/builder/spi-builder-workspace/Sources/PropertyLawKit/Internal/EnumerationDriver.swift /Users/admin/builder/spi-builder-workspace/Sources/PropertyLawKit/Internal/EqualValueLawBuilders.swift /Users/admin/builder/spi-builder-workspace/Sources/PropertyLawKit/Internal/InheritedLawCollector.swift /Users/admin/builder/spi-builder-workspace/Sources/PropertyLawKit/Internal/LawCheckBuilders.swift /Users/admin/builder/spi-builder-workspace/Sources/PropertyLawKit/Internal/LawSuppressionPolicy.swift /Users/admin/builder/spi-builder-workspace/Sources/PropertyLawKit/Internal/NearMissCollector.swift (in target 'PropertyLawKit' from project 'SwiftPropertyLaws')
	Building workspace spi-builder-workspace with scheme SwiftPropertyLaws-Package
(4 failures)
BUILD FAILURE 6.1 macosXcodebuild