Build Information
Failed to build KIF, reference v4.0.2 (c4be13), with Swift 6.1 for iOS using Xcode 16.3 on 29 Jul 2026 23:22:46 UTC.
Build Command
No build command. This typically means the build failed at an early stage where we determine the build command.Build Log
========================================
RunAll
========================================
Builder version: undefined version: run 'make version' to update
Interrupt handler set up.
========================================
Checkout
========================================
Clone URL: https://github.com/kif-framework/KIF.git
Reference: v4.0.2
Initialized empty Git repository in /Users/admin/builder/spi-builder-workspace/.git/
From https://github.com/kif-framework/KIF
* tag v4.0.2 -> FETCH_HEAD
HEAD is now at c4be130 Move public headers into include/ instead of symlinking them
Cloned https://github.com/kif-framework/KIF.git
Revision (git rev-parse @):
c4be1300c3a6d75823fefa0472814a8f28429438
SUCCESS checkout https://github.com/kif-framework/KIF.git at v4.0.2
========================================
Build
========================================
Selected platform: iOS
Swift version: 6.1
Building package at path: $PWD
https://github.com/kif-framework/KIF.git
https://github.com/kif-framework/KIF.git
{
"dependencies" : [
],
"manifest_display_name" : "KIF",
"name" : "KIF",
"path" : "/Users/admin/builder/spi-builder-workspace",
"platforms" : [
{
"name" : "ios",
"version" : "15.0"
}
],
"products" : [
{
"name" : "KIF",
"targets" : [
"KIF"
],
"type" : {
"library" : [
"automatic"
]
}
}
],
"targets" : [
{
"c99name" : "KIFTests",
"module_type" : "ClangTarget",
"name" : "KIFTests",
"path" : "Tests",
"sources" : [
"KIFTests/AccessibilityIdentifierPullToRefreshTests.m",
"KIFTests/AccessibilityIdentifierTests.m",
"KIFTests/Additions/UIScreen+KIFAdditionsTests.m",
"KIFTests/AutocorrectTests.m",
"KIFTests/BackgroundTests.m",
"KIFTests/CascadingFailureTests.m",
"KIFTests/CollectionViewTests.m",
"KIFTests/CompositionTests.m",
"KIFTests/CustomPickerTests.m",
"KIFTests/ExistTests.m",
"KIFTests/GestureTests.m",
"KIFTests/KIFUIViewTestActor/AccessibilityActivationTests_ViewTestActor.m",
"KIFTests/KIFUIViewTestActor/AccessibilityIdentifierTests_ViewTestActor.m",
"KIFTests/KIFUIViewTestActor/AutocorrectTests_ViewTestActor.m",
"KIFTests/KIFUIViewTestActor/CollectionViewTests_ViewTestActor.m",
"KIFTests/KIFUIViewTestActor/CompositionTests_ViewTestActor.m",
"KIFTests/KIFUIViewTestActor/CustomActionTests_ViewTestActor.m",
"KIFTests/KIFUIViewTestActor/CustomPickerTests_ViewTestActor.m",
"KIFTests/KIFUIViewTestActor/ExistTests_ViewTestActor.m",
"KIFTests/KIFUIViewTestActor/GestureTests_ViewTestActor.m",
"KIFTests/KIFUIViewTestActor/LandscapeTests_ViewTestActor.m",
"KIFTests/KIFUIViewTestActor/LongPressTests_ViewTestActor.m",
"KIFTests/KIFUIViewTestActor/ModalViewTests_ViewTestActor.m",
"KIFTests/KIFUIViewTestActor/MultiFingerTests_ViewTestActor.m",
"KIFTests/KIFUIViewTestActor/OffscreenTests_ViewTestActor.m",
"KIFTests/KIFUIViewTestActor/PickerTests_ViewTestActor.m",
"KIFTests/KIFUIViewTestActor/PullToRefreshTests_ViewTestActor.m",
"KIFTests/KIFUIViewTestActor/ScrollViewTests_ViewTestActor.m",
"KIFTests/KIFUIViewTestActor/SearchFieldTests_ViewTestActor.m",
"KIFTests/KIFUIViewTestActor/SpecificControlTests_ViewTestActor.m",
"KIFTests/KIFUIViewTestActor/SystemAlertTests_ViewTestActor.m",
"KIFTests/KIFUIViewTestActor/TableViewTests_ViewTestActor.m",
"KIFTests/KIFUIViewTestActor/TappingTests_ViewTestActor.m",
"KIFTests/KIFUIViewTestActor/TypingTests_ViewTestActor.m",
"KIFTests/KIFUIViewTestActor/WaitForAbscenceTests_ViewTestActor.m",
"KIFTests/KIFUIViewTestActor/WaitForAnimationTests_ViewTestActor.m",
"KIFTests/KIFUIViewTestActor/WaitForTappableViewTests_ViewTestActor.m",
"KIFTests/KIFUIViewTestActor/WaitForViewTests_ViewTestActor.m",
"KIFTests/KIFUIViewTestActor/WebViewTests_ViewTestActor.m",
"KIFTests/LandscapeTests.m",
"KIFTests/LongPressTests.m",
"KIFTests/ModalViewTests.m",
"KIFTests/OffscreenTests.m",
"KIFTests/PickerTests.m",
"KIFTests/PullToRefreshTests.m",
"KIFTests/ScrollViewTests.m",
"KIFTests/SearchFieldTests.m",
"KIFTests/SpecificControlTests.m",
"KIFTests/SwiftUI Tests/SwiftUITappingTests.m",
"KIFTests/SwiftUI Tests/SwiftUITypingTests.m",
"KIFTests/SystemAlertTests.m",
"KIFTests/SystemTests.m",
"KIFTests/TableViewTests.m",
"KIFTests/TappingTests.m",
"KIFTests/TypingTests.m",
"KIFTests/UIApplicationKIFAdditionsTests.m",
"KIFTests/WaitForAbscenceTests.m",
"KIFTests/WaitForAnimationTests.m",
"KIFTests/WaitForTappableViewTests.m",
"KIFTests/WaitForViewTests.m",
"KIFTests/WebViewTests.m"
],
"target_dependencies" : [
"KIF"
],
"type" : "test"
},
{
"c99name" : "KIFSwift",
"module_type" : "SwiftTarget",
"name" : "KIFSwift",
"path" : "Sources/KIFSwift",
"product_memberships" : [
"KIF"
],
"sources" : [
"NSObject+KIF.swift"
],
"type" : "library"
},
{
"c99name" : "KIF",
"module_type" : "ClangTarget",
"name" : "KIF",
"path" : "Sources/KIF",
"product_memberships" : [
"KIF"
],
"sources" : [
"Additions/CAAnimation+KIFAdditions.m",
"Additions/CALayer-KIFAdditions.m",
"Additions/CGGeometry-KIFAdditions.m",
"Additions/NSBundle-KIFAdditions.m",
"Additions/NSError-KIFAdditions.m",
"Additions/NSException-KIFAdditions.m",
"Additions/NSFileManager-KIFAdditions.m",
"Additions/NSObject+KIFAdditions.m",
"Additions/NSObject+KIFSwizzle.m",
"Additions/NSPredicate+KIFAdditions.m",
"Additions/NSString+KIFAdditions.m",
"Additions/UIAccessibilityCustomAction+KIFAdditions.m",
"Additions/UIAccessibilityElement-KIFAdditions.m",
"Additions/UIApplication-KIFAdditions.m",
"Additions/UIDatePicker+KIFAdditions.m",
"Additions/UIEvent+KIFAdditions.m",
"Additions/UIScreen+KIFAdditions.m",
"Additions/UIScrollView-KIFAdditions.m",
"Additions/UITableView-KIFAdditions.m",
"Additions/UITouch-KIFAdditions.m",
"Additions/UIView-Debugging.m",
"Additions/UIView-KIFAdditions.m",
"Additions/UIWindow+KIFSwizzle.m",
"Additions/UIWindow-KIFAdditions.m",
"Additions/XCTestCase-KIFAdditions.m",
"Classes/IOHIDEvent+KIF.m",
"Classes/KIFAccessibilityEnabler.m",
"Classes/KIFSystemTestActor.m",
"Classes/KIFTestActor.m",
"Classes/KIFTestCase.m",
"Classes/KIFTestStepValidation.m",
"Classes/KIFTextInputTraitsOverrides.m",
"Classes/KIFTypist.m",
"Classes/KIFUIObject.m",
"Classes/KIFUITestActor-ConditionalTests.m",
"Classes/KIFUITestActor.m",
"Classes/KIFUIViewTestActor.m",
"Classes/UIAutomationHelper.m",
"IdentifierTests/KIFUITestActor-IdentifierTests.m",
"Visualizer/KIFEventVisualizer.m",
"Visualizer/KIFTouchVisualizerView.m",
"Visualizer/KIFTouchVisualizerViewCoordinator.m"
],
"target_dependencies" : [
"KIFSwift"
],
"type" : "library"
}
],
"tools_version" : "5.9"
}
Command line invocation:
/Applications/Xcode-16.3.0.app/Contents/Developer/usr/bin/xcodebuild -IDEClonedSourcePackagesDirPathOverride=/Users/admin/builder/spi-builder-workspace/.dependencies -resolvePackageDependencies
Resolve Package Graph
the package at '/Users/admin/builder/KIF' cannot be accessed (Error Domain=NSCocoaErrorDomain Code=260 "The folder “KIF” doesn’t exist." UserInfo={NSUserStringVariant=(
Folder
), NSFilePath=/Users/admin/builder/KIF, NSURL=file:///Users/admin/builder/KIF, NSUnderlyingError=0x600001c35110 {Error Domain=NSOSStatusErrorDomain Code=-43 "fnfErr: File not found"}})
2026-07-29 16:22:45.498 xcodebuild[525:2980] Writing error result bundle to /var/folders/5k/5yc19ymj0jqd5v0zvgfqz0xw0000gn/T/ResultBundle_2026-29-07_16-22-0045.xcresult
xcodebuild: error: Could not resolve package dependencies:
the package at '/Users/admin/builder/KIF' cannot be accessed (Error Domain=NSCocoaErrorDomain Code=260 "The folder “KIF” doesn’t exist." UserInfo={NSUserStringVariant=(
Command line invocation:
/Applications/Xcode-16.3.0.app/Contents/Developer/usr/bin/xcodebuild -IDEClonedSourcePackagesDirPathOverride=/Users/admin/builder/spi-builder-workspace/.dependencies -resolvePackageDependencies
Resolve Package Graph
the package at '/Users/admin/builder/KIF' cannot be accessed (Error Domain=NSCocoaErrorDomain Code=260 "The folder “KIF” doesn’t exist." UserInfo={NSUserStringVariant=(
Folder
), NSFilePath=/Users/admin/builder/KIF, NSURL=file:///Users/admin/builder/KIF, NSUnderlyingError=0x600001f21f50 {Error Domain=NSOSStatusErrorDomain Code=-43 "fnfErr: File not found"}})
2026-07-29 16:22:46.225 xcodebuild[542:3127] Writing error result bundle to /var/folders/5k/5yc19ymj0jqd5v0zvgfqz0xw0000gn/T/ResultBundle_2026-29-07_16-22-0046.xcresult
xcodebuild: error: Could not resolve package dependencies:
the package at '/Users/admin/builder/KIF' cannot be accessed (Error Domain=NSCocoaErrorDomain Code=260 "The folder “KIF” doesn’t exist." UserInfo={NSUserStringVariant=(
BUILD FAILURE 6.1 iOS