The Swift Package Index logo.Swift Package Index

Build Information

Failed to build app-store-reviews, reference main (1d0b23), with Swift 6.4 for Wasm on 17 Sep 2026 16:05:43 UTC.

Build Command

bash -c docker run --pull=always --rm -v "checkouts-54344847-0":/host -w "$PWD" -e JAVA_HOME="/root/.sdkman/candidates/java/current" -e SPI_BUILD="1" -e SPI_PROCESSING="1" registry.gitlab.com/saguaro1/spi-images:wasm-6.4-latest swift build --swift-sdk swift-6.4.x-DEVELOPMENT-SNAPSHOT-2026-09-04-a_wasm 2>&1

Build Log

========================================
RunAll
========================================
Builder version: 5.1.0
Interrupt handler set up.
========================================
Checkout
========================================
Clone URL: https://github.com/jcoynel/app-store-reviews-swift.git
Reference: main
Initialized empty Git repository in /host/spi-builder-workspace/.git/
hint: Using 'master' as the name for the initial branch. This default branch name
hint: is subject to change. To configure the initial branch name to use in all
hint: of your new repositories, which will suppress this warning, call:
hint:
hint: 	git config --global init.defaultBranch <name>
hint:
hint: Names commonly chosen instead of 'master' are 'main', 'trunk' and
hint: 'development'. The just-created branch can be renamed via this command:
hint:
hint: 	git branch -m <name>
From https://github.com/jcoynel/app-store-reviews-swift
 * branch            main       -> FETCH_HEAD
 * [new branch]      main       -> origin/main
HEAD is now at 1d0b23a Set library version to 1.0.0
Cloned https://github.com/jcoynel/app-store-reviews-swift.git
Revision (git rev-parse @):
1d0b23a7e8f780d6534a0b6daa7e8076066dcd30
SUCCESS checkout https://github.com/jcoynel/app-store-reviews-swift.git at main
========================================
Build
========================================
Selected platform:         wasm
Swift version:             6.4
Building package at path:  $PWD
https://github.com/jcoynel/app-store-reviews-swift.git
Running build ...
bash -c docker run --pull=always --rm -v "checkouts-54344847-0":/host -w "$PWD" -e JAVA_HOME="/root/.sdkman/candidates/java/current" -e SPI_BUILD="1" -e SPI_PROCESSING="1" registry.gitlab.com/saguaro1/spi-images:wasm-6.4-latest swift build --swift-sdk swift-6.4.x-DEVELOPMENT-SNAPSHOT-2026-09-04-a_wasm 2>&1
wasm-6.4-latest: Pulling from saguaro1/spi-images
Digest: sha256:4328fdb43c680d205c1d6761b1e3267aa38277eefdda9ddfb17b6a0f1a77857a
Status: Image is up to date for registry.gitlab.com/saguaro1/spi-images:wasm-6.4-latest
Fetching https://github.com/apple/swift-log.git
Fetching https://github.com/apple/swift-argument-parser
[1/8096] Fetching swift-log
[1783/27000] Fetching swift-log, swift-argument-parser
Fetched https://github.com/apple/swift-log.git (0.60s)
[6806/18904] Fetching swift-argument-parser
Fetched https://github.com/apple/swift-argument-parser (0.75s)
Computing version for https://github.com/apple/swift-argument-parser
Computed https://github.com/apple/swift-argument-parser at 0.5.0 (0.95s)
Computing version for https://github.com/apple/swift-log.git
Computed https://github.com/apple/swift-log.git at 1.15.1 (0.21s)
Creating working copy for https://github.com/apple/swift-argument-parser
Working copy of https://github.com/apple/swift-argument-parser resolved at 0.5.0
Creating working copy for https://github.com/apple/swift-log.git
Working copy of https://github.com/apple/swift-log.git resolved at 1.15.1
Building for debugging...
[Pre-planning 1 / 213]
[Starting]
[52 / 86] Logging
[64 / 86] Logging
[64 / 86] ArgumentParserToolInfo
[69 / 106] ArgumentParser
[72 / 106] ArgumentParser
[74 / 107] ArgumentParserToolInfo
error: SwiftCompile normal wasm32 failed with a nonzero exit code. Command line:     cd /host

/host/spi-builder-workspace/Sources/AppStoreReviews/FeedLoader.swift:15:29: error: 'URLSession' is unavailable: This type has moved to the FoundationNetworking module. Import that module to use it.
 13 |     public typealias Completion = (Result<Feed, FeedLoader.Error>) -> Void
 14 |
 15 |     private let urlSession: URLSession
    |                             `- error: 'URLSession' is unavailable: This type has moved to the FoundationNetworking module. Import that module to use it.
 16 |
 17 |     /// Initialize with a URLSession.
Foundation.URLSession:2:18: note: 'URLSession' has been explicitly marked unavailable here
1 | @available(*, unavailable, message: "This type has moved to the FoundationNetworking module. Import that module to use it.")
2 | public typealias URLSession = AnyObject
  |                  `- note: 'URLSession' has been explicitly marked unavailable here
/host/spi-builder-workspace/Sources/AppStoreReviews/FeedLoader.swift:19:29: error: 'URLSession' is unavailable: This type has moved to the FoundationNetworking module. Import that module to use it.
 17 |     /// Initialize with a URLSession.
 18 |     /// - Parameter urlSession: The URLSession to use to perform downloads.
 19 |     public init(urlSession: URLSession = URLSession.shared) {
    |                             `- error: 'URLSession' is unavailable: This type has moved to the FoundationNetworking module. Import that module to use it.
 20 |         self.urlSession = urlSession
 21 |     }
Foundation.URLSession:2:18: note: 'URLSession' has been explicitly marked unavailable here
1 | @available(*, unavailable, message: "This type has moved to the FoundationNetworking module. Import that module to use it.")
2 | public typealias URLSession = AnyObject
  |                  `- note: 'URLSession' has been explicitly marked unavailable here
/host/spi-builder-workspace/Sources/AppStoreReviews/FeedLoader.swift:19:53: error: type 'URLSession' (aka 'AnyObject') has no member 'shared'
 17 |     /// Initialize with a URLSession.
 18 |     /// - Parameter urlSession: The URLSession to use to perform downloads.
 19 |     public init(urlSession: URLSession = URLSession.shared) {
    |                                                     `- error: type 'URLSession' (aka 'AnyObject') has no member 'shared'
 20 |         self.urlSession = urlSession
 21 |     }
/host/spi-builder-workspace/Sources/AppStoreReviews/FeedLoader.swift:19:53: error: default argument value of type '_' cannot be converted to type 'AnyObject'
 17 |     /// Initialize with a URLSession.
 18 |     /// - Parameter urlSession: The URLSession to use to perform downloads.
 19 |     public init(urlSession: URLSession = URLSession.shared) {
    |                                                     `- error: default argument value of type '_' cannot be converted to type 'AnyObject'
 20 |         self.urlSession = urlSession
 21 |     }
/host/spi-builder-workspace/Sources/AppStoreReviews/FeedLoader.swift:50:91: error: 'URLSessionDataTask' is unavailable: This type has moved to the FoundationNetworking module. Import that module to use it.
 48 |     /// - Returns: The `URLSessionDataTask` created to fetch the content, or `nil` in case of
 49 |     /// failure.
 50 |     @discardableResult public func fetch(page: Page, completion: @escaping Completion) -> URLSessionDataTask? {
    |                                                                                           `- error: 'URLSessionDataTask' is unavailable: This type has moved to the FoundationNetworking module. Import that module to use it.
 51 |         guard let url = URL(page) else {
 52 |             completion(.failure(.invalidURL))
Foundation.URLSessionDataTask:2:18: note: 'URLSessionDataTask' has been explicitly marked unavailable here
1 | @available(*, unavailable, message: "This type has moved to the FoundationNetworking module. Import that module to use it.")
2 | public typealias URLSessionDataTask = AnyObject
  |                  `- note: 'URLSessionDataTask' has been explicitly marked unavailable here
/host/spi-builder-workspace/Sources/AppStoreReviews/FeedLoader.swift:77:37: error: 'URLResponse' is unavailable: This type has moved to the FoundationNetworking module. Import that module to use it.
 75 |
 76 | extension FeedLoader {
 77 |     private func validate(response: URLResponse?) throws {
    |                                     `- error: 'URLResponse' is unavailable: This type has moved to the FoundationNetworking module. Import that module to use it.
 78 |         guard let httpResponse = response as? HTTPURLResponse else {
 79 |             throw FeedLoader.Error.invalidResponse
Foundation.URLResponse:2:18: note: 'URLResponse' has been explicitly marked unavailable here
1 | @available(*, unavailable, message: "This type has moved to the FoundationNetworking module. Import that module to use it.")
2 | public typealias URLResponse = AnyObject
  |                  `- note: 'URLResponse' has been explicitly marked unavailable here
/host/spi-builder-workspace/Sources/AppStoreReviews/ReviewsLoader.swift:13:29: error: 'URLSession' is unavailable: This type has moved to the FoundationNetworking module. Import that module to use it.
11 |     public typealias Completion = (Result<[Feed.Entry], ReviewsLoader.Error>) -> Void
12 |
13 |     private let urlSession: URLSession
   |                             `- error: 'URLSession' is unavailable: This type has moved to the FoundationNetworking module. Import that module to use it.
14 |     private let downloader: FeedLoader
15 |     private var task: URLSessionDataTask?
Foundation.URLSession:2:18: note: 'URLSession' has been explicitly marked unavailable here
1 | @available(*, unavailable, message: "This type has moved to the FoundationNetworking module. Import that module to use it.")
2 | public typealias URLSession = AnyObject
  |                  `- note: 'URLSession' has been explicitly marked unavailable here
/host/spi-builder-workspace/Sources/AppStoreReviews/ReviewsLoader.swift:15:23: error: 'URLSessionDataTask' is unavailable: This type has moved to the FoundationNetworking module. Import that module to use it.
13 |     private let urlSession: URLSession
14 |     private let downloader: FeedLoader
15 |     private var task: URLSessionDataTask?
   |                       `- error: 'URLSessionDataTask' is unavailable: This type has moved to the FoundationNetworking module. Import that module to use it.
16 |
17 |     private var fetchedReviews = [Feed.Entry]()
Foundation.URLSessionDataTask:2:18: note: 'URLSessionDataTask' has been explicitly marked unavailable here
1 | @available(*, unavailable, message: "This type has moved to the FoundationNetworking module. Import that module to use it.")
2 | public typealias URLSessionDataTask = AnyObject
  |                  `- note: 'URLSessionDataTask' has been explicitly marked unavailable here
/host/spi-builder-workspace/Sources/AppStoreReviews/ReviewsLoader.swift:21:29: error: 'URLSession' is unavailable: This type has moved to the FoundationNetworking module. Import that module to use it.
19 |     /// Initialize with a URLSession.
20 |     /// - Parameter urlSession: The URLSession to use to perform downloads.
21 |     public init(urlSession: URLSession = URLSession.shared) {
   |                             `- error: 'URLSession' is unavailable: This type has moved to the FoundationNetworking module. Import that module to use it.
22 |         self.urlSession = urlSession
23 |         self.downloader = FeedLoader(urlSession: urlSession)
Foundation.URLSession:2:18: note: 'URLSession' has been explicitly marked unavailable here
1 | @available(*, unavailable, message: "This type has moved to the FoundationNetworking module. Import that module to use it.")
2 | public typealias URLSession = AnyObject
  |                  `- note: 'URLSession' has been explicitly marked unavailable here
/host/spi-builder-workspace/Sources/AppStoreReviews/ReviewsLoader.swift:21:53: error: type 'URLSession' (aka 'AnyObject') has no member 'shared'
19 |     /// Initialize with a URLSession.
20 |     /// - Parameter urlSession: The URLSession to use to perform downloads.
21 |     public init(urlSession: URLSession = URLSession.shared) {
   |                                                     `- error: type 'URLSession' (aka 'AnyObject') has no member 'shared'
22 |         self.urlSession = urlSession
23 |         self.downloader = FeedLoader(urlSession: urlSession)
/host/spi-builder-workspace/Sources/AppStoreReviews/ReviewsLoader.swift:21:53: error: default argument value of type '_' cannot be converted to type 'AnyObject'
19 |     /// Initialize with a URLSession.
20 |     /// - Parameter urlSession: The URLSession to use to perform downloads.
21 |     public init(urlSession: URLSession = URLSession.shared) {
   |                                                     `- error: default argument value of type '_' cannot be converted to type 'AnyObject'
22 |         self.urlSession = urlSession
23 |         self.downloader = FeedLoader(urlSession: urlSession)
Failed frontend command:
/usr/bin/swift-frontend -frontend -emit-module -experimental-skip-non-inlinable-function-bodies-without-types /host/spi-builder-workspace/Sources/AppStoreReviews/FeedLoader.swift /host/spi-builder-workspace/Sources/AppStoreReviews/Internal/DecodableFeed.swift /host/spi-builder-workspace/Sources/AppStoreReviews/Internal/Logging.swift /host/spi-builder-workspace/Sources/AppStoreReviews/Internal/ModelsConversion.swift /host/spi-builder-workspace/Sources/AppStoreReviews/Models/Feed.Author.swift /host/spi-builder-workspace/Sources/AppStoreReviews/Models/Feed.Entry.swift /host/spi-builder-workspace/Sources/AppStoreReviews/Models/Feed.Links.swift /host/spi-builder-workspace/Sources/AppStoreReviews/Models/Feed.swift /host/spi-builder-workspace/Sources/AppStoreReviews/Models/Page.swift /host/spi-builder-workspace/Sources/AppStoreReviews/Models/Territory.swift /host/spi-builder-workspace/Sources/AppStoreReviews/PageExtensions.swift /host/spi-builder-workspace/Sources/AppStoreReviews/ReviewsLoader.swift /host/spi-builder-workspace/Sources/AppStoreReviews/URLExtensions.swift /host/spi-builder-workspace/Sources/AppStoreReviews/Version.swift -target wasm32-unknown-wasip1 -disable-objc-interop -sdk /root/.swiftpm/swift-sdks/swift-6.4.x-DEVELOPMENT-SNAPSHOT-2026-09-04-a_wasm.artifactbundle/swift-6.4.x-DEVELOPMENT-SNAPSHOT-2026-09-04-a_wasm/wasm32-unknown-wasip1/WASI.sdk -sysroot /root/.swiftpm/swift-sdks/swift-6.4.x-DEVELOPMENT-SNAPSHOT-2026-09-04-a_wasm.artifactbundle/swift-6.4.x-DEVELOPMENT-SNAPSHOT-2026-09-04-a_wasm/wasm32-unknown-wasip1/WASI.sdk -I /host/spi-builder-workspace/.build/out/Products/Debug-webassembly-wasm32 -module-cache-path /host/spi-builder-workspace/.build/out/ModuleCache.noindex -color-diagnostics -Xcc -fcolor-diagnostics -enable-testing -g -debug-info-format\=dwarf -dwarf-version\=4 -swift-version 5 -Onone -D SWIFT_PACKAGE -D DEBUG -D SWIFT_MODULE_RESOURCE_BUNDLE_UNAVAILABLE -D Xcode -serialize-debugging-options -enable-experimental-feature DebugDescriptionMacro -empty-abi-descriptor -external-plugin-path /usr/lib/swift/host/plugins/testing\#/usr/bin/swift-plugin-server -validate-clang-modules-once -clang-build-session-file /host/spi-builder-workspace/.build/out/ModuleCache.noindex/Session.modulevalidation -Xcc -working-directory -Xcc /host -resource-dir /root/.swiftpm/swift-sdks/swift-6.4.x-DEVELOPMENT-SNAPSHOT-2026-09-04-a_wasm.artifactbundle/swift-6.4.x-DEVELOPMENT-SNAPSHOT-2026-09-04-a_wasm/wasm32-unknown-wasip1/swift.xctoolchain/usr/lib/swift_static -use-static-resource-dir -enable-anonymous-context-mangled-names -file-compilation-dir /host -Xcc -resource-dir -Xcc /root/.swiftpm/swift-sdks/swift-6.4.x-DEVELOPMENT-SNAPSHOT-2026-09-04-a_wasm.artifactbundle/swift-6.4.x-DEVELOPMENT-SNAPSHOT-2026-09-04-a_wasm/wasm32-unknown-wasip1/swift.xctoolchain/usr/lib/swift_static/clang -Xcc -D_LIBCPP_HARDENING_MODE\=_LIBCPP_HARDENING_MODE_DEBUG -Xcc -fmodules-prune-interval\=86400 -Xcc -fmodules-prune-after\=345600 -Xcc -I/host/spi-builder-workspace/.build/out/Products/Debug-webassembly-wasm32/include -Xcc -I/host/spi-builder-workspace/.build/out/Intermediates.noindex/app-store-reviews.build/Debug-webassembly-wasm32/AppStoreReviews-t.build/DerivedSources-normal/wasm32 -Xcc -I/host/spi-builder-workspace/.build/out/Intermediates.noindex/app-store-reviews.build/Debug-webassembly-wasm32/AppStoreReviews-t.build/DerivedSources/wasm32 -Xcc -I/host/spi-builder-workspace/.build/out/Intermediates.noindex/app-store-reviews.build/Debug-webassembly-wasm32/AppStoreReviews-t.build/DerivedSources -Xcc -DSWIFT_PACKAGE -Xcc -DDEBUG\=1 -no-auto-bridging-header-chaining -module-name AppStoreReviews -const-gather-protocols-file /host/spi-builder-workspace/.build/out/Intermediates.noindex/app-store-reviews.build/Debug-webassembly-wasm32/AppStoreReviews-t.build/Objects-normal/wasm32/AppStoreReviews_const_extract_protocols.json -in-process-plugin-server-path /usr/lib/swift/host/libSwiftInProcPluginServer.so -plugin-path /usr/lib/swift/host/plugins -plugin-path /usr/local/lib/swift/host/plugins -emit-module-doc-path /host/spi-builder-workspace/.build/out/Intermediates.noindex/app-store-reviews.build/Debug-webassembly-wasm32/AppStoreReviews-t.build/Objects-normal/wasm32/Modules/AppStoreReviews.swiftdoc -emit-module-source-info-path /host/spi-builder-workspace/.build/out/Intermediates.noindex/app-store-reviews.build/Debug-webassembly-wasm32/AppStoreReviews-t.build/Objects-normal/wasm32/Modules/AppStoreReviews.swiftsourceinfo -emit-objc-header-path /host/spi-builder-workspace/.build/out/Intermediates.noindex/app-store-reviews.build/Debug-webassembly-wasm32/AppStoreReviews-t.build/Objects-normal/wasm32/AppStoreReviews-Swift.h -serialize-diagnostics-path /host/spi-builder-workspace/.build/out/Intermediates.noindex/app-store-reviews.build/Debug-webassembly-wasm32/AppStoreReviews-t.build/Objects-normal/wasm32/AppStoreReviews-primary-emit-module.dia -emit-dependencies-path /host/spi-builder-workspace/.build/out/Intermediates.noindex/app-store-reviews.build/Debug-webassembly-wasm32/AppStoreReviews-t.build/Objects-normal/wasm32/AppStoreReviews-primary-emit-module.d -parse-as-library -o /host/spi-builder-workspace/.build/out/Intermediates.noindex/app-store-reviews.build/Debug-webassembly-wasm32/AppStoreReviews-t.build/Objects-normal/wasm32/Modules/AppStoreReviews.swiftmodule
[81 / 108] ArgumentParser
error: Build failed
BUILD FAILURE 6.4 wasm