The Swift Package Index logo.Swift Package Index

Build Information

Failed to build BioSwift, reference master (ac04fb), with Swift 6.4 for macOS (SPM) on 16 Sep 2026 18:55:08 UTC.

Build Command

env DEVELOPER_DIR=/Applications/Xcode-27.0.0-Release.Candidate.app xcrun swift build --arch arm64

Build Log

========================================
RunAll
========================================
Builder version: 5.1.0
Interrupt handler set up.
========================================
Checkout
========================================
Clone URL: https://github.com/valdirunars/bioswift.git
Reference: master
Initialized empty Git repository in /Users/admin/builder/spi-builder-workspace/.git/
From https://github.com/valdirunars/bioswift
 * branch            master     -> FETCH_HEAD
 * [new branch]      master     -> origin/master
HEAD is now at ac04fb2 Merge pull request #3 from oceanexplains/master
Cloned https://github.com/valdirunars/bioswift.git
Revision (git rev-parse @):
ac04fb2d0fe16eb23318b6f99e0cd9ee3db59afb
SUCCESS checkout https://github.com/valdirunars/bioswift.git at master
========================================
Build
========================================
Selected platform:         macosSpm
Swift version:             6.4
Building package at path:  $PWD
https://github.com/valdirunars/bioswift.git
Running build ...
env DEVELOPER_DIR=/Applications/Xcode-27.0.0-Release.Candidate.app xcrun swift build --arch arm64
Building for debugging...
[Constructing description]
[Planning deferred tasks]
[39 / 77]
[51 / 89] SipHash
[69 / 101] BigInt
[70 / 101] BigInt
[77 / 101] BigInt
[79 / 101] BigInt-product
[83 / 101] BigInt
[83 / 101]
[89 / 102] BigInt
[90 / 102] SipHash-product
[93 / 102] BioSwift
[102 / 148]
[105 / 148]
[110 / 148]
[112 / 148]
[116 / 148]
[118 / 148]
[121 / 148]
[124 / 148]
[126 / 148]
[127 / 148]
[128 / 148]
[139 / 148] BioSwift
Fetching http://github.com/valdirunars/BigIntCompress.git
Fetching http://github.com/attaswift/BigInt.git
[1/4939] Fetching bigint
[2224/5035] Fetching bigint, bigintcompress
Fetched http://github.com/attaswift/BigInt.git (1.68s)
Fetched http://github.com/valdirunars/BigIntCompress.git (1.68s)
Computing version for http://github.com/valdirunars/BigIntCompress.git
Computed http://github.com/valdirunars/BigIntCompress.git at 1.0.2 (3.90s)
Computing version for http://github.com/attaswift/BigInt.git
Computed http://github.com/attaswift/BigInt.git at 3.1.0 (0.64s)
Fetching https://github.com/attaswift/SipHash
[1/440] Fetching siphash
Fetched https://github.com/attaswift/SipHash (1.11s)
Computing version for https://github.com/attaswift/SipHash
Computed https://github.com/attaswift/SipHash at 1.2.2 (1.81s)
Creating working copy for http://github.com/valdirunars/BigIntCompress.git
Working copy of http://github.com/valdirunars/BigIntCompress.git resolved at 1.0.2
Creating working copy for http://github.com/attaswift/BigInt.git
Working copy of http://github.com/attaswift/BigInt.git resolved at 3.1.0
Creating working copy for https://github.com/attaswift/SipHash
Working copy of https://github.com/attaswift/SipHash resolved at 1.2.2
warning: 'spi-builder-workspace': found 6 file(s) which are unhandled; explicitly declare them as resources or exclude from the target
    /Users/admin/builder/spi-builder-workspace/BioSwift.svg
    /Users/admin/builder/spi-builder-workspace/License.txt
    /Users/admin/builder/spi-builder-workspace/README.md
    /Users/admin/builder/spi-builder-workspace/Tests/BioSwiftTests/bio_swiftTests.swift
    /Users/admin/builder/spi-builder-workspace/Tests/BioSwiftTests/extensionTests.swift
    /Users/admin/builder/spi-builder-workspace/Tests/LinuxMain.swift
/Users/admin/builder/spi-builder-workspace/Sources/BioSequence.swift:59:15: warning: typealias overriding associated type 'Element' from protocol 'Collection' is better expressed as same-type constraint on the protocol
 57 |
 58 | extension BioSequence {
 59 |     typealias Element = Alphabet.Base
    |               `- warning: typealias overriding associated type 'Element' from protocol 'Collection' is better expressed as same-type constraint on the protocol
 60 |     typealias SubSequence = Slice<Self>
 61 |
Swift.Collection.Element:2:16: note: 'Element' declared here
1 | protocol Collection {
2 | associatedtype Element}
  |                `- note: 'Element' declared here
3 |
/Users/admin/builder/spi-builder-workspace/Sources/BioSequence.swift:123:22: warning: typealias overriding associated type 'Index' from protocol 'Collection' is better expressed as same-type constraint on the protocol
121 |
122 | extension BioSequence {
123 |     public typealias Index = Int
    |                      `- warning: typealias overriding associated type 'Index' from protocol 'Collection' is better expressed as same-type constraint on the protocol
124 |
125 |     public var startIndex: Index {
Swift.Collection.Index:2:16: note: 'Index' declared here
1 | protocol Collection {
2 | associatedtype Index : Comparable where Self.Index == Self.Indices.Element, Self.Indices.Element == Self.Indices.Index, Self.Indices.Index == Self.SubSequence.Index}
  |                `- note: 'Index' declared here
3 |
/Users/admin/builder/spi-builder-workspace/Sources/BioSequence.swift:60:15: warning: typealias overriding associated type 'SubSequence' from protocol 'Collection' is better expressed as same-type constraint on the protocol
 58 | extension BioSequence {
 59 |     typealias Element = Alphabet.Base
 60 |     typealias SubSequence = Slice<Self>
    |               `- warning: typealias overriding associated type 'SubSequence' from protocol 'Collection' is better expressed as same-type constraint on the protocol
 61 |
 62 |     public init<S: Sequence>(sequence: S) where S.Element: CharConvertible {
Swift.Collection.SubSequence:2:16: note: 'SubSequence' declared here
1 | protocol Collection {
2 | associatedtype SubSequence : Collection = Slice<Self> where Self.Element == Self.SubSequence.Element, Self.SubSequence == Self.SubSequence.SubSequence}
  |                `- note: 'SubSequence' declared here
3 |
error: SwiftCompile normal arm64 /Users/admin/builder/spi-builder-workspace/Sources/RNAGenome.swift failed with a nonzero exit code. Command line:     cd /Users/admin/builder
    builtin-SwiftPerFileCompile RNAGenome.swift
/Users/admin/builder/spi-builder-workspace/Sources/RNAGenome.swift:28:16: error: property cannot be declared public because its type uses an internal type
26 |     public internal(set) var  bigIntValue: BigInt
27 |
28 |     public var startIndex: Index {
   |                `- error: property cannot be declared public because its type uses an internal type
29 |         return self.units.startIndex
30 |     }
/Users/admin/builder/spi-builder-workspace/Sources/RNAGenome.swift:32:16: error: property cannot be declared public because its type uses an internal type
30 |     }
31 |
32 |     public var endIndex: Index {
   |                `- error: property cannot be declared public because its type uses an internal type
33 |         return self.units.endIndex
34 |     }
/Users/admin/builder/spi-builder-workspace/Sources/BioSequence+Codec.swift:91:22: warning: typealias overriding associated type 'CompressionNumber' from protocol 'Compressable' is better expressed as same-type constraint on the protocol
 89 | extension Genome {
 90 |
 91 |     public typealias CompressionNumber = BigInt
    |                      `- warning: typealias overriding associated type 'CompressionNumber' from protocol 'Compressable' is better expressed as same-type constraint on the protocol
 92 |
 93 |     public static var possibleComponents: [Nucleotide] {
BigIntCompress.Compressable.CompressionNumber:2:16: note: 'CompressionNumber' declared here
1 | protocol Compressable {
2 | associatedtype CompressionNumber : BigIntCompress.BigIntType, BinaryInteger}
  |                `- note: 'CompressionNumber' declared here
3 |
/Users/admin/builder/spi-builder-workspace/Sources/BioSequence.swift:59:15: warning: typealias overriding associated type 'Element' from protocol 'Collection' is better expressed as same-type constraint on the protocol
 57 |
 58 | extension BioSequence {
 59 |     typealias Element = Alphabet.Base
    |               `- warning: typealias overriding associated type 'Element' from protocol 'Collection' is better expressed as same-type constraint on the protocol
 60 |     typealias SubSequence = Slice<Self>
 61 |
Swift.Collection.Element:2:16: note: 'Element' declared here
1 | protocol Collection {
2 | associatedtype Element}
  |                `- note: 'Element' declared here
3 |
/Users/admin/builder/spi-builder-workspace/Sources/BioSequence.swift:123:22: warning: typealias overriding associated type 'Index' from protocol 'Collection' is better expressed as same-type constraint on the protocol
121 |
122 | extension BioSequence {
123 |     public typealias Index = Int
    |                      `- warning: typealias overriding associated type 'Index' from protocol 'Collection' is better expressed as same-type constraint on the protocol
124 |
125 |     public var startIndex: Index {
Swift.Collection.Index:2:16: note: 'Index' declared here
1 | protocol Collection {
2 | associatedtype Index : Comparable where Self.Index == Self.Indices.Element, Self.Indices.Element == Self.Indices.Index, Self.Indices.Index == Self.SubSequence.Index}
  |                `- note: 'Index' declared here
3 |
/Users/admin/builder/spi-builder-workspace/Sources/BioSequence.swift:60:15: warning: typealias overriding associated type 'SubSequence' from protocol 'Collection' is better expressed as same-type constraint on the protocol
 58 | extension BioSequence {
 59 |     typealias Element = Alphabet.Base
 60 |     typealias SubSequence = Slice<Self>
    |               `- warning: typealias overriding associated type 'SubSequence' from protocol 'Collection' is better expressed as same-type constraint on the protocol
 61 |
 62 |     public init<S: Sequence>(sequence: S) where S.Element: CharConvertible {
Swift.Collection.SubSequence:2:16: note: 'SubSequence' declared here
1 | protocol Collection {
2 | associatedtype SubSequence : Collection = Slice<Self> where Self.Element == Self.SubSequence.Element, Self.SubSequence == Self.SubSequence.SubSequence}
  |                `- note: 'SubSequence' declared here
3 |
/Users/admin/builder/spi-builder-workspace/Sources/RNAGenome.swift:81:12: error: subscript cannot be declared public because its index uses an internal type
79 |     }
80 |
81 |     public subscript(index: Index) -> Nucleotide {
   |            `- error: subscript cannot be declared public because its index uses an internal type
82 |         return self.complementBit ? !self.units[index] : self.units[index]
83 |     }
/Users/admin/builder/spi-builder-workspace/Sources/BioSequence.swift:43:16: warning: 'Hashable.hashValue' is deprecated as a protocol requirement; conform type 'RNAGenome' to 'Hashable' by implementing 'hash(into:)' instead [#]8;;https://docs.swift.org/compiler/documentation/diagnostics/deprecated-declaration\DeprecatedDeclaration]8;;\]
 41 |     }
 42 |
 43 |     public var hashValue: Int {
    |                `- warning: 'Hashable.hashValue' is deprecated as a protocol requirement; conform type 'RNAGenome' to 'Hashable' by implementing 'hash(into:)' instead [#]8;;https://docs.swift.org/compiler/documentation/diagnostics/deprecated-declaration\DeprecatedDeclaration]8;;\]
 44 |         return self.bigIntValue.hashValue
 45 |     }
/Users/admin/builder/spi-builder-workspace/Sources/RNAGenome.swift:11:15: error: type alias 'Element' must be declared public because it matches a requirement in public protocol 'Collection'
 9 | import BigInt
10 |
11 | public struct RNAGenome: Genome, BigIntConvertible, CustomStringConvertible {
   |               `- error: type alias 'Element' must be declared public because it matches a requirement in public protocol 'Collection'
12 |     typealias Alphabet = RNAAlphabet
13 |
/Users/admin/builder/spi-builder-workspace/Sources/BioSequence.swift:59:15: note: mark the type alias as 'public' to satisfy the requirement
 57 |
 58 | extension BioSequence {
 59 |     typealias Element = Alphabet.Base
    |               `- note: mark the type alias as 'public' to satisfy the requirement
 60 |     typealias SubSequence = Slice<Self>
 61 |
/Users/admin/builder/spi-builder-workspace/Sources/RNAGenome.swift:11:15: error: type alias 'SubSequence' must be declared public because it matches a requirement in public protocol 'Collection'
 9 | import BigInt
10 |
11 | public struct RNAGenome: Genome, BigIntConvertible, CustomStringConvertible {
   |               `- error: type alias 'SubSequence' must be declared public because it matches a requirement in public protocol 'Collection'
12 |     typealias Alphabet = RNAAlphabet
13 |
/Users/admin/builder/spi-builder-workspace/Sources/BioSequence.swift:60:15: note: mark the type alias as 'public' to satisfy the requirement
 58 | extension BioSequence {
 59 |     typealias Element = Alphabet.Base
 60 |     typealias SubSequence = Slice<Self>
    |               `- note: mark the type alias as 'public' to satisfy the requirement
 61 |
 62 |     public init<S: Sequence>(sequence: S) where S.Element: CharConvertible {
/Users/admin/builder/spi-builder-workspace/Sources/RNAGenome.swift:11:15: error: type alias 'Element' must be declared public because it matches a requirement in public protocol 'Sequence'
 9 | import BigInt
10 |
11 | public struct RNAGenome: Genome, BigIntConvertible, CustomStringConvertible {
   |               `- error: type alias 'Element' must be declared public because it matches a requirement in public protocol 'Sequence'
12 |     typealias Alphabet = RNAAlphabet
13 |
/Users/admin/builder/spi-builder-workspace/Sources/BioSequence.swift:59:15: note: mark the type alias as 'public' to satisfy the requirement
 57 |
 58 | extension BioSequence {
 59 |     typealias Element = Alphabet.Base
    |               `- note: mark the type alias as 'public' to satisfy the requirement
 60 |     typealias SubSequence = Slice<Self>
 61 |
[#DeprecatedDeclaration]: <https://docs.swift.org/compiler/documentation/diagnostics/deprecated-declaration>
Failed frontend command:
/Applications/Xcode-27.0.0-Release.Candidate.app/Contents/Developer/Toolchains/XcodeDefault.xctoolchain/usr/bin/swift-frontend -frontend -c /Users/admin/builder/spi-builder-workspace/Sources/AminoAcid.swift /Users/admin/builder/spi-builder-workspace/Sources/BigIntConvertible.swift /Users/admin/builder/spi-builder-workspace/Sources/BioIOToken.swift /Users/admin/builder/spi-builder-workspace/Sources/BioSequence+Codec.swift /Users/admin/builder/spi-builder-workspace/Sources/BioSequence+Pattern.swift /Users/admin/builder/spi-builder-workspace/Sources/BioSequence.swift /Users/admin/builder/spi-builder-workspace/Sources/ByteRepresentable.swift /Users/admin/builder/spi-builder-workspace/Sources/CharConvertible.swift /Users/admin/builder/spi-builder-workspace/Sources/DNAGenome.swift /Users/admin/builder/spi-builder-workspace/Sources/Extensions.swift /Users/admin/builder/spi-builder-workspace/Sources/FASTAParser.swift /Users/admin/builder/spi-builder-workspace/Sources/FASTAToken.swift /Users/admin/builder/spi-builder-workspace/Sources/Genome+Foundation.swift /Users/admin/builder/spi-builder-workspace/Sources/Genome.swift /Users/admin/builder/spi-builder-workspace/Sources/Nucleotide.swift /Users/admin/builder/spi-builder-workspace/Sources/Parser.swift /Users/admin/builder/spi-builder-workspace/Sources/ParserError.swift /Users/admin/builder/spi-builder-workspace/Sources/Protein+BioSequence.swift /Users/admin/builder/spi-builder-workspace/Sources/Protein.swift -primary-file /Users/admin/builder/spi-builder-workspace/Sources/RNAGenome.swift -primary-file /Users/admin/builder/spi-builder-workspace/Sources/Utils.swift -emit-dependencies-path /Users/admin/builder/spi-builder-workspace/.build/out/Intermediates.noindex/BioSwift.build/Debug/BioSwift-t.build/Objects-normal/arm64/RNAGenome.d -emit-const-values-path /Users/admin/builder/spi-builder-workspace/.build/out/Intermediates.noindex/BioSwift.build/Debug/BioSwift-t.build/Objects-normal/arm64/RNAGenome.swiftconstvalues -emit-reference-dependencies-path /Users/admin/builder/spi-builder-workspace/.build/out/Intermediates.noindex/BioSwift.build/Debug/BioSwift-t.build/Objects-normal/arm64/RNAGenome.swiftdeps -serialize-diagnostics-path /Users/admin/builder/spi-builder-workspace/.build/out/Intermediates.noindex/BioSwift.build/Debug/BioSwift-t.build/Objects-normal/arm64/RNAGenome.dia -emit-dependencies-path /Users/admin/builder/spi-builder-workspace/.build/out/Intermediates.noindex/BioSwift.build/Debug/BioSwift-t.build/Objects-normal/arm64/Utils.d -emit-const-values-path /Users/admin/builder/spi-builder-workspace/.build/out/Intermediates.noindex/BioSwift.build/Debug/BioSwift-t.build/Objects-normal/arm64/Utils.swiftconstvalues -emit-reference-dependencies-path /Users/admin/builder/spi-builder-workspace/.build/out/Intermediates.noindex/BioSwift.build/Debug/BioSwift-t.build/Objects-normal/arm64/Utils.swiftdeps -serialize-diagnostics-path /Users/admin/builder/spi-builder-workspace/.build/out/Intermediates.noindex/BioSwift.build/Debug/BioSwift-t.build/Objects-normal/arm64/Utils.dia -target arm64-apple-macos12.0 -disable-cross-import-overlay-search -load-resolved-plugin /Applications/Xcode-27.0.0-Release.Candidate.app/Contents/Developer/Platforms/MacOSX.platform/Developer/usr/lib/swift/host/plugins/libFoundationMacros.dylib\#/Applications/Xcode-27.0.0-Release.Candidate.app/Contents/Developer/Platforms/MacOSX.platform/Developer/usr/bin/swift-plugin-server\#FoundationMacros -load-resolved-plugin /Applications/Xcode-27.0.0-Release.Candidate.app/Contents/Developer/Platforms/MacOSX.platform/Developer/usr/lib/swift/host/plugins/libObservationMacros.dylib\#/Applications/Xcode-27.0.0-Release.Candidate.app/Contents/Developer/Platforms/MacOSX.platform/Developer/usr/bin/swift-plugin-server\#ObservationMacros -load-resolved-plugin /Applications/Xcode-27.0.0-Release.Candidate.app/Contents/Developer/Platforms/MacOSX.platform/Developer/usr/lib/swift/host/plugins/libSwiftMacros.dylib\#/Applications/Xcode-27.0.0-Release.Candidate.app/Contents/Developer/Platforms/MacOSX.platform/Developer/usr/bin/swift-plugin-server\#SwiftMacros -disable-implicit-swift-modules -Xcc -fno-implicit-modules -Xcc -fno-implicit-module-maps -explicit-swift-module-map-file /Users/admin/builder/spi-builder-workspace/.build/out/Intermediates.noindex/BioSwift.build/Debug/BioSwift-t.build/Objects-normal/arm64/BioSwift-dependencies-1.json -Xllvm -aarch64-use-tbi -enable-objc-interop -stack-check -sdk /Applications/Xcode-27.0.0-Release.Candidate.app/Contents/Developer/Platforms/MacOSX.platform/Developer/SDKs/MacOSX27.0.sdk -I /Users/admin/builder/spi-builder-workspace/.build/out/Products/Debug -Isystem /Applications/Xcode-27.0.0-Release.Candidate.app/Contents/Developer/Platforms/MacOSX.platform/Developer/usr/lib -F /Users/admin/builder/spi-builder-workspace/.build/out/Products/Debug/PackageFrameworks -F /Users/admin/builder/spi-builder-workspace/.build/out/Products/Debug -F /Applications/Xcode-27.0.0-Release.Candidate.app/Contents/Developer/Platforms/MacOSX.platform/Developer/Library/Frameworks -module-cache-path /Users/admin/builder/spi-builder-workspace/.build/out/Intermediates.noindex/SwiftExplicitPrecompiledModules -color-diagnostics -Xcc -fcolor-diagnostics -enable-testing -g -debug-info-format\=dwarf -dwarf-version\=4 -swift-version 5 -Onone -D SWIFT_PACKAGE -D DEBUG -D SWIFT_MODULE_RESOURCE_BUNDLE_UNAVAILABLE -D Xcode -serialize-debugging-options -enable-experimental-feature DebugDescriptionMacro -empty-abi-descriptor -validate-clang-modules-once -clang-build-session-file /Users/admin/builder/spi-builder-workspace/.build/out/ModuleCache.noindex/Session.modulevalidation -Xcc -working-directory -Xcc /Users/admin/builder -enable-anonymous-context-mangled-names -file-compilation-dir /Users/admin/builder -Xcc -D_LIBCPP_HARDENING_MODE\=_LIBCPP_HARDENING_MODE_DEBUG -Xcc -ivfsstatcache -Xcc /Users/admin/builder/spi-builder-workspace/.build/out/SDKStatCaches.noindex/macosx27.0-26A425-80c5bbf1d171475443272936d42f90a36a22442a12e9d48fe1a705f55a1adfc4.sdkstatcache -Xcc -fmodules-prune-interval\=86400 -Xcc -fmodules-prune-after\=345600 -Xcc -I/Users/admin/builder/spi-builder-workspace/.build/out/Products/Debug/include -Xcc -I/Users/admin/builder/spi-builder-workspace/.build/out/Intermediates.noindex/BioSwift.build/Debug/BioSwift-t.build/DerivedSources-normal/arm64 -Xcc -I/Users/admin/builder/spi-builder-workspace/.build/out/Intermediates.noindex/BioSwift.build/Debug/BioSwift-t.build/DerivedSources/arm64 -Xcc -I/Users/admin/builder/spi-builder-workspace/.build/out/Intermediates.noindex/BioSwift.build/Debug/BioSwift-t.build/DerivedSources -Xcc -DSWIFT_PACKAGE -Xcc -DDEBUG\=1 -no-auto-bridging-header-chaining -module-name BioSwift -const-gather-protocols-file /Users/admin/builder/spi-builder-workspace/.build/out/Intermediates.noindex/BioSwift.build/Debug/BioSwift-t.build/Objects-normal/arm64/BioSwift_const_extract_protocols.json -disable-clang-spi -clang-target arm64-apple-macos27.0 -target-sdk-version 27.0 -target-sdk-name macosx27.0 -in-process-plugin-server-path /Applications/Xcode-27.0.0-Release.Candidate.app/Contents/Developer/Toolchains/XcodeDefault.xctoolchain/usr/lib/swift/host/libSwiftInProcPluginServer.dylib -parse-as-library -o /Users/admin/builder/spi-builder-workspace/.build/out/Intermediates.noindex/BioSwift.build/Debug/BioSwift-t.build/Objects-normal/arm64/RNAGenome.o -o /Users/admin/builder/spi-builder-workspace/.build/out/Intermediates.noindex/BioSwift.build/Debug/BioSwift-t.build/Objects-normal/arm64/Utils.o -debug-module-path /Users/admin/builder/spi-builder-workspace/.build/out/Intermediates.noindex/BioSwift.build/Debug/BioSwift-t.build/Objects-normal/arm64/BioSwift.swiftmodule -index-unit-output-path /BioSwift.build/Debug/BioSwift-t.build/Objects-normal/arm64/RNAGenome.o -index-unit-output-path /BioSwift.build/Debug/BioSwift-t.build/Objects-normal/arm64/Utils.o -index-store-path /Users/admin/builder/spi-builder-workspace/.build/out -index-system-modules
error: SwiftCompile normal arm64 failed with a nonzero exit code. Command line:     cd /Users/admin/builder

/Users/admin/builder/spi-builder-workspace/Sources/BioSequence.swift:59:15: warning: typealias overriding associated type 'Element' from protocol 'Collection' is better expressed as same-type constraint on the protocol
 57 |
 58 | extension BioSequence {
 59 |     typealias Element = Alphabet.Base
    |               `- warning: typealias overriding associated type 'Element' from protocol 'Collection' is better expressed as same-type constraint on the protocol
 60 |     typealias SubSequence = Slice<Self>
 61 |
Swift.Collection.Element:2:16: note: 'Element' declared here
1 | protocol Collection {
2 | associatedtype Element}
  |                `- note: 'Element' declared here
3 |
/Users/admin/builder/spi-builder-workspace/Sources/BioSequence.swift:123:22: warning: typealias overriding associated type 'Index' from protocol 'Collection' is better expressed as same-type constraint on the protocol
121 |
122 | extension BioSequence {
123 |     public typealias Index = Int
    |                      `- warning: typealias overriding associated type 'Index' from protocol 'Collection' is better expressed as same-type constraint on the protocol
124 |
125 |     public var startIndex: Index {
Swift.Collection.Index:2:16: note: 'Index' declared here
1 | protocol Collection {
2 | associatedtype Index : Comparable where Self.Index == Self.Indices.Element, Self.Indices.Element == Self.Indices.Index, Self.Indices.Index == Self.SubSequence.Index}
  |                `- note: 'Index' declared here
3 |
/Users/admin/builder/spi-builder-workspace/Sources/BioSequence.swift:60:15: warning: typealias overriding associated type 'SubSequence' from protocol 'Collection' is better expressed as same-type constraint on the protocol
 58 | extension BioSequence {
 59 |     typealias Element = Alphabet.Base
 60 |     typealias SubSequence = Slice<Self>
    |               `- warning: typealias overriding associated type 'SubSequence' from protocol 'Collection' is better expressed as same-type constraint on the protocol
 61 |
 62 |     public init<S: Sequence>(sequence: S) where S.Element: CharConvertible {
Swift.Collection.SubSequence:2:16: note: 'SubSequence' declared here
1 | protocol Collection {
2 | associatedtype SubSequence : Collection = Slice<Self> where Self.Element == Self.SubSequence.Element, Self.SubSequence == Self.SubSequence.SubSequence}
  |                `- note: 'SubSequence' declared here
3 |
/Users/admin/builder/spi-builder-workspace/Sources/BioSequence+Codec.swift:75:1: warning: extension declares a conformance of imported type 'BigInt' to imported protocol 'BigIntType'; this will not behave correctly if the owners of 'BigInt' introduce this conformance in the future
 73 | // MARK: Compressable
 74 |
 75 | extension BigInt: BigIntType {
    | |- warning: extension declares a conformance of imported type 'BigInt' to imported protocol 'BigIntType'; this will not behave correctly if the owners of 'BigInt' introduce this conformance in the future
    | `- note: add '@retroactive' to silence this warning
 76 |     public var hexString: String {
 77 |         return String(self, radix: 16)
/Users/admin/builder/spi-builder-workspace/Sources/BioSequence+Codec.swift:91:22: warning: typealias overriding associated type 'CompressionNumber' from protocol 'Compressable' is better expressed as same-type constraint on the protocol
 89 | extension Genome {
 90 |
 91 |     public typealias CompressionNumber = BigInt
    |                      `- warning: typealias overriding associated type 'CompressionNumber' from protocol 'Compressable' is better expressed as same-type constraint on the protocol
 92 |
 93 |     public static var possibleComponents: [Nucleotide] {
BigIntCompress.Compressable.CompressionNumber:2:16: note: 'CompressionNumber' declared here
1 | protocol Compressable {
2 | associatedtype CompressionNumber : BigIntCompress.BigIntType, BinaryInteger}
  |                `- note: 'CompressionNumber' declared here
3 |
/Users/admin/builder/spi-builder-workspace/Sources/BioSequence+Codec.swift:98:1: error: type alias 'Element' must be declared public because it matches a requirement in public protocol 'Collection'
 96 | }
 97 |
 98 | extension Protein: Compressable {
    | `- error: type alias 'Element' must be declared public because it matches a requirement in public protocol 'Collection'
 99 |     public typealias CompressionNumber = BigInt
100 |
/Users/admin/builder/spi-builder-workspace/Sources/BioSequence.swift:59:15: note: mark the type alias as 'public' to satisfy the requirement
 57 |
 58 | extension BioSequence {
 59 |     typealias Element = Alphabet.Base
    |               `- note: mark the type alias as 'public' to satisfy the requirement
 60 |     typealias SubSequence = Slice<Self>
 61 |
/Users/admin/builder/spi-builder-workspace/Sources/BioSequence+Codec.swift:98:1: error: type alias 'SubSequence' must be declared public because it matches a requirement in public protocol 'Collection'
 96 | }
 97 |
 98 | extension Protein: Compressable {
    | `- error: type alias 'SubSequence' must be declared public because it matches a requirement in public protocol 'Collection'
 99 |     public typealias CompressionNumber = BigInt
100 |
/Users/admin/builder/spi-builder-workspace/Sources/BioSequence.swift:60:15: note: mark the type alias as 'public' to satisfy the requirement
 58 | extension BioSequence {
 59 |     typealias Element = Alphabet.Base
 60 |     typealias SubSequence = Slice<Self>
    |               `- note: mark the type alias as 'public' to satisfy the requirement
 61 |
 62 |     public init<S: Sequence>(sequence: S) where S.Element: CharConvertible {
/Users/admin/builder/spi-builder-workspace/Sources/BioSequence+Codec.swift:98:1: error: type alias 'Element' must be declared public because it matches a requirement in public protocol 'Sequence'
 96 | }
 97 |
 98 | extension Protein: Compressable {
    | `- error: type alias 'Element' must be declared public because it matches a requirement in public protocol 'Sequence'
 99 |     public typealias CompressionNumber = BigInt
100 |
/Users/admin/builder/spi-builder-workspace/Sources/BioSequence.swift:59:15: note: mark the type alias as 'public' to satisfy the requirement
 57 |
 58 | extension BioSequence {
 59 |     typealias Element = Alphabet.Base
    |               `- note: mark the type alias as 'public' to satisfy the requirement
 60 |     typealias SubSequence = Slice<Self>
 61 |
/Users/admin/builder/spi-builder-workspace/Sources/DNAGenome.swift:23:16: error: property cannot be declared public because its type uses an internal type
21 |     public internal(set) var  bigIntValue: BigInt
22 |
23 |     public var startIndex: Index {
   |                `- error: property cannot be declared public because its type uses an internal type
24 |         return self.units.startIndex
25 |     }
/Users/admin/builder/spi-builder-workspace/Sources/DNAGenome.swift:27:16: error: property cannot be declared public because its type uses an internal type
25 |     }
26 |
27 |     public var endIndex: Index {
   |                `- error: property cannot be declared public because its type uses an internal type
28 |         return self.units.endIndex
29 |     }
/Users/admin/builder/spi-builder-workspace/Sources/DNAGenome.swift:76:12: error: subscript cannot be declared public because its index uses an internal type
74 |     }
75 |
76 |     public subscript(index: Index) -> Nucleotide {
   |            `- error: subscript cannot be declared public because its index uses an internal type
77 |         return self.complementBit ? !self.units[index] : self.units[index]
78 |     }
/Users/admin/builder/spi-builder-workspace/Sources/BioSequence.swift:43:16: warning: 'Hashable.hashValue' is deprecated as a protocol requirement; conform type 'DNAGenome' to 'Hashable' by implementing 'hash(into:)' instead [#]8;;https://docs.swift.org/compiler/documentation/diagnostics/deprecated-declaration\DeprecatedDeclaration]8;;\]
 41 |     }
 42 |
 43 |     public var hashValue: Int {
    |                `- warning: 'Hashable.hashValue' is deprecated as a protocol requirement; conform type 'DNAGenome' to 'Hashable' by implementing 'hash(into:)' instead [#]8;;https://docs.swift.org/compiler/documentation/diagnostics/deprecated-declaration\DeprecatedDeclaration]8;;\]
 44 |         return self.bigIntValue.hashValue
 45 |     }
/Users/admin/builder/spi-builder-workspace/Sources/BioSequence.swift:43:16: warning: 'Hashable.hashValue' is deprecated as a protocol requirement; conform type 'Protein' to 'Hashable' by implementing 'hash(into:)' instead [#]8;;https://docs.swift.org/compiler/documentation/diagnostics/deprecated-declaration\DeprecatedDeclaration]8;;\]
 41 |     }
 42 |
 43 |     public var hashValue: Int {
    |                `- warning: 'Hashable.hashValue' is deprecated as a protocol requirement; conform type 'Protein' to 'Hashable' by implementing 'hash(into:)' instead [#]8;;https://docs.swift.org/compiler/documentation/diagnostics/deprecated-declaration\DeprecatedDeclaration]8;;\]
 44 |         return self.bigIntValue.hashValue
 45 |     }
/Users/admin/builder/spi-builder-workspace/Sources/RNAGenome.swift:28:16: error: property cannot be declared public because its type uses an internal type
26 |     public internal(set) var  bigIntValue: BigInt
27 |
28 |     public var startIndex: Index {
   |                `- error: property cannot be declared public because its type uses an internal type
29 |         return self.units.startIndex
30 |     }
/Users/admin/builder/spi-builder-workspace/Sources/RNAGenome.swift:32:16: error: property cannot be declared public because its type uses an internal type
30 |     }
31 |
32 |     public var endIndex: Index {
   |                `- error: property cannot be declared public because its type uses an internal type
33 |         return self.units.endIndex
34 |     }
/Users/admin/builder/spi-builder-workspace/Sources/RNAGenome.swift:81:12: error: subscript cannot be declared public because its index uses an internal type
79 |     }
80 |
81 |     public subscript(index: Index) -> Nucleotide {
   |            `- error: subscript cannot be declared public because its index uses an internal type
82 |         return self.complementBit ? !self.units[index] : self.units[index]
83 |     }
/Users/admin/builder/spi-builder-workspace/Sources/BioSequence.swift:43:16: warning: 'Hashable.hashValue' is deprecated as a protocol requirement; conform type 'RNAGenome' to 'Hashable' by implementing 'hash(into:)' instead [#]8;;https://docs.swift.org/compiler/documentation/diagnostics/deprecated-declaration\DeprecatedDeclaration]8;;\]
 41 |     }
 42 |
 43 |     public var hashValue: Int {
    |                `- warning: 'Hashable.hashValue' is deprecated as a protocol requirement; conform type 'RNAGenome' to 'Hashable' by implementing 'hash(into:)' instead [#]8;;https://docs.swift.org/compiler/documentation/diagnostics/deprecated-declaration\DeprecatedDeclaration]8;;\]
 44 |         return self.bigIntValue.hashValue
 45 |     }
[#DeprecatedDeclaration]: <https://docs.swift.org/compiler/documentation/diagnostics/deprecated-declaration>
Failed frontend command:
/Applications/Xcode-27.0.0-Release.Candidate.app/Contents/Developer/Toolchains/XcodeDefault.xctoolchain/usr/bin/swift-frontend -frontend -emit-module -experimental-skip-non-inlinable-function-bodies-without-types /Users/admin/builder/spi-builder-workspace/Sources/AminoAcid.swift /Users/admin/builder/spi-builder-workspace/Sources/BigIntConvertible.swift /Users/admin/builder/spi-builder-workspace/Sources/BioIOToken.swift /Users/admin/builder/spi-builder-workspace/Sources/BioSequence+Codec.swift /Users/admin/builder/spi-builder-workspace/Sources/BioSequence+Pattern.swift /Users/admin/builder/spi-builder-workspace/Sources/BioSequence.swift /Users/admin/builder/spi-builder-workspace/Sources/ByteRepresentable.swift /Users/admin/builder/spi-builder-workspace/Sources/CharConvertible.swift /Users/admin/builder/spi-builder-workspace/Sources/DNAGenome.swift /Users/admin/builder/spi-builder-workspace/Sources/Extensions.swift /Users/admin/builder/spi-builder-workspace/Sources/FASTAParser.swift /Users/admin/builder/spi-builder-workspace/Sources/FASTAToken.swift /Users/admin/builder/spi-builder-workspace/Sources/Genome+Foundation.swift /Users/admin/builder/spi-builder-workspace/Sources/Genome.swift /Users/admin/builder/spi-builder-workspace/Sources/Nucleotide.swift /Users/admin/builder/spi-builder-workspace/Sources/Parser.swift /Users/admin/builder/spi-builder-workspace/Sources/ParserError.swift /Users/admin/builder/spi-builder-workspace/Sources/Protein+BioSequence.swift /Users/admin/builder/spi-builder-workspace/Sources/Protein.swift /Users/admin/builder/spi-builder-workspace/Sources/RNAGenome.swift /Users/admin/builder/spi-builder-workspace/Sources/Utils.swift -target arm64-apple-macos12.0 -disable-cross-import-overlay-search -load-resolved-plugin /Applications/Xcode-27.0.0-Release.Candidate.app/Contents/Developer/Platforms/MacOSX.platform/Developer/usr/lib/swift/host/plugins/libFoundationMacros.dylib\#/Applications/Xcode-27.0.0-Release.Candidate.app/Contents/Developer/Platforms/MacOSX.platform/Developer/usr/bin/swift-plugin-server\#FoundationMacros -load-resolved-plugin /Applications/Xcode-27.0.0-Release.Candidate.app/Contents/Developer/Platforms/MacOSX.platform/Developer/usr/lib/swift/host/plugins/libObservationMacros.dylib\#/Applications/Xcode-27.0.0-Release.Candidate.app/Contents/Developer/Platforms/MacOSX.platform/Developer/usr/bin/swift-plugin-server\#ObservationMacros -load-resolved-plugin /Applications/Xcode-27.0.0-Release.Candidate.app/Contents/Developer/Platforms/MacOSX.platform/Developer/usr/lib/swift/host/plugins/libSwiftMacros.dylib\#/Applications/Xcode-27.0.0-Release.Candidate.app/Contents/Developer/Platforms/MacOSX.platform/Developer/usr/bin/swift-plugin-server\#SwiftMacros -disable-implicit-swift-modules -Xcc -fno-implicit-modules -Xcc -fno-implicit-module-maps -explicit-swift-module-map-file /Users/admin/builder/spi-builder-workspace/.build/out/Intermediates.noindex/BioSwift.build/Debug/BioSwift-t.build/Objects-normal/arm64/BioSwift-dependencies-1.json -Xllvm -aarch64-use-tbi -enable-objc-interop -stack-check -sdk /Applications/Xcode-27.0.0-Release.Candidate.app/Contents/Developer/Platforms/MacOSX.platform/Developer/SDKs/MacOSX27.0.sdk -I /Users/admin/builder/spi-builder-workspace/.build/out/Products/Debug -Isystem /Applications/Xcode-27.0.0-Release.Candidate.app/Contents/Developer/Platforms/MacOSX.platform/Developer/usr/lib -F /Users/admin/builder/spi-builder-workspace/.build/out/Products/Debug/PackageFrameworks -F /Users/admin/builder/spi-builder-workspace/.build/out/Products/Debug -F /Applications/Xcode-27.0.0-Release.Candidate.app/Contents/Developer/Platforms/MacOSX.platform/Developer/Library/Frameworks -module-cache-path /Users/admin/builder/spi-builder-workspace/.build/out/Intermediates.noindex/SwiftExplicitPrecompiledModules -color-diagnostics -Xcc -fcolor-diagnostics -enable-testing -g -debug-info-format\=dwarf -dwarf-version\=4 -swift-version 5 -Onone -D SWIFT_PACKAGE -D DEBUG -D SWIFT_MODULE_RESOURCE_BUNDLE_UNAVAILABLE -D Xcode -serialize-debugging-options -enable-experimental-feature DebugDescriptionMacro -empty-abi-descriptor -validate-clang-modules-once -clang-build-session-file /Users/admin/builder/spi-builder-workspace/.build/out/ModuleCache.noindex/Session.modulevalidation -Xcc -working-directory -Xcc /Users/admin/builder -enable-anonymous-context-mangled-names -file-compilation-dir /Users/admin/builder -Xcc -D_LIBCPP_HARDENING_MODE\=_LIBCPP_HARDENING_MODE_DEBUG -Xcc -ivfsstatcache -Xcc /Users/admin/builder/spi-builder-workspace/.build/out/SDKStatCaches.noindex/macosx27.0-26A425-80c5bbf1d171475443272936d42f90a36a22442a12e9d48fe1a705f55a1adfc4.sdkstatcache -Xcc -fmodules-prune-interval\=86400 -Xcc -fmodules-prune-after\=345600 -Xcc -I/Users/admin/builder/spi-builder-workspace/.build/out/Products/Debug/include -Xcc -I/Users/admin/builder/spi-builder-workspace/.build/out/Intermediates.noindex/BioSwift.build/Debug/BioSwift-t.build/DerivedSources-normal/arm64 -Xcc -I/Users/admin/builder/spi-builder-workspace/.build/out/Intermediates.noindex/BioSwift.build/Debug/BioSwift-t.build/DerivedSources/arm64 -Xcc -I/Users/admin/builder/spi-builder-workspace/.build/out/Intermediates.noindex/BioSwift.build/Debug/BioSwift-t.build/DerivedSources -Xcc -DSWIFT_PACKAGE -Xcc -DDEBUG\=1 -no-auto-bridging-header-chaining -module-name BioSwift -const-gather-protocols-file /Users/admin/builder/spi-builder-workspace/.build/out/Intermediates.noindex/BioSwift.build/Debug/BioSwift-t.build/Objects-normal/arm64/BioSwift_const_extract_protocols.json -disable-clang-spi -clang-target arm64-apple-macos27.0 -target-sdk-version 27.0 -target-sdk-name macosx27.0 -in-process-plugin-server-path /Applications/Xcode-27.0.0-Release.Candidate.app/Contents/Developer/Toolchains/XcodeDefault.xctoolchain/usr/lib/swift/host/libSwiftInProcPluginServer.dylib -emit-module-doc-path /Users/admin/builder/spi-builder-workspace/.build/out/Intermediates.noindex/BioSwift.build/Debug/BioSwift-t.build/Objects-normal/arm64/BioSwift.swiftdoc -emit-module-source-info-path /Users/admin/builder/spi-builder-workspace/.build/out/Intermediates.noindex/BioSwift.build/Debug/BioSwift-t.build/Objects-normal/arm64/BioSwift.swiftsourceinfo -emit-objc-header-path /Users/admin/builder/spi-builder-workspace/.build/out/Intermediates.noindex/BioSwift.build/Debug/BioSwift-t.build/Objects-normal/arm64/BioSwift-Swift.h -serialize-diagnostics-path /Users/admin/builder/spi-builder-workspace/.build/out/Intermediates.noindex/BioSwift.build/Debug/BioSwift-t.build/Objects-normal/arm64/BioSwift-primary-emit-module.dia -emit-dependencies-path /Users/admin/builder/spi-builder-workspace/.build/out/Intermediates.noindex/BioSwift.build/Debug/BioSwift-t.build/Objects-normal/arm64/BioSwift-primary-emit-module.d -parse-as-library -o /Users/admin/builder/spi-builder-workspace/.build/out/Intermediates.noindex/BioSwift.build/Debug/BioSwift-t.build/Objects-normal/arm64/BioSwift.swiftmodule -emit-abi-descriptor-path /Users/admin/builder/spi-builder-workspace/.build/out/Intermediates.noindex/BioSwift.build/Debug/BioSwift-t.build/Objects-normal/arm64/BioSwift.abi.json
/Users/admin/builder/spi-builder-workspace/Sources/BioSequence.swift:59:15: warning: typealias overriding associated type 'Element' from protocol 'Collection' is better expressed as same-type constraint on the protocol
 57 |
 58 | extension BioSequence {
 59 |     typealias Element = Alphabet.Base
    |               `- warning: typealias overriding associated type 'Element' from protocol 'Collection' is better expressed as same-type constraint on the protocol
 60 |     typealias SubSequence = Slice<Self>
 61 |
Swift.Collection.Element:2:16: note: 'Element' declared here
1 | protocol Collection {
2 | associatedtype Element}
  |                `- note: 'Element' declared here
3 |
/Users/admin/builder/spi-builder-workspace/Sources/BioSequence.swift:123:22: warning: typealias overriding associated type 'Index' from protocol 'Collection' is better expressed as same-type constraint on the protocol
121 |
122 | extension BioSequence {
123 |     public typealias Index = Int
    |                      `- warning: typealias overriding associated type 'Index' from protocol 'Collection' is better expressed as same-type constraint on the protocol
124 |
125 |     public var startIndex: Index {
Swift.Collection.Index:2:16: note: 'Index' declared here
1 | protocol Collection {
2 | associatedtype Index : Comparable where Self.Index == Self.Indices.Element, Self.Indices.Element == Self.Indices.Index, Self.Indices.Index == Self.SubSequence.Index}
  |                `- note: 'Index' declared here
3 |
/Users/admin/builder/spi-builder-workspace/Sources/BioSequence.swift:60:15: warning: typealias overriding associated type 'SubSequence' from protocol 'Collection' is better expressed as same-type constraint on the protocol
 58 | extension BioSequence {
 59 |     typealias Element = Alphabet.Base
 60 |     typealias SubSequence = Slice<Self>
    |               `- warning: typealias overriding associated type 'SubSequence' from protocol 'Collection' is better expressed as same-type constraint on the protocol
 61 |
 62 |     public init<S: Sequence>(sequence: S) where S.Element: CharConvertible {
Swift.Collection.SubSequence:2:16: note: 'SubSequence' declared here
1 | protocol Collection {
2 | associatedtype SubSequence : Collection = Slice<Self> where Self.Element == Self.SubSequence.Element, Self.SubSequence == Self.SubSequence.SubSequence}
  |                `- note: 'SubSequence' declared here
3 |
error: Build failed
BUILD FAILURE 6.4 macosSpm