Build Information
Failed to build AutoGraph, reference 0.18.0 (b3ee5f), with Swift 6.4 for macOS (Xcode) using Xcode 27.0 on 23 Sep 2026 00:29:33 UTC.
Build Command
env DEVELOPER_DIR=/Applications/Xcode-27.0.0-Release.Candidate.app xcrun xcodebuild -IDEClonedSourcePackagesDirPathOverride=$PWD/.dependencies -skipMacroValidation -skipPackagePluginValidation -derivedDataPath $PWD/.derivedData build -scheme AutoGraph-Package -destination platform=macOS,arch=arm64Build Log
========================================
RunAll
========================================
Builder version: 5.1.0
Interrupt handler set up.
========================================
Checkout
========================================
Clone URL: https://github.com/autograph-hq/AutoGraph.git
Reference: 0.18.0
Initialized empty Git repository in /Users/admin/builder/spi-builder-workspace/.git/
From https://github.com/autograph-hq/AutoGraph
* tag 0.18.0 -> FETCH_HEAD
HEAD is now at b3ee5f9 align package.swift
Cloned https://github.com/autograph-hq/AutoGraph.git
Revision (git rev-parse @):
b3ee5f98fdd56ca2e748a1cd5709bc080865c026
SUCCESS checkout https://github.com/autograph-hq/AutoGraph.git at 0.18.0
========================================
Build
========================================
Selected platform: macosXcodebuild
Swift version: 6.4
Building package at path: $PWD
https://github.com/autograph-hq/AutoGraph.git
Command line invocation:
/Applications/Xcode-27.0.0-Release.Candidate.app/Contents/Developer/usr/bin/xcodebuild -IDEClonedSourcePackagesDirPathOverride=/Users/admin/builder/spi-builder-workspace/.dependencies -resolvePackageDependencies
resolved source packages:
{
"dependencies" : [
{
"identity" : "alamofire",
"requirement" : {
"range" : [
{
"lower_bound" : "5.8.0",
"upper_bound" : "5.9.0"
}
]
},
"type" : "sourceControl",
"url" : "https://github.com/Alamofire/Alamofire.git"
},
{
"identity" : "jsonvalue",
"requirement" : {
"range" : [
{
"lower_bound" : "8.0.0",
"upper_bound" : "8.1.0"
}
]
},
"type" : "sourceControl",
"url" : "https://github.com/rexmas/JSONValue.git"
},
{
"identity" : "starscream",
"requirement" : {
"exact" : [
"4.0.8"
]
},
"type" : "sourceControl",
"url" : "https://github.com/daltoniam/Starscream.git"
}
],
"manifest_display_name" : "AutoGraph",
"name" : "AutoGraph",
"path" : "/Users/admin/builder/spi-builder-workspace",
"platforms" : [
{
"name" : "macos",
"version" : "10.15"
},
{
"name" : "ios",
"version" : "13.0"
}
],
"products" : [
{
"name" : "AutoGraphQL",
"targets" : [
"AutoGraphQL"
],
"type" : {
"library" : [
"automatic"
]
}
}
],
"targets" : [
{
"c99name" : "QueryBuilderTests",
"module_type" : "SwiftTarget",
"name" : "QueryBuilderTests",
"path" : "QueryBuilderTests",
"sources" : [
"FoundationExtensionsTests.swift",
"QueryBuilderTests.swift",
"XCTestManifests.swift"
],
"target_dependencies" : [
"AutoGraphQL"
],
"type" : "test"
},
{
"c99name" : "AutoGraphTests",
"module_type" : "SwiftTarget",
"name" : "AutoGraphTests",
"path" : "AutoGraphTests",
"sources" : [
"AlamofireClientTests.swift",
"AuthHandlerTests.swift",
"AutoGraphTests.swift",
"Data/Film.swift",
"DispatcherTests.swift",
"ErrorTests.swift",
"Requests/AllFilmsRequest.swift",
"Requests/FilmRequest.swift",
"Requests/FilmSubscriptionRequest.swift",
"ResponseHandlerTests.swift",
"Stub.swift",
"WebSocketClientTests.swift",
"XCTestManifests.swift"
],
"target_dependencies" : [
"AutoGraphQL"
],
"type" : "test"
},
{
"c99name" : "AutoGraphQL",
"module_type" : "SwiftTarget",
"name" : "AutoGraphQL",
"path" : ".",
"product_dependencies" : [
"Alamofire",
"JSONValueRX",
"Starscream"
],
"product_memberships" : [
"AutoGraphQL"
],
"sources" : [
"AutoGraph/AlamofireClient.swift",
"AutoGraph/AuthHandler.swift",
"AutoGraph/AutoGraph.swift",
"AutoGraph/Dispatcher.swift",
"AutoGraph/Errors.swift",
"AutoGraph/Request.swift",
"AutoGraph/ResponseHandler.swift",
"AutoGraph/SubscriptionRequest.swift",
"AutoGraph/SubscriptionResponseHandler.swift",
"AutoGraph/SubscriptionResponseSerializer.swift",
"AutoGraph/Utilities.swift",
"AutoGraph/WebSocketClient.swift",
"AutoGraph/WebSocketError.swift",
"QueryBuilder/FoundationExtensions.swift",
"QueryBuilder/QueryDSL.swift"
],
"type" : "library"
}
],
"tools_version" : "5.9"
}
warning: 'spi-builder-workspace': /Users/admin/builder/spi-builder-workspace/Package.swift:21:10: warning: 'package(url:_:)' is deprecated: use specific requirement APIs instead (e.g. use 'branch:' instead of '.branch') [#DeprecatedDeclaration]
19 | .package(url: "https://github.com/Alamofire/Alamofire.git", .upToNextMinor(from: "5.8.0")),
20 | .package(url: "https://github.com/rexmas/JSONValue.git", .upToNextMinor(from: "8.0.0")),
21 | .package(url: "https://github.com/daltoniam/Starscream.git", .exact("4.0.8"))
| `- warning: 'package(url:_:)' is deprecated: use specific requirement APIs instead (e.g. use 'branch:' instead of '.branch') [#DeprecatedDeclaration]
22 | ],
23 | targets: [
/Users/admin/builder/spi-builder-workspace/Package.swift:21:71: warning: 'exact' is deprecated [#DeprecatedDeclaration]
19 | .package(url: "https://github.com/Alamofire/Alamofire.git", .upToNextMinor(from: "5.8.0")),
20 | .package(url: "https://github.com/rexmas/JSONValue.git", .upToNextMinor(from: "8.0.0")),
21 | .package(url: "https://github.com/daltoniam/Starscream.git", .exact("4.0.8"))
| `- warning: 'exact' is deprecated [#DeprecatedDeclaration]
22 | ],
23 | targets: [
[#DeprecatedDeclaration]: <https://docs.swift.org/compiler/documentation/diagnostics/deprecated-declaration>
{
"project" : {
"configurations" : [
"Debug",
"Release"
],
"name" : "AutoGraph",
"schemes" : [
"AutoGraph",
"AutoGraph-Package"
],
"targets" : [
"AutoGraphQL",
"AutoGraphTests",
"QueryBuilder",
"QueryBuilderTests"
]
}
}
Running build ...
env DEVELOPER_DIR=/Applications/Xcode-27.0.0-Release.Candidate.app xcrun xcodebuild -IDEClonedSourcePackagesDirPathOverride=$PWD/.dependencies -skipMacroValidation -skipPackagePluginValidation -derivedDataPath $PWD/.derivedData build -scheme AutoGraph-Package -destination platform=macOS,arch=arm64
Command line invocation:
/Applications/Xcode-27.0.0-Release.Candidate.app/Contents/Developer/usr/bin/xcodebuild -IDEClonedSourcePackagesDirPathOverride=/Users/admin/builder/spi-builder-workspace/.dependencies -skipMacroValidation -skipPackagePluginValidation -derivedDataPath /Users/admin/builder/spi-builder-workspace/.derivedData build -scheme AutoGraph-Package -destination platform=macOS,arch=arm64
ComputePackagePrebuildTargetDependencyGraph
Prepare packages
CreateBuildRequest
SendProjectDescription
CreateBuildOperation
ComputeTargetDependencyGraph
note: Building targets in dependency order
note: Target dependency graph (1 target)
Target 'AutoGraphQL' in project 'AutoGraph' (no dependencies)
GatherProvisioningInputs
CreateBuildDescription
ExecuteExternalTool /Applications/Xcode-27.0.0-Release.Candidate.app/Contents/Developer/Toolchains/XcodeDefault.xctoolchain/usr/bin/clang -v -E -dM -isysroot /Applications/Xcode-27.0.0-Release.Candidate.app/Contents/Developer/Platforms/MacOSX.platform/Developer/SDKs/MacOSX27.0.sdk -x c -c /dev/null
ExecuteExternalTool /Applications/Xcode-27.0.0-Release.Candidate.app/Contents/Developer/Toolchains/XcodeDefault.xctoolchain/usr/bin/clang -v -E -dM -arch arm64 -isysroot /Applications/Xcode-27.0.0-Release.Candidate.app/Contents/Developer/Platforms/MacOSX.platform/Developer/SDKs/MacOSX27.0.sdk -x c -c /dev/null
ExecuteExternalTool /Applications/Xcode-27.0.0-Release.Candidate.app/Contents/Developer/Toolchains/XcodeDefault.xctoolchain/usr/bin/swiftc --version
ExecuteExternalTool /Applications/Xcode-27.0.0-Release.Candidate.app/Contents/Developer/Toolchains/XcodeDefault.xctoolchain/usr/bin/ld -version_details
Build description signature: c9f469799d78028740fee47de5532e8b
Build description path: /Users/admin/builder/spi-builder-workspace/.derivedData/Build/Intermediates.noindex/XCBuildData/c9f469799d78028740fee47de5532e8b.xcbuilddata
/Users/admin/builder/spi-builder-workspace/AutoGraph.xcodeproj: error: The macOS deployment target 'MACOSX_DEPLOYMENT_TARGET' is set to 10.15, but the range of supported deployment target versions is 12.0 to 27.0.x. (in target 'AutoGraphQL' from project 'AutoGraph')
/Users/admin/builder/spi-builder-workspace/AutoGraph.xcodeproj: warning: tasks in 'Copy Headers' are delayed by unsandboxed script phases; set ENABLE_USER_SCRIPT_SANDBOXING=YES to enable sandboxing (in target 'AutoGraphQL' from project 'AutoGraph')
note: Run script build phase 'Swiftlint' will be run during every build because the option to run the script phase "Based on dependency analysis" is unchecked. (in target 'AutoGraphQL' from project 'AutoGraph')
--- xcodebuild: WARNING: Using the first of multiple matching destinations:
{ platform:macOS, arch:arm64, variant:Mac Catalyst, id:0023975ad7506cc50c7c6e864a5965507b21a606, name:My Mac }
{ platform:macOS, arch:arm64, variant:Designed for [iPad,iPhone], id:0023975ad7506cc50c7c6e864a5965507b21a606, name:My Mac }
** BUILD FAILED **
The following build commands failed:
Building project AutoGraph with scheme AutoGraph-Package
(1 failure)
Command line invocation:
/Applications/Xcode-27.0.0-Release.Candidate.app/Contents/Developer/usr/bin/xcodebuild -IDEClonedSourcePackagesDirPathOverride=/Users/admin/builder/spi-builder-workspace/.dependencies -resolvePackageDependencies
resolved source packages:
{
"dependencies" : [
{
"identity" : "alamofire",
"requirement" : {
"range" : [
{
"lower_bound" : "5.8.0",
"upper_bound" : "5.9.0"
}
]
},
"type" : "sourceControl",
"url" : "https://github.com/Alamofire/Alamofire.git"
},
{
"identity" : "jsonvalue",
"requirement" : {
"range" : [
{
"lower_bound" : "8.0.0",
"upper_bound" : "8.1.0"
}
]
},
"type" : "sourceControl",
"url" : "https://github.com/rexmas/JSONValue.git"
},
{
"identity" : "starscream",
"requirement" : {
"exact" : [
"4.0.8"
]
},
"type" : "sourceControl",
"url" : "https://github.com/daltoniam/Starscream.git"
}
],
"manifest_display_name" : "AutoGraph",
"name" : "AutoGraph",
"path" : "/Users/admin/builder/spi-builder-workspace",
"platforms" : [
{
"name" : "macos",
"version" : "10.15"
},
{
"name" : "ios",
"version" : "13.0"
}
],
"products" : [
{
"name" : "AutoGraphQL",
"targets" : [
"AutoGraphQL"
],
"type" : {
"library" : [
"automatic"
]
}
}
],
"targets" : [
{
"c99name" : "QueryBuilderTests",
"module_type" : "SwiftTarget",
"name" : "QueryBuilderTests",
"path" : "QueryBuilderTests",
"sources" : [
"FoundationExtensionsTests.swift",
"QueryBuilderTests.swift",
"XCTestManifests.swift"
],
"target_dependencies" : [
"AutoGraphQL"
],
"type" : "test"
},
{
"c99name" : "AutoGraphTests",
"module_type" : "SwiftTarget",
"name" : "AutoGraphTests",
"path" : "AutoGraphTests",
"sources" : [
"AlamofireClientTests.swift",
"AuthHandlerTests.swift",
"AutoGraphTests.swift",
"Data/Film.swift",
"DispatcherTests.swift",
"ErrorTests.swift",
"Requests/AllFilmsRequest.swift",
"Requests/FilmRequest.swift",
"Requests/FilmSubscriptionRequest.swift",
"ResponseHandlerTests.swift",
"Stub.swift",
"WebSocketClientTests.swift",
"XCTestManifests.swift"
],
"target_dependencies" : [
"AutoGraphQL"
],
"type" : "test"
},
{
"c99name" : "AutoGraphQL",
"module_type" : "SwiftTarget",
"name" : "AutoGraphQL",
"path" : ".",
"product_dependencies" : [
"Alamofire",
"JSONValueRX",
"Starscream"
],
"product_memberships" : [
"AutoGraphQL"
],
"sources" : [
"AutoGraph/AlamofireClient.swift",
"AutoGraph/AuthHandler.swift",
"AutoGraph/AutoGraph.swift",
"AutoGraph/Dispatcher.swift",
"AutoGraph/Errors.swift",
"AutoGraph/Request.swift",
"AutoGraph/ResponseHandler.swift",
"AutoGraph/SubscriptionRequest.swift",
"AutoGraph/SubscriptionResponseHandler.swift",
"AutoGraph/SubscriptionResponseSerializer.swift",
"AutoGraph/Utilities.swift",
"AutoGraph/WebSocketClient.swift",
"AutoGraph/WebSocketError.swift",
"QueryBuilder/FoundationExtensions.swift",
"QueryBuilder/QueryDSL.swift"
],
"type" : "library"
}
],
"tools_version" : "5.9"
}
{
"project" : {
"configurations" : [
"Debug",
"Release"
],
"name" : "AutoGraph",
"schemes" : [
"AutoGraph",
"AutoGraph-Package"
],
"targets" : [
"AutoGraphQL",
"AutoGraphTests",
"QueryBuilder",
"QueryBuilderTests"
]
}
}
Running build ...
env DEVELOPER_DIR=/Applications/Xcode-27.0.0-Release.Candidate.app xcrun xcodebuild -IDEClonedSourcePackagesDirPathOverride=$PWD/.dependencies -skipMacroValidation -skipPackagePluginValidation -derivedDataPath $PWD/.derivedData build -scheme AutoGraph-Package -destination platform=macOS,arch=arm64
Command line invocation:
/Applications/Xcode-27.0.0-Release.Candidate.app/Contents/Developer/usr/bin/xcodebuild -IDEClonedSourcePackagesDirPathOverride=/Users/admin/builder/spi-builder-workspace/.dependencies -skipMacroValidation -skipPackagePluginValidation -derivedDataPath /Users/admin/builder/spi-builder-workspace/.derivedData build -scheme AutoGraph-Package -destination platform=macOS,arch=arm64
ComputePackagePrebuildTargetDependencyGraph
Prepare packages
CreateBuildRequest
SendProjectDescription
CreateBuildOperation
ComputeTargetDependencyGraph
note: Building targets in dependency order
note: Target dependency graph (1 target)
Target 'AutoGraphQL' in project 'AutoGraph' (no dependencies)
GatherProvisioningInputs
CreateBuildDescription
/Users/admin/builder/spi-builder-workspace/AutoGraph.xcodeproj: error: The macOS deployment target 'MACOSX_DEPLOYMENT_TARGET' is set to 10.15, but the range of supported deployment target versions is 12.0 to 27.0.x. (in target 'AutoGraphQL' from project 'AutoGraph')
note: Run script build phase 'Swiftlint' will be run during every build because the option to run the script phase "Based on dependency analysis" is unchecked. (in target 'AutoGraphQL' from project 'AutoGraph')
/Users/admin/builder/spi-builder-workspace/AutoGraph.xcodeproj: warning: tasks in 'Copy Headers' are delayed by unsandboxed script phases; set ENABLE_USER_SCRIPT_SANDBOXING=YES to enable sandboxing (in target 'AutoGraphQL' from project 'AutoGraph')
--- xcodebuild: WARNING: Using the first of multiple matching destinations:
{ platform:macOS, arch:arm64, variant:Mac Catalyst, id:0023975ad7506cc50c7c6e864a5965507b21a606, name:My Mac }
{ platform:macOS, arch:arm64, variant:Designed for [iPad,iPhone], id:0023975ad7506cc50c7c6e864a5965507b21a606, name:My Mac }
** BUILD FAILED **
The following build commands failed:
Building project AutoGraph with scheme AutoGraph-Package
(1 failure)
BUILD FAILURE 6.4 macosXcodebuild