The Swift Package Index logo.Swift Package Index

Build Information

Failed to build PGWHelper, reference 4.2.3 (fa9755), with Swift 6.3 for watchOS using Xcode 26.4 on 8 Jul 2026 11:49:36 UTC.

Build Command

env DEVELOPER_DIR=/Applications/Xcode-26.4.0.app xcrun xcodebuild -IDEClonedSourcePackagesDirPathOverride=$PWD/.dependencies -skipMacroValidation -skipPackagePluginValidation -derivedDataPath $PWD/.derivedData build -scheme PGWHelper -destination generic/platform=watchOS

Build Log

========================================
RunAll
========================================
Builder version: undefined version: run 'make version' to update
Interrupt handler set up.
========================================
Checkout
========================================
Clone URL: https://github.com/2C2P/PGWSDKHELPER-SwiftPackage.git
Reference: 4.2.3
Initialized empty Git repository in /Users/admin/builder/spi-builder-workspace/.git/
From https://github.com/2C2P/PGWSDKHELPER-SwiftPackage
 * tag               4.2.3      -> FETCH_HEAD
HEAD is now at fa97550 - Update for PGW SDK Helper v4.2.3.
Cloned https://github.com/2C2P/PGWSDKHELPER-SwiftPackage.git
Revision (git rev-parse @):
fa975505e7cc5576103854861943151563af3111
SUCCESS checkout https://github.com/2C2P/PGWSDKHELPER-SwiftPackage.git at 4.2.3
========================================
Build
========================================
Selected platform:         watchOS
Swift version:             6.3
Building package at path:  $PWD
https://github.com/2C2P/PGWSDKHELPER-SwiftPackage.git
Command line invocation:
    /Applications/Xcode-26.4.0.app/Contents/Developer/usr/bin/xcodebuild -IDEClonedSourcePackagesDirPathOverride=/Users/admin/builder/spi-builder-workspace/.dependencies -resolvePackageDependencies
Resolve Package Graph
Resolve Package Graph
Resolved source packages:
  PGWHelper: /Users/admin/builder/spi-builder-workspace
resolved source packages: PGWHelper
2026-07-08 07:49:11.544 xcodebuild[541:3113] [MT] IDERunDestination: Supported platforms for the buildables in the current scheme is empty.
{
  "dependencies" : [
  ],
  "manifest_display_name" : "PGWHelper",
  "name" : "PGWHelper",
  "path" : "/Users/admin/builder/spi-builder-workspace",
  "platforms" : [
    {
      "name" : "ios",
      "version" : "12.0"
    }
  ],
  "products" : [
    {
      "name" : "PGWHelper",
      "targets" : [
        "PGWHelper",
        "zpdk"
      ],
      "type" : {
        "library" : [
          "automatic"
        ]
      }
    }
  ],
  "targets" : [
    {
      "c99name" : "zpdk",
      "module_type" : "BinaryTarget",
      "name" : "zpdk",
      "path" : "remote/archive/zpdk.xcframework.zip",
      "product_memberships" : [
        "PGWHelper"
      ],
      "sources" : [
      ],
      "type" : "binary"
    },
    {
      "c99name" : "PGWHelper",
      "module_type" : "BinaryTarget",
      "name" : "PGWHelper",
      "path" : "remote/archive/PGW_SDK_HELPER_iOS_v4.2.3.zip",
      "product_memberships" : [
        "PGWHelper"
      ],
      "sources" : [
      ],
      "type" : "binary"
    }
  ],
  "tools_version" : "5.10"
}
{
  "workspace" : {
    "name" : "spi-builder-workspace",
    "schemes" : [
      "PGWHelper"
    ]
  }
}
2026-07-08 07:49:30.839 xcodebuild[718:4356] [MT] IDERunDestination: Supported platforms for the buildables in the current scheme is empty.
Running build ...
env DEVELOPER_DIR=/Applications/Xcode-26.4.0.app xcrun xcodebuild -IDEClonedSourcePackagesDirPathOverride=$PWD/.dependencies -skipMacroValidation -skipPackagePluginValidation -derivedDataPath $PWD/.derivedData build -scheme PGWHelper -destination generic/platform=watchOS
Command line invocation:
    /Applications/Xcode-26.4.0.app/Contents/Developer/usr/bin/xcodebuild -IDEClonedSourcePackagesDirPathOverride=/Users/admin/builder/spi-builder-workspace/.dependencies -skipMacroValidation -skipPackagePluginValidation -derivedDataPath /Users/admin/builder/spi-builder-workspace/.derivedData build -scheme PGWHelper -destination generic/platform=watchOS
Resolve Package Graph
Resolved source packages:
  PGWHelper: /Users/admin/builder/spi-builder-workspace
ComputePackagePrebuildTargetDependencyGraph
Prepare packages
CreateBuildRequest
SendProjectDescription
CreateBuildOperation
ComputeTargetDependencyGraph
note: Building targets in dependency order
note: Target dependency graph (1 target)
    Target 'PGWHelper' in project 'PGWHelper' (no dependencies)
GatherProvisioningInputs
CreateBuildDescription
ExecuteExternalTool /Applications/Xcode-26.4.0.app/Contents/Developer/Toolchains/XcodeDefault.xctoolchain/usr/bin/clang -v -E -dM -isysroot /Applications/Xcode-26.4.0.app/Contents/Developer/Platforms/WatchOS.platform/Developer/SDKs/WatchOS26.4.sdk -x c -c /dev/null
Build description signature: 9f03ae929e936acbe9dd8deb703ebbfc
Build description path: /Users/admin/builder/spi-builder-workspace/.derivedData/Build/Intermediates.noindex/XCBuildData/9f03ae929e936acbe9dd8deb703ebbfc.xcbuilddata
/Users/admin/builder/spi-builder-workspace/.dependencies/artifacts/spi-builder-workspace/PGWHelper/PGWHelper.xcframework:1:1: error: While building for watchOS, no library for this platform was found in '/Users/admin/builder/spi-builder-workspace/.dependencies/artifacts/spi-builder-workspace/PGWHelper/PGWHelper.xcframework'. (in target 'PGWHelper' from project 'PGWHelper')
/Users/admin/builder/spi-builder-workspace/.dependencies/artifacts/spi-builder-workspace/zpdk/zpdk.xcframework:1:1: error: While building for watchOS, no library for this platform was found in '/Users/admin/builder/spi-builder-workspace/.dependencies/artifacts/spi-builder-workspace/zpdk/zpdk.xcframework'. (in target 'PGWHelper' from project 'PGWHelper')
2026-07-08 07:49:32.117 xcodebuild[726:4438] [MT] IDERunDestination: Supported platforms for the buildables in the current scheme is empty.
** BUILD FAILED **
The following build commands failed:
	Building workspace spi-builder-workspace with scheme PGWHelper
(1 failure)
Command line invocation:
    /Applications/Xcode-26.4.0.app/Contents/Developer/usr/bin/xcodebuild -IDEClonedSourcePackagesDirPathOverride=/Users/admin/builder/spi-builder-workspace/.dependencies -resolvePackageDependencies
Resolve Package Graph
Resolved source packages:
  PGWHelper: /Users/admin/builder/spi-builder-workspace
resolved source packages: PGWHelper
2026-07-08 07:49:34.249 xcodebuild[740:4530] [MT] IDERunDestination: Supported platforms for the buildables in the current scheme is empty.
{
  "dependencies" : [
  ],
  "manifest_display_name" : "PGWHelper",
  "name" : "PGWHelper",
  "path" : "/Users/admin/builder/spi-builder-workspace",
  "platforms" : [
    {
      "name" : "ios",
      "version" : "12.0"
    }
  ],
  "products" : [
    {
      "name" : "PGWHelper",
      "targets" : [
        "PGWHelper",
        "zpdk"
      ],
      "type" : {
        "library" : [
          "automatic"
        ]
      }
    }
  ],
  "targets" : [
    {
      "c99name" : "zpdk",
      "module_type" : "BinaryTarget",
      "name" : "zpdk",
      "path" : "remote/archive/zpdk.xcframework.zip",
      "product_memberships" : [
        "PGWHelper"
      ],
      "sources" : [
      ],
      "type" : "binary"
    },
    {
      "c99name" : "PGWHelper",
      "module_type" : "BinaryTarget",
      "name" : "PGWHelper",
      "path" : "remote/archive/PGW_SDK_HELPER_iOS_v4.2.3.zip",
      "product_memberships" : [
        "PGWHelper"
      ],
      "sources" : [
      ],
      "type" : "binary"
    }
  ],
  "tools_version" : "5.10"
}
{
  "workspace" : {
    "name" : "spi-builder-workspace",
    "schemes" : [
      "PGWHelper"
    ]
  }
}
2026-07-08 07:49:35.298 xcodebuild[750:4601] [MT] IDERunDestination: Supported platforms for the buildables in the current scheme is empty.
Running build ...
env DEVELOPER_DIR=/Applications/Xcode-26.4.0.app xcrun xcodebuild -IDEClonedSourcePackagesDirPathOverride=$PWD/.dependencies -skipMacroValidation -skipPackagePluginValidation -derivedDataPath $PWD/.derivedData build -scheme PGWHelper -destination generic/platform=watchOS
Command line invocation:
    /Applications/Xcode-26.4.0.app/Contents/Developer/usr/bin/xcodebuild -IDEClonedSourcePackagesDirPathOverride=/Users/admin/builder/spi-builder-workspace/.dependencies -skipMacroValidation -skipPackagePluginValidation -derivedDataPath /Users/admin/builder/spi-builder-workspace/.derivedData build -scheme PGWHelper -destination generic/platform=watchOS
Resolve Package Graph
Resolved source packages:
  PGWHelper: /Users/admin/builder/spi-builder-workspace
ComputePackagePrebuildTargetDependencyGraph
Prepare packages
CreateBuildRequest
SendProjectDescription
CreateBuildOperation
ComputeTargetDependencyGraph
note: Building targets in dependency order
note: Target dependency graph (1 target)
    Target 'PGWHelper' in project 'PGWHelper' (no dependencies)
GatherProvisioningInputs
CreateBuildDescription
ExecuteExternalTool /Applications/Xcode-26.4.0.app/Contents/Developer/Toolchains/XcodeDefault.xctoolchain/usr/bin/clang -v -E -dM -isysroot /Applications/Xcode-26.4.0.app/Contents/Developer/Platforms/WatchOS.platform/Developer/SDKs/WatchOS26.4.sdk -x c -c /dev/null
Build description signature: 9f03ae929e936acbe9dd8deb703ebbfc
Build description path: /Users/admin/builder/spi-builder-workspace/.derivedData/Build/Intermediates.noindex/XCBuildData/9f03ae929e936acbe9dd8deb703ebbfc.xcbuilddata
/Users/admin/builder/spi-builder-workspace/.dependencies/artifacts/spi-builder-workspace/PGWHelper/PGWHelper.xcframework:1:1: error: While building for watchOS, no library for this platform was found in '/Users/admin/builder/spi-builder-workspace/.dependencies/artifacts/spi-builder-workspace/PGWHelper/PGWHelper.xcframework'. (in target 'PGWHelper' from project 'PGWHelper')
/Users/admin/builder/spi-builder-workspace/.dependencies/artifacts/spi-builder-workspace/zpdk/zpdk.xcframework:1:1: error: While building for watchOS, no library for this platform was found in '/Users/admin/builder/spi-builder-workspace/.dependencies/artifacts/spi-builder-workspace/zpdk/zpdk.xcframework'. (in target 'PGWHelper' from project 'PGWHelper')
2026-07-08 07:49:36.090 xcodebuild[753:4633] [MT] IDERunDestination: Supported platforms for the buildables in the current scheme is empty.
** BUILD FAILED **
The following build commands failed:
	Building workspace spi-builder-workspace with scheme PGWHelper
(1 failure)
BUILD FAILURE 6.3 watchOS