The Swift Package Index logo.Swift Package Index

Build Information

Failed to build EnrichedMarkdown, reference main (52ae77), with Swift 6.1 for Wasm on 14 Oct 2026 22:37:34 UTC.

Build Command

bash -c docker run --pull=always --rm -v "checkouts-54344849-0":/host -w "$PWD" -e JAVA_HOME="/root/.sdkman/candidates/java/current" -e SPI_BUILD="1" -e SPI_PROCESSING="1" registry.gitlab.com/saguaro1/spi-images:wasm-6.1-latest swift build --swift-sdk wasm32-unknown-wasi 2>&1

Build Log

========================================
RunAll
========================================
Builder version: 5.1.3
Interrupt handler set up.
========================================
Checkout
========================================
Clone URL: https://github.com/software-mansion-labs/enriched-markdown-ios.git
Reference: main
Initialized empty Git repository in /host/spi-builder-workspace/.git/
hint: Using 'master' as the name for the initial branch. This default branch name
hint: is subject to change. To configure the initial branch name to use in all
hint: of your new repositories, which will suppress this warning, call:
hint:
hint: 	git config --global init.defaultBranch <name>
hint:
hint: Names commonly chosen instead of 'master' are 'main', 'trunk' and
hint: 'development'. The just-created branch can be renamed via this command:
hint:
hint: 	git branch -m <name>
From https://github.com/software-mansion-labs/enriched-markdown-ios
 * branch            main       -> FETCH_HEAD
 * [new branch]      main       -> origin/main
HEAD is now at 52ae77e sync files
Cloned https://github.com/software-mansion-labs/enriched-markdown-ios.git
Revision (git rev-parse @):
52ae77e1ab738443034be6268c24a77d541d23bc
SUCCESS checkout https://github.com/software-mansion-labs/enriched-markdown-ios.git at main
========================================
Build
========================================
Selected platform:         wasm
Swift version:             6.1
Building package at path:  $PWD
https://github.com/software-mansion-labs/enriched-markdown-ios.git
https://github.com/software-mansion-labs/enriched-markdown-ios.git
WARNING: environment variable SUPPRESS_SWIFT_6_FLAGS is not set
Running build ...
bash -c docker run --pull=always --rm -v "checkouts-54344849-0":/host -w "$PWD" -e JAVA_HOME="/root/.sdkman/candidates/java/current" -e SPI_BUILD="1" -e SPI_PROCESSING="1" registry.gitlab.com/saguaro1/spi-images:wasm-6.1-latest swift build --swift-sdk wasm32-unknown-wasi -Xswiftc -Xfrontend -Xswiftc -stats-output-dir -Xswiftc -Xfrontend -Xswiftc .stats -Xswiftc -strict-concurrency=complete -Xswiftc -enable-upcoming-feature -Xswiftc StrictConcurrency -Xswiftc -enable-upcoming-feature -Xswiftc DisableOutwardActorInference -Xswiftc -enable-upcoming-feature -Xswiftc GlobalActorIsolatedTypesUsability -Xswiftc -enable-upcoming-feature -Xswiftc InferSendableFromCaptures 2>&1
wasm-6.1-latest: Pulling from saguaro1/spi-images
Digest: sha256:8209621f35c5a12749e7df75bbcb99eccb508d0196da99f6ac3bcf5f4827df31
Status: Image is up to date for registry.gitlab.com/saguaro1/spi-images:wasm-6.1-latest
Downloading binary artifact https://github.com/erweixin/RaTeX/releases/download/v0.1.14/RaTeX.xcframework.zip
[16375/13836614] Downloading https://github.com/erweixin/RaTeX/releases/download/v0.1.14/RaTeX.xcframework.zip
Downloaded https://github.com/erweixin/RaTeX/releases/download/v0.1.14/RaTeX.xcframework.zip (0.83s)
Building for debugging...
[0/38] Compiling scanner.c
[1/38] Compiling generated_registry.cpp
[2/38] Copying Fonts
[3/38] Compiling parser.c
In file included from /host/spi-builder-workspace/highlight/tree-sitter/src/lib.c:4:
In file included from /host/spi-builder-workspace/highlight/tree-sitter/src/./lexer.c:3:
In file included from /host/spi-builder-workspace/highlight/tree-sitter/src/././unicode.h:13:
/host/spi-builder-workspace/highlight/tree-sitter/src/././unicode/utf8.h:37:10: fatal error: 'unicode/umachine.h' file not found
   37 | #include "unicode/umachine.h"
      |          ^~~~~~~~~~~~~~~~~~~~
1 error generated.
[4/38] Compiling lib.c
[4/38] Compiling EnrichedMarkdownCppShim SwiftParserShim.cpp
[4/38] Compiling parser.c
[4/38] Compiling MD4CParser.cpp
[4/38] Compiling EnrichedMarkdownTreeSitter SwiftHighlightShim.cpp
[4/38] Compiling CodeBlockHighlighter.cpp
[4/38] Compiling TextLinkRecognizer.cpp
[4/38] Write swift-version-24593BA9C3E375BF.txt
Running build ...
bash -c docker run --pull=always --rm -v "checkouts-54344849-0":/host -w "$PWD" -e JAVA_HOME="/root/.sdkman/candidates/java/current" -e SPI_BUILD="1" -e SPI_PROCESSING="1" registry.gitlab.com/saguaro1/spi-images:wasm-6.1-latest swift build --swift-sdk wasm32-unknown-wasi 2>&1
wasm-6.1-latest: Pulling from saguaro1/spi-images
Digest: sha256:8209621f35c5a12749e7df75bbcb99eccb508d0196da99f6ac3bcf5f4827df31
Status: Image is up to date for registry.gitlab.com/saguaro1/spi-images:wasm-6.1-latest
[0/1] Planning build
Building for debugging...
[0/34] Compiling scanner.c
In file included from /host/spi-builder-workspace/highlight/tree-sitter/src/lib.c:4:
In file included from /host/spi-builder-workspace/highlight/tree-sitter/src/./lexer.c:3:
In file included from /host/spi-builder-workspace/highlight/tree-sitter/src/././unicode.h:13:
/host/spi-builder-workspace/highlight/tree-sitter/src/././unicode/utf8.h:37:10: fatal error: 'unicode/umachine.h' file not found
   37 | #include "unicode/umachine.h"
      |          ^~~~~~~~~~~~~~~~~~~~
1 error generated.
[5/34] Compiling lib.c
[5/34] Compiling parser.c
[5/34] Compiling CodeBlockHighlighter.cpp
[5/34] Compiling parser.c
[5/34] Write swift-version-24593BA9C3E375BF.txt
BUILD FAILURE 6.1 wasm