Build Information
Failed to build AtomNetworking, reference v5.1.0 (561794), with Swift 6.3 for Wasm on 10 Oct 2026 07:48:58 UTC.
Build Command
bash -c docker run --pull=always --rm -v "checkouts-54344849-0":/host -w "$PWD" -e JAVA_HOME="/root/.sdkman/candidates/java/current" -e SPI_BUILD="1" -e SPI_PROCESSING="1" registry.gitlab.com/saguaro1/spi-images:wasm-6.3-latest swift build --swift-sdk swift-6.3.2-RELEASE_wasm 2>&1Build Log
========================================
RunAll
========================================
Builder version: 5.1.1
Interrupt handler set up.
========================================
Checkout
========================================
Clone URL: https://github.com/alaskaairlines/atom.git
Reference: v5.1.0
Initialized empty Git repository in /host/spi-builder-workspace/.git/
hint: Using 'master' as the name for the initial branch. This default branch name
hint: is subject to change. To configure the initial branch name to use in all
hint: of your new repositories, which will suppress this warning, call:
hint:
hint: git config --global init.defaultBranch <name>
hint:
hint: Names commonly chosen instead of 'master' are 'main', 'trunk' and
hint: 'development'. The just-created branch can be renamed via this command:
hint:
hint: git branch -m <name>
From https://github.com/alaskaairlines/atom
* tag v5.1.0 -> FETCH_HEAD
HEAD is now at 5617945 Merge pull request #26 from michaelbabiy/as/principals/1654074-atom-response-caching
Cloned https://github.com/alaskaairlines/atom.git
Revision (git rev-parse @):
5617945dba9a16d96d02f9345a1a8315d2597e04
SUCCESS checkout https://github.com/alaskaairlines/atom.git at v5.1.0
========================================
Build
========================================
Selected platform: wasm
Swift version: 6.3
Building package at path: $PWD
https://github.com/alaskaairlines/atom.git
Running build ...
bash -c docker run --pull=always --rm -v "checkouts-54344849-0":/host -w "$PWD" -e JAVA_HOME="/root/.sdkman/candidates/java/current" -e SPI_BUILD="1" -e SPI_PROCESSING="1" registry.gitlab.com/saguaro1/spi-images:wasm-6.3-latest swift build --swift-sdk swift-6.3.2-RELEASE_wasm 2>&1
wasm-6.3-latest: Pulling from saguaro1/spi-images
Digest: sha256:df2e9038ff906af397ec7b7e13902ccb183f8867606bc33419e44453a9abdb4b
Status: Image is up to date for registry.gitlab.com/saguaro1/spi-images:wasm-6.3-latest
warning: 'spi-builder-workspace': found 1 file(s) which are unhandled; explicitly declare them as resources or exclude from the target
/host/spi-builder-workspace/Framework/AtomNetworking/Info.plist
Building for debugging...
[0/2] Write sources
[1/2] Write swift-version-24593BA9C3E375BF.txt
error: emit-module command failed with exit code 1 (use -v to see invocation)
[3/75] Emitting module AtomNetworking
/host/spi-builder-workspace/Framework/AtomNetworking/Atom/Extensions/Framework/ConnectivitySnapshot+Extensions.swift:18:8: error: no such module 'Network'
16 |
17 | import Foundation
18 | import Network
| `- error: no such module 'Network'
19 |
20 | // MARK: - ConnectivitySnapshot.Status + NWPath.Status
[4/85] Compiling AtomNetworking RequestableItem.swift
/host/spi-builder-workspace/Framework/AtomNetworking/Atom/Extensions/Framework/ConnectivitySnapshot+Extensions.swift:18:8: error: no such module 'Network'
16 |
17 | import Foundation
18 | import Network
| `- error: no such module 'Network'
19 |
20 | // MARK: - ConnectivitySnapshot.Status + NWPath.Status
[5/85] Compiling AtomNetworking TokenCredentialWritable.swift
/host/spi-builder-workspace/Framework/AtomNetworking/Atom/Extensions/Framework/ConnectivitySnapshot+Extensions.swift:18:8: error: no such module 'Network'
16 |
17 | import Foundation
18 | import Network
| `- error: no such module 'Network'
19 |
20 | // MARK: - ConnectivitySnapshot.Status + NWPath.Status
[6/85] Compiling AtomNetworking Service.swift
/host/spi-builder-workspace/Framework/AtomNetworking/Atom/Extensions/Framework/ConnectivitySnapshot+Extensions.swift:18:8: error: no such module 'Network'
16 |
17 | import Foundation
18 | import Network
| `- error: no such module 'Network'
19 |
20 | // MARK: - ConnectivitySnapshot.Status + NWPath.Status
[7/85] Compiling AtomNetworking ServiceActor+Async.swift
/host/spi-builder-workspace/Framework/AtomNetworking/Atom/Extensions/Framework/ConnectivitySnapshot+Extensions.swift:18:8: error: no such module 'Network'
16 |
17 | import Foundation
18 | import Network
| `- error: no such module 'Network'
19 |
20 | // MARK: - ConnectivitySnapshot.Status + NWPath.Status
[8/85] Compiling AtomNetworking ServiceActor+Completions.swift
/host/spi-builder-workspace/Framework/AtomNetworking/Atom/Extensions/Framework/ConnectivitySnapshot+Extensions.swift:18:8: error: no such module 'Network'
16 |
17 | import Foundation
18 | import Network
| `- error: no such module 'Network'
19 |
20 | // MARK: - ConnectivitySnapshot.Status + NWPath.Status
[9/85] Compiling AtomNetworking ServiceActor+Deduplication.swift
/host/spi-builder-workspace/Framework/AtomNetworking/Atom/Extensions/Framework/ConnectivitySnapshot+Extensions.swift:18:8: error: no such module 'Network'
16 |
17 | import Foundation
18 | import Network
| `- error: no such module 'Network'
19 |
20 | // MARK: - ConnectivitySnapshot.Status + NWPath.Status
[10/85] Compiling AtomNetworking ServiceActor+Extensions.swift
/host/spi-builder-workspace/Framework/AtomNetworking/Atom/Extensions/Framework/ConnectivitySnapshot+Extensions.swift:18:8: error: no such module 'Network'
16 |
17 | import Foundation
18 | import Network
| `- error: no such module 'Network'
19 |
20 | // MARK: - ConnectivitySnapshot.Status + NWPath.Status
[11/85] Compiling AtomNetworking ServiceActor+Plugins.swift
/host/spi-builder-workspace/Framework/AtomNetworking/Atom/Extensions/Framework/ConnectivitySnapshot+Extensions.swift:18:8: error: no such module 'Network'
16 |
17 | import Foundation
18 | import Network
| `- error: no such module 'Network'
19 |
20 | // MARK: - ConnectivitySnapshot.Status + NWPath.Status
[12/85] Compiling AtomNetworking ServiceActor+RequestKey.swift
/host/spi-builder-workspace/Framework/AtomNetworking/Atom/Extensions/Framework/ConnectivitySnapshot+Extensions.swift:18:8: error: no such module 'Network'
16 |
17 | import Foundation
18 | import Network
| `- error: no such module 'Network'
19 |
20 | // MARK: - ConnectivitySnapshot.Status + NWPath.Status
[13/85] Compiling AtomNetworking ServiceActor.swift
/host/spi-builder-workspace/Framework/AtomNetworking/Atom/Extensions/Framework/ConnectivitySnapshot+Extensions.swift:18:8: error: no such module 'Network'
16 |
17 | import Foundation
18 | import Network
| `- error: no such module 'Network'
19 |
20 | // MARK: - ConnectivitySnapshot.Status + NWPath.Status
[14/85] Compiling AtomNetworking Interceptor+Extensions.swift
/host/spi-builder-workspace/Framework/AtomNetworking/Atom/Extensions/Framework/ConnectivitySnapshot+Extensions.swift:18:8: error: no such module 'Network'
16 |
17 | import Foundation
18 | import Network
| `- error: no such module 'Network'
19 |
20 | // MARK: - ConnectivitySnapshot.Status + NWPath.Status
[15/85] Compiling AtomNetworking Requestable+Extensions.swift
/host/spi-builder-workspace/Framework/AtomNetworking/Atom/Extensions/Framework/ConnectivitySnapshot+Extensions.swift:18:8: error: no such module 'Network'
16 |
17 | import Foundation
18 | import Network
| `- error: no such module 'Network'
19 |
20 | // MARK: - ConnectivitySnapshot.Status + NWPath.Status
[16/85] Compiling AtomNetworking ResponseCaching+Extensions.swift
/host/spi-builder-workspace/Framework/AtomNetworking/Atom/Extensions/Framework/ConnectivitySnapshot+Extensions.swift:18:8: error: no such module 'Network'
16 |
17 | import Foundation
18 | import Network
| `- error: no such module 'Network'
19 |
20 | // MARK: - ConnectivitySnapshot.Status + NWPath.Status
[17/85] Compiling AtomNetworking ServiceConfiguration+Extensions.swift
/host/spi-builder-workspace/Framework/AtomNetworking/Atom/Extensions/Framework/ConnectivitySnapshot+Extensions.swift:18:8: error: no such module 'Network'
16 |
17 | import Foundation
18 | import Network
| `- error: no such module 'Network'
19 |
20 | // MARK: - ConnectivitySnapshot.Status + NWPath.Status
[18/85] Compiling AtomNetworking TokenCredential+Extensions.swift
/host/spi-builder-workspace/Framework/AtomNetworking/Atom/Extensions/Framework/ConnectivitySnapshot+Extensions.swift:18:8: error: no such module 'Network'
16 |
17 | import Foundation
18 | import Network
| `- error: no such module 'Network'
19 |
20 | // MARK: - ConnectivitySnapshot.Status + NWPath.Status
[19/85] Compiling AtomNetworking URLPath+Extensions.swift
/host/spi-builder-workspace/Framework/AtomNetworking/Atom/Extensions/Framework/ConnectivitySnapshot+Extensions.swift:18:8: error: no such module 'Network'
16 |
17 | import Foundation
18 | import Network
| `- error: no such module 'Network'
19 |
20 | // MARK: - ConnectivitySnapshot.Status + NWPath.Status
[20/85] Compiling AtomNetworking OSLog+Extensions.swift
/host/spi-builder-workspace/Framework/AtomNetworking/Atom/Extensions/Framework/ConnectivitySnapshot+Extensions.swift:18:8: error: no such module 'Network'
16 |
17 | import Foundation
18 | import Network
| `- error: no such module 'Network'
19 |
20 | // MARK: - ConnectivitySnapshot.Status + NWPath.Status
[21/85] Compiling AtomNetworking Interceptor.swift
/host/spi-builder-workspace/Framework/AtomNetworking/Atom/Extensions/Framework/ConnectivitySnapshot+Extensions.swift:18:8: error: no such module 'Network'
16 |
17 | import Foundation
18 | import Network
| `- error: no such module 'Network'
19 |
20 | // MARK: - ConnectivitySnapshot.Status + NWPath.Status
[22/85] Compiling AtomNetworking PathMonitor.swift
/host/spi-builder-workspace/Framework/AtomNetworking/Atom/Extensions/Framework/ConnectivitySnapshot+Extensions.swift:18:8: error: no such module 'Network'
16 |
17 | import Foundation
18 | import Network
| `- error: no such module 'Network'
19 |
20 | // MARK: - ConnectivitySnapshot.Status + NWPath.Status
[23/85] Compiling AtomNetworking RequestableQueueManager.swift
/host/spi-builder-workspace/Framework/AtomNetworking/Atom/Extensions/Framework/ConnectivitySnapshot+Extensions.swift:18:8: error: no such module 'Network'
16 |
17 | import Foundation
18 | import Network
| `- error: no such module 'Network'
19 |
20 | // MARK: - ConnectivitySnapshot.Status + NWPath.Status
[24/85] Compiling AtomNetworking Result+Extensions.swift
/host/spi-builder-workspace/Framework/AtomNetworking/Atom/Extensions/Framework/ConnectivitySnapshot+Extensions.swift:18:8: error: no such module 'Network'
16 |
17 | import Foundation
18 | import Network
| `- error: no such module 'Network'
19 |
20 | // MARK: - ConnectivitySnapshot.Status + NWPath.Status
[25/85] Compiling AtomNetworking String+Extensions.swift
/host/spi-builder-workspace/Framework/AtomNetworking/Atom/Extensions/Framework/ConnectivitySnapshot+Extensions.swift:18:8: error: no such module 'Network'
16 |
17 | import Foundation
18 | import Network
| `- error: no such module 'Network'
19 |
20 | // MARK: - ConnectivitySnapshot.Status + NWPath.Status
[26/85] Compiling AtomNetworking Task+Extensions.swift
/host/spi-builder-workspace/Framework/AtomNetworking/Atom/Extensions/Framework/ConnectivitySnapshot+Extensions.swift:18:8: error: no such module 'Network'
16 |
17 | import Foundation
18 | import Network
| `- error: no such module 'Network'
19 |
20 | // MARK: - ConnectivitySnapshot.Status + NWPath.Status
[27/85] Compiling AtomNetworking URL+Extensions.swift
/host/spi-builder-workspace/Framework/AtomNetworking/Atom/Extensions/Framework/ConnectivitySnapshot+Extensions.swift:18:8: error: no such module 'Network'
16 |
17 | import Foundation
18 | import Network
| `- error: no such module 'Network'
19 |
20 | // MARK: - ConnectivitySnapshot.Status + NWPath.Status
[28/85] Compiling AtomNetworking URLComponents+Extensions.swift
/host/spi-builder-workspace/Framework/AtomNetworking/Atom/Extensions/Framework/ConnectivitySnapshot+Extensions.swift:18:8: error: no such module 'Network'
16 |
17 | import Foundation
18 | import Network
| `- error: no such module 'Network'
19 |
20 | // MARK: - ConnectivitySnapshot.Status + NWPath.Status
[29/85] Compiling AtomNetworking URLRequest+Extensions.swift
/host/spi-builder-workspace/Framework/AtomNetworking/Atom/Extensions/Framework/ConnectivitySnapshot+Extensions.swift:18:8: error: no such module 'Network'
16 |
17 | import Foundation
18 | import Network
| `- error: no such module 'Network'
19 |
20 | // MARK: - ConnectivitySnapshot.Status + NWPath.Status
[30/85] Compiling AtomNetworking URLResponse+Extensions.swift
/host/spi-builder-workspace/Framework/AtomNetworking/Atom/Extensions/Framework/ConnectivitySnapshot+Extensions.swift:18:8: error: no such module 'Network'
16 |
17 | import Foundation
18 | import Network
| `- error: no such module 'Network'
19 |
20 | // MARK: - ConnectivitySnapshot.Status + NWPath.Status
[31/85] Compiling AtomNetworking URLSession+Extensions.swift
/host/spi-builder-workspace/Framework/AtomNetworking/Atom/Extensions/Framework/ConnectivitySnapshot+Extensions.swift:18:8: error: no such module 'Network'
16 |
17 | import Foundation
18 | import Network
| `- error: no such module 'Network'
19 |
20 | // MARK: - ConnectivitySnapshot.Status + NWPath.Status
[32/85] Compiling AtomNetworking URLSessionTask+Extensions.swift
/host/spi-builder-workspace/Framework/AtomNetworking/Atom/Extensions/Framework/ConnectivitySnapshot+Extensions.swift:18:8: error: no such module 'Network'
16 |
17 | import Foundation
18 | import Network
| `- error: no such module 'Network'
19 |
20 | // MARK: - ConnectivitySnapshot.Status + NWPath.Status
[33/85] Compiling AtomNetworking URLSessionTaskMetrics+Extensions.swift
/host/spi-builder-workspace/Framework/AtomNetworking/Atom/Extensions/Framework/ConnectivitySnapshot+Extensions.swift:18:8: error: no such module 'Network'
16 |
17 | import Foundation
18 | import Network
| `- error: no such module 'Network'
19 |
20 | // MARK: - ConnectivitySnapshot.Status + NWPath.Status
[34/85] Compiling AtomNetworking Atom+Extensions.swift
/host/spi-builder-workspace/Framework/AtomNetworking/Atom/Extensions/Framework/ConnectivitySnapshot+Extensions.swift:18:8: error: no such module 'Network'
16 |
17 | import Foundation
18 | import Network
| `- error: no such module 'Network'
19 |
20 | // MARK: - ConnectivitySnapshot.Status + NWPath.Status
[35/85] Compiling AtomNetworking Atom.swift
/host/spi-builder-workspace/Framework/AtomNetworking/Atom/Extensions/Framework/ConnectivitySnapshot+Extensions.swift:18:8: error: no such module 'Network'
16 |
17 | import Foundation
18 | import Network
| `- error: no such module 'Network'
19 |
20 | // MARK: - ConnectivitySnapshot.Status + NWPath.Status
[36/85] Compiling AtomNetworking AtomError.swift
/host/spi-builder-workspace/Framework/AtomNetworking/Atom/Extensions/Framework/ConnectivitySnapshot+Extensions.swift:18:8: error: no such module 'Network'
16 |
17 | import Foundation
18 | import Network
| `- error: no such module 'Network'
19 |
20 | // MARK: - ConnectivitySnapshot.Status + NWPath.Status
[37/85] Compiling AtomNetworking ConnectivityError.swift
/host/spi-builder-workspace/Framework/AtomNetworking/Atom/Extensions/Framework/ConnectivitySnapshot+Extensions.swift:18:8: error: no such module 'Network'
16 |
17 | import Foundation
18 | import Network
| `- error: no such module 'Network'
19 |
20 | // MARK: - ConnectivitySnapshot.Status + NWPath.Status
[38/85] Compiling AtomNetworking RequestableError.swift
/host/spi-builder-workspace/Framework/AtomNetworking/Atom/Extensions/Framework/ConnectivitySnapshot+Extensions.swift:18:8: error: no such module 'Network'
16 |
17 | import Foundation
18 | import Network
| `- error: no such module 'Network'
19 |
20 | // MARK: - ConnectivitySnapshot.Status + NWPath.Status
[39/85] Compiling AtomNetworking Array+Extensions.swift
/host/spi-builder-workspace/Framework/AtomNetworking/Atom/Extensions/Framework/ConnectivitySnapshot+Extensions.swift:18:8: error: no such module 'Network'
16 |
17 | import Foundation
18 | import Network
| `- error: no such module 'Network'
19 |
20 | // MARK: - ConnectivitySnapshot.Status + NWPath.Status
[40/85] Compiling AtomNetworking Data+Extensions.swift
/host/spi-builder-workspace/Framework/AtomNetworking/Atom/Extensions/Framework/ConnectivitySnapshot+Extensions.swift:18:8: error: no such module 'Network'
16 |
17 | import Foundation
18 | import Network
| `- error: no such module 'Network'
19 |
20 | // MARK: - ConnectivitySnapshot.Status + NWPath.Status
[41/85] Compiling AtomNetworking Function+Extensions.swift
/host/spi-builder-workspace/Framework/AtomNetworking/Atom/Extensions/Framework/ConnectivitySnapshot+Extensions.swift:18:8: error: no such module 'Network'
16 |
17 | import Foundation
18 | import Network
| `- error: no such module 'Network'
19 |
20 | // MARK: - ConnectivitySnapshot.Status + NWPath.Status
[42/85] Compiling AtomNetworking HTTPURLResponse+Extensions.swift
/host/spi-builder-workspace/Framework/AtomNetworking/Atom/Extensions/Framework/ConnectivitySnapshot+Extensions.swift:18:8: error: no such module 'Network'
16 |
17 | import Foundation
18 | import Network
| `- error: no such module 'Network'
19 |
20 | // MARK: - ConnectivitySnapshot.Status + NWPath.Status
[43/85] Compiling AtomNetworking JSONDecoder+Extensions.swift
/host/spi-builder-workspace/Framework/AtomNetworking/Atom/Extensions/Framework/ConnectivitySnapshot+Extensions.swift:18:8: error: no such module 'Network'
16 |
17 | import Foundation
18 | import Network
| `- error: no such module 'Network'
19 |
20 | // MARK: - ConnectivitySnapshot.Status + NWPath.Status
[44/85] Compiling AtomNetworking NSRegularExpression+Extensions.swift
/host/spi-builder-workspace/Framework/AtomNetworking/Atom/Extensions/Framework/ConnectivitySnapshot+Extensions.swift:18:8: error: no such module 'Network'
16 |
17 | import Foundation
18 | import Network
| `- error: no such module 'Network'
19 |
20 | // MARK: - ConnectivitySnapshot.Status + NWPath.Status
[45/85] Compiling AtomNetworking Optional+Extensions.swift
/host/spi-builder-workspace/Framework/AtomNetworking/Atom/Extensions/Framework/ConnectivitySnapshot+Extensions.swift:18:8: error: no such module 'Network'
16 |
17 | import Foundation
18 | import Network
| `- error: no such module 'Network'
19 |
20 | // MARK: - ConnectivitySnapshot.Status + NWPath.Status
[46/85] Compiling AtomNetworking AtomError+Extensions.swift
/host/spi-builder-workspace/Framework/AtomNetworking/Atom/Extensions/Framework/ConnectivitySnapshot+Extensions.swift:18:8: error: no such module 'Network'
16 |
17 | import Foundation
18 | import Network
| `- error: no such module 'Network'
19 |
20 | // MARK: - ConnectivitySnapshot.Status + NWPath.Status
[47/85] Compiling AtomNetworking AtomResponse+Extensions.swift
/host/spi-builder-workspace/Framework/AtomNetworking/Atom/Extensions/Framework/ConnectivitySnapshot+Extensions.swift:18:8: error: no such module 'Network'
16 |
17 | import Foundation
18 | import Network
| `- error: no such module 'Network'
19 |
20 | // MARK: - ConnectivitySnapshot.Status + NWPath.Status
[48/85] Compiling AtomNetworking AuthenticationEndpoint+Extensions.swift
/host/spi-builder-workspace/Framework/AtomNetworking/Atom/Extensions/Framework/ConnectivitySnapshot+Extensions.swift:18:8: error: no such module 'Network'
16 |
17 | import Foundation
18 | import Network
| `- error: no such module 'Network'
19 |
20 | // MARK: - ConnectivitySnapshot.Status + NWPath.Status
[49/85] Compiling AtomNetworking AuthenticationMethod+Extensions.swift
/host/spi-builder-workspace/Framework/AtomNetworking/Atom/Extensions/Framework/ConnectivitySnapshot+Extensions.swift:18:8: error: no such module 'Network'
16 |
17 | import Foundation
18 | import Network
| `- error: no such module 'Network'
19 |
20 | // MARK: - ConnectivitySnapshot.Status + NWPath.Status
[50/85] Compiling AtomNetworking AuthorizedRequestable+Extensions.swift
/host/spi-builder-workspace/Framework/AtomNetworking/Atom/Extensions/Framework/ConnectivitySnapshot+Extensions.swift:18:8: error: no such module 'Network'
16 |
17 | import Foundation
18 | import Network
| `- error: no such module 'Network'
19 |
20 | // MARK: - ConnectivitySnapshot.Status + NWPath.Status
[51/85] Compiling AtomNetworking BaseURL+Extensions.swift
/host/spi-builder-workspace/Framework/AtomNetworking/Atom/Extensions/Framework/ConnectivitySnapshot+Extensions.swift:18:8: error: no such module 'Network'
16 |
17 | import Foundation
18 | import Network
| `- error: no such module 'Network'
19 |
20 | // MARK: - ConnectivitySnapshot.Status + NWPath.Status
[52/85] Compiling AtomNetworking BaseURLScheme+Extensions.swift
/host/spi-builder-workspace/Framework/AtomNetworking/Atom/Extensions/Framework/ConnectivitySnapshot+Extensions.swift:18:8: error: no such module 'Network'
16 |
17 | import Foundation
18 | import Network
| `- error: no such module 'Network'
19 |
20 | // MARK: - ConnectivitySnapshot.Status + NWPath.Status
[53/85] Compiling AtomNetworking BasicCredential+Extensions.swift
/host/spi-builder-workspace/Framework/AtomNetworking/Atom/Extensions/Framework/ConnectivitySnapshot+Extensions.swift:18:8: error: no such module 'Network'
16 |
17 | import Foundation
18 | import Network
| `- error: no such module 'Network'
19 |
20 | // MARK: - ConnectivitySnapshot.Status + NWPath.Status
[54/85] Compiling AtomNetworking ConnectivitySnapshot+Extensions.swift
/host/spi-builder-workspace/Framework/AtomNetworking/Atom/Extensions/Framework/ConnectivitySnapshot+Extensions.swift:18:8: error: no such module 'Network'
16 |
17 | import Foundation
18 | import Network
| `- error: no such module 'Network'
19 |
20 | // MARK: - ConnectivitySnapshot.Status + NWPath.Status
[55/85] Compiling AtomNetworking HTTPMethod+Extensions.swift
/host/spi-builder-workspace/Framework/AtomNetworking/Atom/Extensions/Framework/ConnectivitySnapshot+Extensions.swift:18:8: error: no such module 'Network'
16 |
17 | import Foundation
18 | import Network
| `- error: no such module 'Network'
19 |
20 | // MARK: - ConnectivitySnapshot.Status + NWPath.Status
[56/85] Compiling AtomNetworking DecodedResponse.swift
/host/spi-builder-workspace/Framework/AtomNetworking/Atom/Extensions/Framework/ConnectivitySnapshot+Extensions.swift:18:8: error: no such module 'Network'
16 |
17 | import Foundation
18 | import Network
| `- error: no such module 'Network'
19 |
20 | // MARK: - ConnectivitySnapshot.Status + NWPath.Status
[57/85] Compiling AtomNetworking Endpoint.swift
/host/spi-builder-workspace/Framework/AtomNetworking/Atom/Extensions/Framework/ConnectivitySnapshot+Extensions.swift:18:8: error: no such module 'Network'
16 |
17 | import Foundation
18 | import Network
| `- error: no such module 'Network'
19 |
20 | // MARK: - ConnectivitySnapshot.Status + NWPath.Status
[58/85] Compiling AtomNetworking GrantType.swift
/host/spi-builder-workspace/Framework/AtomNetworking/Atom/Extensions/Framework/ConnectivitySnapshot+Extensions.swift:18:8: error: no such module 'Network'
16 |
17 | import Foundation
18 | import Network
| `- error: no such module 'Network'
19 |
20 | // MARK: - ConnectivitySnapshot.Status + NWPath.Status
[59/85] Compiling AtomNetworking HTTPMethod.swift
/host/spi-builder-workspace/Framework/AtomNetworking/Atom/Extensions/Framework/ConnectivitySnapshot+Extensions.swift:18:8: error: no such module 'Network'
16 |
17 | import Foundation
18 | import Network
| `- error: no such module 'Network'
19 |
20 | // MARK: - ConnectivitySnapshot.Status + NWPath.Status
[60/85] Compiling AtomNetworking HeaderItem.swift
/host/spi-builder-workspace/Framework/AtomNetworking/Atom/Extensions/Framework/ConnectivitySnapshot+Extensions.swift:18:8: error: no such module 'Network'
16 |
17 | import Foundation
18 | import Network
| `- error: no such module 'Network'
19 |
20 | // MARK: - ConnectivitySnapshot.Status + NWPath.Status
[61/85] Compiling AtomNetworking QueryItem.swift
/host/spi-builder-workspace/Framework/AtomNetworking/Atom/Extensions/Framework/ConnectivitySnapshot+Extensions.swift:18:8: error: no such module 'Network'
16 |
17 | import Foundation
18 | import Network
| `- error: no such module 'Network'
19 |
20 | // MARK: - ConnectivitySnapshot.Status + NWPath.Status
[62/85] Compiling AtomNetworking ResponseCaching.swift
/host/spi-builder-workspace/Framework/AtomNetworking/Atom/Extensions/Framework/ConnectivitySnapshot+Extensions.swift:18:8: error: no such module 'Network'
16 |
17 | import Foundation
18 | import Network
| `- error: no such module 'Network'
19 |
20 | // MARK: - ConnectivitySnapshot.Status + NWPath.Status
[63/85] Compiling AtomNetworking ServiceConfiguration.swift
/host/spi-builder-workspace/Framework/AtomNetworking/Atom/Extensions/Framework/ConnectivitySnapshot+Extensions.swift:18:8: error: no such module 'Network'
16 |
17 | import Foundation
18 | import Network
| `- error: no such module 'Network'
19 |
20 | // MARK: - ConnectivitySnapshot.Status + NWPath.Status
[64/85] Compiling AtomNetworking ServiceTimeout.swift
/host/spi-builder-workspace/Framework/AtomNetworking/Atom/Extensions/Framework/ConnectivitySnapshot+Extensions.swift:18:8: error: no such module 'Network'
16 |
17 | import Foundation
18 | import Network
| `- error: no such module 'Network'
19 |
20 | // MARK: - ConnectivitySnapshot.Status + NWPath.Status
[65/85] Compiling AtomNetworking SessionConfiguration.swift
/host/spi-builder-workspace/Framework/AtomNetworking/Atom/Extensions/Framework/ConnectivitySnapshot+Extensions.swift:18:8: error: no such module 'Network'
16 |
17 | import Foundation
18 | import Network
| `- error: no such module 'Network'
19 |
20 | // MARK: - ConnectivitySnapshot.Status + NWPath.Status
[66/85] Compiling AtomNetworking AtomResponse.swift
/host/spi-builder-workspace/Framework/AtomNetworking/Atom/Extensions/Framework/ConnectivitySnapshot+Extensions.swift:18:8: error: no such module 'Network'
16 |
17 | import Foundation
18 | import Network
| `- error: no such module 'Network'
19 |
20 | // MARK: - ConnectivitySnapshot.Status + NWPath.Status
[67/85] Compiling AtomNetworking AuthenticationEndpoint.swift
/host/spi-builder-workspace/Framework/AtomNetworking/Atom/Extensions/Framework/ConnectivitySnapshot+Extensions.swift:18:8: error: no such module 'Network'
16 |
17 | import Foundation
18 | import Network
| `- error: no such module 'Network'
19 |
20 | // MARK: - ConnectivitySnapshot.Status + NWPath.Status
[68/85] Compiling AtomNetworking AuthenticationMethod.swift
/host/spi-builder-workspace/Framework/AtomNetworking/Atom/Extensions/Framework/ConnectivitySnapshot+Extensions.swift:18:8: error: no such module 'Network'
16 |
17 | import Foundation
18 | import Network
| `- error: no such module 'Network'
19 |
20 | // MARK: - ConnectivitySnapshot.Status + NWPath.Status
[69/85] Compiling AtomNetworking AuthorizationEndpoint.swift
/host/spi-builder-workspace/Framework/AtomNetworking/Atom/Extensions/Framework/ConnectivitySnapshot+Extensions.swift:18:8: error: no such module 'Network'
16 |
17 | import Foundation
18 | import Network
| `- error: no such module 'Network'
19 |
20 | // MARK: - ConnectivitySnapshot.Status + NWPath.Status
[70/85] Compiling AtomNetworking AuthorizedRequestable.swift
/host/spi-builder-workspace/Framework/AtomNetworking/Atom/Extensions/Framework/ConnectivitySnapshot+Extensions.swift:18:8: error: no such module 'Network'
16 |
17 | import Foundation
18 | import Network
| `- error: no such module 'Network'
19 |
20 | // MARK: - ConnectivitySnapshot.Status + NWPath.Status
[71/85] Compiling AtomNetworking BaseURL.swift
/host/spi-builder-workspace/Framework/AtomNetworking/Atom/Extensions/Framework/ConnectivitySnapshot+Extensions.swift:18:8: error: no such module 'Network'
16 |
17 | import Foundation
18 | import Network
| `- error: no such module 'Network'
19 |
20 | // MARK: - ConnectivitySnapshot.Status + NWPath.Status
[72/85] Compiling AtomNetworking BaseURLScheme.swift
/host/spi-builder-workspace/Framework/AtomNetworking/Atom/Extensions/Framework/ConnectivitySnapshot+Extensions.swift:18:8: error: no such module 'Network'
16 |
17 | import Foundation
18 | import Network
| `- error: no such module 'Network'
19 |
20 | // MARK: - ConnectivitySnapshot.Status + NWPath.Status
[73/85] Compiling AtomNetworking BasicCredential.swift
/host/spi-builder-workspace/Framework/AtomNetworking/Atom/Extensions/Framework/ConnectivitySnapshot+Extensions.swift:18:8: error: no such module 'Network'
16 |
17 | import Foundation
18 | import Network
| `- error: no such module 'Network'
19 |
20 | // MARK: - ConnectivitySnapshot.Status + NWPath.Status
[74/85] Compiling AtomNetworking ClientCredential.swift
/host/spi-builder-workspace/Framework/AtomNetworking/Atom/Extensions/Framework/ConnectivitySnapshot+Extensions.swift:18:8: error: no such module 'Network'
16 |
17 | import Foundation
18 | import Network
| `- error: no such module 'Network'
19 |
20 | // MARK: - ConnectivitySnapshot.Status + NWPath.Status
[75/85] Compiling AtomNetworking ConnectivitySnapshot.swift
/host/spi-builder-workspace/Framework/AtomNetworking/Atom/Extensions/Framework/ConnectivitySnapshot+Extensions.swift:18:8: error: no such module 'Network'
16 |
17 | import Foundation
18 | import Network
| `- error: no such module 'Network'
19 |
20 | // MARK: - ConnectivitySnapshot.Status + NWPath.Status
[76/85] Compiling AtomNetworking TokenCredential.swift
/host/spi-builder-workspace/Framework/AtomNetworking/Atom/Extensions/Framework/ConnectivitySnapshot+Extensions.swift:18:8: error: no such module 'Network'
16 |
17 | import Foundation
18 | import Network
| `- error: no such module 'Network'
19 |
20 | // MARK: - ConnectivitySnapshot.Status + NWPath.Status
[77/85] Compiling AtomNetworking URLPath.swift
/host/spi-builder-workspace/Framework/AtomNetworking/Atom/Extensions/Framework/ConnectivitySnapshot+Extensions.swift:18:8: error: no such module 'Network'
16 |
17 | import Foundation
18 | import Network
| `- error: no such module 'Network'
19 |
20 | // MARK: - ConnectivitySnapshot.Status + NWPath.Status
[78/85] Compiling AtomNetworking AtomPlugin.swift
/host/spi-builder-workspace/Framework/AtomNetworking/Atom/Extensions/Framework/ConnectivitySnapshot+Extensions.swift:18:8: error: no such module 'Network'
16 |
17 | import Foundation
18 | import Network
| `- error: no such module 'Network'
19 |
20 | // MARK: - ConnectivitySnapshot.Status + NWPath.Status
[79/85] Compiling AtomNetworking ConnectivityPlugin.swift
/host/spi-builder-workspace/Framework/AtomNetworking/Atom/Extensions/Framework/ConnectivitySnapshot+Extensions.swift:18:8: error: no such module 'Network'
16 |
17 | import Foundation
18 | import Network
| `- error: no such module 'Network'
19 |
20 | // MARK: - ConnectivitySnapshot.Status + NWPath.Status
[80/85] Compiling AtomNetworking BasicCredentialConvertible.swift
/host/spi-builder-workspace/Framework/AtomNetworking/Atom/Extensions/Framework/ConnectivitySnapshot+Extensions.swift:18:8: error: no such module 'Network'
16 |
17 | import Foundation
18 | import Network
| `- error: no such module 'Network'
19 |
20 | // MARK: - ConnectivitySnapshot.Status + NWPath.Status
[81/85] Compiling AtomNetworking ClientCredentialConvertible.swift
/host/spi-builder-workspace/Framework/AtomNetworking/Atom/Extensions/Framework/ConnectivitySnapshot+Extensions.swift:18:8: error: no such module 'Network'
16 |
17 | import Foundation
18 | import Network
| `- error: no such module 'Network'
19 |
20 | // MARK: - ConnectivitySnapshot.Status + NWPath.Status
[82/85] Compiling AtomNetworking StringConvertible.swift
/host/spi-builder-workspace/Framework/AtomNetworking/Atom/Extensions/Framework/ConnectivitySnapshot+Extensions.swift:18:8: error: no such module 'Network'
16 |
17 | import Foundation
18 | import Network
| `- error: no such module 'Network'
19 |
20 | // MARK: - ConnectivitySnapshot.Status + NWPath.Status
[83/85] Compiling AtomNetworking ConnectivityMonitoring.swift
/host/spi-builder-workspace/Framework/AtomNetworking/Atom/Extensions/Framework/ConnectivitySnapshot+Extensions.swift:18:8: error: no such module 'Network'
16 |
17 | import Foundation
18 | import Network
| `- error: no such module 'Network'
19 |
20 | // MARK: - ConnectivitySnapshot.Status + NWPath.Status
[84/85] Compiling AtomNetworking Model.swift
/host/spi-builder-workspace/Framework/AtomNetworking/Atom/Extensions/Framework/ConnectivitySnapshot+Extensions.swift:18:8: error: no such module 'Network'
16 |
17 | import Foundation
18 | import Network
| `- error: no such module 'Network'
19 |
20 | // MARK: - ConnectivitySnapshot.Status + NWPath.Status
[85/85] Compiling AtomNetworking Requestable.swift
/host/spi-builder-workspace/Framework/AtomNetworking/Atom/Extensions/Framework/ConnectivitySnapshot+Extensions.swift:18:8: error: no such module 'Network'
16 |
17 | import Foundation
18 | import Network
| `- error: no such module 'Network'
19 |
20 | // MARK: - ConnectivitySnapshot.Status + NWPath.Status
BUILD FAILURE 6.3 wasm