The Swift Package Index logo.Swift Package Index

Build Information

Failed to build RichText, reference 1.0.0 (a2fb19), with Swift 6.1 for watchOS using Xcode 16.3 on 14 Jul 2026 22:06:45 UTC.

Build Command

env DEVELOPER_DIR=/Applications/Xcode-16.3.0.app xcrun xcodebuild -IDEClonedSourcePackagesDirPathOverride=$PWD/.dependencies -skipMacroValidation -skipPackagePluginValidation -derivedDataPath $PWD/.derivedData build -scheme RichText -destination generic/platform=watchOS

Build Log

========================================
RunAll
========================================
Builder version: undefined version: run 'make version' to update
Interrupt handler set up.
========================================
Checkout
========================================
Clone URL: https://github.com/LiYanan2004/RichText.git
Reference: 1.0.0
Initialized empty Git repository in /Users/admin/builder/spi-builder-workspace/.git/
From https://github.com/LiYanan2004/RichText
 * tag               1.0.0      -> FETCH_HEAD
HEAD is now at a2fb191 Update docs
Cloned https://github.com/LiYanan2004/RichText.git
Revision (git rev-parse @):
a2fb191988f6f2ce60574962c96a0e1846c36dae
SPI manifest file found: $PWD/.spi.yml
SUCCESS checkout https://github.com/LiYanan2004/RichText.git at 1.0.0
========================================
Build
========================================
Selected platform:         watchOS
Swift version:             6.1
Building package at path:  $PWD
https://github.com/LiYanan2004/RichText.git
https://github.com/LiYanan2004/RichText.git
{
  "dependencies" : [
  ],
  "manifest_display_name" : "RichText",
  "name" : "RichText",
  "path" : "/Users/admin/builder/spi-builder-workspace",
  "platforms" : [
    {
      "name" : "macos",
      "version" : "13.0"
    },
    {
      "name" : "ios",
      "version" : "16.0"
    }
  ],
  "products" : [
    {
      "name" : "RichText",
      "targets" : [
        "RichText"
      ],
      "type" : {
        "library" : [
          "automatic"
        ]
      }
    }
  ],
  "targets" : [
    {
      "c99name" : "RichText",
      "module_type" : "SwiftTarget",
      "name" : "RichText",
      "path" : "Sources/RichText",
      "product_memberships" : [
        "RichText"
      ],
      "sources" : [
        "Attributes & Attachments/AttributeContainer++.swift",
        "Attributes & Attachments/Attributes/InlineHostingAttachmentAttribute.swift",
        "Attributes & Attachments/HostedAttachmentSizing.swift",
        "Attributes & Attachments/InlineHostingAttachment.swift",
        "Attributes & Attachments/InlineHostingAttachmentViewProvider.swift",
        "Attributes & Attachments/RichTextAttributes.swift",
        "Helpers/NSLineBreakMode++.swift",
        "Helpers/NSTextAlignment++.swift",
        "Helpers/NSTextRange++.swift",
        "Helpers/NSWritingDirection++.swift",
        "Helpers/Text.LineStyle++.swift",
        "Text Content & Fragments/Fragment Containers/InlineView.swift",
        "Text Content & Fragments/Fragment Containers/LineBreak.swift",
        "Text Content & Fragments/Fragment Containers/Paragraph.swift",
        "Text Content & Fragments/Fragment Containers/Space.swift",
        "Text Content & Fragments/Fragment Containers/Tab.swift",
        "Text Content & Fragments/TextContent.swift",
        "Text Content & Fragments/TextContentBuilder.swift",
        "Text Content & Fragments/TextContentProviding.swift",
        "Text View/InlineAttachmentTextView+AppKit.swift",
        "Text View/InlineAttachmentTextView+Attachments.swift",
        "Text View/InlineAttachmentTextView+Layout.swift",
        "Text View/InlineAttachmentTextView+Storage.swift",
        "Text View/InlineAttachmentTextView+UIKit.swift",
        "Text View/InlineAttachmentTextView.swift",
        "Text View/Layout Engine/TextLayoutEngine.swift",
        "Text View/Layout Engine/TextLayoutEngineModifier.swift",
        "Text View/Support/PlatformFontViewModifier.swift",
        "Text View/Support/PlatformTypes.swift",
        "Text View/Support/TextAttributeConverter.swift",
        "Text View/Support/TextViewRenderConfiguration.swift",
        "Text View/SwiftUI/_TextView_AppKit.swift",
        "Text View/SwiftUI/_TextView_UIKit.swift",
        "TextView.Initializers.swift",
        "TextView.swift"
      ],
      "target_dependencies" : [
        "Introspection"
      ],
      "type" : "library"
    },
    {
      "c99name" : "Introspection",
      "module_type" : "SwiftTarget",
      "name" : "Introspection",
      "path" : "Sources/Introspection",
      "product_memberships" : [
        "RichText"
      ],
      "sources" : [
        "SwiftUI/Text/Helpers/FormatStyle++.swift",
        "SwiftUI/Text/Helpers/_FormatParser.swift",
        "SwiftUI/Text/Helpers/_InterpolationValue.swift",
        "SwiftUI/Text/ResolvedLocalizedStringKey.swift",
        "SwiftUI/Text/TextStorage.swift",
        "SwiftUI/ViewIdentity.swift"
      ],
      "type" : "library"
    }
  ],
  "tools_version" : "6.0"
}
Command line invocation:
    /Applications/Xcode-16.3.0.app/Contents/Developer/usr/bin/xcodebuild -IDEClonedSourcePackagesDirPathOverride=/Users/admin/builder/spi-builder-workspace/.dependencies -resolvePackageDependencies
Resolve Package Graph
Resolve Package Graph
Resolved source packages:
  RichText: /Users/admin/builder/spi-builder-workspace
resolved source packages: RichText
{
  "dependencies" : [
  ],
  "manifest_display_name" : "RichText",
  "name" : "RichText",
  "path" : "/Users/admin/builder/spi-builder-workspace",
  "platforms" : [
    {
      "name" : "macos",
      "version" : "13.0"
    },
    {
      "name" : "ios",
      "version" : "16.0"
    }
  ],
  "products" : [
    {
      "name" : "RichText",
      "targets" : [
        "RichText"
      ],
      "type" : {
        "library" : [
          "automatic"
        ]
      }
    }
  ],
  "targets" : [
    {
      "c99name" : "RichText",
      "module_type" : "SwiftTarget",
      "name" : "RichText",
      "path" : "Sources/RichText",
      "product_memberships" : [
        "RichText"
      ],
      "sources" : [
        "Attributes & Attachments/AttributeContainer++.swift",
        "Attributes & Attachments/Attributes/InlineHostingAttachmentAttribute.swift",
        "Attributes & Attachments/HostedAttachmentSizing.swift",
        "Attributes & Attachments/InlineHostingAttachment.swift",
        "Attributes & Attachments/InlineHostingAttachmentViewProvider.swift",
        "Attributes & Attachments/RichTextAttributes.swift",
        "Helpers/NSLineBreakMode++.swift",
        "Helpers/NSTextAlignment++.swift",
        "Helpers/NSTextRange++.swift",
        "Helpers/NSWritingDirection++.swift",
        "Helpers/Text.LineStyle++.swift",
        "Text Content & Fragments/Fragment Containers/InlineView.swift",
        "Text Content & Fragments/Fragment Containers/LineBreak.swift",
        "Text Content & Fragments/Fragment Containers/Paragraph.swift",
        "Text Content & Fragments/Fragment Containers/Space.swift",
        "Text Content & Fragments/Fragment Containers/Tab.swift",
        "Text Content & Fragments/TextContent.swift",
        "Text Content & Fragments/TextContentBuilder.swift",
        "Text Content & Fragments/TextContentProviding.swift",
        "Text View/InlineAttachmentTextView+AppKit.swift",
        "Text View/InlineAttachmentTextView+Attachments.swift",
        "Text View/InlineAttachmentTextView+Layout.swift",
        "Text View/InlineAttachmentTextView+Storage.swift",
        "Text View/InlineAttachmentTextView+UIKit.swift",
        "Text View/InlineAttachmentTextView.swift",
        "Text View/Layout Engine/TextLayoutEngine.swift",
        "Text View/Layout Engine/TextLayoutEngineModifier.swift",
        "Text View/Support/PlatformFontViewModifier.swift",
        "Text View/Support/PlatformTypes.swift",
        "Text View/Support/TextAttributeConverter.swift",
        "Text View/Support/TextViewRenderConfiguration.swift",
        "Text View/SwiftUI/_TextView_AppKit.swift",
        "Text View/SwiftUI/_TextView_UIKit.swift",
        "TextView.Initializers.swift",
        "TextView.swift"
      ],
      "target_dependencies" : [
        "Introspection"
      ],
      "type" : "library"
    },
    {
      "c99name" : "Introspection",
      "module_type" : "SwiftTarget",
      "name" : "Introspection",
      "path" : "Sources/Introspection",
      "product_memberships" : [
        "RichText"
      ],
      "sources" : [
        "SwiftUI/Text/Helpers/FormatStyle++.swift",
        "SwiftUI/Text/Helpers/_FormatParser.swift",
        "SwiftUI/Text/Helpers/_InterpolationValue.swift",
        "SwiftUI/Text/ResolvedLocalizedStringKey.swift",
        "SwiftUI/Text/TextStorage.swift",
        "SwiftUI/ViewIdentity.swift"
      ],
      "type" : "library"
    }
  ],
  "tools_version" : "6.0"
}
{
  "workspace" : {
    "name" : "spi-builder-workspace",
    "schemes" : [
      "RichText"
    ]
  }
}
Running build ...
env DEVELOPER_DIR=/Applications/Xcode-16.3.0.app xcrun xcodebuild -IDEClonedSourcePackagesDirPathOverride=$PWD/.dependencies -skipMacroValidation -skipPackagePluginValidation -derivedDataPath $PWD/.derivedData build -scheme RichText -destination generic/platform=watchOS OTHER_SWIFT_FLAGS=-stats-output-dir .stats
Command line invocation:
    /Applications/Xcode-16.3.0.app/Contents/Developer/usr/bin/xcodebuild -IDEClonedSourcePackagesDirPathOverride=/Users/admin/builder/spi-builder-workspace/.dependencies -skipMacroValidation -skipPackagePluginValidation -derivedDataPath /Users/admin/builder/spi-builder-workspace/.derivedData build -scheme RichText -destination generic/platform=watchOS "OTHER_SWIFT_FLAGS=-stats-output-dir .stats"
Build settings from command line:
    OTHER_SWIFT_FLAGS = -stats-output-dir .stats
Resolve Package Graph
Resolved source packages:
  RichText: /Users/admin/builder/spi-builder-workspace
ComputePackagePrebuildTargetDependencyGraph
Prepare packages
CreateBuildRequest
SendProjectDescription
CreateBuildOperation
ComputeTargetDependencyGraph
note: Building targets in dependency order
note: Target dependency graph (3 targets)
    Target 'RichText' in project 'RichText'
        ➜ Explicit dependency on target 'RichText' in project 'RichText'
        ➜ Explicit dependency on target 'Introspection' in project 'RichText'
    Target 'RichText' in project 'RichText'
        ➜ Explicit dependency on target 'Introspection' in project 'RichText'
    Target 'Introspection' in project 'RichText' (no dependencies)
GatherProvisioningInputs
CreateBuildDescription
ExecuteExternalTool /Applications/Xcode-16.3.0.app/Contents/Developer/Toolchains/XcodeDefault.xctoolchain/usr/bin/clang -v -E -dM -isysroot /Applications/Xcode-16.3.0.app/Contents/Developer/Platforms/WatchOS.platform/Developer/SDKs/WatchOS11.4.sdk -x c -c /dev/null
ExecuteExternalTool /Applications/Xcode-16.3.0.app/Contents/Developer/Toolchains/XcodeDefault.xctoolchain/usr/bin/swiftc --version
ExecuteExternalTool /Applications/Xcode-16.3.0.app/Contents/Developer/Toolchains/XcodeDefault.xctoolchain/usr/bin/ld -version_details
ReadFileContents /Applications/Xcode-16.3.0.app/Contents/Developer/Toolchains/XcodeDefault.xctoolchain/usr/share/docc/features.json
Build description signature: 24f023364c7a12e6d9640cca02c72cef
Build description path: /Users/admin/builder/spi-builder-workspace/.derivedData/Build/Intermediates.noindex/XCBuildData/24f023364c7a12e6d9640cca02c72cef.xcbuilddata
CreateBuildDirectory /Users/admin/builder/spi-builder-workspace/.derivedData/Build/Intermediates.noindex
    cd /Users/admin/builder/spi-builder-workspace/.swiftpm/xcode
    builtin-create-build-directory /Users/admin/builder/spi-builder-workspace/.derivedData/Build/Intermediates.noindex
CreateBuildDirectory /Users/admin/builder/spi-builder-workspace/.derivedData/Build/Products
    cd /Users/admin/builder/spi-builder-workspace/.swiftpm/xcode
    builtin-create-build-directory /Users/admin/builder/spi-builder-workspace/.derivedData/Build/Products
ClangStatCache /Applications/Xcode-16.3.0.app/Contents/Developer/Toolchains/XcodeDefault.xctoolchain/usr/bin/clang-stat-cache /Applications/Xcode-16.3.0.app/Contents/Developer/Platforms/WatchOS.platform/Developer/SDKs/WatchOS11.4.sdk /Users/admin/builder/spi-builder-workspace/.derivedData/SDKStatCaches.noindex/watchos11.4-22T246-43efb940ff07ba2497b70ec94253f576.sdkstatcache
    cd /Users/admin/builder/spi-builder-workspace/.swiftpm/xcode
    /Applications/Xcode-16.3.0.app/Contents/Developer/Toolchains/XcodeDefault.xctoolchain/usr/bin/clang-stat-cache /Applications/Xcode-16.3.0.app/Contents/Developer/Platforms/WatchOS.platform/Developer/SDKs/WatchOS11.4.sdk -o /Users/admin/builder/spi-builder-workspace/.derivedData/SDKStatCaches.noindex/watchos11.4-22T246-43efb940ff07ba2497b70ec94253f576.sdkstatcache
CreateBuildDirectory /Users/admin/builder/spi-builder-workspace/.derivedData/Build/Products/Debug-watchos
    cd /Users/admin/builder/spi-builder-workspace/.swiftpm/xcode
    builtin-create-build-directory /Users/admin/builder/spi-builder-workspace/.derivedData/Build/Products/Debug-watchos
CreateBuildDirectory /Users/admin/builder/spi-builder-workspace/.derivedData/Build/Intermediates.noindex/EagerLinkingTBDs/Debug-watchos
    cd /Users/admin/builder/spi-builder-workspace/.swiftpm/xcode
    builtin-create-build-directory /Users/admin/builder/spi-builder-workspace/.derivedData/Build/Intermediates.noindex/EagerLinkingTBDs/Debug-watchos
CreateBuildDirectory /Users/admin/builder/spi-builder-workspace/.derivedData/Build/Products/Debug-watchos/PackageFrameworks
    cd /Users/admin/builder/spi-builder-workspace/.swiftpm/xcode
    builtin-create-build-directory /Users/admin/builder/spi-builder-workspace/.derivedData/Build/Products/Debug-watchos/PackageFrameworks
WriteAuxiliaryFile /Users/admin/builder/spi-builder-workspace/.derivedData/Build/Intermediates.noindex/RichText.build/Debug-watchos/RichText.build/RichText.DependencyStaticMetadataFileList (in target 'RichText' from project 'RichText')
    cd /Users/admin/builder/spi-builder-workspace
    write-file /Users/admin/builder/spi-builder-workspace/.derivedData/Build/Intermediates.noindex/RichText.build/Debug-watchos/RichText.build/RichText.DependencyStaticMetadataFileList
WriteAuxiliaryFile /Users/admin/builder/spi-builder-workspace/.derivedData/Build/Intermediates.noindex/RichText.build/Debug-watchos/RichText.build/RichText.modulemap (in target 'RichText' from project 'RichText')
    cd /Users/admin/builder/spi-builder-workspace
    write-file /Users/admin/builder/spi-builder-workspace/.derivedData/Build/Intermediates.noindex/RichText.build/Debug-watchos/RichText.build/RichText.modulemap
WriteAuxiliaryFile /Users/admin/builder/spi-builder-workspace/.derivedData/Build/Intermediates.noindex/RichText.build/Debug-watchos/RichText.build/RichText.DependencyMetadataFileList (in target 'RichText' from project 'RichText')
    cd /Users/admin/builder/spi-builder-workspace
    write-file /Users/admin/builder/spi-builder-workspace/.derivedData/Build/Intermediates.noindex/RichText.build/Debug-watchos/RichText.build/RichText.DependencyMetadataFileList
WriteAuxiliaryFile /Users/admin/builder/spi-builder-workspace/.derivedData/Build/Intermediates.noindex/RichText.build/Debug-watchos/RichText.build/Objects-normal/arm64_32/RichText.SwiftFileList (in target 'RichText' from project 'RichText')
    cd /Users/admin/builder/spi-builder-workspace
    write-file /Users/admin/builder/spi-builder-workspace/.derivedData/Build/Intermediates.noindex/RichText.build/Debug-watchos/RichText.build/Objects-normal/arm64_32/RichText.SwiftFileList
WriteAuxiliaryFile /Users/admin/builder/spi-builder-workspace/.derivedData/Build/Intermediates.noindex/RichText.build/Debug-watchos/RichText.build/Objects-normal/arm64_32/RichText-OutputFileMap.json (in target 'RichText' from project 'RichText')
    cd /Users/admin/builder/spi-builder-workspace
    write-file /Users/admin/builder/spi-builder-workspace/.derivedData/Build/Intermediates.noindex/RichText.build/Debug-watchos/RichText.build/Objects-normal/arm64_32/RichText-OutputFileMap.json
WriteAuxiliaryFile /Users/admin/builder/spi-builder-workspace/.derivedData/Build/Intermediates.noindex/RichText.build/Debug-watchos/RichText.build/Objects-normal/arm64_32/RichText.SwiftConstValuesFileList (in target 'RichText' from project 'RichText')
    cd /Users/admin/builder/spi-builder-workspace
    write-file /Users/admin/builder/spi-builder-workspace/.derivedData/Build/Intermediates.noindex/RichText.build/Debug-watchos/RichText.build/Objects-normal/arm64_32/RichText.SwiftConstValuesFileList
WriteAuxiliaryFile /Users/admin/builder/spi-builder-workspace/.derivedData/Build/Intermediates.noindex/RichText.build/Debug-watchos/RichText.build/Objects-normal/arm64_32/RichText.LinkFileList (in target 'RichText' from project 'RichText')
    cd /Users/admin/builder/spi-builder-workspace
    write-file /Users/admin/builder/spi-builder-workspace/.derivedData/Build/Intermediates.noindex/RichText.build/Debug-watchos/RichText.build/Objects-normal/arm64_32/RichText.LinkFileList
WriteAuxiliaryFile /Users/admin/builder/spi-builder-workspace/.derivedData/Build/Intermediates.noindex/RichText.build/Debug-watchos/RichText.build/Objects-normal/arm64/RichText_const_extract_protocols.json (in target 'RichText' from project 'RichText')
    cd /Users/admin/builder/spi-builder-workspace
    write-file /Users/admin/builder/spi-builder-workspace/.derivedData/Build/Intermediates.noindex/RichText.build/Debug-watchos/RichText.build/Objects-normal/arm64/RichText_const_extract_protocols.json
WriteAuxiliaryFile /Users/admin/builder/spi-builder-workspace/.derivedData/Build/Intermediates.noindex/RichText.build/Debug-watchos/RichText.build/Objects-normal/arm64_32/RichText_const_extract_protocols.json (in target 'RichText' from project 'RichText')
    cd /Users/admin/builder/spi-builder-workspace
    write-file /Users/admin/builder/spi-builder-workspace/.derivedData/Build/Intermediates.noindex/RichText.build/Debug-watchos/RichText.build/Objects-normal/arm64_32/RichText_const_extract_protocols.json
WriteAuxiliaryFile /Users/admin/builder/spi-builder-workspace/.derivedData/Build/Intermediates.noindex/RichText.build/Debug-watchos/RichText.build/Objects-normal/arm64/RichText.SwiftFileList (in target 'RichText' from project 'RichText')
    cd /Users/admin/builder/spi-builder-workspace
    write-file /Users/admin/builder/spi-builder-workspace/.derivedData/Build/Intermediates.noindex/RichText.build/Debug-watchos/RichText.build/Objects-normal/arm64/RichText.SwiftFileList
WriteAuxiliaryFile /Users/admin/builder/spi-builder-workspace/.derivedData/Build/Intermediates.noindex/RichText.build/Debug-watchos/RichText.build/Objects-normal/arm64/RichText.SwiftConstValuesFileList (in target 'RichText' from project 'RichText')
    cd /Users/admin/builder/spi-builder-workspace
    write-file /Users/admin/builder/spi-builder-workspace/.derivedData/Build/Intermediates.noindex/RichText.build/Debug-watchos/RichText.build/Objects-normal/arm64/RichText.SwiftConstValuesFileList
WriteAuxiliaryFile /Users/admin/builder/spi-builder-workspace/.derivedData/Build/Intermediates.noindex/RichText.build/Debug-watchos/RichText.build/Objects-normal/arm64/RichText.LinkFileList (in target 'RichText' from project 'RichText')
    cd /Users/admin/builder/spi-builder-workspace
    write-file /Users/admin/builder/spi-builder-workspace/.derivedData/Build/Intermediates.noindex/RichText.build/Debug-watchos/RichText.build/Objects-normal/arm64/RichText.LinkFileList
WriteAuxiliaryFile /Users/admin/builder/spi-builder-workspace/.derivedData/Build/Intermediates.noindex/RichText.build/Debug-watchos/RichText.build/Objects-normal/arm64/RichText-OutputFileMap.json (in target 'RichText' from project 'RichText')
    cd /Users/admin/builder/spi-builder-workspace
    write-file /Users/admin/builder/spi-builder-workspace/.derivedData/Build/Intermediates.noindex/RichText.build/Debug-watchos/RichText.build/Objects-normal/arm64/RichText-OutputFileMap.json
Copy /Users/admin/builder/spi-builder-workspace/.derivedData/Build/Intermediates.noindex/GeneratedModuleMaps-watchos/RichText.modulemap /Users/admin/builder/spi-builder-workspace/.derivedData/Build/Intermediates.noindex/RichText.build/Debug-watchos/RichText.build/RichText.modulemap (in target 'RichText' from project 'RichText')
    cd /Users/admin/builder/spi-builder-workspace
    builtin-copy -exclude .DS_Store -exclude CVS -exclude .svn -exclude .git -exclude .hg -resolve-src-symlinks /Users/admin/builder/spi-builder-workspace/.derivedData/Build/Intermediates.noindex/RichText.build/Debug-watchos/RichText.build/RichText.modulemap /Users/admin/builder/spi-builder-workspace/.derivedData/Build/Intermediates.noindex/GeneratedModuleMaps-watchos
WriteAuxiliaryFile /Users/admin/builder/spi-builder-workspace/.derivedData/Build/Intermediates.noindex/RichText.build/Debug-watchos/Introspection.build/Objects-normal/arm64_32/Introspection.SwiftConstValuesFileList (in target 'Introspection' from project 'RichText')
    cd /Users/admin/builder/spi-builder-workspace
    write-file /Users/admin/builder/spi-builder-workspace/.derivedData/Build/Intermediates.noindex/RichText.build/Debug-watchos/Introspection.build/Objects-normal/arm64_32/Introspection.SwiftConstValuesFileList
WriteAuxiliaryFile /Users/admin/builder/spi-builder-workspace/.derivedData/Build/Intermediates.noindex/RichText.build/Debug-watchos/Introspection.build/Objects-normal/arm64_32/Introspection.SwiftFileList (in target 'Introspection' from project 'RichText')
    cd /Users/admin/builder/spi-builder-workspace
    write-file /Users/admin/builder/spi-builder-workspace/.derivedData/Build/Intermediates.noindex/RichText.build/Debug-watchos/Introspection.build/Objects-normal/arm64_32/Introspection.SwiftFileList
WriteAuxiliaryFile /Users/admin/builder/spi-builder-workspace/.derivedData/Build/Intermediates.noindex/RichText.build/Debug-watchos/Introspection.build/Objects-normal/arm64_32/Introspection_const_extract_protocols.json (in target 'Introspection' from project 'RichText')
    cd /Users/admin/builder/spi-builder-workspace
    write-file /Users/admin/builder/spi-builder-workspace/.derivedData/Build/Intermediates.noindex/RichText.build/Debug-watchos/Introspection.build/Objects-normal/arm64_32/Introspection_const_extract_protocols.json
WriteAuxiliaryFile /Users/admin/builder/spi-builder-workspace/.derivedData/Build/Intermediates.noindex/RichText.build/Debug-watchos/Introspection.build/Objects-normal/arm64_32/Introspection.LinkFileList (in target 'Introspection' from project 'RichText')
    cd /Users/admin/builder/spi-builder-workspace
    write-file /Users/admin/builder/spi-builder-workspace/.derivedData/Build/Intermediates.noindex/RichText.build/Debug-watchos/Introspection.build/Objects-normal/arm64_32/Introspection.LinkFileList
WriteAuxiliaryFile /Users/admin/builder/spi-builder-workspace/.derivedData/Build/Intermediates.noindex/RichText.build/Debug-watchos/Introspection.build/Objects-normal/arm64_32/Introspection-OutputFileMap.json (in target 'Introspection' from project 'RichText')
    cd /Users/admin/builder/spi-builder-workspace
    write-file /Users/admin/builder/spi-builder-workspace/.derivedData/Build/Intermediates.noindex/RichText.build/Debug-watchos/Introspection.build/Objects-normal/arm64_32/Introspection-OutputFileMap.json
WriteAuxiliaryFile /Users/admin/builder/spi-builder-workspace/.derivedData/Build/Intermediates.noindex/RichText.build/Debug-watchos/Introspection.build/Objects-normal/arm64/Introspection_const_extract_protocols.json (in target 'Introspection' from project 'RichText')
    cd /Users/admin/builder/spi-builder-workspace
    write-file /Users/admin/builder/spi-builder-workspace/.derivedData/Build/Intermediates.noindex/RichText.build/Debug-watchos/Introspection.build/Objects-normal/arm64/Introspection_const_extract_protocols.json
WriteAuxiliaryFile /Users/admin/builder/spi-builder-workspace/.derivedData/Build/Intermediates.noindex/RichText.build/Debug-watchos/Introspection.build/Objects-normal/arm64/Introspection.SwiftFileList (in target 'Introspection' from project 'RichText')
    cd /Users/admin/builder/spi-builder-workspace
    write-file /Users/admin/builder/spi-builder-workspace/.derivedData/Build/Intermediates.noindex/RichText.build/Debug-watchos/Introspection.build/Objects-normal/arm64/Introspection.SwiftFileList
WriteAuxiliaryFile /Users/admin/builder/spi-builder-workspace/.derivedData/Build/Intermediates.noindex/RichText.build/Debug-watchos/Introspection.build/Objects-normal/arm64/Introspection.SwiftConstValuesFileList (in target 'Introspection' from project 'RichText')
    cd /Users/admin/builder/spi-builder-workspace
    write-file /Users/admin/builder/spi-builder-workspace/.derivedData/Build/Intermediates.noindex/RichText.build/Debug-watchos/Introspection.build/Objects-normal/arm64/Introspection.SwiftConstValuesFileList
WriteAuxiliaryFile /Users/admin/builder/spi-builder-workspace/.derivedData/Build/Intermediates.noindex/RichText.build/Debug-watchos/Introspection.build/Objects-normal/arm64/Introspection.LinkFileList (in target 'Introspection' from project 'RichText')
    cd /Users/admin/builder/spi-builder-workspace
    write-file /Users/admin/builder/spi-builder-workspace/.derivedData/Build/Intermediates.noindex/RichText.build/Debug-watchos/Introspection.build/Objects-normal/arm64/Introspection.LinkFileList
WriteAuxiliaryFile /Users/admin/builder/spi-builder-workspace/.derivedData/Build/Intermediates.noindex/RichText.build/Debug-watchos/Introspection.build/Objects-normal/arm64/Introspection-OutputFileMap.json (in target 'Introspection' from project 'RichText')
    cd /Users/admin/builder/spi-builder-workspace
    write-file /Users/admin/builder/spi-builder-workspace/.derivedData/Build/Intermediates.noindex/RichText.build/Debug-watchos/Introspection.build/Objects-normal/arm64/Introspection-OutputFileMap.json
WriteAuxiliaryFile /Users/admin/builder/spi-builder-workspace/.derivedData/Build/Intermediates.noindex/RichText.build/Debug-watchos/Introspection.build/Introspection.modulemap (in target 'Introspection' from project 'RichText')
    cd /Users/admin/builder/spi-builder-workspace
    write-file /Users/admin/builder/spi-builder-workspace/.derivedData/Build/Intermediates.noindex/RichText.build/Debug-watchos/Introspection.build/Introspection.modulemap
WriteAuxiliaryFile /Users/admin/builder/spi-builder-workspace/.derivedData/Build/Intermediates.noindex/RichText.build/Debug-watchos/Introspection.build/Introspection.DependencyStaticMetadataFileList (in target 'Introspection' from project 'RichText')
    cd /Users/admin/builder/spi-builder-workspace
    write-file /Users/admin/builder/spi-builder-workspace/.derivedData/Build/Intermediates.noindex/RichText.build/Debug-watchos/Introspection.build/Introspection.DependencyStaticMetadataFileList
WriteAuxiliaryFile /Users/admin/builder/spi-builder-workspace/.derivedData/Build/Intermediates.noindex/RichText.build/Debug-watchos/Introspection.build/Introspection.DependencyMetadataFileList (in target 'Introspection' from project 'RichText')
    cd /Users/admin/builder/spi-builder-workspace
    write-file /Users/admin/builder/spi-builder-workspace/.derivedData/Build/Intermediates.noindex/RichText.build/Debug-watchos/Introspection.build/Introspection.DependencyMetadataFileList
Copy /Users/admin/builder/spi-builder-workspace/.derivedData/Build/Intermediates.noindex/GeneratedModuleMaps-watchos/Introspection.modulemap /Users/admin/builder/spi-builder-workspace/.derivedData/Build/Intermediates.noindex/RichText.build/Debug-watchos/Introspection.build/Introspection.modulemap (in target 'Introspection' from project 'RichText')
    cd /Users/admin/builder/spi-builder-workspace
    builtin-copy -exclude .DS_Store -exclude CVS -exclude .svn -exclude .git -exclude .hg -resolve-src-symlinks /Users/admin/builder/spi-builder-workspace/.derivedData/Build/Intermediates.noindex/RichText.build/Debug-watchos/Introspection.build/Introspection.modulemap /Users/admin/builder/spi-builder-workspace/.derivedData/Build/Intermediates.noindex/GeneratedModuleMaps-watchos
SwiftDriver Introspection normal arm64 com.apple.xcode.tools.swift.compiler (in target 'Introspection' from project 'RichText')
    cd /Users/admin/builder/spi-builder-workspace/.swiftpm/xcode
    builtin-SwiftDriver -- /Applications/Xcode-16.3.0.app/Contents/Developer/Toolchains/XcodeDefault.xctoolchain/usr/bin/swiftc -module-name Introspection -Onone -enforce-exclusivity\=checked @/Users/admin/builder/spi-builder-workspace/.derivedData/Build/Intermediates.noindex/RichText.build/Debug-watchos/Introspection.build/Objects-normal/arm64/Introspection.SwiftFileList -DSWIFT_PACKAGE -DDEBUG -stats-output-dir .stats -plugin-path /Applications/Xcode-16.3.0.app/Contents/Developer/Toolchains/XcodeDefault.xctoolchain/usr/lib/swift/host/plugins/testing -enable-experimental-feature DebugDescriptionMacro -sdk /Applications/Xcode-16.3.0.app/Contents/Developer/Platforms/WatchOS.platform/Developer/SDKs/WatchOS11.4.sdk -target arm64-apple-watchos9.0 -g -module-cache-path /Users/admin/builder/spi-builder-workspace/.derivedData/ModuleCache.noindex -Xfrontend -serialize-debugging-options -enable-testing -index-store-path /Users/admin/builder/spi-builder-workspace/.derivedData/Index.noindex/DataStore -swift-version 6 -I /Users/admin/builder/spi-builder-workspace/.derivedData/Build/Products/Debug-watchos -I /Applications/Xcode-16.3.0.app/Contents/Developer/Platforms/WatchOS.platform/Developer/usr/lib -F /Users/admin/builder/spi-builder-workspace/.derivedData/Build/Products/Debug-watchos -F /Applications/Xcode-16.3.0.app/Contents/Developer/Platforms/WatchOS.platform/Developer/Library/Frameworks -F /Applications/Xcode-16.3.0.app/Contents/Developer/Platforms/WatchOS.platform/Developer/SDKs/WatchOS11.4.sdk/Developer/Library/Frameworks -c -j10 -enable-batch-mode -incremental -Xcc -ivfsstatcache -Xcc /Users/admin/builder/spi-builder-workspace/.derivedData/SDKStatCaches.noindex/watchos11.4-22T246-43efb940ff07ba2497b70ec94253f576.sdkstatcache -output-file-map /Users/admin/builder/spi-builder-workspace/.derivedData/Build/Intermediates.noindex/RichText.build/Debug-watchos/Introspection.build/Objects-normal/arm64/Introspection-OutputFileMap.json -use-frontend-parseable-output -save-temps -no-color-diagnostics -serialize-diagnostics -emit-dependencies -emit-module -emit-module-path /Users/admin/builder/spi-builder-workspace/.derivedData/Build/Intermediates.noindex/RichText.build/Debug-watchos/Introspection.build/Objects-normal/arm64/Introspection.swiftmodule -validate-clang-modules-once -clang-build-session-file /Users/admin/builder/spi-builder-workspace/.derivedData/ModuleCache.noindex/Session.modulevalidation -package-name spi_builder_workspace -Xcc -I/Users/admin/builder/spi-builder-workspace/.derivedData/Build/Intermediates.noindex/RichText.build/Debug-watchos/Introspection.build/swift-overrides.hmap -emit-const-values -Xfrontend -const-gather-protocols-file -Xfrontend /Users/admin/builder/spi-builder-workspace/.derivedData/Build/Intermediates.noindex/RichText.build/Debug-watchos/Introspection.build/Objects-normal/arm64/Introspection_const_extract_protocols.json -Xcc -I/Users/admin/builder/spi-builder-workspace/.derivedData/Build/Products/Debug-watchos/include -Xcc -I/Users/admin/builder/spi-builder-workspace/.derivedData/Build/Intermediates.noindex/RichText.build/Debug-watchos/Introspection.build/DerivedSources-normal/arm64 -Xcc -I/Users/admin/builder/spi-builder-workspace/.derivedData/Build/Intermediates.noindex/RichText.build/Debug-watchos/Introspection.build/DerivedSources/arm64 -Xcc -I/Users/admin/builder/spi-builder-workspace/.derivedData/Build/Intermediates.noindex/RichText.build/Debug-watchos/Introspection.build/DerivedSources -Xcc -DSWIFT_PACKAGE -Xcc -DDEBUG\=1 -emit-objc-header -emit-objc-header-path /Users/admin/builder/spi-builder-workspace/.derivedData/Build/Intermediates.noindex/RichText.build/Debug-watchos/Introspection.build/Objects-normal/arm64/Introspection-Swift.h -working-directory /Users/admin/builder/spi-builder-workspace/.swiftpm/xcode -experimental-emit-module-separately -disable-cmo
SwiftDriver Introspection normal arm64_32 com.apple.xcode.tools.swift.compiler (in target 'Introspection' from project 'RichText')
    cd /Users/admin/builder/spi-builder-workspace/.swiftpm/xcode
    builtin-SwiftDriver -- /Applications/Xcode-16.3.0.app/Contents/Developer/Toolchains/XcodeDefault.xctoolchain/usr/bin/swiftc -module-name Introspection -Onone -enforce-exclusivity\=checked @/Users/admin/builder/spi-builder-workspace/.derivedData/Build/Intermediates.noindex/RichText.build/Debug-watchos/Introspection.build/Objects-normal/arm64_32/Introspection.SwiftFileList -DSWIFT_PACKAGE -DDEBUG -stats-output-dir .stats -plugin-path /Applications/Xcode-16.3.0.app/Contents/Developer/Toolchains/XcodeDefault.xctoolchain/usr/lib/swift/host/plugins/testing -enable-experimental-feature DebugDescriptionMacro -sdk /Applications/Xcode-16.3.0.app/Contents/Developer/Platforms/WatchOS.platform/Developer/SDKs/WatchOS11.4.sdk -target arm64_32-apple-watchos9.0 -g -module-cache-path /Users/admin/builder/spi-builder-workspace/.derivedData/ModuleCache.noindex -Xfrontend -serialize-debugging-options -enable-testing -index-store-path /Users/admin/builder/spi-builder-workspace/.derivedData/Index.noindex/DataStore -swift-version 6 -I /Users/admin/builder/spi-builder-workspace/.derivedData/Build/Products/Debug-watchos -I /Applications/Xcode-16.3.0.app/Contents/Developer/Platforms/WatchOS.platform/Developer/usr/lib -F /Users/admin/builder/spi-builder-workspace/.derivedData/Build/Products/Debug-watchos -F /Applications/Xcode-16.3.0.app/Contents/Developer/Platforms/WatchOS.platform/Developer/Library/Frameworks -F /Applications/Xcode-16.3.0.app/Contents/Developer/Platforms/WatchOS.platform/Developer/SDKs/WatchOS11.4.sdk/Developer/Library/Frameworks -c -j10 -enable-batch-mode -incremental -Xcc -ivfsstatcache -Xcc /Users/admin/builder/spi-builder-workspace/.derivedData/SDKStatCaches.noindex/watchos11.4-22T246-43efb940ff07ba2497b70ec94253f576.sdkstatcache -output-file-map /Users/admin/builder/spi-builder-workspace/.derivedData/Build/Intermediates.noindex/RichText.build/Debug-watchos/Introspection.build/Objects-normal/arm64_32/Introspection-OutputFileMap.json -use-frontend-parseable-output -save-temps -no-color-diagnostics -serialize-diagnostics -emit-dependencies -emit-module -emit-module-path /Users/admin/builder/spi-builder-workspace/.derivedData/Build/Intermediates.noindex/RichText.build/Debug-watchos/Introspection.build/Objects-normal/arm64_32/Introspection.swiftmodule -validate-clang-modules-once -clang-build-session-file /Users/admin/builder/spi-builder-workspace/.derivedData/ModuleCache.noindex/Session.modulevalidation -package-name spi_builder_workspace -Xcc -I/Users/admin/builder/spi-builder-workspace/.derivedData/Build/Intermediates.noindex/RichText.build/Debug-watchos/Introspection.build/swift-overrides.hmap -emit-const-values -Xfrontend -const-gather-protocols-file -Xfrontend /Users/admin/builder/spi-builder-workspace/.derivedData/Build/Intermediates.noindex/RichText.build/Debug-watchos/Introspection.build/Objects-normal/arm64_32/Introspection_const_extract_protocols.json -Xcc -I/Users/admin/builder/spi-builder-workspace/.derivedData/Build/Products/Debug-watchos/include -Xcc -I/Users/admin/builder/spi-builder-workspace/.derivedData/Build/Intermediates.noindex/RichText.build/Debug-watchos/Introspection.build/DerivedSources-normal/arm64_32 -Xcc -I/Users/admin/builder/spi-builder-workspace/.derivedData/Build/Intermediates.noindex/RichText.build/Debug-watchos/Introspection.build/DerivedSources/arm64_32 -Xcc -I/Users/admin/builder/spi-builder-workspace/.derivedData/Build/Intermediates.noindex/RichText.build/Debug-watchos/Introspection.build/DerivedSources -Xcc -DSWIFT_PACKAGE -Xcc -DDEBUG\=1 -emit-objc-header -emit-objc-header-path /Users/admin/builder/spi-builder-workspace/.derivedData/Build/Intermediates.noindex/RichText.build/Debug-watchos/Introspection.build/Objects-normal/arm64_32/Introspection-Swift.h -working-directory /Users/admin/builder/spi-builder-workspace/.swiftpm/xcode -experimental-emit-module-separately -disable-cmo
SwiftCompile normal arm64_32 Compiling\ ResolvedLocalizedStringKey.swift /Users/admin/builder/spi-builder-workspace/Sources/Introspection/SwiftUI/Text/ResolvedLocalizedStringKey.swift (in target 'Introspection' from project 'RichText')
SwiftCompile normal arm64_32 /Users/admin/builder/spi-builder-workspace/Sources/Introspection/SwiftUI/Text/ResolvedLocalizedStringKey.swift (in target 'Introspection' from project 'RichText')
    cd /Users/admin/builder/spi-builder-workspace/.swiftpm/xcode

/Users/admin/builder/spi-builder-workspace/Sources/Introspection/SwiftUI/Text/ResolvedLocalizedStringKey.swift:69:36: error: cannot convert value of type 'Bundle' to expected argument type 'LocalizedStringResource.BundleDescription'
                    bundle: bundle ?? .main,
                                   ^
/Users/admin/builder/spi-builder-workspace/Sources/Introspection/SwiftUI/Text/ResolvedLocalizedStringKey.swift:84:36: error: cannot convert value of type 'Bundle' to expected argument type 'LocalizedStringResource.BundleDescription'
                    bundle: bundle ?? .main,
                                   ^
SwiftEmitModule normal arm64_32 Emitting\ module\ for\ Introspection (in target 'Introspection' from project 'RichText')
EmitSwiftModule normal arm64_32 (in target 'Introspection' from project 'RichText')
    cd /Users/admin/builder/spi-builder-workspace/.swiftpm/xcode

SwiftCompile normal arm64 Compiling\ FormatStyle++.swift /Users/admin/builder/spi-builder-workspace/Sources/Introspection/SwiftUI/Text/Helpers/FormatStyle++.swift (in target 'Introspection' from project 'RichText')
SwiftCompile normal arm64 /Users/admin/builder/spi-builder-workspace/Sources/Introspection/SwiftUI/Text/Helpers/FormatStyle++.swift (in target 'Introspection' from project 'RichText')
    cd /Users/admin/builder/spi-builder-workspace/.swiftpm/xcode

SwiftCompile normal arm64 Compiling\ _InterpolationValue.swift /Users/admin/builder/spi-builder-workspace/Sources/Introspection/SwiftUI/Text/Helpers/_InterpolationValue.swift (in target 'Introspection' from project 'RichText')
SwiftCompile normal arm64 /Users/admin/builder/spi-builder-workspace/Sources/Introspection/SwiftUI/Text/Helpers/_InterpolationValue.swift (in target 'Introspection' from project 'RichText')
    cd /Users/admin/builder/spi-builder-workspace/.swiftpm/xcode

SwiftCompile normal arm64_32 Compiling\ _InterpolationValue.swift /Users/admin/builder/spi-builder-workspace/Sources/Introspection/SwiftUI/Text/Helpers/_InterpolationValue.swift (in target 'Introspection' from project 'RichText')
SwiftCompile normal arm64_32 /Users/admin/builder/spi-builder-workspace/Sources/Introspection/SwiftUI/Text/Helpers/_InterpolationValue.swift (in target 'Introspection' from project 'RichText')
    cd /Users/admin/builder/spi-builder-workspace/.swiftpm/xcode

SwiftCompile normal arm64 Compiling\ _FormatParser.swift /Users/admin/builder/spi-builder-workspace/Sources/Introspection/SwiftUI/Text/Helpers/_FormatParser.swift (in target 'Introspection' from project 'RichText')
SwiftCompile normal arm64 /Users/admin/builder/spi-builder-workspace/Sources/Introspection/SwiftUI/Text/Helpers/_FormatParser.swift (in target 'Introspection' from project 'RichText')
    cd /Users/admin/builder/spi-builder-workspace/.swiftpm/xcode

SwiftCompile normal arm64_32 Compiling\ ViewIdentity.swift /Users/admin/builder/spi-builder-workspace/Sources/Introspection/SwiftUI/ViewIdentity.swift (in target 'Introspection' from project 'RichText')
SwiftCompile normal arm64_32 /Users/admin/builder/spi-builder-workspace/Sources/Introspection/SwiftUI/ViewIdentity.swift (in target 'Introspection' from project 'RichText')
    cd /Users/admin/builder/spi-builder-workspace/.swiftpm/xcode

SwiftCompile normal arm64_32 Compiling\ TextStorage.swift /Users/admin/builder/spi-builder-workspace/Sources/Introspection/SwiftUI/Text/TextStorage.swift (in target 'Introspection' from project 'RichText')
SwiftCompile normal arm64_32 /Users/admin/builder/spi-builder-workspace/Sources/Introspection/SwiftUI/Text/TextStorage.swift (in target 'Introspection' from project 'RichText')
    cd /Users/admin/builder/spi-builder-workspace/.swiftpm/xcode

SwiftCompile normal arm64_32 Compiling\ _FormatParser.swift /Users/admin/builder/spi-builder-workspace/Sources/Introspection/SwiftUI/Text/Helpers/_FormatParser.swift (in target 'Introspection' from project 'RichText')
SwiftCompile normal arm64_32 /Users/admin/builder/spi-builder-workspace/Sources/Introspection/SwiftUI/Text/Helpers/_FormatParser.swift (in target 'Introspection' from project 'RichText')
    cd /Users/admin/builder/spi-builder-workspace/.swiftpm/xcode

SwiftEmitModule normal arm64 Emitting\ module\ for\ Introspection (in target 'Introspection' from project 'RichText')
EmitSwiftModule normal arm64 (in target 'Introspection' from project 'RichText')
    cd /Users/admin/builder/spi-builder-workspace/.swiftpm/xcode

SwiftCompile normal arm64_32 Compiling\ FormatStyle++.swift /Users/admin/builder/spi-builder-workspace/Sources/Introspection/SwiftUI/Text/Helpers/FormatStyle++.swift (in target 'Introspection' from project 'RichText')
SwiftCompile normal arm64_32 /Users/admin/builder/spi-builder-workspace/Sources/Introspection/SwiftUI/Text/Helpers/FormatStyle++.swift (in target 'Introspection' from project 'RichText')
    cd /Users/admin/builder/spi-builder-workspace/.swiftpm/xcode

SwiftCompile normal arm64 Compiling\ TextStorage.swift /Users/admin/builder/spi-builder-workspace/Sources/Introspection/SwiftUI/Text/TextStorage.swift (in target 'Introspection' from project 'RichText')
SwiftCompile normal arm64 /Users/admin/builder/spi-builder-workspace/Sources/Introspection/SwiftUI/Text/TextStorage.swift (in target 'Introspection' from project 'RichText')
    cd /Users/admin/builder/spi-builder-workspace/.swiftpm/xcode

SwiftDriverJobDiscovery normal arm64_32 Emitting module for Introspection (in target 'Introspection' from project 'RichText')
SwiftDriverJobDiscovery normal arm64 Emitting module for Introspection (in target 'Introspection' from project 'RichText')
SwiftDriver\ Compilation\ Requirements Introspection normal arm64_32 com.apple.xcode.tools.swift.compiler (in target 'Introspection' from project 'RichText')
    cd /Users/admin/builder/spi-builder-workspace/.swiftpm/xcode
    builtin-Swift-Compilation-Requirements -- /Applications/Xcode-16.3.0.app/Contents/Developer/Toolchains/XcodeDefault.xctoolchain/usr/bin/swiftc -module-name Introspection -Onone -enforce-exclusivity\=checked @/Users/admin/builder/spi-builder-workspace/.derivedData/Build/Intermediates.noindex/RichText.build/Debug-watchos/Introspection.build/Objects-normal/arm64_32/Introspection.SwiftFileList -DSWIFT_PACKAGE -DDEBUG -stats-output-dir .stats -plugin-path /Applications/Xcode-16.3.0.app/Contents/Developer/Toolchains/XcodeDefault.xctoolchain/usr/lib/swift/host/plugins/testing -enable-experimental-feature DebugDescriptionMacro -sdk /Applications/Xcode-16.3.0.app/Contents/Developer/Platforms/WatchOS.platform/Developer/SDKs/WatchOS11.4.sdk -target arm64_32-apple-watchos9.0 -g -module-cache-path /Users/admin/builder/spi-builder-workspace/.derivedData/ModuleCache.noindex -Xfrontend -serialize-debugging-options -enable-testing -index-store-path /Users/admin/builder/spi-builder-workspace/.derivedData/Index.noindex/DataStore -swift-version 6 -I /Users/admin/builder/spi-builder-workspace/.derivedData/Build/Products/Debug-watchos -I /Applications/Xcode-16.3.0.app/Contents/Developer/Platforms/WatchOS.platform/Developer/usr/lib -F /Users/admin/builder/spi-builder-workspace/.derivedData/Build/Products/Debug-watchos -F /Applications/Xcode-16.3.0.app/Contents/Developer/Platforms/WatchOS.platform/Developer/Library/Frameworks -F /Applications/Xcode-16.3.0.app/Contents/Developer/Platforms/WatchOS.platform/Developer/SDKs/WatchOS11.4.sdk/Developer/Library/Frameworks -c -j10 -enable-batch-mode -incremental -Xcc -ivfsstatcache -Xcc /Users/admin/builder/spi-builder-workspace/.derivedData/SDKStatCaches.noindex/watchos11.4-22T246-43efb940ff07ba2497b70ec94253f576.sdkstatcache -output-file-map /Users/admin/builder/spi-builder-workspace/.derivedData/Build/Intermediates.noindex/RichText.build/Debug-watchos/Introspection.build/Objects-normal/arm64_32/Introspection-OutputFileMap.json -use-frontend-parseable-output -save-temps -no-color-diagnostics -serialize-diagnostics -emit-dependencies -emit-module -emit-module-path /Users/admin/builder/spi-builder-workspace/.derivedData/Build/Intermediates.noindex/RichText.build/Debug-watchos/Introspection.build/Objects-normal/arm64_32/Introspection.swiftmodule -validate-clang-modules-once -clang-build-session-file /Users/admin/builder/spi-builder-workspace/.derivedData/ModuleCache.noindex/Session.modulevalidation -package-name spi_builder_workspace -Xcc -I/Users/admin/builder/spi-builder-workspace/.derivedData/Build/Intermediates.noindex/RichText.build/Debug-watchos/Introspection.build/swift-overrides.hmap -emit-const-values -Xfrontend -const-gather-protocols-file -Xfrontend /Users/admin/builder/spi-builder-workspace/.derivedData/Build/Intermediates.noindex/RichText.build/Debug-watchos/Introspection.build/Objects-normal/arm64_32/Introspection_const_extract_protocols.json -Xcc -I/Users/admin/builder/spi-builder-workspace/.derivedData/Build/Products/Debug-watchos/include -Xcc -I/Users/admin/builder/spi-builder-workspace/.derivedData/Build/Intermediates.noindex/RichText.build/Debug-watchos/Introspection.build/DerivedSources-normal/arm64_32 -Xcc -I/Users/admin/builder/spi-builder-workspace/.derivedData/Build/Intermediates.noindex/RichText.build/Debug-watchos/Introspection.build/DerivedSources/arm64_32 -Xcc -I/Users/admin/builder/spi-builder-workspace/.derivedData/Build/Intermediates.noindex/RichText.build/Debug-watchos/Introspection.build/DerivedSources -Xcc -DSWIFT_PACKAGE -Xcc -DDEBUG\=1 -emit-objc-header -emit-objc-header-path /Users/admin/builder/spi-builder-workspace/.derivedData/Build/Intermediates.noindex/RichText.build/Debug-watchos/Introspection.build/Objects-normal/arm64_32/Introspection-Swift.h -working-directory /Users/admin/builder/spi-builder-workspace/.swiftpm/xcode -experimental-emit-module-separately -disable-cmo
SwiftDriver\ Compilation\ Requirements Introspection normal arm64 com.apple.xcode.tools.swift.compiler (in target 'Introspection' from project 'RichText')
    cd /Users/admin/builder/spi-builder-workspace/.swiftpm/xcode
    builtin-Swift-Compilation-Requirements -- /Applications/Xcode-16.3.0.app/Contents/Developer/Toolchains/XcodeDefault.xctoolchain/usr/bin/swiftc -module-name Introspection -Onone -enforce-exclusivity\=checked @/Users/admin/builder/spi-builder-workspace/.derivedData/Build/Intermediates.noindex/RichText.build/Debug-watchos/Introspection.build/Objects-normal/arm64/Introspection.SwiftFileList -DSWIFT_PACKAGE -DDEBUG -stats-output-dir .stats -plugin-path /Applications/Xcode-16.3.0.app/Contents/Developer/Toolchains/XcodeDefault.xctoolchain/usr/lib/swift/host/plugins/testing -enable-experimental-feature DebugDescriptionMacro -sdk /Applications/Xcode-16.3.0.app/Contents/Developer/Platforms/WatchOS.platform/Developer/SDKs/WatchOS11.4.sdk -target arm64-apple-watchos9.0 -g -module-cache-path /Users/admin/builder/spi-builder-workspace/.derivedData/ModuleCache.noindex -Xfrontend -serialize-debugging-options -enable-testing -index-store-path /Users/admin/builder/spi-builder-workspace/.derivedData/Index.noindex/DataStore -swift-version 6 -I /Users/admin/builder/spi-builder-workspace/.derivedData/Build/Products/Debug-watchos -I /Applications/Xcode-16.3.0.app/Contents/Developer/Platforms/WatchOS.platform/Developer/usr/lib -F /Users/admin/builder/spi-builder-workspace/.derivedData/Build/Products/Debug-watchos -F /Applications/Xcode-16.3.0.app/Contents/Developer/Platforms/WatchOS.platform/Developer/Library/Frameworks -F /Applications/Xcode-16.3.0.app/Contents/Developer/Platforms/WatchOS.platform/Developer/SDKs/WatchOS11.4.sdk/Developer/Library/Frameworks -c -j10 -enable-batch-mode -incremental -Xcc -ivfsstatcache -Xcc /Users/admin/builder/spi-builder-workspace/.derivedData/SDKStatCaches.noindex/watchos11.4-22T246-43efb940ff07ba2497b70ec94253f576.sdkstatcache -output-file-map /Users/admin/builder/spi-builder-workspace/.derivedData/Build/Intermediates.noindex/RichText.build/Debug-watchos/Introspection.build/Objects-normal/arm64/Introspection-OutputFileMap.json -use-frontend-parseable-output -save-temps -no-color-diagnostics -serialize-diagnostics -emit-dependencies -emit-module -emit-module-path /Users/admin/builder/spi-builder-workspace/.derivedData/Build/Intermediates.noindex/RichText.build/Debug-watchos/Introspection.build/Objects-normal/arm64/Introspection.swiftmodule -validate-clang-modules-once -clang-build-session-file /Users/admin/builder/spi-builder-workspace/.derivedData/ModuleCache.noindex/Session.modulevalidation -package-name spi_builder_workspace -Xcc -I/Users/admin/builder/spi-builder-workspace/.derivedData/Build/Intermediates.noindex/RichText.build/Debug-watchos/Introspection.build/swift-overrides.hmap -emit-const-values -Xfrontend -const-gather-protocols-file -Xfrontend /Users/admin/builder/spi-builder-workspace/.derivedData/Build/Intermediates.noindex/RichText.build/Debug-watchos/Introspection.build/Objects-normal/arm64/Introspection_const_extract_protocols.json -Xcc -I/Users/admin/builder/spi-builder-workspace/.derivedData/Build/Products/Debug-watchos/include -Xcc -I/Users/admin/builder/spi-builder-workspace/.derivedData/Build/Intermediates.noindex/RichText.build/Debug-watchos/Introspection.build/DerivedSources-normal/arm64 -Xcc -I/Users/admin/builder/spi-builder-workspace/.derivedData/Build/Intermediates.noindex/RichText.build/Debug-watchos/Introspection.build/DerivedSources/arm64 -Xcc -I/Users/admin/builder/spi-builder-workspace/.derivedData/Build/Intermediates.noindex/RichText.build/Debug-watchos/Introspection.build/DerivedSources -Xcc -DSWIFT_PACKAGE -Xcc -DDEBUG\=1 -emit-objc-header -emit-objc-header-path /Users/admin/builder/spi-builder-workspace/.derivedData/Build/Intermediates.noindex/RichText.build/Debug-watchos/Introspection.build/Objects-normal/arm64/Introspection-Swift.h -working-directory /Users/admin/builder/spi-builder-workspace/.swiftpm/xcode -experimental-emit-module-separately -disable-cmo
SwiftDriverJobDiscovery normal arm64 Compiling _InterpolationValue.swift (in target 'Introspection' from project 'RichText')
SwiftCompile normal arm64 Compiling\ ResolvedLocalizedStringKey.swift /Users/admin/builder/spi-builder-workspace/Sources/Introspection/SwiftUI/Text/ResolvedLocalizedStringKey.swift (in target 'Introspection' from project 'RichText')
SwiftCompile normal arm64 /Users/admin/builder/spi-builder-workspace/Sources/Introspection/SwiftUI/Text/ResolvedLocalizedStringKey.swift (in target 'Introspection' from project 'RichText')
    cd /Users/admin/builder/spi-builder-workspace/.swiftpm/xcode

/Users/admin/builder/spi-builder-workspace/Sources/Introspection/SwiftUI/Text/ResolvedLocalizedStringKey.swift:69:36: error: cannot convert value of type 'Bundle' to expected argument type 'LocalizedStringResource.BundleDescription'
                    bundle: bundle ?? .main,
                                   ^
/Users/admin/builder/spi-builder-workspace/Sources/Introspection/SwiftUI/Text/ResolvedLocalizedStringKey.swift:84:36: error: cannot convert value of type 'Bundle' to expected argument type 'LocalizedStringResource.BundleDescription'
                    bundle: bundle ?? .main,
                                   ^
SwiftCompile normal arm64 Compiling\ ViewIdentity.swift /Users/admin/builder/spi-builder-workspace/Sources/Introspection/SwiftUI/ViewIdentity.swift (in target 'Introspection' from project 'RichText')
SwiftCompile normal arm64 /Users/admin/builder/spi-builder-workspace/Sources/Introspection/SwiftUI/ViewIdentity.swift (in target 'Introspection' from project 'RichText')
    cd /Users/admin/builder/spi-builder-workspace/.swiftpm/xcode

SwiftDriverJobDiscovery normal arm64 Compiling _FormatParser.swift (in target 'Introspection' from project 'RichText')
SwiftDriverJobDiscovery normal arm64_32 Compiling _InterpolationValue.swift (in target 'Introspection' from project 'RichText')
SwiftDriverJobDiscovery normal arm64_32 Compiling _FormatParser.swift (in target 'Introspection' from project 'RichText')
SwiftDriverJobDiscovery normal arm64_32 Compiling FormatStyle++.swift (in target 'Introspection' from project 'RichText')
SwiftDriverJobDiscovery normal arm64 Compiling FormatStyle++.swift (in target 'Introspection' from project 'RichText')
SwiftMergeGeneratedHeaders /Users/admin/builder/spi-builder-workspace/.derivedData/Build/Intermediates.noindex/GeneratedModuleMaps-watchos/Introspection-Swift.h /Users/admin/builder/spi-builder-workspace/.derivedData/Build/Intermediates.noindex/RichText.build/Debug-watchos/Introspection.build/Objects-normal/arm64/Introspection-Swift.h /Users/admin/builder/spi-builder-workspace/.derivedData/Build/Intermediates.noindex/RichText.build/Debug-watchos/Introspection.build/Objects-normal/arm64_32/Introspection-Swift.h (in target 'Introspection' from project 'RichText')
    cd /Users/admin/builder/spi-builder-workspace
    builtin-swiftHeaderTool -arch arm64 /Users/admin/builder/spi-builder-workspace/.derivedData/Build/Intermediates.noindex/RichText.build/Debug-watchos/Introspection.build/Objects-normal/arm64/Introspection-Swift.h -arch arm64_32 /Users/admin/builder/spi-builder-workspace/.derivedData/Build/Intermediates.noindex/RichText.build/Debug-watchos/Introspection.build/Objects-normal/arm64_32/Introspection-Swift.h -o /Users/admin/builder/spi-builder-workspace/.derivedData/Build/Intermediates.noindex/GeneratedModuleMaps-watchos/Introspection-Swift.h
Copy /Users/admin/builder/spi-builder-workspace/.derivedData/Build/Products/Debug-watchos/Introspection.swiftmodule/arm64_32-apple-watchos.swiftdoc /Users/admin/builder/spi-builder-workspace/.derivedData/Build/Intermediates.noindex/RichText.build/Debug-watchos/Introspection.build/Objects-normal/arm64_32/Introspection.swiftdoc (in target 'Introspection' from project 'RichText')
    cd /Users/admin/builder/spi-builder-workspace
    builtin-copy -exclude .DS_Store -exclude CVS -exclude .svn -exclude .git -exclude .hg -resolve-src-symlinks -rename /Users/admin/builder/spi-builder-workspace/.derivedData/Build/Intermediates.noindex/RichText.build/Debug-watchos/Introspection.build/Objects-normal/arm64_32/Introspection.swiftdoc /Users/admin/builder/spi-builder-workspace/.derivedData/Build/Products/Debug-watchos/Introspection.swiftmodule/arm64_32-apple-watchos.swiftdoc
Copy /Users/admin/builder/spi-builder-workspace/.derivedData/Build/Products/Debug-watchos/Introspection.swiftmodule/arm64_32-apple-watchos.swiftmodule /Users/admin/builder/spi-builder-workspace/.derivedData/Build/Intermediates.noindex/RichText.build/Debug-watchos/Introspection.build/Objects-normal/arm64_32/Introspection.swiftmodule (in target 'Introspection' from project 'RichText')
    cd /Users/admin/builder/spi-builder-workspace
    builtin-copy -exclude .DS_Store -exclude CVS -exclude .svn -exclude .git -exclude .hg -resolve-src-symlinks -rename /Users/admin/builder/spi-builder-workspace/.derivedData/Build/Intermediates.noindex/RichText.build/Debug-watchos/Introspection.build/Objects-normal/arm64_32/Introspection.swiftmodule /Users/admin/builder/spi-builder-workspace/.derivedData/Build/Products/Debug-watchos/Introspection.swiftmodule/arm64_32-apple-watchos.swiftmodule
Copy /Users/admin/builder/spi-builder-workspace/.derivedData/Build/Products/Debug-watchos/Introspection.swiftmodule/arm64_32-apple-watchos.abi.json /Users/admin/builder/spi-builder-workspace/.derivedData/Build/Intermediates.noindex/RichText.build/Debug-watchos/Introspection.build/Objects-normal/arm64_32/Introspection.abi.json (in target 'Introspection' from project 'RichText')
    cd /Users/admin/builder/spi-builder-workspace
    builtin-copy -exclude .DS_Store -exclude CVS -exclude .svn -exclude .git -exclude .hg -resolve-src-symlinks -rename /Users/admin/builder/spi-builder-workspace/.derivedData/Build/Intermediates.noindex/RichText.build/Debug-watchos/Introspection.build/Objects-normal/arm64_32/Introspection.abi.json /Users/admin/builder/spi-builder-workspace/.derivedData/Build/Products/Debug-watchos/Introspection.swiftmodule/arm64_32-apple-watchos.abi.json
Copy /Users/admin/builder/spi-builder-workspace/.derivedData/Build/Products/Debug-watchos/Introspection.swiftmodule/arm64-apple-watchos.swiftmodule /Users/admin/builder/spi-builder-workspace/.derivedData/Build/Intermediates.noindex/RichText.build/Debug-watchos/Introspection.build/Objects-normal/arm64/Introspection.swiftmodule (in target 'Introspection' from project 'RichText')
    cd /Users/admin/builder/spi-builder-workspace
    builtin-copy -exclude .DS_Store -exclude CVS -exclude .svn -exclude .git -exclude .hg -resolve-src-symlinks -rename /Users/admin/builder/spi-builder-workspace/.derivedData/Build/Intermediates.noindex/RichText.build/Debug-watchos/Introspection.build/Objects-normal/arm64/Introspection.swiftmodule /Users/admin/builder/spi-builder-workspace/.derivedData/Build/Products/Debug-watchos/Introspection.swiftmodule/arm64-apple-watchos.swiftmodule
Copy /Users/admin/builder/spi-builder-workspace/.derivedData/Build/Products/Debug-watchos/Introspection.swiftmodule/arm64-apple-watchos.swiftdoc /Users/admin/builder/spi-builder-workspace/.derivedData/Build/Intermediates.noindex/RichText.build/Debug-watchos/Introspection.build/Objects-normal/arm64/Introspection.swiftdoc (in target 'Introspection' from project 'RichText')
    cd /Users/admin/builder/spi-builder-workspace
    builtin-copy -exclude .DS_Store -exclude CVS -exclude .svn -exclude .git -exclude .hg -resolve-src-symlinks -rename /Users/admin/builder/spi-builder-workspace/.derivedData/Build/Intermediates.noindex/RichText.build/Debug-watchos/Introspection.build/Objects-normal/arm64/Introspection.swiftdoc /Users/admin/builder/spi-builder-workspace/.derivedData/Build/Products/Debug-watchos/Introspection.swiftmodule/arm64-apple-watchos.swiftdoc
Copy /Users/admin/builder/spi-builder-workspace/.derivedData/Build/Products/Debug-watchos/Introspection.swiftmodule/arm64-apple-watchos.abi.json /Users/admin/builder/spi-builder-workspace/.derivedData/Build/Intermediates.noindex/RichText.build/Debug-watchos/Introspection.build/Objects-normal/arm64/Introspection.abi.json (in target 'Introspection' from project 'RichText')
    cd /Users/admin/builder/spi-builder-workspace
    builtin-copy -exclude .DS_Store -exclude CVS -exclude .svn -exclude .git -exclude .hg -resolve-src-symlinks -rename /Users/admin/builder/spi-builder-workspace/.derivedData/Build/Intermediates.noindex/RichText.build/Debug-watchos/Introspection.build/Objects-normal/arm64/Introspection.abi.json /Users/admin/builder/spi-builder-workspace/.derivedData/Build/Products/Debug-watchos/Introspection.swiftmodule/arm64-apple-watchos.abi.json
Copy /Users/admin/builder/spi-builder-workspace/.derivedData/Build/Products/Debug-watchos/Introspection.swiftmodule/Project/arm64_32-apple-watchos.swiftsourceinfo /Users/admin/builder/spi-builder-workspace/.derivedData/Build/Intermediates.noindex/RichText.build/Debug-watchos/Introspection.build/Objects-normal/arm64_32/Introspection.swiftsourceinfo (in target 'Introspection' from project 'RichText')
    cd /Users/admin/builder/spi-builder-workspace
    builtin-copy -exclude .DS_Store -exclude CVS -exclude .svn -exclude .git -exclude .hg -resolve-src-symlinks -rename /Users/admin/builder/spi-builder-workspace/.derivedData/Build/Intermediates.noindex/RichText.build/Debug-watchos/Introspection.build/Objects-normal/arm64_32/Introspection.swiftsourceinfo /Users/admin/builder/spi-builder-workspace/.derivedData/Build/Products/Debug-watchos/Introspection.swiftmodule/Project/arm64_32-apple-watchos.swiftsourceinfo
Copy /Users/admin/builder/spi-builder-workspace/.derivedData/Build/Products/Debug-watchos/Introspection.swiftmodule/Project/arm64-apple-watchos.swiftsourceinfo /Users/admin/builder/spi-builder-workspace/.derivedData/Build/Intermediates.noindex/RichText.build/Debug-watchos/Introspection.build/Objects-normal/arm64/Introspection.swiftsourceinfo (in target 'Introspection' from project 'RichText')
    cd /Users/admin/builder/spi-builder-workspace
    builtin-copy -exclude .DS_Store -exclude CVS -exclude .svn -exclude .git -exclude .hg -resolve-src-symlinks -rename /Users/admin/builder/spi-builder-workspace/.derivedData/Build/Intermediates.noindex/RichText.build/Debug-watchos/Introspection.build/Objects-normal/arm64/Introspection.swiftsourceinfo /Users/admin/builder/spi-builder-workspace/.derivedData/Build/Products/Debug-watchos/Introspection.swiftmodule/Project/arm64-apple-watchos.swiftsourceinfo
SwiftDriver RichText normal arm64 com.apple.xcode.tools.swift.compiler (in target 'RichText' from project 'RichText')
    cd /Users/admin/builder/spi-builder-workspace/.swiftpm/xcode
    builtin-SwiftDriver -- /Applications/Xcode-16.3.0.app/Contents/Developer/Toolchains/XcodeDefault.xctoolchain/usr/bin/swiftc -module-name RichText -Onone -enforce-exclusivity\=checked @/Users/admin/builder/spi-builder-workspace/.derivedData/Build/Intermediates.noindex/RichText.build/Debug-watchos/RichText.build/Objects-normal/arm64/RichText.SwiftFileList -DSWIFT_PACKAGE -DDEBUG -stats-output-dir .stats -plugin-path /Applications/Xcode-16.3.0.app/Contents/Developer/Toolchains/XcodeDefault.xctoolchain/usr/lib/swift/host/plugins/testing -enable-experimental-feature DebugDescriptionMacro -sdk /Applications/Xcode-16.3.0.app/Contents/Developer/Platforms/WatchOS.platform/Developer/SDKs/WatchOS11.4.sdk -target arm64-apple-watchos9.0 -g -module-cache-path /Users/admin/builder/spi-builder-workspace/.derivedData/ModuleCache.noindex -Xfrontend -serialize-debugging-options -enable-testing -index-store-path /Users/admin/builder/spi-builder-workspace/.derivedData/Index.noindex/DataStore -swift-version 6 -I /Users/admin/builder/spi-builder-workspace/.derivedData/Build/Products/Debug-watchos -I /Applications/Xcode-16.3.0.app/Contents/Developer/Platforms/WatchOS.platform/Developer/usr/lib -F /Users/admin/builder/spi-builder-workspace/.derivedData/Build/Products/Debug-watchos/PackageFrameworks -F /Users/admin/builder/spi-builder-workspace/.derivedData/Build/Products/Debug-watchos -F /Applications/Xcode-16.3.0.app/Contents/Developer/Platforms/WatchOS.platform/Developer/Library/Frameworks -F /Applications/Xcode-16.3.0.app/Contents/Developer/Platforms/WatchOS.platform/Developer/SDKs/WatchOS11.4.sdk/Developer/Library/Frameworks -c -j10 -enable-batch-mode -incremental -Xcc -ivfsstatcache -Xcc /Users/admin/builder/spi-builder-workspace/.derivedData/SDKStatCaches.noindex/watchos11.4-22T246-43efb940ff07ba2497b70ec94253f576.sdkstatcache -output-file-map /Users/admin/builder/spi-builder-workspace/.derivedData/Build/Intermediates.noindex/RichText.build/Debug-watchos/RichText.build/Objects-normal/arm64/RichText-OutputFileMap.json -use-frontend-parseable-output -save-temps -no-color-diagnostics -serialize-diagnostics -emit-dependencies -emit-module -emit-module-path /Users/admin/builder/spi-builder-workspace/.derivedData/Build/Intermediates.noindex/RichText.build/Debug-watchos/RichText.build/Objects-normal/arm64/RichText.swiftmodule -validate-clang-modules-once -clang-build-session-file /Users/admin/builder/spi-builder-workspace/.derivedData/ModuleCache.noindex/Session.modulevalidation -package-name spi_builder_workspace -Xcc -I/Users/admin/builder/spi-builder-workspace/.derivedData/Build/Intermediates.noindex/RichText.build/Debug-watchos/RichText.build/swift-overrides.hmap -emit-const-values -Xfrontend -const-gather-protocols-file -Xfrontend /Users/admin/builder/spi-builder-workspace/.derivedData/Build/Intermediates.noindex/RichText.build/Debug-watchos/RichText.build/Objects-normal/arm64/RichText_const_extract_protocols.json -Xcc -I/Users/admin/builder/spi-builder-workspace/.derivedData/Build/Products/Debug-watchos/include -Xcc -I/Users/admin/builder/spi-builder-workspace/.derivedData/Build/Intermediates.noindex/RichText.build/Debug-watchos/RichText.build/DerivedSources-normal/arm64 -Xcc -I/Users/admin/builder/spi-builder-workspace/.derivedData/Build/Intermediates.noindex/RichText.build/Debug-watchos/RichText.build/DerivedSources/arm64 -Xcc -I/Users/admin/builder/spi-builder-workspace/.derivedData/Build/Intermediates.noindex/RichText.build/Debug-watchos/RichText.build/DerivedSources -Xcc -DSWIFT_PACKAGE -Xcc -DDEBUG\=1 -emit-objc-header -emit-objc-header-path /Users/admin/builder/spi-builder-workspace/.derivedData/Build/Intermediates.noindex/RichText.build/Debug-watchos/RichText.build/Objects-normal/arm64/RichText-Swift.h -working-directory /Users/admin/builder/spi-builder-workspace/.swiftpm/xcode -experimental-emit-module-separately -disable-cmo
SwiftDriver RichText normal arm64_32 com.apple.xcode.tools.swift.compiler (in target 'RichText' from project 'RichText')
    cd /Users/admin/builder/spi-builder-workspace/.swiftpm/xcode
    builtin-SwiftDriver -- /Applications/Xcode-16.3.0.app/Contents/Developer/Toolchains/XcodeDefault.xctoolchain/usr/bin/swiftc -module-name RichText -Onone -enforce-exclusivity\=checked @/Users/admin/builder/spi-builder-workspace/.derivedData/Build/Intermediates.noindex/RichText.build/Debug-watchos/RichText.build/Objects-normal/arm64_32/RichText.SwiftFileList -DSWIFT_PACKAGE -DDEBUG -stats-output-dir .stats -plugin-path /Applications/Xcode-16.3.0.app/Contents/Developer/Toolchains/XcodeDefault.xctoolchain/usr/lib/swift/host/plugins/testing -enable-experimental-feature DebugDescriptionMacro -sdk /Applications/Xcode-16.3.0.app/Contents/Developer/Platforms/WatchOS.platform/Developer/SDKs/WatchOS11.4.sdk -target arm64_32-apple-watchos9.0 -g -module-cache-path /Users/admin/builder/spi-builder-workspace/.derivedData/ModuleCache.noindex -Xfrontend -serialize-debugging-options -enable-testing -index-store-path /Users/admin/builder/spi-builder-workspace/.derivedData/Index.noindex/DataStore -swift-version 6 -I /Users/admin/builder/spi-builder-workspace/.derivedData/Build/Products/Debug-watchos -I /Applications/Xcode-16.3.0.app/Contents/Developer/Platforms/WatchOS.platform/Developer/usr/lib -F /Users/admin/builder/spi-builder-workspace/.derivedData/Build/Products/Debug-watchos/PackageFrameworks -F /Users/admin/builder/spi-builder-workspace/.derivedData/Build/Products/Debug-watchos -F /Applications/Xcode-16.3.0.app/Contents/Developer/Platforms/WatchOS.platform/Developer/Library/Frameworks -F /Applications/Xcode-16.3.0.app/Contents/Developer/Platforms/WatchOS.platform/Developer/SDKs/WatchOS11.4.sdk/Developer/Library/Frameworks -c -j10 -enable-batch-mode -incremental -Xcc -ivfsstatcache -Xcc /Users/admin/builder/spi-builder-workspace/.derivedData/SDKStatCaches.noindex/watchos11.4-22T246-43efb940ff07ba2497b70ec94253f576.sdkstatcache -output-file-map /Users/admin/builder/spi-builder-workspace/.derivedData/Build/Intermediates.noindex/RichText.build/Debug-watchos/RichText.build/Objects-normal/arm64_32/RichText-OutputFileMap.json -use-frontend-parseable-output -save-temps -no-color-diagnostics -serialize-diagnostics -emit-dependencies -emit-module -emit-module-path /Users/admin/builder/spi-builder-workspace/.derivedData/Build/Intermediates.noindex/RichText.build/Debug-watchos/RichText.build/Objects-normal/arm64_32/RichText.swiftmodule -validate-clang-modules-once -clang-build-session-file /Users/admin/builder/spi-builder-workspace/.derivedData/ModuleCache.noindex/Session.modulevalidation -package-name spi_builder_workspace -Xcc -I/Users/admin/builder/spi-builder-workspace/.derivedData/Build/Intermediates.noindex/RichText.build/Debug-watchos/RichText.build/swift-overrides.hmap -emit-const-values -Xfrontend -const-gather-protocols-file -Xfrontend /Users/admin/builder/spi-builder-workspace/.derivedData/Build/Intermediates.noindex/RichText.build/Debug-watchos/RichText.build/Objects-normal/arm64_32/RichText_const_extract_protocols.json -Xcc -I/Users/admin/builder/spi-builder-workspace/.derivedData/Build/Products/Debug-watchos/include -Xcc -I/Users/admin/builder/spi-builder-workspace/.derivedData/Build/Intermediates.noindex/RichText.build/Debug-watchos/RichText.build/DerivedSources-normal/arm64_32 -Xcc -I/Users/admin/builder/spi-builder-workspace/.derivedData/Build/Intermediates.noindex/RichText.build/Debug-watchos/RichText.build/DerivedSources/arm64_32 -Xcc -I/Users/admin/builder/spi-builder-workspace/.derivedData/Build/Intermediates.noindex/RichText.build/Debug-watchos/RichText.build/DerivedSources -Xcc -DSWIFT_PACKAGE -Xcc -DDEBUG\=1 -emit-objc-header -emit-objc-header-path /Users/admin/builder/spi-builder-workspace/.derivedData/Build/Intermediates.noindex/RichText.build/Debug-watchos/RichText.build/Objects-normal/arm64_32/RichText-Swift.h -working-directory /Users/admin/builder/spi-builder-workspace/.swiftpm/xcode -experimental-emit-module-separately -disable-cmo
SwiftEmitModule normal arm64_32 Emitting\ module\ for\ RichText (in target 'RichText' from project 'RichText')
EmitSwiftModule normal arm64_32 (in target 'RichText' from project 'RichText')
    cd /Users/admin/builder/spi-builder-workspace/.swiftpm/xcode

/Users/admin/builder/spi-builder-workspace/Sources/RichText/Attributes & Attachments/InlineHostingAttachment.swift:169:27: error: cannot find type 'PlatformView' in scope
    lazy var hostingView: PlatformView = {
                          ^~~~~~~~~~~~
/Users/admin/builder/spi-builder-workspace/Sources/RichText/Attributes & Attachments/InlineHostingAttachment.swift:25:36: error: cannot find type 'UIHostingController' in scope
    private var hostingController: UIHostingController<AnyView>?
                                   ^~~~~~~~~~~~~~~~~~~
/Users/admin/builder/spi-builder-workspace/Sources/RichText/Attributes & Attachments/InlineHostingAttachment.swift:104:25: error: cannot find type 'PlatformView' in scope
        for parentView: PlatformView?,
                        ^~~~~~~~~~~~
/Users/admin/builder/spi-builder-workspace/Sources/RichText/Attributes & Attachments/InlineHostingAttachment.swift:106:24: error: 'NSTextContainer' is unavailable: This Objective-C class has only been forward-declared; import its owning module to use it
        textContainer: NSTextContainer?
                       ^~~~~~~~~~~~~~~
UIKit.NSTextContainer:2:14: note: 'NSTextContainer' has been explicitly marked unavailable here
public class NSTextContainer {
             ^
/Users/admin/builder/spi-builder-workspace/Sources/RichText/Attributes & Attachments/InlineHostingAttachment.swift:107:10: error: 'NSTextAttachmentViewProvider' is unavailable in watchOS
    ) -> NSTextAttachmentViewProvider? {
         ^~~~~~~~~~~~~~~~~~~~~~~~~~~~
/Applications/Xcode-16.3.0.app/Contents/Developer/Platforms/WatchOS.platform/Developer/SDKs/WatchOS11.4.sdk/System/Library/Frameworks/UIKit.framework/Headers/NSTextAttachment.h:98:12: note: 'NSTextAttachmentViewProvider' has been explicitly marked unavailable here
@interface NSTextAttachmentViewProvider : NSObject
           ^
/Users/admin/builder/spi-builder-workspace/Sources/RichText/Attributes & Attachments/InlineHostingAttachment.swift:120:10: error: cannot find type 'PlatformImage' in scope
    ) -> PlatformImage? {
         ^~~~~~~~~~~~~
/Users/admin/builder/spi-builder-workspace/Sources/RichText/Attributes & Attachments/InlineHostingAttachment.swift:118:24: error: 'NSTextContainer' is unavailable: This Objective-C class has only been forward-declared; import its owning module to use it
        textContainer: NSTextContainer?,
                       ^~~~~~~~~~~~~~~
UIKit.NSTextContainer:2:14: note: 'NSTextContainer' has been explicitly marked unavailable here
public class NSTextContainer {
             ^
/Users/admin/builder/spi-builder-workspace/Sources/RichText/Attributes & Attachments/InlineHostingAttachment.swift:125:28: error: 'NSTextContainer' is unavailable: This Objective-C class has only been forward-declared; import its owning module to use it
        for textContainer: NSTextContainer?,
                           ^~~~~~~~~~~~~~~
UIKit.NSTextContainer:2:14: note: 'NSTextContainer' has been explicitly marked unavailable here
public class NSTextContainer {
             ^
/Users/admin/builder/spi-builder-workspace/Sources/RichText/Attributes & Attachments/InlineHostingAttachment.swift:124:26: error: cannot override 'attachmentBounds' which has been marked unavailable
    public override func attachmentBounds(
                         ^
UIKit.NSTextAttachment.attachmentBounds:3:13: note: 'attachmentBounds(for:proposedLineFragment:glyphPosition:characterIndex:)' has been explicitly marked unavailable here
  open func attachmentBounds(for textContainer: NSTextContainer?, proposedLineFragment lineFrag: CGRect, glyphPosition position: CGPoint, characterIndex charIndex: Int) -> CGRect}
            ^
/Users/admin/builder/spi-builder-workspace/Sources/RichText/Attributes & Attachments/InlineHostingAttachment.swift:124:26: note: remove 'override' modifier to declare a new 'attachmentBounds'
    public override func attachmentBounds(
           ~~~~~~~~~     ^

/Users/admin/builder/spi-builder-workspace/Sources/RichText/Attributes & Attachments/InlineHostingAttachment.swift:276:48: error: cannot find type 'PlatformFont' in scope
    static func baselineDescentRatio(for font: PlatformFont?) -> CGFloat {
                                               ^~~~~~~~~~~~
/Users/admin/builder/spi-builder-workspace/Sources/RichText/Attributes & Attachments/InlineHostingAttachmentViewProvider.swift:17:21: error: cannot find type 'PlatformView' in scope
        parentView: PlatformView?,
                    ^~~~~~~~~~~~
/Users/admin/builder/spi-builder-workspace/Sources/RichText/Attributes & Attachments/InlineHostingAttachmentViewProvider.swift:18:28: error: 'NSTextLayoutManager' is unavailable: This Objective-C class has only been forward-declared; import its owning module to use it
        textLayoutManager: NSTextLayoutManager?,
                           ^~~~~~~~~~~~~~~~~~~
UIKit.NSTextLayoutManager:2:14: note: 'NSTextLayoutManager' has been explicitly marked unavailable here
public class NSTextLayoutManager {
             ^
/Users/admin/builder/spi-builder-workspace/Sources/RichText/Attributes & Attachments/InlineHostingAttachmentViewProvider.swift:32:34: error: cannot find type 'PlatformView' in scope
    weak var richTextParentView: PlatformView?
                                 ^~~~~~~~~~~~
/Users/admin/builder/spi-builder-workspace/Sources/RichText/Attributes & Attachments/InlineHostingAttachmentViewProvider.swift:39:39: error: cannot find type 'PlatformView' in scope
    private func makeHostingView() -> PlatformView {
                                      ^~~~~~~~~~~~
/Users/admin/builder/spi-builder-workspace/Sources/RichText/Attributes & Attachments/InlineHostingAttachmentViewProvider.swift:60:24: error: 'NSTextContainer' is unavailable: This Objective-C class has only been forward-declared; import its owning module to use it
        textContainer: NSTextContainer?,
                       ^~~~~~~~~~~~~~~
UIKit.NSTextContainer:2:14: note: 'NSTextContainer' has been explicitly marked unavailable here
public class NSTextContainer {
             ^
/Users/admin/builder/spi-builder-workspace/Sources/RichText/Attributes & Attachments/InlineHostingAttachmentViewProvider.swift:10:50: error: 'NSTextAttachmentViewProvider' is unavailable in watchOS
final class InlineHostingAttachmentViewProvider: NSTextAttachmentViewProvider {
                                                 ^~~~~~~~~~~~~~~~~~~~~~~~~~~~
/Applications/Xcode-16.3.0.app/Contents/Developer/Platforms/WatchOS.platform/Developer/SDKs/WatchOS11.4.sdk/System/Library/Frameworks/UIKit.framework/Headers/NSTextAttachment.h:98:12: note: 'NSTextAttachmentViewProvider' has been explicitly marked unavailable here
@interface NSTextAttachmentViewProvider : NSObject
           ^
/Users/admin/builder/spi-builder-workspace/Sources/RichText/Helpers/NSTextRange++.swift:11:63: error: cannot find type 'NSTextContentManager' in scope
    convenience init?(_ nsRange: NSRange, textContentManager: NSTextContentManager) {
                                                              ^~~~~~~~~~~~~~~~~~~~
/Users/admin/builder/spi-builder-workspace/Sources/RichText/Text View/InlineAttachmentTextView.swift:10:39: error: cannot find type 'PlatformTextView' in scope
final class InlineAttachmentTextView: PlatformTextView {
                                      ^~~~~~~~~~~~~~~~
/Users/admin/builder/spi-builder-workspace/Sources/RichText/Text View/InlineAttachmentTextView+Attachments.swift:75:28: error: 'NSTextLayoutManager' is unavailable: This Objective-C class has only been forward-declared; import its owning module to use it
        textLayoutManager: NSTextLayoutManager,
                           ^~~~~~~~~~~~~~~~~~~
UIKit.NSTextLayoutManager:2:14: note: 'NSTextLayoutManager' has been explicitly marked unavailable here
public class NSTextLayoutManager {
             ^
/Users/admin/builder/spi-builder-workspace/Sources/RichText/Text View/InlineAttachmentTextView+Attachments.swift:194:24: error: 'NSLayoutManager' is unavailable: This Objective-C class has only been forward-declared; import its owning module to use it
        layoutManager: NSLayoutManager,
                       ^~~~~~~~~~~~~~~
UIKit.NSLayoutManager:2:14: note: 'NSLayoutManager' has been explicitly marked unavailable here
public class NSLayoutManager {
             ^
/Users/admin/builder/spi-builder-workspace/Sources/RichText/Text View/InlineAttachmentTextView+Attachments.swift:195:24: error: 'NSTextContainer' is unavailable: This Objective-C class has only been forward-declared; import its owning module to use it
        textContainer: NSTextContainer,
                       ^~~~~~~~~~~~~~~
UIKit.NSTextContainer:2:14: note: 'NSTextContainer' has been explicitly marked unavailable here
public class NSTextContainer {
             ^
/Users/admin/builder/spi-builder-workspace/Sources/RichText/Text View/InlineAttachmentTextView+Storage.swift:57:25: error: cannot find type 'NSTextStorage' in scope
        to textStorage: NSTextStorage
                        ^~~~~~~~~~~~~
/Users/admin/builder/spi-builder-workspace/Sources/RichText/Text View/InlineAttachmentTextView+UIKit.swift:29:19: error: method does not override any method from its superclass
    override func layoutSubviews() {
    ~~~~~~~~      ^
/Users/admin/builder/spi-builder-workspace/Sources/RichText/Text View/InlineAttachmentTextView+UIKit.swift:35:18: error: property does not override any property from its superclass
    override var intrinsicContentSize: CGSize {
    ~~~~~~~~     ^
/Users/admin/builder/spi-builder-workspace/Sources/RichText/Text View/InlineAttachmentTextView+UIKit.swift:39:44: error: cannot find type 'UITextRange' in scope
    override func attributedText(in range: UITextRange) -> NSAttributedString {
                                           ^~~~~~~~~~~
/Users/admin/builder/spi-builder-workspace/Sources/RichText/Text View/InlineAttachmentTextView+UIKit.swift:45:34: error: cannot find type 'UITextRange' in scope
    override func text(in range: UITextRange) -> String? {
                                 ^~~~~~~~~~~
/Users/admin/builder/spi-builder-workspace/Sources/RichText/Text View/InlineAttachmentTextView+UIKit.swift:50:19: error: method does not override any method from its superclass
    override func copy(_ sender: Any?) {
    ~~~~~~~~      ^
/Users/admin/builder/spi-builder-workspace/Sources/RichText/Text View/InlineAttachmentTextView.swift:11:51: error: cannot find type 'PlatformView' in scope
    var inlineAttachmentViews: [ObjectIdentifier: PlatformView] = [:]
                                                  ^~~~~~~~~~~~
/Users/admin/builder/spi-builder-workspace/Sources/RichText/Text View/InlineAttachmentTextView.swift:124:29: error: cannot find type 'NSTextContentManager' in scope
    var textContentManager: NSTextContentManager? {
                            ^~~~~~~~~~~~~~~~~~~~
/Users/admin/builder/spi-builder-workspace/Sources/RichText/Text View/InlineAttachmentTextView.swift:129:30: error: cannot find type 'NSTextContentStorage' in scope
    var _textContentStorage: NSTextContentStorage? {
                             ^~~~~~~~~~~~~~~~~~~~
/Users/admin/builder/spi-builder-workspace/Sources/RichText/Text View/InlineAttachmentTextView.swift:134:25: error: 'NSLayoutManager' is unavailable: This Objective-C class has only been forward-declared; import its owning module to use it
    var _layoutManager: NSLayoutManager? {
                        ^~~~~~~~~~~~~~~
UIKit.NSLayoutManager:2:14: note: 'NSLayoutManager' has been explicitly marked unavailable here
public class NSLayoutManager {
             ^
/Users/admin/builder/spi-builder-workspace/Sources/RichText/Text View/InlineAttachmentTextView.swift:141:25: error: 'NSTextContainer' is unavailable: This Objective-C class has only been forward-declared; import its owning module to use it
    var _textContainer: NSTextContainer? {
                        ^~~~~~~~~~~~~~~
UIKit.NSTextContainer:2:14: note: 'NSTextContainer' has been explicitly marked unavailable here
public class NSTextContainer {
             ^
/Users/admin/builder/spi-builder-workspace/Sources/RichText/Text View/InlineAttachmentTextView.swift:148:23: error: cannot find type 'NSTextStorage' in scope
    var _textStorage: NSTextStorage? {
                      ^~~~~~~~~~~~~
/Users/admin/builder/spi-builder-workspace/Sources/RichText/Text View/InlineAttachmentTextView.swift:171:27: error: cannot find type 'PlatformFont' in scope
    func _fixFont(_ font: PlatformFont?, in range: NSRange) {
                          ^~~~~~~~~~~~
/Users/admin/builder/spi-builder-workspace/Sources/RichText/Text View/Support/PlatformFontViewModifier.swift:22:42: error: cannot find type 'PlatformFont' in scope
    public nonisolated func font(_ font: PlatformFont?) -> some View {
                                         ^~~~~~~~~~~~
/Users/admin/builder/spi-builder-workspace/Sources/RichText/Text View/Support/PlatformFontViewModifier.swift:29:35: error: cannot find type 'PlatformFont' in scope
    nonisolated(unsafe) var font: PlatformFont?
                                  ^~~~~~~~~~~~
/Users/admin/builder/spi-builder-workspace/Sources/RichText/Text View/Support/PlatformFontViewModifier.swift:32:28: error: cannot find type 'PlatformFont' in scope
    nonisolated init(font: PlatformFont?) {
                           ^~~~~~~~~~~~
/Users/admin/builder/spi-builder-workspace/Sources/RichText/Text View/Support/PlatformFontViewModifier.swift:50:30: error: cannot find type 'PlatformFont' in scope
    static var defaultValue: PlatformFont {
                             ^~~~~~~~~~~~
/Users/admin/builder/spi-builder-workspace/Sources/RichText/Text View/Support/PlatformFontViewModifier.swift:49:8: error: type 'FallbackPlatformFont' does not conform to protocol 'EnvironmentKey'
struct FallbackPlatformFont: EnvironmentKey {
       ^
/Users/admin/builder/spi-builder-workspace/Sources/RichText/Text View/Support/PlatformFontViewModifier.swift:49:8: note: add stubs for conformance
struct FallbackPlatformFont: EnvironmentKey {
       ^
SwiftUICore.EnvironmentKey.Value:2:16: note: protocol requires nested type 'Value'
associatedtype Value}
               ^
/Users/admin/builder/spi-builder-workspace/Sources/RichText/Text View/Support/PlatformFontViewModifier.swift:57:31: error: cannot find type 'PlatformFont' in scope
    var fallbackPlatformFont: PlatformFont? {
                              ^~~~~~~~~~~~
/Users/admin/builder/spi-builder-workspace/Sources/RichText/Text View/Support/TextAttributeConverter.swift:16:31: error: cannot find type 'UIViewRepresentable' in scope
typealias ViewRepresentable = UIViewRepresentable
                              ^~~~~~~~~~~~~~~~~~~
/Users/admin/builder/spi-builder-workspace/Sources/RichText/Text View/Support/TextAttributeConverter.swift:17:34: error: cannot find type 'UIViewRepresentableContext' in scope
typealias RepresentableContext = UIViewRepresentableContext
                                 ^~~~~~~~~~~~~~~~~~~~~~~~~~
/Users/admin/builder/spi-builder-workspace/Sources/RichText/Text View/Support/TextAttributeConverter.swift:151:21: error: cannot find type 'PlatformTextView' in scope
        _ textView: PlatformTextView,
                    ^~~~~~~~~~~~~~~~
/Users/admin/builder/spi-builder-workspace/Sources/RichText/Text View/Support/TextAttributeConverter.swift:172:26: error: 'NSTextContainer' is unavailable: This Objective-C class has only been forward-declared; import its owning module to use it
        _ textContainer: NSTextContainer,
                         ^~~~~~~~~~~~~~~
UIKit.NSTextContainer:2:14: note: 'NSTextContainer' has been explicitly marked unavailable here
public class NSTextContainer {
             ^
/Users/admin/builder/spi-builder-workspace/Sources/RichText/Text View/Support/TextViewRenderConfiguration.swift:17:22: error: cannot find type 'PlatformFont' in scope
    var defaultFont: PlatformFont?
                     ^~~~~~~~~~~~
/Users/admin/builder/spi-builder-workspace/Sources/RichText/Text View/Support/TextViewRenderConfiguration.swift:18:37: error: 'Context' is not a member type of struct 'SwiftUICore.Font'
    var fontResolutionContext: Font.Context
                               ~~~~ ^
SwiftUICore.Font:2:23: note: 'Font' declared here
@frozen public struct Font : Hashable, Sendable {
                      ^
/Users/admin/builder/spi-builder-workspace/Sources/RichText/Text View/Support/TextViewRenderConfiguration.swift:61:28: error: 'LineHeight' is not a member type of struct 'Foundation.AttributedString'
extension AttributedString.LineHeight {
          ~~~~~~~~~~~~~~~~ ^
Foundation.AttributedString:2:36: note: 'AttributedString' declared here
@dynamicMemberLookup public struct AttributedString : Sendable {
                                   ^
/Users/admin/builder/spi-builder-workspace/Sources/RichText/Text View/SwiftUI/_TextView_UIKit.swift:16:30: error: cannot find type 'Context' in scope
    func makeUIView(context: Context) -> InlineAttachmentTextView {
                             ^~~~~~~
/Users/admin/builder/spi-builder-workspace/Sources/RichText/Text View/SwiftUI/_TextView_UIKit.swift:36:70: error: cannot find type 'Context' in scope
    func updateUIView(_ textView: InlineAttachmentTextView, context: Context) {
                                                                     ^~~~~~~
/Users/admin/builder/spi-builder-workspace/Sources/RichText/Text View/SwiftUI/_TextView_UIKit.swift:57:18: error: cannot find type 'Context' in scope
        context: Context
                 ^~~~~~~
/Users/admin/builder/spi-builder-workspace/Sources/RichText/Text View/SwiftUI/_TextView_UIKit.swift:69:40: error: cannot find type 'UITextViewDelegate' in scope
    final class Coordinator: NSObject, UITextViewDelegate, UITextDragDelegate {
                                       ^~~~~~~~~~~~~~~~~~
/Users/admin/builder/spi-builder-workspace/Sources/RichText/Text View/SwiftUI/_TextView_UIKit.swift:69:60: error: cannot find type 'UITextDragDelegate' in scope
    final class Coordinator: NSObject, UITextViewDelegate, UITextDragDelegate {
                                                           ^~~~~~~~~~~~~~~~~~
/Users/admin/builder/spi-builder-workspace/Sources/RichText/Text View/SwiftUI/_TextView_UIKit.swift:72:34: error: cannot find type 'UIEditMenuInteraction' in scope
        var editMenuInteraction: UIEditMenuInteraction?
                                 ^~~~~~~~~~~~~~~~~~~~~
/Users/admin/builder/spi-builder-workspace/Sources/RichText/Text View/SwiftUI/_TextView_UIKit.swift:81:15: error: cannot find type 'UIDragItem' in scope
        ) -> [UIDragItem] {
              ^~~~~~~~~~
/Users/admin/builder/spi-builder-workspace/Sources/RichText/Text View/SwiftUI/_TextView_UIKit.swift:79:43: error: cannot find type 'UITextDraggable' in scope
            _ textDraggableView: UIView & UITextDraggable,
                                          ^~~~~~~~~~~~~~~
/Users/admin/builder/spi-builder-workspace/Sources/RichText/Text View/SwiftUI/_TextView_UIKit.swift:80:39: error: cannot find type 'UITextDragRequest' in scope
            itemsForDrag dragRequest: UITextDragRequest
                                      ^~~~~~~~~~~~~~~~~
/Users/admin/builder/spi-builder-workspace/Sources/RichText/Text View/SwiftUI/_TextView_UIKit.swift:11:25: error: cannot find type 'UIViewRepresentable' in scope
struct _TextView_UIKit: UIViewRepresentable {
                        ^~~~~~~~~~~~~~~~~~~
/Users/admin/builder/spi-builder-workspace/Sources/RichText/Text View/SwiftUI/_TextView_UIKit.swift:96:49: error: cannot find type 'UITextRange' in scope
    func containsInlineAttachment(in textRange: UITextRange) -> Bool {
                                                ^~~~~~~~~~~
/Users/admin/builder/spi-builder-workspace/Sources/RichText/TextView.swift:67:6: error: generic parameter 'T' could not be inferred
    @Environment(\.fontResolutionContext) private var fontResolutionContext
     ^
SwiftUICore.Environment.init:3:10: note: in call to initializer
  public init<T>(_ objectType: T.Type) where Value == T?, T : AnyObject, T : Observable}
         ^
/Users/admin/builder/spi-builder-workspace/Sources/RichText/TextView.swift:67:18: error: cannot infer key path type from context; consider explicitly specifying a root type
    @Environment(\.fontResolutionContext) private var fontResolutionContext
                 ^
                  <#Root#>
SwiftCompile normal arm64_32 Compiling\ NSTextRange++.swift,\ NSWritingDirection++.swift,\ Text.LineStyle++.swift,\ InlineView.swift /Users/admin/builder/spi-builder-workspace/Sources/RichText/Helpers/NSTextRange++.swift /Users/admin/builder/spi-builder-workspace/Sources/RichText/Helpers/NSWritingDirection++.swift /Users/admin/builder/spi-builder-workspace/Sources/RichText/Helpers/Text.LineStyle++.swift /Users/admin/builder/spi-builder-workspace/Sources/RichText/Text\ Content\ &\ Fragments/Fragment\ Containers/InlineView.swift (in target 'RichText' from project 'RichText')
SwiftCompile normal arm64_32 /Users/admin/builder/spi-builder-workspace/Sources/RichText/Helpers/NSTextRange++.swift (in target 'RichText' from project 'RichText')
    cd /Users/admin/builder/spi-builder-workspace/.swiftpm/xcode

SwiftCompile normal arm64_32 /Users/admin/builder/spi-builder-workspace/Sources/RichText/Helpers/NSWritingDirection++.swift (in target 'RichText' from project 'RichText')
    cd /Users/admin/builder/spi-builder-workspace/.swiftpm/xcode

SwiftCompile normal arm64_32 /Users/admin/builder/spi-builder-workspace/Sources/RichText/Helpers/Text.LineStyle++.swift (in target 'RichText' from project 'RichText')
    cd /Users/admin/builder/spi-builder-workspace/.swiftpm/xcode

SwiftCompile normal arm64_32 /Users/admin/builder/spi-builder-workspace/Sources/RichText/Text\ Content\ &\ Fragments/Fragment\ Containers/InlineView.swift (in target 'RichText' from project 'RichText')
    cd /Users/admin/builder/spi-builder-workspace/.swiftpm/xcode

SwiftCompile normal arm64_32 Compiling\ _TextView_UIKit.swift,\ TextView.Initializers.swift,\ TextView.swift /Users/admin/builder/spi-builder-workspace/Sources/RichText/Text\ View/SwiftUI/_TextView_UIKit.swift /Users/admin/builder/spi-builder-workspace/Sources/RichText/TextView.Initializers.swift /Users/admin/builder/spi-builder-workspace/Sources/RichText/TextView.swift (in target 'RichText' from project 'RichText')
SwiftCompile normal arm64_32 /Users/admin/builder/spi-builder-workspace/Sources/RichText/Text\ View/SwiftUI/_TextView_UIKit.swift (in target 'RichText' from project 'RichText')
    cd /Users/admin/builder/spi-builder-workspace/.swiftpm/xcode

SwiftCompile normal arm64_32 /Users/admin/builder/spi-builder-workspace/Sources/RichText/TextView.Initializers.swift (in target 'RichText' from project 'RichText')
    cd /Users/admin/builder/spi-builder-workspace/.swiftpm/xcode

SwiftCompile normal arm64_32 /Users/admin/builder/spi-builder-workspace/Sources/RichText/TextView.swift (in target 'RichText' from project 'RichText')
    cd /Users/admin/builder/spi-builder-workspace/.swiftpm/xcode

SwiftEmitModule normal arm64 Emitting\ module\ for\ RichText (in target 'RichText' from project 'RichText')
Failed frontend command:
/Applications/Xcode-16.3.0.app/Contents/Developer/Toolchains/XcodeDefault.xctoolchain/usr/bin/swift-frontend -frontend -emit-module -experimental-skip-non-inlinable-function-bodies-without-types /Users/admin/builder/spi-builder-workspace/Sources/RichText/Attributes\ \&\ Attachments/AttributeContainer++.swift /Users/admin/builder/spi-builder-workspace/Sources/RichText/Attributes\ \&\ Attachments/Attributes/InlineHostingAttachmentAttribute.swift /Users/admin/builder/spi-builder-workspace/Sources/RichText/Attributes\ \&\ Attachments/HostedAttachmentSizing.swift /Users/admin/builder/spi-builder-workspace/Sources/RichText/Attributes\ \&\ Attachments/InlineHostingAttachment.swift /Users/admin/builder/spi-builder-workspace/Sources/RichText/Attributes\ \&\ Attachments/InlineHostingAttachmentViewProvider.swift /Users/admin/builder/spi-builder-workspace/Sources/RichText/Attributes\ \&\ Attachments/RichTextAttributes.swift /Users/admin/builder/spi-builder-workspace/Sources/RichText/Helpers/NSLineBreakMode++.swift /Users/admin/builder/spi-builder-workspace/Sources/RichText/Helpers/NSTextAlignment++.swift /Users/admin/builder/spi-builder-workspace/Sources/RichText/Helpers/NSTextRange++.swift /Users/admin/builder/spi-builder-workspace/Sources/RichText/Helpers/NSWritingDirection++.swift /Users/admin/builder/spi-builder-workspace/Sources/RichText/Helpers/Text.LineStyle++.swift /Users/admin/builder/spi-builder-workspace/Sources/RichText/Text\ Content\ \&\ Fragments/Fragment\ Containers/InlineView.swift /Users/admin/builder/spi-builder-workspace/Sources/RichText/Text\ Content\ \&\ Fragments/Fragment\ Containers/LineBreak.swift /Users/admin/builder/spi-builder-workspace/Sources/RichText/Text\ Content\ \&\ Fragments/Fragment\ Containers/Paragraph.swift /Users/admin/builder/spi-builder-workspace/Sources/RichText/Text\ Content\ \&\ Fragments/Fragment\ Containers/Space.swift /Users/admin/builder/spi-builder-workspace/Sources/RichText/Text\ Content\ \&\ Fragments/Fragment\ Containers/Tab.swift /Users/admin/builder/spi-builder-workspace/Sources/RichText/Text\ Content\ \&\ Fragments/TextContent.swift /Users/admin/builder/spi-builder-workspace/Sources/RichText/Text\ Content\ \&\ Fragments/TextContentBuilder.swift /Users/admin/builder/spi-builder-workspace/Sources/RichText/Text\ Content\ \&\ Fragments/TextContentProviding.swift /Users/admin/builder/spi-builder-workspace/Sources/RichText/Text\ View/InlineAttachmentTextView+AppKit.swift /Users/admin/builder/spi-builder-workspace/Sources/RichText/Text\ View/InlineAttachmentTextView+Attachments.swift /Users/admin/builder/spi-builder-workspace/Sources/RichText/Text\ View/InlineAttachmentTextView+Layout.swift /Users/admin/builder/spi-builder-workspace/Sources/RichText/Text\ View/InlineAttachmentTextView+Storage.swift /Users/admin/builder/spi-builder-workspace/Sources/RichText/Text\ View/InlineAttachmentTextView+UIKit.swift /Users/admin/builder/spi-builder-workspace/Sources/RichText/Text\ View/InlineAttachmentTextView.swift /Users/admin/builder/spi-builder-workspace/Sources/RichText/Text\ View/Layout\ Engine/TextLayoutEngine.swift /Users/admin/builder/spi-builder-workspace/Sources/RichText/Text\ View/Layout\ Engine/TextLayoutEngineModifier.swift /Users/admin/builder/spi-builder-workspace/Sources/RichText/Text\ View/Support/PlatformFontViewModifier.swift /Users/admin/builder/spi-builder-workspace/Sources/RichText/Text\ View/Support/PlatformTypes.swift /Users/admin/builder/spi-builder-workspace/Sources/RichText/Text\ View/Support/TextAttributeConverter.swift /Users/admin/builder/spi-builder-workspace/Sources/RichText/Text\ View/Support/TextViewRenderConfiguration.swift /Users/admin/builder/spi-builder-workspace/Sources/RichText/Text\ View/SwiftUI/_TextView_AppKit.swift /Users/admin/builder/spi-builder-workspace/Sources/RichText/Text\ View/SwiftUI/_TextView_UIKit.swift /Users/admin/builder/spi-builder-workspace/Sources/RichText/TextView.Initializers.swift /Users/admin/builder/spi-builder-workspace/Sources/RichText/TextView.swift -target arm64-apple-watchos9.0 -Xllvm -aarch64-use-tbi -enable-objc-interop -stack-check -sdk /Applications/Xcode-16.3.0.app/Contents/Developer/Platforms/WatchOS.platform/Developer/SDKs/WatchOS11.4.sdk -I /Users/admin/builder/spi-builder-workspace/.derivedData/Build/Products/Debug-watchos -I /Applications/Xcode-16.3.0.app/Contents/Developer/Platforms/WatchOS.platform/Developer/usr/lib -F /Users/admin/builder/spi-builder-workspace/.derivedData/Build/Products/Debug-watchos/PackageFrameworks -F /Users/admin/builder/spi-builder-workspace/.derivedData/Build/Products/Debug-watchos -F /Applications/Xcode-16.3.0.app/Contents/Developer/Platforms/WatchOS.platform/Developer/Library/Frameworks -F /Applications/Xcode-16.3.0.app/Contents/Developer/Platforms/WatchOS.platform/Developer/SDKs/WatchOS11.4.sdk/Developer/Library/Frameworks -no-color-diagnostics -enable-testing -g -debug-info-format\=dwarf -dwarf-version\=4 -module-cache-path /Users/admin/builder/spi-builder-workspace/.derivedData/ModuleCache.noindex -swift-version 6 -enforce-exclusivity\=checked -stats-output-dir /Users/admin/builder/spi-builder-workspace/.swiftpm/xcode/.stats -Onone -D SWIFT_PACKAGE -D DEBUG -serialize-debugging-options -const-gather-protocols-file /Users/admin/builder/spi-builder-workspace/.derivedData/Build/Intermediates.noindex/RichText.build/Debug-watchos/RichText.build/Objects-normal/arm64/RichText_const_extract_protocols.json -enable-experimental-feature DebugDescriptionMacro -empty-abi-descriptor -plugin-path /Applications/Xcode-16.3.0.app/Contents/Developer/Toolchains/XcodeDefault.xctoolchain/usr/lib/swift/host/plugins/testing -validate-clang-modules-once -clang-build-session-file /Users/admin/builder/spi-builder-workspace/.derivedData/ModuleCache.noindex/Session.modulevalidation -Xcc -working-directory -Xcc /Users/admin/builder/spi-builder-workspace/.swiftpm/xcode -resource-dir /Applications/Xcode-16.3.0.app/Contents/Developer/Toolchains/XcodeDefault.xctoolchain/usr/lib/swift -enable-anonymous-context-mangled-names -file-compilation-dir /Users/admin/builder/spi-builder-workspace/.swiftpm/xcode -Xcc -ivfsstatcache -Xcc /Users/admin/builder/spi-builder-workspace/.derivedData/SDKStatCaches.noindex/watchos11.4-22T246-43efb940ff07ba2497b70ec94253f576.sdkstatcache -Xcc -I/Users/admin/builder/spi-builder-workspace/.derivedData/Build/Intermediates.noindex/RichText.build/Debug-watchos/RichText.build/swift-overrides.hmap -Xcc -I/Users/admin/builder/spi-builder-workspace/.derivedData/Build/Products/Debug-watchos/include -Xcc -I/Users/admin/builder/spi-builder-workspace/.derivedData/Build/Intermediates.noindex/RichText.build/Debug-watchos/RichText.build/DerivedSources-normal/arm64 -Xcc -I/Users/admin/builder/spi-builder-workspace/.derivedData/Build/Intermediates.noindex/RichText.build/Debug-watchos/RichText.build/DerivedSources/arm64 -Xcc -I/Users/admin/builder/spi-builder-workspace/.derivedData/Build/Intermediates.noindex/RichText.build/Debug-watchos/RichText.build/DerivedSources -Xcc -DSWIFT_PACKAGE -Xcc -DDEBUG\=1 -module-name RichText -package-name spi_builder_workspace -frontend-parseable-output -disable-clang-spi -target-sdk-version 11.4 -target-sdk-name watchos11.4 -external-plugin-path /Applications/Xcode-16.3.0.app/Contents/Developer/Platforms/WatchOS.platform/Developer/usr/lib/swift/host/plugins\#/Applications/Xcode-16.3.0.app/Contents/Developer/Platforms/WatchOS.platform/Developer/usr/bin/swift-plugin-server -external-plugin-path /Applications/Xcode-16.3.0.app/Contents/Developer/Platforms/WatchOS.platform/Developer/usr/local/lib/swift/host/plugins\#/Applications/Xcode-16.3.0.app/Contents/Developer/Platforms/WatchOS.platform/Developer/usr/bin/swift-plugin-server -in-process-plugin-server-path /Applications/Xcode-16.3.0.app/Contents/Developer/Toolchains/XcodeDefault.xctoolchain/usr/lib/swift/host/libSwiftInProcPluginServer.dylib -plugin-path /Applications/Xcode-16.3.0.app/Contents/Developer/Toolchains/XcodeDefault.xctoolchain/usr/lib/swift/host/plugins -plugin-path /Applications/Xcode-16.3.0.app/Contents/Developer/Toolchains/XcodeDefault.xctoolchain/usr/local/lib/swift/host/plugins -emit-module-doc-path /Users/admin/builder/spi-builder-workspace/.derivedData/Build/Intermediates.noindex/RichText.build/Debug-watchos/RichText.build/Objects-normal/arm64/RichText.swiftdoc -emit-module-source-info-path /Users/admin/builder/spi-builder-workspace/.derivedData/Build/Intermediates.noindex/RichText.build/Debug-watchos/RichText.build/Objects-normal/arm64/RichText.swiftsourceinfo -emit-objc-header-path /Users/admin/builder/spi-builder-workspace/.derivedData/Build/Intermediates.noindex/RichText.build/Debug-watchos/RichText.build/Objects-normal/arm64/RichText-Swift.h -serialize-diagnostics-path /Users/admin/builder/spi-builder-workspace/.derivedData/Build/Intermediates.noindex/RichText.build/Debug-watchos/RichText.build/Objects-normal/arm64/RichText-master-emit-module.dia -emit-dependencies-path /Users/admin/builder/spi-builder-workspace/.derivedData/Build/Intermediates.noindex/RichText.build/Debug-watchos/RichText.build/Objects-normal/arm64/RichText-master-emit-module.d -o /Users/admin/builder/spi-builder-workspace/.derivedData/Build/Intermediates.noindex/RichText.build/Debug-watchos/RichText.build/Objects-normal/arm64/RichText.swiftmodule -emit-abi-descriptor-path /Users/admin/builder/spi-builder-workspace/.derivedData/Build/Intermediates.noindex/RichText.build/Debug-watchos/RichText.build/Objects-normal/arm64/RichText.abi.json
EmitSwiftModule normal arm64 (in target 'RichText' from project 'RichText')
    cd /Users/admin/builder/spi-builder-workspace/.swiftpm/xcode

/Users/admin/builder/spi-builder-workspace/Sources/RichText/Attributes & Attachments/InlineHostingAttachment.swift:169:27: error: cannot find type 'PlatformView' in scope
    lazy var hostingView: PlatformView = {
                          ^~~~~~~~~~~~
/Users/admin/builder/spi-builder-workspace/Sources/RichText/Attributes & Attachments/InlineHostingAttachment.swift:25:36: error: cannot find type 'UIHostingController' in scope
    private var hostingController: UIHostingController<AnyView>?
                                   ^~~~~~~~~~~~~~~~~~~
/Users/admin/builder/spi-builder-workspace/Sources/RichText/Attributes & Attachments/InlineHostingAttachment.swift:104:25: error: cannot find type 'PlatformView' in scope
        for parentView: PlatformView?,
                        ^~~~~~~~~~~~
/Users/admin/builder/spi-builder-workspace/Sources/RichText/Attributes & Attachments/InlineHostingAttachment.swift:106:24: error: 'NSTextContainer' is unavailable: This Objective-C class has only been forward-declared; import its owning module to use it
        textContainer: NSTextContainer?
                       ^~~~~~~~~~~~~~~
UIKit.NSTextContainer:2:14: note: 'NSTextContainer' has been explicitly marked unavailable here
public class NSTextContainer {
             ^
/Users/admin/builder/spi-builder-workspace/Sources/RichText/Attributes & Attachments/InlineHostingAttachment.swift:107:10: error: 'NSTextAttachmentViewProvider' is unavailable in watchOS
    ) -> NSTextAttachmentViewProvider? {
         ^~~~~~~~~~~~~~~~~~~~~~~~~~~~
/Applications/Xcode-16.3.0.app/Contents/Developer/Platforms/WatchOS.platform/Developer/SDKs/WatchOS11.4.sdk/System/Library/Frameworks/UIKit.framework/Headers/NSTextAttachment.h:98:12: note: 'NSTextAttachmentViewProvider' has been explicitly marked unavailable here
@interface NSTextAttachmentViewProvider : NSObject
           ^
/Users/admin/builder/spi-builder-workspace/Sources/RichText/Attributes & Attachments/InlineHostingAttachment.swift:120:10: error: cannot find type 'PlatformImage' in scope
    ) -> PlatformImage? {
         ^~~~~~~~~~~~~
/Users/admin/builder/spi-builder-workspace/Sources/RichText/Attributes & Attachments/InlineHostingAttachment.swift:118:24: error: 'NSTextContainer' is unavailable: This Objective-C class has only been forward-declared; import its owning module to use it
        textContainer: NSTextContainer?,
                       ^~~~~~~~~~~~~~~
UIKit.NSTextContainer:2:14: note: 'NSTextContainer' has been explicitly marked unavailable here
public class NSTextContainer {
             ^
/Users/admin/builder/spi-builder-workspace/Sources/RichText/Attributes & Attachments/InlineHostingAttachment.swift:125:28: error: 'NSTextContainer' is unavailable: This Objective-C class has only been forward-declared; import its owning module to use it
        for textContainer: NSTextContainer?,
                           ^~~~~~~~~~~~~~~
UIKit.NSTextContainer:2:14: note: 'NSTextContainer' has been explicitly marked unavailable here
public class NSTextContainer {
             ^
/Users/admin/builder/spi-builder-workspace/Sources/RichText/Attributes & Attachments/InlineHostingAttachment.swift:124:26: error: cannot override 'attachmentBounds' which has been marked unavailable
    public override func attachmentBounds(
                         ^
UIKit.NSTextAttachment.attachmentBounds:3:13: note: 'attachmentBounds(for:proposedLineFragment:glyphPosition:characterIndex:)' has been explicitly marked unavailable here
  open func attachmentBounds(for textContainer: NSTextContainer?, proposedLineFragment lineFrag: CGRect, glyphPosition position: CGPoint, characterIndex charIndex: Int) -> CGRect}
            ^
/Users/admin/builder/spi-builder-workspace/Sources/RichText/Attributes & Attachments/InlineHostingAttachment.swift:124:26: note: remove 'override' modifier to declare a new 'attachmentBounds'
    public override func attachmentBounds(
           ~~~~~~~~~     ^

/Users/admin/builder/spi-builder-workspace/Sources/RichText/Attributes & Attachments/InlineHostingAttachment.swift:276:48: error: cannot find type 'PlatformFont' in scope
    static func baselineDescentRatio(for font: PlatformFont?) -> CGFloat {
                                               ^~~~~~~~~~~~
/Users/admin/builder/spi-builder-workspace/Sources/RichText/Attributes & Attachments/InlineHostingAttachmentViewProvider.swift:17:21: error: cannot find type 'PlatformView' in scope
        parentView: PlatformView?,
                    ^~~~~~~~~~~~
/Users/admin/builder/spi-builder-workspace/Sources/RichText/Attributes & Attachments/InlineHostingAttachmentViewProvider.swift:18:28: error: 'NSTextLayoutManager' is unavailable: This Objective-C class has only been forward-declared; import its owning module to use it
        textLayoutManager: NSTextLayoutManager?,
                           ^~~~~~~~~~~~~~~~~~~
UIKit.NSTextLayoutManager:2:14: note: 'NSTextLayoutManager' has been explicitly marked unavailable here
public class NSTextLayoutManager {
             ^
/Users/admin/builder/spi-builder-workspace/Sources/RichText/Attributes & Attachments/InlineHostingAttachmentViewProvider.swift:32:34: error: cannot find type 'PlatformView' in scope
    weak var richTextParentView: PlatformView?
                                 ^~~~~~~~~~~~
/Users/admin/builder/spi-builder-workspace/Sources/RichText/Attributes & Attachments/InlineHostingAttachmentViewProvider.swift:39:39: error: cannot find type 'PlatformView' in scope
    private func makeHostingView() -> PlatformView {
                                      ^~~~~~~~~~~~
/Users/admin/builder/spi-builder-workspace/Sources/RichText/Attributes & Attachments/InlineHostingAttachmentViewProvider.swift:60:24: error: 'NSTextContainer' is unavailable: This Objective-C class has only been forward-declared; import its owning module to use it
        textContainer: NSTextContainer?,
                       ^~~~~~~~~~~~~~~
UIKit.NSTextContainer:2:14: note: 'NSTextContainer' has been explicitly marked unavailable here
public class NSTextContainer {
             ^
/Users/admin/builder/spi-builder-workspace/Sources/RichText/Attributes & Attachments/InlineHostingAttachmentViewProvider.swift:10:50: error: 'NSTextAttachmentViewProvider' is unavailable in watchOS
final class InlineHostingAttachmentViewProvider: NSTextAttachmentViewProvider {
                                                 ^~~~~~~~~~~~~~~~~~~~~~~~~~~~
/Applications/Xcode-16.3.0.app/Contents/Developer/Platforms/WatchOS.platform/Developer/SDKs/WatchOS11.4.sdk/System/Library/Frameworks/UIKit.framework/Headers/NSTextAttachment.h:98:12: note: 'NSTextAttachmentViewProvider' has been explicitly marked unavailable here
@interface NSTextAttachmentViewProvider : NSObject
           ^
/Users/admin/builder/spi-builder-workspace/Sources/RichText/Helpers/NSTextRange++.swift:11:63: error: cannot find type 'NSTextContentManager' in scope
    convenience init?(_ nsRange: NSRange, textContentManager: NSTextContentManager) {
                                                              ^~~~~~~~~~~~~~~~~~~~
/Users/admin/builder/spi-builder-workspace/Sources/RichText/Text View/InlineAttachmentTextView.swift:10:39: error: cannot find type 'PlatformTextView' in scope
final class InlineAttachmentTextView: PlatformTextView {
                                      ^~~~~~~~~~~~~~~~
/Users/admin/builder/spi-builder-workspace/Sources/RichText/Text View/InlineAttachmentTextView+Attachments.swift:75:28: error: 'NSTextLayoutManager' is unavailable: This Objective-C class has only been forward-declared; import its owning module to use it
        textLayoutManager: NSTextLayoutManager,
                           ^~~~~~~~~~~~~~~~~~~
UIKit.NSTextLayoutManager:2:14: note: 'NSTextLayoutManager' has been explicitly marked unavailable here
public class NSTextLayoutManager {
             ^
/Users/admin/builder/spi-builder-workspace/Sources/RichText/Text View/InlineAttachmentTextView+Attachments.swift:194:24: error: 'NSLayoutManager' is unavailable: This Objective-C class has only been forward-declared; import its owning module to use it
        layoutManager: NSLayoutManager,
                       ^~~~~~~~~~~~~~~
UIKit.NSLayoutManager:2:14: note: 'NSLayoutManager' has been explicitly marked unavailable here
public class NSLayoutManager {
             ^
/Users/admin/builder/spi-builder-workspace/Sources/RichText/Text View/InlineAttachmentTextView+Attachments.swift:195:24: error: 'NSTextContainer' is unavailable: This Objective-C class has only been forward-declared; import its owning module to use it
        textContainer: NSTextContainer,
                       ^~~~~~~~~~~~~~~
UIKit.NSTextContainer:2:14: note: 'NSTextContainer' has been explicitly marked unavailable here
public class NSTextContainer {
             ^
/Users/admin/builder/spi-builder-workspace/Sources/RichText/Text View/InlineAttachmentTextView+Storage.swift:57:25: error: cannot find type 'NSTextStorage' in scope
        to textStorage: NSTextStorage
                        ^~~~~~~~~~~~~
/Users/admin/builder/spi-builder-workspace/Sources/RichText/Text View/InlineAttachmentTextView+UIKit.swift:29:19: error: method does not override any method from its superclass
    override func layoutSubviews() {
    ~~~~~~~~      ^
/Users/admin/builder/spi-builder-workspace/Sources/RichText/Text View/InlineAttachmentTextView+UIKit.swift:35:18: error: property does not override any property from its superclass
    override var intrinsicContentSize: CGSize {
    ~~~~~~~~     ^
/Users/admin/builder/spi-builder-workspace/Sources/RichText/Text View/InlineAttachmentTextView+UIKit.swift:39:44: error: cannot find type 'UITextRange' in scope
    override func attributedText(in range: UITextRange) -> NSAttributedString {
                                           ^~~~~~~~~~~
/Users/admin/builder/spi-builder-workspace/Sources/RichText/Text View/InlineAttachmentTextView+UIKit.swift:45:34: error: cannot find type 'UITextRange' in scope
    override func text(in range: UITextRange) -> String? {
                                 ^~~~~~~~~~~
/Users/admin/builder/spi-builder-workspace/Sources/RichText/Text View/InlineAttachmentTextView+UIKit.swift:50:19: error: method does not override any method from its superclass
    override func copy(_ sender: Any?) {
    ~~~~~~~~      ^
/Users/admin/builder/spi-builder-workspace/Sources/RichText/Text View/InlineAttachmentTextView.swift:11:51: error: cannot find type 'PlatformView' in scope
    var inlineAttachmentViews: [ObjectIdentifier: PlatformView] = [:]
                                                  ^~~~~~~~~~~~
/Users/admin/builder/spi-builder-workspace/Sources/RichText/Text View/InlineAttachmentTextView.swift:124:29: error: cannot find type 'NSTextContentManager' in scope
    var textContentManager: NSTextContentManager? {
                            ^~~~~~~~~~~~~~~~~~~~
/Users/admin/builder/spi-builder-workspace/Sources/RichText/Text View/InlineAttachmentTextView.swift:129:30: error: cannot find type 'NSTextContentStorage' in scope
    var _textContentStorage: NSTextContentStorage? {
                             ^~~~~~~~~~~~~~~~~~~~
/Users/admin/builder/spi-builder-workspace/Sources/RichText/Text View/InlineAttachmentTextView.swift:134:25: error: 'NSLayoutManager' is unavailable: This Objective-C class has only been forward-declared; import its owning module to use it
    var _layoutManager: NSLayoutManager? {
                        ^~~~~~~~~~~~~~~
UIKit.NSLayoutManager:2:14: note: 'NSLayoutManager' has been explicitly marked unavailable here
public class NSLayoutManager {
             ^
/Users/admin/builder/spi-builder-workspace/Sources/RichText/Text View/InlineAttachmentTextView.swift:141:25: error: 'NSTextContainer' is unavailable: This Objective-C class has only been forward-declared; import its owning module to use it
    var _textContainer: NSTextContainer? {
                        ^~~~~~~~~~~~~~~
UIKit.NSTextContainer:2:14: note: 'NSTextContainer' has been explicitly marked unavailable here
public class NSTextContainer {
             ^
/Users/admin/builder/spi-builder-workspace/Sources/RichText/Text View/InlineAttachmentTextView.swift:148:23: error: cannot find type 'NSTextStorage' in scope
    var _textStorage: NSTextStorage? {
                      ^~~~~~~~~~~~~
/Users/admin/builder/spi-builder-workspace/Sources/RichText/Text View/InlineAttachmentTextView.swift:171:27: error: cannot find type 'PlatformFont' in scope
    func _fixFont(_ font: PlatformFont?, in range: NSRange) {
                          ^~~~~~~~~~~~
/Users/admin/builder/spi-builder-workspace/Sources/RichText/Text View/Support/PlatformFontViewModifier.swift:22:42: error: cannot find type 'PlatformFont' in scope
    public nonisolated func font(_ font: PlatformFont?) -> some View {
                                         ^~~~~~~~~~~~
/Users/admin/builder/spi-builder-workspace/Sources/RichText/Text View/Support/PlatformFontViewModifier.swift:29:35: error: cannot find type 'PlatformFont' in scope
    nonisolated(unsafe) var font: PlatformFont?
                                  ^~~~~~~~~~~~
/Users/admin/builder/spi-builder-workspace/Sources/RichText/Text View/Support/PlatformFontViewModifier.swift:32:28: error: cannot find type 'PlatformFont' in scope
    nonisolated init(font: PlatformFont?) {
                           ^~~~~~~~~~~~
/Users/admin/builder/spi-builder-workspace/Sources/RichText/Text View/Support/PlatformFontViewModifier.swift:50:30: error: cannot find type 'PlatformFont' in scope
    static var defaultValue: PlatformFont {
                             ^~~~~~~~~~~~
/Users/admin/builder/spi-builder-workspace/Sources/RichText/Text View/Support/PlatformFontViewModifier.swift:49:8: error: type 'FallbackPlatformFont' does not conform to protocol 'EnvironmentKey'
struct FallbackPlatformFont: EnvironmentKey {
       ^
/Users/admin/builder/spi-builder-workspace/Sources/RichText/Text View/Support/PlatformFontViewModifier.swift:49:8: note: add stubs for conformance
struct FallbackPlatformFont: EnvironmentKey {
       ^
SwiftUICore.EnvironmentKey.Value:2:16: note: protocol requires nested type 'Value'
associatedtype Value}
               ^
/Users/admin/builder/spi-builder-workspace/Sources/RichText/Text View/Support/PlatformFontViewModifier.swift:57:31: error: cannot find type 'PlatformFont' in scope
    var fallbackPlatformFont: PlatformFont? {
                              ^~~~~~~~~~~~
/Users/admin/builder/spi-builder-workspace/Sources/RichText/Text View/Support/TextAttributeConverter.swift:16:31: error: cannot find type 'UIViewRepresentable' in scope
typealias ViewRepresentable = UIViewRepresentable
                              ^~~~~~~~~~~~~~~~~~~
/Users/admin/builder/spi-builder-workspace/Sources/RichText/Text View/Support/TextAttributeConverter.swift:17:34: error: cannot find type 'UIViewRepresentableContext' in scope
typealias RepresentableContext = UIViewRepresentableContext
                                 ^~~~~~~~~~~~~~~~~~~~~~~~~~
/Users/admin/builder/spi-builder-workspace/Sources/RichText/Text View/Support/TextAttributeConverter.swift:151:21: error: cannot find type 'PlatformTextView' in scope
        _ textView: PlatformTextView,
                    ^~~~~~~~~~~~~~~~
/Users/admin/builder/spi-builder-workspace/Sources/RichText/Text View/Support/TextAttributeConverter.swift:172:26: error: 'NSTextContainer' is unavailable: This Objective-C class has only been forward-declared; import its owning module to use it
        _ textContainer: NSTextContainer,
                         ^~~~~~~~~~~~~~~
UIKit.NSTextContainer:2:14: note: 'NSTextContainer' has been explicitly marked unavailable here
public class NSTextContainer {
             ^
/Users/admin/builder/spi-builder-workspace/Sources/RichText/Text View/Support/TextViewRenderConfiguration.swift:17:22: error: cannot find type 'PlatformFont' in scope
    var defaultFont: PlatformFont?
                     ^~~~~~~~~~~~
/Users/admin/builder/spi-builder-workspace/Sources/RichText/Text View/Support/TextViewRenderConfiguration.swift:18:37: error: 'Context' is not a member type of struct 'SwiftUICore.Font'
    var fontResolutionContext: Font.Context
                               ~~~~ ^
SwiftUICore.Font:2:23: note: 'Font' declared here
@frozen public struct Font : Hashable, Sendable {
                      ^
/Users/admin/builder/spi-builder-workspace/Sources/RichText/Text View/Support/TextViewRenderConfiguration.swift:61:28: error: 'LineHeight' is not a member type of struct 'Foundation.AttributedString'
extension AttributedString.LineHeight {
          ~~~~~~~~~~~~~~~~ ^
Foundation.AttributedString:2:36: note: 'AttributedString' declared here
@dynamicMemberLookup public struct AttributedString : Sendable {
                                   ^
/Users/admin/builder/spi-builder-workspace/Sources/RichText/Text View/SwiftUI/_TextView_UIKit.swift:16:30: error: cannot find type 'Context' in scope
    func makeUIView(context: Context) -> InlineAttachmentTextView {
                             ^~~~~~~
/Users/admin/builder/spi-builder-workspace/Sources/RichText/Text View/SwiftUI/_TextView_UIKit.swift:36:70: error: cannot find type 'Context' in scope
    func updateUIView(_ textView: InlineAttachmentTextView, context: Context) {
                                                                     ^~~~~~~
/Users/admin/builder/spi-builder-workspace/Sources/RichText/Text View/SwiftUI/_TextView_UIKit.swift:57:18: error: cannot find type 'Context' in scope
        context: Context
                 ^~~~~~~
/Users/admin/builder/spi-builder-workspace/Sources/RichText/Text View/SwiftUI/_TextView_UIKit.swift:69:40: error: cannot find type 'UITextViewDelegate' in scope
    final class Coordinator: NSObject, UITextViewDelegate, UITextDragDelegate {
                                       ^~~~~~~~~~~~~~~~~~
/Users/admin/builder/spi-builder-workspace/Sources/RichText/Text View/SwiftUI/_TextView_UIKit.swift:69:60: error: cannot find type 'UITextDragDelegate' in scope
    final class Coordinator: NSObject, UITextViewDelegate, UITextDragDelegate {
                                                           ^~~~~~~~~~~~~~~~~~
/Users/admin/builder/spi-builder-workspace/Sources/RichText/Text View/SwiftUI/_TextView_UIKit.swift:72:34: error: cannot find type 'UIEditMenuInteraction' in scope
        var editMenuInteraction: UIEditMenuInteraction?
                                 ^~~~~~~~~~~~~~~~~~~~~
/Users/admin/builder/spi-builder-workspace/Sources/RichText/Text View/SwiftUI/_TextView_UIKit.swift:81:15: error: cannot find type 'UIDragItem' in scope
        ) -> [UIDragItem] {
              ^~~~~~~~~~
/Users/admin/builder/spi-builder-workspace/Sources/RichText/Text View/SwiftUI/_TextView_UIKit.swift:79:43: error: cannot find type 'UITextDraggable' in scope
            _ textDraggableView: UIView & UITextDraggable,
                                          ^~~~~~~~~~~~~~~
/Users/admin/builder/spi-builder-workspace/Sources/RichText/Text View/SwiftUI/_TextView_UIKit.swift:80:39: error: cannot find type 'UITextDragRequest' in scope
            itemsForDrag dragRequest: UITextDragRequest
                                      ^~~~~~~~~~~~~~~~~
/Users/admin/builder/spi-builder-workspace/Sources/RichText/Text View/SwiftUI/_TextView_UIKit.swift:11:25: error: cannot find type 'UIViewRepresentable' in scope
struct _TextView_UIKit: UIViewRepresentable {
                        ^~~~~~~~~~~~~~~~~~~
/Users/admin/builder/spi-builder-workspace/Sources/RichText/Text View/SwiftUI/_TextView_UIKit.swift:96:49: error: cannot find type 'UITextRange' in scope
    func containsInlineAttachment(in textRange: UITextRange) -> Bool {
                                                ^~~~~~~~~~~
/Users/admin/builder/spi-builder-workspace/Sources/RichText/TextView.swift:67:6: error: generic parameter 'T' could not be inferred
    @Environment(\.fontResolutionContext) private var fontResolutionContext
     ^
SwiftUICore.Environment.init:3:10: note: in call to initializer
  public init<T>(_ objectType: T.Type) where Value == T?, T : AnyObject, T : Observable}
         ^
/Users/admin/builder/spi-builder-workspace/Sources/RichText/TextView.swift:67:18: error: cannot infer key path type from context; consider explicitly specifying a root type
    @Environment(\.fontResolutionContext) private var fontResolutionContext
                 ^
                  <#Root#>
SwiftCompile normal arm64_32 Compiling\ InlineAttachmentTextView+Attachments.swift,\ InlineAttachmentTextView+Layout.swift,\ InlineAttachmentTextView+Storage.swift /Users/admin/builder/spi-builder-workspace/Sources/RichText/Text\ View/InlineAttachmentTextView+Attachments.swift /Users/admin/builder/spi-builder-workspace/Sources/RichText/Text\ View/InlineAttachmentTextView+Layout.swift /Users/admin/builder/spi-builder-workspace/Sources/RichText/Text\ View/InlineAttachmentTextView+Storage.swift (in target 'RichText' from project 'RichText')
Command SwiftCompile failed with a nonzero exit code
** BUILD FAILED **
The following build commands failed:
	SwiftCompile normal arm64_32 /Users/admin/builder/spi-builder-workspace/Sources/Introspection/SwiftUI/Text/ResolvedLocalizedStringKey.swift (in target 'Introspection' from project 'RichText')
	SwiftCompile normal arm64 /Users/admin/builder/spi-builder-workspace/Sources/Introspection/SwiftUI/Text/ResolvedLocalizedStringKey.swift (in target 'Introspection' from project 'RichText')
	EmitSwiftModule normal arm64_32 (in target 'RichText' from project 'RichText')
	SwiftEmitModule normal arm64 Emitting\ module\ for\ RichText (in target 'RichText' from project 'RichText')
	EmitSwiftModule normal arm64 (in target 'RichText' from project 'RichText')
	SwiftCompile normal arm64_32 Compiling\ InlineAttachmentTextView+Attachments.swift,\ InlineAttachmentTextView+Layout.swift,\ InlineAttachmentTextView+Storage.swift /Users/admin/builder/spi-builder-workspace/Sources/RichText/Text\ View/InlineAttachmentTextView+Attachments.swift /Users/admin/builder/spi-builder-workspace/Sources/RichText/Text\ View/InlineAttachmentTextView+Layout.swift /Users/admin/builder/spi-builder-workspace/Sources/RichText/Text\ View/InlineAttachmentTextView+Storage.swift (in target 'RichText' from project 'RichText')
	Building workspace spi-builder-workspace with scheme RichText
(7 failures)
Command line invocation:
    /Applications/Xcode-16.3.0.app/Contents/Developer/usr/bin/xcodebuild -IDEClonedSourcePackagesDirPathOverride=/Users/admin/builder/spi-builder-workspace/.dependencies -resolvePackageDependencies
Resolve Package Graph
Resolved source packages:
  RichText: /Users/admin/builder/spi-builder-workspace
resolved source packages: RichText
{
  "dependencies" : [
  ],
  "manifest_display_name" : "RichText",
  "name" : "RichText",
  "path" : "/Users/admin/builder/spi-builder-workspace",
  "platforms" : [
    {
      "name" : "macos",
      "version" : "13.0"
    },
    {
      "name" : "ios",
      "version" : "16.0"
    }
  ],
  "products" : [
    {
      "name" : "RichText",
      "targets" : [
        "RichText"
      ],
      "type" : {
        "library" : [
          "automatic"
        ]
      }
    }
  ],
  "targets" : [
    {
      "c99name" : "RichText",
      "module_type" : "SwiftTarget",
      "name" : "RichText",
      "path" : "Sources/RichText",
      "product_memberships" : [
        "RichText"
      ],
      "sources" : [
        "Attributes & Attachments/AttributeContainer++.swift",
        "Attributes & Attachments/Attributes/InlineHostingAttachmentAttribute.swift",
        "Attributes & Attachments/HostedAttachmentSizing.swift",
        "Attributes & Attachments/InlineHostingAttachment.swift",
        "Attributes & Attachments/InlineHostingAttachmentViewProvider.swift",
        "Attributes & Attachments/RichTextAttributes.swift",
        "Helpers/NSLineBreakMode++.swift",
        "Helpers/NSTextAlignment++.swift",
        "Helpers/NSTextRange++.swift",
        "Helpers/NSWritingDirection++.swift",
        "Helpers/Text.LineStyle++.swift",
        "Text Content & Fragments/Fragment Containers/InlineView.swift",
        "Text Content & Fragments/Fragment Containers/LineBreak.swift",
        "Text Content & Fragments/Fragment Containers/Paragraph.swift",
        "Text Content & Fragments/Fragment Containers/Space.swift",
        "Text Content & Fragments/Fragment Containers/Tab.swift",
        "Text Content & Fragments/TextContent.swift",
        "Text Content & Fragments/TextContentBuilder.swift",
        "Text Content & Fragments/TextContentProviding.swift",
        "Text View/InlineAttachmentTextView+AppKit.swift",
        "Text View/InlineAttachmentTextView+Attachments.swift",
        "Text View/InlineAttachmentTextView+Layout.swift",
        "Text View/InlineAttachmentTextView+Storage.swift",
        "Text View/InlineAttachmentTextView+UIKit.swift",
        "Text View/InlineAttachmentTextView.swift",
        "Text View/Layout Engine/TextLayoutEngine.swift",
        "Text View/Layout Engine/TextLayoutEngineModifier.swift",
        "Text View/Support/PlatformFontViewModifier.swift",
        "Text View/Support/PlatformTypes.swift",
        "Text View/Support/TextAttributeConverter.swift",
        "Text View/Support/TextViewRenderConfiguration.swift",
        "Text View/SwiftUI/_TextView_AppKit.swift",
        "Text View/SwiftUI/_TextView_UIKit.swift",
        "TextView.Initializers.swift",
        "TextView.swift"
      ],
      "target_dependencies" : [
        "Introspection"
      ],
      "type" : "library"
    },
    {
      "c99name" : "Introspection",
      "module_type" : "SwiftTarget",
      "name" : "Introspection",
      "path" : "Sources/Introspection",
      "product_memberships" : [
        "RichText"
      ],
      "sources" : [
        "SwiftUI/Text/Helpers/FormatStyle++.swift",
        "SwiftUI/Text/Helpers/_FormatParser.swift",
        "SwiftUI/Text/Helpers/_InterpolationValue.swift",
        "SwiftUI/Text/ResolvedLocalizedStringKey.swift",
        "SwiftUI/Text/TextStorage.swift",
        "SwiftUI/ViewIdentity.swift"
      ],
      "type" : "library"
    }
  ],
  "tools_version" : "6.0"
}
{
  "workspace" : {
    "name" : "spi-builder-workspace",
    "schemes" : [
      "RichText"
    ]
  }
}
Running build ...
env DEVELOPER_DIR=/Applications/Xcode-16.3.0.app xcrun xcodebuild -IDEClonedSourcePackagesDirPathOverride=$PWD/.dependencies -skipMacroValidation -skipPackagePluginValidation -derivedDataPath $PWD/.derivedData build -scheme RichText -destination generic/platform=watchOS
Command line invocation:
    /Applications/Xcode-16.3.0.app/Contents/Developer/usr/bin/xcodebuild -IDEClonedSourcePackagesDirPathOverride=/Users/admin/builder/spi-builder-workspace/.dependencies -skipMacroValidation -skipPackagePluginValidation -derivedDataPath /Users/admin/builder/spi-builder-workspace/.derivedData build -scheme RichText -destination generic/platform=watchOS
Resolve Package Graph
Resolved source packages:
  RichText: /Users/admin/builder/spi-builder-workspace
ComputePackagePrebuildTargetDependencyGraph
Prepare packages
CreateBuildRequest
SendProjectDescription
CreateBuildOperation
ComputeTargetDependencyGraph
note: Building targets in dependency order
note: Target dependency graph (3 targets)
    Target 'RichText' in project 'RichText'
        ➜ Explicit dependency on target 'RichText' in project 'RichText'
        ➜ Explicit dependency on target 'Introspection' in project 'RichText'
    Target 'RichText' in project 'RichText'
        ➜ Explicit dependency on target 'Introspection' in project 'RichText'
    Target 'Introspection' in project 'RichText' (no dependencies)
GatherProvisioningInputs
CreateBuildDescription
ExecuteExternalTool /Applications/Xcode-16.3.0.app/Contents/Developer/Toolchains/XcodeDefault.xctoolchain/usr/bin/clang -v -E -dM -isysroot /Applications/Xcode-16.3.0.app/Contents/Developer/Platforms/WatchOS.platform/Developer/SDKs/WatchOS11.4.sdk -x c -c /dev/null
ExecuteExternalTool /Applications/Xcode-16.3.0.app/Contents/Developer/Toolchains/XcodeDefault.xctoolchain/usr/bin/swiftc --version
ExecuteExternalTool /Applications/Xcode-16.3.0.app/Contents/Developer/Toolchains/XcodeDefault.xctoolchain/usr/bin/ld -version_details
ReadFileContents /Applications/Xcode-16.3.0.app/Contents/Developer/Toolchains/XcodeDefault.xctoolchain/usr/share/docc/features.json
Build description signature: 68b57f08aeb0d5df640dcaba46a42435
Build description path: /Users/admin/builder/spi-builder-workspace/.derivedData/Build/Intermediates.noindex/XCBuildData/68b57f08aeb0d5df640dcaba46a42435.xcbuilddata
ClangStatCache /Applications/Xcode-16.3.0.app/Contents/Developer/Toolchains/XcodeDefault.xctoolchain/usr/bin/clang-stat-cache /Applications/Xcode-16.3.0.app/Contents/Developer/Platforms/WatchOS.platform/Developer/SDKs/WatchOS11.4.sdk /Users/admin/builder/spi-builder-workspace/.derivedData/SDKStatCaches.noindex/watchos11.4-22T246-43efb940ff07ba2497b70ec94253f576.sdkstatcache
    cd /Users/admin/builder/spi-builder-workspace/.swiftpm/xcode
    /Applications/Xcode-16.3.0.app/Contents/Developer/Toolchains/XcodeDefault.xctoolchain/usr/bin/clang-stat-cache /Applications/Xcode-16.3.0.app/Contents/Developer/Platforms/WatchOS.platform/Developer/SDKs/WatchOS11.4.sdk -o /Users/admin/builder/spi-builder-workspace/.derivedData/SDKStatCaches.noindex/watchos11.4-22T246-43efb940ff07ba2497b70ec94253f576.sdkstatcache
SwiftDriver Introspection normal arm64_32 com.apple.xcode.tools.swift.compiler (in target 'Introspection' from project 'RichText')
    cd /Users/admin/builder/spi-builder-workspace/.swiftpm/xcode
    builtin-SwiftDriver -- /Applications/Xcode-16.3.0.app/Contents/Developer/Toolchains/XcodeDefault.xctoolchain/usr/bin/swiftc -module-name Introspection -Onone -enforce-exclusivity\=checked @/Users/admin/builder/spi-builder-workspace/.derivedData/Build/Intermediates.noindex/RichText.build/Debug-watchos/Introspection.build/Objects-normal/arm64_32/Introspection.SwiftFileList -DSWIFT_PACKAGE -DDEBUG -DXcode -plugin-path /Applications/Xcode-16.3.0.app/Contents/Developer/Toolchains/XcodeDefault.xctoolchain/usr/lib/swift/host/plugins/testing -enable-experimental-feature DebugDescriptionMacro -sdk /Applications/Xcode-16.3.0.app/Contents/Developer/Platforms/WatchOS.platform/Developer/SDKs/WatchOS11.4.sdk -target arm64_32-apple-watchos9.0 -g -module-cache-path /Users/admin/builder/spi-builder-workspace/.derivedData/ModuleCache.noindex -Xfrontend -serialize-debugging-options -enable-testing -index-store-path /Users/admin/builder/spi-builder-workspace/.derivedData/Index.noindex/DataStore -swift-version 6 -I /Users/admin/builder/spi-builder-workspace/.derivedData/Build/Products/Debug-watchos -I /Applications/Xcode-16.3.0.app/Contents/Developer/Platforms/WatchOS.platform/Developer/usr/lib -F /Users/admin/builder/spi-builder-workspace/.derivedData/Build/Products/Debug-watchos -F /Applications/Xcode-16.3.0.app/Contents/Developer/Platforms/WatchOS.platform/Developer/Library/Frameworks -F /Applications/Xcode-16.3.0.app/Contents/Developer/Platforms/WatchOS.platform/Developer/SDKs/WatchOS11.4.sdk/Developer/Library/Frameworks -c -j10 -enable-batch-mode -incremental -Xcc -ivfsstatcache -Xcc /Users/admin/builder/spi-builder-workspace/.derivedData/SDKStatCaches.noindex/watchos11.4-22T246-43efb940ff07ba2497b70ec94253f576.sdkstatcache -output-file-map /Users/admin/builder/spi-builder-workspace/.derivedData/Build/Intermediates.noindex/RichText.build/Debug-watchos/Introspection.build/Objects-normal/arm64_32/Introspection-OutputFileMap.json -use-frontend-parseable-output -save-temps -no-color-diagnostics -serialize-diagnostics -emit-dependencies -emit-module -emit-module-path /Users/admin/builder/spi-builder-workspace/.derivedData/Build/Intermediates.noindex/RichText.build/Debug-watchos/Introspection.build/Objects-normal/arm64_32/Introspection.swiftmodule -validate-clang-modules-once -clang-build-session-file /Users/admin/builder/spi-builder-workspace/.derivedData/ModuleCache.noindex/Session.modulevalidation -package-name spi_builder_workspace -Xcc -I/Users/admin/builder/spi-builder-workspace/.derivedData/Build/Intermediates.noindex/RichText.build/Debug-watchos/Introspection.build/swift-overrides.hmap -emit-const-values -Xfrontend -const-gather-protocols-file -Xfrontend /Users/admin/builder/spi-builder-workspace/.derivedData/Build/Intermediates.noindex/RichText.build/Debug-watchos/Introspection.build/Objects-normal/arm64_32/Introspection_const_extract_protocols.json -Xcc -I/Users/admin/builder/spi-builder-workspace/.derivedData/Build/Products/Debug-watchos/include -Xcc -I/Users/admin/builder/spi-builder-workspace/.derivedData/Build/Intermediates.noindex/RichText.build/Debug-watchos/Introspection.build/DerivedSources-normal/arm64_32 -Xcc -I/Users/admin/builder/spi-builder-workspace/.derivedData/Build/Intermediates.noindex/RichText.build/Debug-watchos/Introspection.build/DerivedSources/arm64_32 -Xcc -I/Users/admin/builder/spi-builder-workspace/.derivedData/Build/Intermediates.noindex/RichText.build/Debug-watchos/Introspection.build/DerivedSources -Xcc -DSWIFT_PACKAGE -Xcc -DDEBUG\=1 -emit-objc-header -emit-objc-header-path /Users/admin/builder/spi-builder-workspace/.derivedData/Build/Intermediates.noindex/RichText.build/Debug-watchos/Introspection.build/Objects-normal/arm64_32/Introspection-Swift.h -working-directory /Users/admin/builder/spi-builder-workspace/.swiftpm/xcode -experimental-emit-module-separately -disable-cmo
SwiftDriver Introspection normal arm64 com.apple.xcode.tools.swift.compiler (in target 'Introspection' from project 'RichText')
    cd /Users/admin/builder/spi-builder-workspace/.swiftpm/xcode
    builtin-SwiftDriver -- /Applications/Xcode-16.3.0.app/Contents/Developer/Toolchains/XcodeDefault.xctoolchain/usr/bin/swiftc -module-name Introspection -Onone -enforce-exclusivity\=checked @/Users/admin/builder/spi-builder-workspace/.derivedData/Build/Intermediates.noindex/RichText.build/Debug-watchos/Introspection.build/Objects-normal/arm64/Introspection.SwiftFileList -DSWIFT_PACKAGE -DDEBUG -DXcode -plugin-path /Applications/Xcode-16.3.0.app/Contents/Developer/Toolchains/XcodeDefault.xctoolchain/usr/lib/swift/host/plugins/testing -enable-experimental-feature DebugDescriptionMacro -sdk /Applications/Xcode-16.3.0.app/Contents/Developer/Platforms/WatchOS.platform/Developer/SDKs/WatchOS11.4.sdk -target arm64-apple-watchos9.0 -g -module-cache-path /Users/admin/builder/spi-builder-workspace/.derivedData/ModuleCache.noindex -Xfrontend -serialize-debugging-options -enable-testing -index-store-path /Users/admin/builder/spi-builder-workspace/.derivedData/Index.noindex/DataStore -swift-version 6 -I /Users/admin/builder/spi-builder-workspace/.derivedData/Build/Products/Debug-watchos -I /Applications/Xcode-16.3.0.app/Contents/Developer/Platforms/WatchOS.platform/Developer/usr/lib -F /Users/admin/builder/spi-builder-workspace/.derivedData/Build/Products/Debug-watchos -F /Applications/Xcode-16.3.0.app/Contents/Developer/Platforms/WatchOS.platform/Developer/Library/Frameworks -F /Applications/Xcode-16.3.0.app/Contents/Developer/Platforms/WatchOS.platform/Developer/SDKs/WatchOS11.4.sdk/Developer/Library/Frameworks -c -j10 -enable-batch-mode -incremental -Xcc -ivfsstatcache -Xcc /Users/admin/builder/spi-builder-workspace/.derivedData/SDKStatCaches.noindex/watchos11.4-22T246-43efb940ff07ba2497b70ec94253f576.sdkstatcache -output-file-map /Users/admin/builder/spi-builder-workspace/.derivedData/Build/Intermediates.noindex/RichText.build/Debug-watchos/Introspection.build/Objects-normal/arm64/Introspection-OutputFileMap.json -use-frontend-parseable-output -save-temps -no-color-diagnostics -serialize-diagnostics -emit-dependencies -emit-module -emit-module-path /Users/admin/builder/spi-builder-workspace/.derivedData/Build/Intermediates.noindex/RichText.build/Debug-watchos/Introspection.build/Objects-normal/arm64/Introspection.swiftmodule -validate-clang-modules-once -clang-build-session-file /Users/admin/builder/spi-builder-workspace/.derivedData/ModuleCache.noindex/Session.modulevalidation -package-name spi_builder_workspace -Xcc -I/Users/admin/builder/spi-builder-workspace/.derivedData/Build/Intermediates.noindex/RichText.build/Debug-watchos/Introspection.build/swift-overrides.hmap -emit-const-values -Xfrontend -const-gather-protocols-file -Xfrontend /Users/admin/builder/spi-builder-workspace/.derivedData/Build/Intermediates.noindex/RichText.build/Debug-watchos/Introspection.build/Objects-normal/arm64/Introspection_const_extract_protocols.json -Xcc -I/Users/admin/builder/spi-builder-workspace/.derivedData/Build/Products/Debug-watchos/include -Xcc -I/Users/admin/builder/spi-builder-workspace/.derivedData/Build/Intermediates.noindex/RichText.build/Debug-watchos/Introspection.build/DerivedSources-normal/arm64 -Xcc -I/Users/admin/builder/spi-builder-workspace/.derivedData/Build/Intermediates.noindex/RichText.build/Debug-watchos/Introspection.build/DerivedSources/arm64 -Xcc -I/Users/admin/builder/spi-builder-workspace/.derivedData/Build/Intermediates.noindex/RichText.build/Debug-watchos/Introspection.build/DerivedSources -Xcc -DSWIFT_PACKAGE -Xcc -DDEBUG\=1 -emit-objc-header -emit-objc-header-path /Users/admin/builder/spi-builder-workspace/.derivedData/Build/Intermediates.noindex/RichText.build/Debug-watchos/Introspection.build/Objects-normal/arm64/Introspection-Swift.h -working-directory /Users/admin/builder/spi-builder-workspace/.swiftpm/xcode -experimental-emit-module-separately -disable-cmo
SwiftCompile normal arm64 Compiling\ TextStorage.swift /Users/admin/builder/spi-builder-workspace/Sources/Introspection/SwiftUI/Text/TextStorage.swift (in target 'Introspection' from project 'RichText')
SwiftCompile normal arm64 /Users/admin/builder/spi-builder-workspace/Sources/Introspection/SwiftUI/Text/TextStorage.swift (in target 'Introspection' from project 'RichText')
    cd /Users/admin/builder/spi-builder-workspace/.swiftpm/xcode

SwiftCompile normal arm64 Compiling\ ViewIdentity.swift /Users/admin/builder/spi-builder-workspace/Sources/Introspection/SwiftUI/ViewIdentity.swift (in target 'Introspection' from project 'RichText')
SwiftCompile normal arm64 /Users/admin/builder/spi-builder-workspace/Sources/Introspection/SwiftUI/ViewIdentity.swift (in target 'Introspection' from project 'RichText')
    cd /Users/admin/builder/spi-builder-workspace/.swiftpm/xcode

SwiftEmitModule normal arm64 Emitting\ module\ for\ Introspection (in target 'Introspection' from project 'RichText')
EmitSwiftModule normal arm64 (in target 'Introspection' from project 'RichText')
    cd /Users/admin/builder/spi-builder-workspace/.swiftpm/xcode

SwiftEmitModule normal arm64_32 Emitting\ module\ for\ Introspection (in target 'Introspection' from project 'RichText')
EmitSwiftModule normal arm64_32 (in target 'Introspection' from project 'RichText')
    cd /Users/admin/builder/spi-builder-workspace/.swiftpm/xcode

SwiftCompile normal arm64 Compiling\ _FormatParser.swift /Users/admin/builder/spi-builder-workspace/Sources/Introspection/SwiftUI/Text/Helpers/_FormatParser.swift (in target 'Introspection' from project 'RichText')
SwiftCompile normal arm64 /Users/admin/builder/spi-builder-workspace/Sources/Introspection/SwiftUI/Text/Helpers/_FormatParser.swift (in target 'Introspection' from project 'RichText')
    cd /Users/admin/builder/spi-builder-workspace/.swiftpm/xcode

SwiftCompile normal arm64 Compiling\ FormatStyle++.swift /Users/admin/builder/spi-builder-workspace/Sources/Introspection/SwiftUI/Text/Helpers/FormatStyle++.swift (in target 'Introspection' from project 'RichText')
SwiftCompile normal arm64 /Users/admin/builder/spi-builder-workspace/Sources/Introspection/SwiftUI/Text/Helpers/FormatStyle++.swift (in target 'Introspection' from project 'RichText')
    cd /Users/admin/builder/spi-builder-workspace/.swiftpm/xcode

SwiftCompile normal arm64_32 Compiling\ ViewIdentity.swift /Users/admin/builder/spi-builder-workspace/Sources/Introspection/SwiftUI/ViewIdentity.swift (in target 'Introspection' from project 'RichText')
SwiftCompile normal arm64_32 /Users/admin/builder/spi-builder-workspace/Sources/Introspection/SwiftUI/ViewIdentity.swift (in target 'Introspection' from project 'RichText')
    cd /Users/admin/builder/spi-builder-workspace/.swiftpm/xcode

SwiftCompile normal arm64_32 Compiling\ ResolvedLocalizedStringKey.swift /Users/admin/builder/spi-builder-workspace/Sources/Introspection/SwiftUI/Text/ResolvedLocalizedStringKey.swift (in target 'Introspection' from project 'RichText')
SwiftCompile normal arm64_32 /Users/admin/builder/spi-builder-workspace/Sources/Introspection/SwiftUI/Text/ResolvedLocalizedStringKey.swift (in target 'Introspection' from project 'RichText')
    cd /Users/admin/builder/spi-builder-workspace/.swiftpm/xcode

/Users/admin/builder/spi-builder-workspace/Sources/Introspection/SwiftUI/Text/ResolvedLocalizedStringKey.swift:69:36: error: cannot convert value of type 'Bundle' to expected argument type 'LocalizedStringResource.BundleDescription'
                    bundle: bundle ?? .main,
                                   ^
/Users/admin/builder/spi-builder-workspace/Sources/Introspection/SwiftUI/Text/ResolvedLocalizedStringKey.swift:84:36: error: cannot convert value of type 'Bundle' to expected argument type 'LocalizedStringResource.BundleDescription'
                    bundle: bundle ?? .main,
                                   ^
Failed frontend command:
/Applications/Xcode-16.3.0.app/Contents/Developer/Toolchains/XcodeDefault.xctoolchain/usr/bin/swift-frontend -frontend -c /Users/admin/builder/spi-builder-workspace/Sources/Introspection/SwiftUI/Text/Helpers/FormatStyle++.swift /Users/admin/builder/spi-builder-workspace/Sources/Introspection/SwiftUI/Text/Helpers/_FormatParser.swift /Users/admin/builder/spi-builder-workspace/Sources/Introspection/SwiftUI/Text/Helpers/_InterpolationValue.swift -primary-file /Users/admin/builder/spi-builder-workspace/Sources/Introspection/SwiftUI/Text/ResolvedLocalizedStringKey.swift /Users/admin/builder/spi-builder-workspace/Sources/Introspection/SwiftUI/Text/TextStorage.swift /Users/admin/builder/spi-builder-workspace/Sources/Introspection/SwiftUI/ViewIdentity.swift -emit-dependencies-path /Users/admin/builder/spi-builder-workspace/.derivedData/Build/Intermediates.noindex/RichText.build/Debug-watchos/Introspection.build/Objects-normal/arm64_32/ResolvedLocalizedStringKey.d -emit-const-values-path /Users/admin/builder/spi-builder-workspace/.derivedData/Build/Intermediates.noindex/RichText.build/Debug-watchos/Introspection.build/Objects-normal/arm64_32/ResolvedLocalizedStringKey.swiftconstvalues -emit-reference-dependencies-path /Users/admin/builder/spi-builder-workspace/.derivedData/Build/Intermediates.noindex/RichText.build/Debug-watchos/Introspection.build/Objects-normal/arm64_32/ResolvedLocalizedStringKey.swiftdeps -serialize-diagnostics-path /Users/admin/builder/spi-builder-workspace/.derivedData/Build/Intermediates.noindex/RichText.build/Debug-watchos/Introspection.build/Objects-normal/arm64_32/ResolvedLocalizedStringKey.dia -target arm64_32-apple-watchos9.0 -enable-objc-interop -sdk /Applications/Xcode-16.3.0.app/Contents/Developer/Platforms/WatchOS.platform/Developer/SDKs/WatchOS11.4.sdk -I /Users/admin/builder/spi-builder-workspace/.derivedData/Build/Products/Debug-watchos -I /Applications/Xcode-16.3.0.app/Contents/Developer/Platforms/WatchOS.platform/Developer/usr/lib -F /Users/admin/builder/spi-builder-workspace/.derivedData/Build/Products/Debug-watchos -F /Applications/Xcode-16.3.0.app/Contents/Developer/Platforms/WatchOS.platform/Developer/Library/Frameworks -F /Applications/Xcode-16.3.0.app/Contents/Developer/Platforms/WatchOS.platform/Developer/SDKs/WatchOS11.4.sdk/Developer/Library/Frameworks -no-color-diagnostics -enable-testing -g -debug-info-format\=dwarf -dwarf-version\=4 -module-cache-path /Users/admin/builder/spi-builder-workspace/.derivedData/ModuleCache.noindex -swift-version 6 -enforce-exclusivity\=checked -Onone -D SWIFT_PACKAGE -D DEBUG -D Xcode -serialize-debugging-options -const-gather-protocols-file /Users/admin/builder/spi-builder-workspace/.derivedData/Build/Intermediates.noindex/RichText.build/Debug-watchos/Introspection.build/Objects-normal/arm64_32/Introspection_const_extract_protocols.json -enable-experimental-feature DebugDescriptionMacro -empty-abi-descriptor -plugin-path /Applications/Xcode-16.3.0.app/Contents/Developer/Toolchains/XcodeDefault.xctoolchain/usr/lib/swift/host/plugins/testing -validate-clang-modules-once -clang-build-session-file /Users/admin/builder/spi-builder-workspace/.derivedData/ModuleCache.noindex/Session.modulevalidation -Xcc -working-directory -Xcc /Users/admin/builder/spi-builder-workspace/.swiftpm/xcode -resource-dir /Applications/Xcode-16.3.0.app/Contents/Developer/Toolchains/XcodeDefault.xctoolchain/usr/lib/swift -enable-anonymous-context-mangled-names -file-compilation-dir /Users/admin/builder/spi-builder-workspace/.swiftpm/xcode -Xcc -ivfsstatcache -Xcc /Users/admin/builder/spi-builder-workspace/.derivedData/SDKStatCaches.noindex/watchos11.4-22T246-43efb940ff07ba2497b70ec94253f576.sdkstatcache -Xcc -I/Users/admin/builder/spi-builder-workspace/.derivedData/Build/Intermediates.noindex/RichText.build/Debug-watchos/Introspection.build/swift-overrides.hmap -Xcc -I/Users/admin/builder/spi-builder-workspace/.derivedData/Build/Products/Debug-watchos/include -Xcc -I/Users/admin/builder/spi-builder-workspace/.derivedData/Build/Intermediates.noindex/RichText.build/Debug-watchos/Introspection.build/DerivedSources-normal/arm64_32 -Xcc -I/Users/admin/builder/spi-builder-workspace/.derivedData/Build/Intermediates.noindex/RichText.build/Debug-watchos/Introspection.build/DerivedSources/arm64_32 -Xcc -I/Users/admin/builder/spi-builder-workspace/.derivedData/Build/Intermediates.noindex/RichText.build/Debug-watchos/Introspection.build/DerivedSources -Xcc -DSWIFT_PACKAGE -Xcc -DDEBUG\=1 -module-name Introspection -package-name spi_builder_workspace -frontend-parseable-output -disable-clang-spi -target-sdk-version 11.4 -target-sdk-name watchos11.4 -external-plugin-path /Applications/Xcode-16.3.0.app/Contents/Developer/Platforms/WatchOS.platform/Developer/usr/lib/swift/host/plugins\#/Applications/Xcode-16.3.0.app/Contents/Developer/Platforms/WatchOS.platform/Developer/usr/bin/swift-plugin-server -external-plugin-path /Applications/Xcode-16.3.0.app/Contents/Developer/Platforms/WatchOS.platform/Developer/usr/local/lib/swift/host/plugins\#/Applications/Xcode-16.3.0.app/Contents/Developer/Platforms/WatchOS.platform/Developer/usr/bin/swift-plugin-server -in-process-plugin-server-path /Applications/Xcode-16.3.0.app/Contents/Developer/Toolchains/XcodeDefault.xctoolchain/usr/lib/swift/host/libSwiftInProcPluginServer.dylib -plugin-path /Applications/Xcode-16.3.0.app/Contents/Developer/Toolchains/XcodeDefault.xctoolchain/usr/lib/swift/host/plugins -plugin-path /Applications/Xcode-16.3.0.app/Contents/Developer/Toolchains/XcodeDefault.xctoolchain/usr/local/lib/swift/host/plugins -o /Users/admin/builder/spi-builder-workspace/.derivedData/Build/Intermediates.noindex/RichText.build/Debug-watchos/Introspection.build/Objects-normal/arm64_32/ResolvedLocalizedStringKey.o -index-unit-output-path /RichText.build/Debug-watchos/Introspection.build/Objects-normal/arm64_32/ResolvedLocalizedStringKey.o -index-store-path /Users/admin/builder/spi-builder-workspace/.derivedData/Index.noindex/DataStore -index-system-modules
SwiftCompile normal arm64 Compiling\ _InterpolationValue.swift /Users/admin/builder/spi-builder-workspace/Sources/Introspection/SwiftUI/Text/Helpers/_InterpolationValue.swift (in target 'Introspection' from project 'RichText')
SwiftCompile normal arm64 /Users/admin/builder/spi-builder-workspace/Sources/Introspection/SwiftUI/Text/Helpers/_InterpolationValue.swift (in target 'Introspection' from project 'RichText')
    cd /Users/admin/builder/spi-builder-workspace/.swiftpm/xcode

SwiftCompile normal arm64_32 Compiling\ _FormatParser.swift /Users/admin/builder/spi-builder-workspace/Sources/Introspection/SwiftUI/Text/Helpers/_FormatParser.swift (in target 'Introspection' from project 'RichText')
SwiftCompile normal arm64_32 /Users/admin/builder/spi-builder-workspace/Sources/Introspection/SwiftUI/Text/Helpers/_FormatParser.swift (in target 'Introspection' from project 'RichText')
    cd /Users/admin/builder/spi-builder-workspace/.swiftpm/xcode

SwiftCompile normal arm64_32 Compiling\ TextStorage.swift /Users/admin/builder/spi-builder-workspace/Sources/Introspection/SwiftUI/Text/TextStorage.swift (in target 'Introspection' from project 'RichText')
SwiftCompile normal arm64_32 /Users/admin/builder/spi-builder-workspace/Sources/Introspection/SwiftUI/Text/TextStorage.swift (in target 'Introspection' from project 'RichText')
    cd /Users/admin/builder/spi-builder-workspace/.swiftpm/xcode

SwiftCompile normal arm64_32 Compiling\ _InterpolationValue.swift /Users/admin/builder/spi-builder-workspace/Sources/Introspection/SwiftUI/Text/Helpers/_InterpolationValue.swift (in target 'Introspection' from project 'RichText')
SwiftCompile normal arm64_32 /Users/admin/builder/spi-builder-workspace/Sources/Introspection/SwiftUI/Text/Helpers/_InterpolationValue.swift (in target 'Introspection' from project 'RichText')
    cd /Users/admin/builder/spi-builder-workspace/.swiftpm/xcode

SwiftDriverJobDiscovery normal arm64 Compiling ViewIdentity.swift (in target 'Introspection' from project 'RichText')
SwiftDriverJobDiscovery normal arm64 Compiling FormatStyle++.swift (in target 'Introspection' from project 'RichText')
SwiftCompile normal arm64_32 Compiling\ FormatStyle++.swift /Users/admin/builder/spi-builder-workspace/Sources/Introspection/SwiftUI/Text/Helpers/FormatStyle++.swift (in target 'Introspection' from project 'RichText')
SwiftCompile normal arm64_32 /Users/admin/builder/spi-builder-workspace/Sources/Introspection/SwiftUI/Text/Helpers/FormatStyle++.swift (in target 'Introspection' from project 'RichText')
    cd /Users/admin/builder/spi-builder-workspace/.swiftpm/xcode

SwiftDriverJobDiscovery normal arm64 Compiling _InterpolationValue.swift (in target 'Introspection' from project 'RichText')
SwiftCompile normal arm64 Compiling\ ResolvedLocalizedStringKey.swift /Users/admin/builder/spi-builder-workspace/Sources/Introspection/SwiftUI/Text/ResolvedLocalizedStringKey.swift (in target 'Introspection' from project 'RichText')
SwiftCompile normal arm64 /Users/admin/builder/spi-builder-workspace/Sources/Introspection/SwiftUI/Text/ResolvedLocalizedStringKey.swift (in target 'Introspection' from project 'RichText')
    cd /Users/admin/builder/spi-builder-workspace/.swiftpm/xcode

SwiftDriverJobDiscovery normal arm64 Emitting module for Introspection (in target 'Introspection' from project 'RichText')
SwiftDriver\ Compilation\ Requirements Introspection normal arm64 com.apple.xcode.tools.swift.compiler (in target 'Introspection' from project 'RichText')
    cd /Users/admin/builder/spi-builder-workspace/.swiftpm/xcode
    builtin-Swift-Compilation-Requirements -- /Applications/Xcode-16.3.0.app/Contents/Developer/Toolchains/XcodeDefault.xctoolchain/usr/bin/swiftc -module-name Introspection -Onone -enforce-exclusivity\=checked @/Users/admin/builder/spi-builder-workspace/.derivedData/Build/Intermediates.noindex/RichText.build/Debug-watchos/Introspection.build/Objects-normal/arm64/Introspection.SwiftFileList -DSWIFT_PACKAGE -DDEBUG -DXcode -plugin-path /Applications/Xcode-16.3.0.app/Contents/Developer/Toolchains/XcodeDefault.xctoolchain/usr/lib/swift/host/plugins/testing -enable-experimental-feature DebugDescriptionMacro -sdk /Applications/Xcode-16.3.0.app/Contents/Developer/Platforms/WatchOS.platform/Developer/SDKs/WatchOS11.4.sdk -target arm64-apple-watchos9.0 -g -module-cache-path /Users/admin/builder/spi-builder-workspace/.derivedData/ModuleCache.noindex -Xfrontend -serialize-debugging-options -enable-testing -index-store-path /Users/admin/builder/spi-builder-workspace/.derivedData/Index.noindex/DataStore -swift-version 6 -I /Users/admin/builder/spi-builder-workspace/.derivedData/Build/Products/Debug-watchos -I /Applications/Xcode-16.3.0.app/Contents/Developer/Platforms/WatchOS.platform/Developer/usr/lib -F /Users/admin/builder/spi-builder-workspace/.derivedData/Build/Products/Debug-watchos -F /Applications/Xcode-16.3.0.app/Contents/Developer/Platforms/WatchOS.platform/Developer/Library/Frameworks -F /Applications/Xcode-16.3.0.app/Contents/Developer/Platforms/WatchOS.platform/Developer/SDKs/WatchOS11.4.sdk/Developer/Library/Frameworks -c -j10 -enable-batch-mode -incremental -Xcc -ivfsstatcache -Xcc /Users/admin/builder/spi-builder-workspace/.derivedData/SDKStatCaches.noindex/watchos11.4-22T246-43efb940ff07ba2497b70ec94253f576.sdkstatcache -output-file-map /Users/admin/builder/spi-builder-workspace/.derivedData/Build/Intermediates.noindex/RichText.build/Debug-watchos/Introspection.build/Objects-normal/arm64/Introspection-OutputFileMap.json -use-frontend-parseable-output -save-temps -no-color-diagnostics -serialize-diagnostics -emit-dependencies -emit-module -emit-module-path /Users/admin/builder/spi-builder-workspace/.derivedData/Build/Intermediates.noindex/RichText.build/Debug-watchos/Introspection.build/Objects-normal/arm64/Introspection.swiftmodule -validate-clang-modules-once -clang-build-session-file /Users/admin/builder/spi-builder-workspace/.derivedData/ModuleCache.noindex/Session.modulevalidation -package-name spi_builder_workspace -Xcc -I/Users/admin/builder/spi-builder-workspace/.derivedData/Build/Intermediates.noindex/RichText.build/Debug-watchos/Introspection.build/swift-overrides.hmap -emit-const-values -Xfrontend -const-gather-protocols-file -Xfrontend /Users/admin/builder/spi-builder-workspace/.derivedData/Build/Intermediates.noindex/RichText.build/Debug-watchos/Introspection.build/Objects-normal/arm64/Introspection_const_extract_protocols.json -Xcc -I/Users/admin/builder/spi-builder-workspace/.derivedData/Build/Products/Debug-watchos/include -Xcc -I/Users/admin/builder/spi-builder-workspace/.derivedData/Build/Intermediates.noindex/RichText.build/Debug-watchos/Introspection.build/DerivedSources-normal/arm64 -Xcc -I/Users/admin/builder/spi-builder-workspace/.derivedData/Build/Intermediates.noindex/RichText.build/Debug-watchos/Introspection.build/DerivedSources/arm64 -Xcc -I/Users/admin/builder/spi-builder-workspace/.derivedData/Build/Intermediates.noindex/RichText.build/Debug-watchos/Introspection.build/DerivedSources -Xcc -DSWIFT_PACKAGE -Xcc -DDEBUG\=1 -emit-objc-header -emit-objc-header-path /Users/admin/builder/spi-builder-workspace/.derivedData/Build/Intermediates.noindex/RichText.build/Debug-watchos/Introspection.build/Objects-normal/arm64/Introspection-Swift.h -working-directory /Users/admin/builder/spi-builder-workspace/.swiftpm/xcode -experimental-emit-module-separately -disable-cmo
SwiftDriverJobDiscovery normal arm64 Compiling _FormatParser.swift (in target 'Introspection' from project 'RichText')
SwiftDriverJobDiscovery normal arm64_32 Emitting module for Introspection (in target 'Introspection' from project 'RichText')
SwiftDriver\ Compilation\ Requirements Introspection normal arm64_32 com.apple.xcode.tools.swift.compiler (in target 'Introspection' from project 'RichText')
    cd /Users/admin/builder/spi-builder-workspace/.swiftpm/xcode
    builtin-Swift-Compilation-Requirements -- /Applications/Xcode-16.3.0.app/Contents/Developer/Toolchains/XcodeDefault.xctoolchain/usr/bin/swiftc -module-name Introspection -Onone -enforce-exclusivity\=checked @/Users/admin/builder/spi-builder-workspace/.derivedData/Build/Intermediates.noindex/RichText.build/Debug-watchos/Introspection.build/Objects-normal/arm64_32/Introspection.SwiftFileList -DSWIFT_PACKAGE -DDEBUG -DXcode -plugin-path /Applications/Xcode-16.3.0.app/Contents/Developer/Toolchains/XcodeDefault.xctoolchain/usr/lib/swift/host/plugins/testing -enable-experimental-feature DebugDescriptionMacro -sdk /Applications/Xcode-16.3.0.app/Contents/Developer/Platforms/WatchOS.platform/Developer/SDKs/WatchOS11.4.sdk -target arm64_32-apple-watchos9.0 -g -module-cache-path /Users/admin/builder/spi-builder-workspace/.derivedData/ModuleCache.noindex -Xfrontend -serialize-debugging-options -enable-testing -index-store-path /Users/admin/builder/spi-builder-workspace/.derivedData/Index.noindex/DataStore -swift-version 6 -I /Users/admin/builder/spi-builder-workspace/.derivedData/Build/Products/Debug-watchos -I /Applications/Xcode-16.3.0.app/Contents/Developer/Platforms/WatchOS.platform/Developer/usr/lib -F /Users/admin/builder/spi-builder-workspace/.derivedData/Build/Products/Debug-watchos -F /Applications/Xcode-16.3.0.app/Contents/Developer/Platforms/WatchOS.platform/Developer/Library/Frameworks -F /Applications/Xcode-16.3.0.app/Contents/Developer/Platforms/WatchOS.platform/Developer/SDKs/WatchOS11.4.sdk/Developer/Library/Frameworks -c -j10 -enable-batch-mode -incremental -Xcc -ivfsstatcache -Xcc /Users/admin/builder/spi-builder-workspace/.derivedData/SDKStatCaches.noindex/watchos11.4-22T246-43efb940ff07ba2497b70ec94253f576.sdkstatcache -output-file-map /Users/admin/builder/spi-builder-workspace/.derivedData/Build/Intermediates.noindex/RichText.build/Debug-watchos/Introspection.build/Objects-normal/arm64_32/Introspection-OutputFileMap.json -use-frontend-parseable-output -save-temps -no-color-diagnostics -serialize-diagnostics -emit-dependencies -emit-module -emit-module-path /Users/admin/builder/spi-builder-workspace/.derivedData/Build/Intermediates.noindex/RichText.build/Debug-watchos/Introspection.build/Objects-normal/arm64_32/Introspection.swiftmodule -validate-clang-modules-once -clang-build-session-file /Users/admin/builder/spi-builder-workspace/.derivedData/ModuleCache.noindex/Session.modulevalidation -package-name spi_builder_workspace -Xcc -I/Users/admin/builder/spi-builder-workspace/.derivedData/Build/Intermediates.noindex/RichText.build/Debug-watchos/Introspection.build/swift-overrides.hmap -emit-const-values -Xfrontend -const-gather-protocols-file -Xfrontend /Users/admin/builder/spi-builder-workspace/.derivedData/Build/Intermediates.noindex/RichText.build/Debug-watchos/Introspection.build/Objects-normal/arm64_32/Introspection_const_extract_protocols.json -Xcc -I/Users/admin/builder/spi-builder-workspace/.derivedData/Build/Products/Debug-watchos/include -Xcc -I/Users/admin/builder/spi-builder-workspace/.derivedData/Build/Intermediates.noindex/RichText.build/Debug-watchos/Introspection.build/DerivedSources-normal/arm64_32 -Xcc -I/Users/admin/builder/spi-builder-workspace/.derivedData/Build/Intermediates.noindex/RichText.build/Debug-watchos/Introspection.build/DerivedSources/arm64_32 -Xcc -I/Users/admin/builder/spi-builder-workspace/.derivedData/Build/Intermediates.noindex/RichText.build/Debug-watchos/Introspection.build/DerivedSources -Xcc -DSWIFT_PACKAGE -Xcc -DDEBUG\=1 -emit-objc-header -emit-objc-header-path /Users/admin/builder/spi-builder-workspace/.derivedData/Build/Intermediates.noindex/RichText.build/Debug-watchos/Introspection.build/Objects-normal/arm64_32/Introspection-Swift.h -working-directory /Users/admin/builder/spi-builder-workspace/.swiftpm/xcode -experimental-emit-module-separately -disable-cmo
SwiftDriverJobDiscovery normal arm64 Compiling TextStorage.swift (in target 'Introspection' from project 'RichText')
Copy /Users/admin/builder/spi-builder-workspace/.derivedData/Build/Products/Debug-watchos/Introspection.swiftmodule/arm64_32-apple-watchos.abi.json /Users/admin/builder/spi-builder-workspace/.derivedData/Build/Intermediates.noindex/RichText.build/Debug-watchos/Introspection.build/Objects-normal/arm64_32/Introspection.abi.json (in target 'Introspection' from project 'RichText')
    cd /Users/admin/builder/spi-builder-workspace
    builtin-copy -exclude .DS_Store -exclude CVS -exclude .svn -exclude .git -exclude .hg -resolve-src-symlinks -rename /Users/admin/builder/spi-builder-workspace/.derivedData/Build/Intermediates.noindex/RichText.build/Debug-watchos/Introspection.build/Objects-normal/arm64_32/Introspection.abi.json /Users/admin/builder/spi-builder-workspace/.derivedData/Build/Products/Debug-watchos/Introspection.swiftmodule/arm64_32-apple-watchos.abi.json
Copy /Users/admin/builder/spi-builder-workspace/.derivedData/Build/Products/Debug-watchos/Introspection.swiftmodule/arm64-apple-watchos.abi.json /Users/admin/builder/spi-builder-workspace/.derivedData/Build/Intermediates.noindex/RichText.build/Debug-watchos/Introspection.build/Objects-normal/arm64/Introspection.abi.json (in target 'Introspection' from project 'RichText')
    cd /Users/admin/builder/spi-builder-workspace
    builtin-copy -exclude .DS_Store -exclude CVS -exclude .svn -exclude .git -exclude .hg -resolve-src-symlinks -rename /Users/admin/builder/spi-builder-workspace/.derivedData/Build/Intermediates.noindex/RichText.build/Debug-watchos/Introspection.build/Objects-normal/arm64/Introspection.abi.json /Users/admin/builder/spi-builder-workspace/.derivedData/Build/Products/Debug-watchos/Introspection.swiftmodule/arm64-apple-watchos.abi.json
SwiftDriver RichText normal arm64 com.apple.xcode.tools.swift.compiler (in target 'RichText' from project 'RichText')
    cd /Users/admin/builder/spi-builder-workspace/.swiftpm/xcode
    builtin-SwiftDriver -- /Applications/Xcode-16.3.0.app/Contents/Developer/Toolchains/XcodeDefault.xctoolchain/usr/bin/swiftc -module-name RichText -Onone -enforce-exclusivity\=checked @/Users/admin/builder/spi-builder-workspace/.derivedData/Build/Intermediates.noindex/RichText.build/Debug-watchos/RichText.build/Objects-normal/arm64/RichText.SwiftFileList -DSWIFT_PACKAGE -DDEBUG -DXcode -plugin-path /Applications/Xcode-16.3.0.app/Contents/Developer/Toolchains/XcodeDefault.xctoolchain/usr/lib/swift/host/plugins/testing -enable-experimental-feature DebugDescriptionMacro -sdk /Applications/Xcode-16.3.0.app/Contents/Developer/Platforms/WatchOS.platform/Developer/SDKs/WatchOS11.4.sdk -target arm64-apple-watchos9.0 -g -module-cache-path /Users/admin/builder/spi-builder-workspace/.derivedData/ModuleCache.noindex -Xfrontend -serialize-debugging-options -enable-testing -index-store-path /Users/admin/builder/spi-builder-workspace/.derivedData/Index.noindex/DataStore -swift-version 6 -I /Users/admin/builder/spi-builder-workspace/.derivedData/Build/Products/Debug-watchos -I /Applications/Xcode-16.3.0.app/Contents/Developer/Platforms/WatchOS.platform/Developer/usr/lib -F /Users/admin/builder/spi-builder-workspace/.derivedData/Build/Products/Debug-watchos/PackageFrameworks -F /Users/admin/builder/spi-builder-workspace/.derivedData/Build/Products/Debug-watchos -F /Applications/Xcode-16.3.0.app/Contents/Developer/Platforms/WatchOS.platform/Developer/Library/Frameworks -F /Applications/Xcode-16.3.0.app/Contents/Developer/Platforms/WatchOS.platform/Developer/SDKs/WatchOS11.4.sdk/Developer/Library/Frameworks -c -j10 -enable-batch-mode -incremental -Xcc -ivfsstatcache -Xcc /Users/admin/builder/spi-builder-workspace/.derivedData/SDKStatCaches.noindex/watchos11.4-22T246-43efb940ff07ba2497b70ec94253f576.sdkstatcache -output-file-map /Users/admin/builder/spi-builder-workspace/.derivedData/Build/Intermediates.noindex/RichText.build/Debug-watchos/RichText.build/Objects-normal/arm64/RichText-OutputFileMap.json -use-frontend-parseable-output -save-temps -no-color-diagnostics -serialize-diagnostics -emit-dependencies -emit-module -emit-module-path /Users/admin/builder/spi-builder-workspace/.derivedData/Build/Intermediates.noindex/RichText.build/Debug-watchos/RichText.build/Objects-normal/arm64/RichText.swiftmodule -validate-clang-modules-once -clang-build-session-file /Users/admin/builder/spi-builder-workspace/.derivedData/ModuleCache.noindex/Session.modulevalidation -package-name spi_builder_workspace -Xcc -I/Users/admin/builder/spi-builder-workspace/.derivedData/Build/Intermediates.noindex/RichText.build/Debug-watchos/RichText.build/swift-overrides.hmap -emit-const-values -Xfrontend -const-gather-protocols-file -Xfrontend /Users/admin/builder/spi-builder-workspace/.derivedData/Build/Intermediates.noindex/RichText.build/Debug-watchos/RichText.build/Objects-normal/arm64/RichText_const_extract_protocols.json -Xcc -I/Users/admin/builder/spi-builder-workspace/.derivedData/Build/Products/Debug-watchos/include -Xcc -I/Users/admin/builder/spi-builder-workspace/.derivedData/Build/Intermediates.noindex/RichText.build/Debug-watchos/RichText.build/DerivedSources-normal/arm64 -Xcc -I/Users/admin/builder/spi-builder-workspace/.derivedData/Build/Intermediates.noindex/RichText.build/Debug-watchos/RichText.build/DerivedSources/arm64 -Xcc -I/Users/admin/builder/spi-builder-workspace/.derivedData/Build/Intermediates.noindex/RichText.build/Debug-watchos/RichText.build/DerivedSources -Xcc -DSWIFT_PACKAGE -Xcc -DDEBUG\=1 -emit-objc-header -emit-objc-header-path /Users/admin/builder/spi-builder-workspace/.derivedData/Build/Intermediates.noindex/RichText.build/Debug-watchos/RichText.build/Objects-normal/arm64/RichText-Swift.h -working-directory /Users/admin/builder/spi-builder-workspace/.swiftpm/xcode -experimental-emit-module-separately -disable-cmo
SwiftDriver RichText normal arm64_32 com.apple.xcode.tools.swift.compiler (in target 'RichText' from project 'RichText')
    cd /Users/admin/builder/spi-builder-workspace/.swiftpm/xcode
    builtin-SwiftDriver -- /Applications/Xcode-16.3.0.app/Contents/Developer/Toolchains/XcodeDefault.xctoolchain/usr/bin/swiftc -module-name RichText -Onone -enforce-exclusivity\=checked @/Users/admin/builder/spi-builder-workspace/.derivedData/Build/Intermediates.noindex/RichText.build/Debug-watchos/RichText.build/Objects-normal/arm64_32/RichText.SwiftFileList -DSWIFT_PACKAGE -DDEBUG -DXcode -plugin-path /Applications/Xcode-16.3.0.app/Contents/Developer/Toolchains/XcodeDefault.xctoolchain/usr/lib/swift/host/plugins/testing -enable-experimental-feature DebugDescriptionMacro -sdk /Applications/Xcode-16.3.0.app/Contents/Developer/Platforms/WatchOS.platform/Developer/SDKs/WatchOS11.4.sdk -target arm64_32-apple-watchos9.0 -g -module-cache-path /Users/admin/builder/spi-builder-workspace/.derivedData/ModuleCache.noindex -Xfrontend -serialize-debugging-options -enable-testing -index-store-path /Users/admin/builder/spi-builder-workspace/.derivedData/Index.noindex/DataStore -swift-version 6 -I /Users/admin/builder/spi-builder-workspace/.derivedData/Build/Products/Debug-watchos -I /Applications/Xcode-16.3.0.app/Contents/Developer/Platforms/WatchOS.platform/Developer/usr/lib -F /Users/admin/builder/spi-builder-workspace/.derivedData/Build/Products/Debug-watchos/PackageFrameworks -F /Users/admin/builder/spi-builder-workspace/.derivedData/Build/Products/Debug-watchos -F /Applications/Xcode-16.3.0.app/Contents/Developer/Platforms/WatchOS.platform/Developer/Library/Frameworks -F /Applications/Xcode-16.3.0.app/Contents/Developer/Platforms/WatchOS.platform/Developer/SDKs/WatchOS11.4.sdk/Developer/Library/Frameworks -c -j10 -enable-batch-mode -incremental -Xcc -ivfsstatcache -Xcc /Users/admin/builder/spi-builder-workspace/.derivedData/SDKStatCaches.noindex/watchos11.4-22T246-43efb940ff07ba2497b70ec94253f576.sdkstatcache -output-file-map /Users/admin/builder/spi-builder-workspace/.derivedData/Build/Intermediates.noindex/RichText.build/Debug-watchos/RichText.build/Objects-normal/arm64_32/RichText-OutputFileMap.json -use-frontend-parseable-output -save-temps -no-color-diagnostics -serialize-diagnostics -emit-dependencies -emit-module -emit-module-path /Users/admin/builder/spi-builder-workspace/.derivedData/Build/Intermediates.noindex/RichText.build/Debug-watchos/RichText.build/Objects-normal/arm64_32/RichText.swiftmodule -validate-clang-modules-once -clang-build-session-file /Users/admin/builder/spi-builder-workspace/.derivedData/ModuleCache.noindex/Session.modulevalidation -package-name spi_builder_workspace -Xcc -I/Users/admin/builder/spi-builder-workspace/.derivedData/Build/Intermediates.noindex/RichText.build/Debug-watchos/RichText.build/swift-overrides.hmap -emit-const-values -Xfrontend -const-gather-protocols-file -Xfrontend /Users/admin/builder/spi-builder-workspace/.derivedData/Build/Intermediates.noindex/RichText.build/Debug-watchos/RichText.build/Objects-normal/arm64_32/RichText_const_extract_protocols.json -Xcc -I/Users/admin/builder/spi-builder-workspace/.derivedData/Build/Products/Debug-watchos/include -Xcc -I/Users/admin/builder/spi-builder-workspace/.derivedData/Build/Intermediates.noindex/RichText.build/Debug-watchos/RichText.build/DerivedSources-normal/arm64_32 -Xcc -I/Users/admin/builder/spi-builder-workspace/.derivedData/Build/Intermediates.noindex/RichText.build/Debug-watchos/RichText.build/DerivedSources/arm64_32 -Xcc -I/Users/admin/builder/spi-builder-workspace/.derivedData/Build/Intermediates.noindex/RichText.build/Debug-watchos/RichText.build/DerivedSources -Xcc -DSWIFT_PACKAGE -Xcc -DDEBUG\=1 -emit-objc-header -emit-objc-header-path /Users/admin/builder/spi-builder-workspace/.derivedData/Build/Intermediates.noindex/RichText.build/Debug-watchos/RichText.build/Objects-normal/arm64_32/RichText-Swift.h -working-directory /Users/admin/builder/spi-builder-workspace/.swiftpm/xcode -experimental-emit-module-separately -disable-cmo
SwiftDriverJobDiscovery normal arm64_32 Compiling ViewIdentity.swift (in target 'Introspection' from project 'RichText')
SwiftEmitModule normal arm64_32 Emitting\ module\ for\ RichText (in target 'RichText' from project 'RichText')
SwiftEmitModule normal arm64 Emitting\ module\ for\ RichText (in target 'RichText' from project 'RichText')
SwiftCompile normal arm64 Compiling\ TextContent.swift,\ TextContentBuilder.swift,\ TextContentProviding.swift,\ InlineAttachmentTextView+AppKit.swift /Users/admin/builder/spi-builder-workspace/Sources/RichText/Text\ Content\ &\ Fragments/TextContent.swift /Users/admin/builder/spi-builder-workspace/Sources/RichText/Text\ Content\ &\ Fragments/TextContentBuilder.swift /Users/admin/builder/spi-builder-workspace/Sources/RichText/Text\ Content\ &\ Fragments/TextContentProviding.swift /Users/admin/builder/spi-builder-workspace/Sources/RichText/Text\ View/InlineAttachmentTextView+AppKit.swift (in target 'RichText' from project 'RichText')
SwiftCompile normal arm64 Compiling\ AttributeContainer++.swift,\ InlineHostingAttachmentAttribute.swift,\ HostedAttachmentSizing.swift,\ InlineHostingAttachment.swift /Users/admin/builder/spi-builder-workspace/Sources/RichText/Attributes\ &\ Attachments/AttributeContainer++.swift /Users/admin/builder/spi-builder-workspace/Sources/RichText/Attributes\ &\ Attachments/Attributes/InlineHostingAttachmentAttribute.swift /Users/admin/builder/spi-builder-workspace/Sources/RichText/Attributes\ &\ Attachments/HostedAttachmentSizing.swift /Users/admin/builder/spi-builder-workspace/Sources/RichText/Attributes\ &\ Attachments/InlineHostingAttachment.swift (in target 'RichText' from project 'RichText')
SwiftCompile normal arm64_32 Compiling\ TextLayoutEngineModifier.swift,\ PlatformFontViewModifier.swift,\ PlatformTypes.swift /Users/admin/builder/spi-builder-workspace/Sources/RichText/Text\ View/Layout\ Engine/TextLayoutEngineModifier.swift /Users/admin/builder/spi-builder-workspace/Sources/RichText/Text\ View/Support/PlatformFontViewModifier.swift /Users/admin/builder/spi-builder-workspace/Sources/RichText/Text\ View/Support/PlatformTypes.swift (in target 'RichText' from project 'RichText')
Command SwiftCompile failed with a nonzero exit code
** BUILD FAILED **
The following build commands failed:
	SwiftCompile normal arm64_32 /Users/admin/builder/spi-builder-workspace/Sources/Introspection/SwiftUI/Text/ResolvedLocalizedStringKey.swift (in target 'Introspection' from project 'RichText')
	SwiftCompile normal arm64_32 Compiling\ ResolvedLocalizedStringKey.swift /Users/admin/builder/spi-builder-workspace/Sources/Introspection/SwiftUI/Text/ResolvedLocalizedStringKey.swift (in target 'Introspection' from project 'RichText')
	SwiftCompile normal arm64_32 Compiling\ TextLayoutEngineModifier.swift,\ PlatformFontViewModifier.swift,\ PlatformTypes.swift /Users/admin/builder/spi-builder-workspace/Sources/RichText/Text\ View/Layout\ Engine/TextLayoutEngineModifier.swift /Users/admin/builder/spi-builder-workspace/Sources/RichText/Text\ View/Support/PlatformFontViewModifier.swift /Users/admin/builder/spi-builder-workspace/Sources/RichText/Text\ View/Support/PlatformTypes.swift (in target 'RichText' from project 'RichText')
	Building workspace spi-builder-workspace with scheme RichText
(4 failures)
BUILD FAILURE 6.1 watchOS