Build Information
Failed to build BbAppTask, reference main (7756bf), with Swift 6.4 for visionOS using Xcode 27.0 on 23 Sep 2026 16:23:16 UTC.
Build Command
env DEVELOPER_DIR=/Applications/Xcode-27.0.0-Release.Candidate.app xcrun xcodebuild -IDEClonedSourcePackagesDirPathOverride=$PWD/.dependencies -skipMacroValidation -skipPackagePluginValidation -derivedDataPath $PWD/.derivedData build -scheme BbAppTask -destination generic/platform=xrOSBuild Log
========================================
RunAll
========================================
Builder version: 5.1.0
Interrupt handler set up.
========================================
Checkout
========================================
Clone URL: https://github.com/thebbapp/swift-package-bb-app-task.git
Reference: main
Initialized empty Git repository in /Users/admin/builder/spi-builder-workspace/.git/
From https://github.com/thebbapp/swift-package-bb-app-task
* branch main -> FETCH_HEAD
* [new branch] main -> origin/main
HEAD is now at 7756bf4 Initial commit.
Cloned https://github.com/thebbapp/swift-package-bb-app-task.git
Revision (git rev-parse @):
7756bf43db50302c684fcb878bd266bdc58a1d27
SUCCESS checkout https://github.com/thebbapp/swift-package-bb-app-task.git at main
========================================
Build
========================================
Selected platform: visionOS
Swift version: 6.4
Building package at path: $PWD
https://github.com/thebbapp/swift-package-bb-app-task.git
Command line invocation:
/Applications/Xcode-27.0.0-Release.Candidate.app/Contents/Developer/usr/bin/xcodebuild -IDEClonedSourcePackagesDirPathOverride=/Users/admin/builder/spi-builder-workspace/.dependencies -resolvePackageDependencies
Resolve Package Graph
Resolve Package Graph
Resolved source packages:
BbAppTask: /Users/admin/builder/spi-builder-workspace
resolved source packages: BbAppTask
2026-09-23 12:22:37.636 xcodebuild[526:2984] [MT] IDERunDestination: Supported platforms for the buildables in the current scheme is empty.
{
"default_localization" : "en",
"dependencies" : [
],
"manifest_display_name" : "BbAppTask",
"name" : "BbAppTask",
"path" : "/Users/admin/builder/spi-builder-workspace",
"platforms" : [
{
"name" : "ios",
"version" : "18.5"
},
{
"name" : "macos",
"version" : "15.5"
},
{
"name" : "tvos",
"version" : "18.0"
}
],
"products" : [
{
"name" : "BbAppTask",
"targets" : [
"BbAppTask"
],
"type" : {
"library" : [
"automatic"
]
}
}
],
"swift_languages_versions" : [
"6"
],
"targets" : [
{
"c99name" : "BbAppTask",
"module_type" : "BinaryTarget",
"name" : "BbAppTask",
"path" : "remote/archive/BbAppTask.xcframework.zip",
"product_memberships" : [
"BbAppTask"
],
"sources" : [
],
"type" : "binary"
}
],
"tools_version" : "6.2"
}
{
"workspace" : {
"name" : "BbAppTask",
"schemes" : [
"BbAppTask"
]
}
}
2026-09-23 12:23:10.438 xcodebuild[635:3824] [MT] IDERunDestination: Supported platforms for the buildables in the current scheme is empty.
Running build ...
env DEVELOPER_DIR=/Applications/Xcode-27.0.0-Release.Candidate.app xcrun xcodebuild -IDEClonedSourcePackagesDirPathOverride=$PWD/.dependencies -skipMacroValidation -skipPackagePluginValidation -derivedDataPath $PWD/.derivedData build -scheme BbAppTask -destination generic/platform=xrOS
Command line invocation:
/Applications/Xcode-27.0.0-Release.Candidate.app/Contents/Developer/usr/bin/xcodebuild -IDEClonedSourcePackagesDirPathOverride=/Users/admin/builder/spi-builder-workspace/.dependencies -skipMacroValidation -skipPackagePluginValidation -derivedDataPath /Users/admin/builder/spi-builder-workspace/.derivedData build -scheme BbAppTask -destination generic/platform=xrOS
Resolve Package Graph
Resolved source packages:
BbAppTask: /Users/admin/builder/spi-builder-workspace
ComputePackagePrebuildTargetDependencyGraph
Prepare packages
CreateBuildRequest
SendProjectDescription
CreateBuildOperation
ComputeTargetDependencyGraph
note: Building targets in dependency order
note: Target dependency graph (1 target)
Target 'BbAppTask-product' in project 'BbAppTask' (no dependencies)
GatherProvisioningInputs
CreateBuildDescription
ExecuteExternalTool /Applications/Xcode-27.0.0-Release.Candidate.app/Contents/Developer/Toolchains/XcodeDefault.xctoolchain/usr/bin/clang -v -E -dM -isysroot /Applications/Xcode-27.0.0-Release.Candidate.app/Contents/Developer/Platforms/XROS.platform/Developer/SDKs/XROS27.0.sdk -x c -c /dev/null
Build description signature: ee2180d4957c0dab6e58286af4b2741c
Build description path: /Users/admin/builder/spi-builder-workspace/.derivedData/Build/Intermediates.noindex/XCBuildData/ee2180d4957c0dab6e58286af4b2741c.xcbuilddata
/Users/admin/builder/spi-builder-workspace/.dependencies/artifacts/spi-builder-workspace/BbAppTask/BbAppTask.xcframework:1:1: error: While building for visionOS, no library for this platform was found in '/Users/admin/builder/spi-builder-workspace/.dependencies/artifacts/spi-builder-workspace/BbAppTask/BbAppTask.xcframework'. (in target 'BbAppTask-product' from project 'BbAppTask')
2026-09-23 12:23:11.978 xcodebuild[636:3869] [MT] IDERunDestination: Supported platforms for the buildables in the current scheme is empty.
** BUILD FAILED **
The following build commands failed:
Building workspace BbAppTask with scheme BbAppTask
(1 failure)
Command line invocation:
/Applications/Xcode-27.0.0-Release.Candidate.app/Contents/Developer/usr/bin/xcodebuild -IDEClonedSourcePackagesDirPathOverride=/Users/admin/builder/spi-builder-workspace/.dependencies -resolvePackageDependencies
Resolve Package Graph
Resolved source packages:
BbAppTask: /Users/admin/builder/spi-builder-workspace
resolved source packages: BbAppTask
2026-09-23 12:23:13.502 xcodebuild[648:3966] [MT] IDERunDestination: Supported platforms for the buildables in the current scheme is empty.
{
"default_localization" : "en",
"dependencies" : [
],
"manifest_display_name" : "BbAppTask",
"name" : "BbAppTask",
"path" : "/Users/admin/builder/spi-builder-workspace",
"platforms" : [
{
"name" : "ios",
"version" : "18.5"
},
{
"name" : "macos",
"version" : "15.5"
},
{
"name" : "tvos",
"version" : "18.0"
}
],
"products" : [
{
"name" : "BbAppTask",
"targets" : [
"BbAppTask"
],
"type" : {
"library" : [
"automatic"
]
}
}
],
"swift_languages_versions" : [
"6"
],
"targets" : [
{
"c99name" : "BbAppTask",
"module_type" : "BinaryTarget",
"name" : "BbAppTask",
"path" : "remote/archive/BbAppTask.xcframework.zip",
"product_memberships" : [
"BbAppTask"
],
"sources" : [
],
"type" : "binary"
}
],
"tools_version" : "6.2"
}
{
"workspace" : {
"name" : "BbAppTask",
"schemes" : [
"BbAppTask"
]
}
}
2026-09-23 12:23:14.666 xcodebuild[656:4024] [MT] IDERunDestination: Supported platforms for the buildables in the current scheme is empty.
Running build ...
env DEVELOPER_DIR=/Applications/Xcode-27.0.0-Release.Candidate.app xcrun xcodebuild -IDEClonedSourcePackagesDirPathOverride=$PWD/.dependencies -skipMacroValidation -skipPackagePluginValidation -derivedDataPath $PWD/.derivedData build -scheme BbAppTask -destination generic/platform=xrOS
Command line invocation:
/Applications/Xcode-27.0.0-Release.Candidate.app/Contents/Developer/usr/bin/xcodebuild -IDEClonedSourcePackagesDirPathOverride=/Users/admin/builder/spi-builder-workspace/.dependencies -skipMacroValidation -skipPackagePluginValidation -derivedDataPath /Users/admin/builder/spi-builder-workspace/.derivedData build -scheme BbAppTask -destination generic/platform=xrOS
Resolve Package Graph
Resolved source packages:
BbAppTask: /Users/admin/builder/spi-builder-workspace
ComputePackagePrebuildTargetDependencyGraph
Prepare packages
CreateBuildRequest
SendProjectDescription
CreateBuildOperation
ComputeTargetDependencyGraph
note: Building targets in dependency order
note: Target dependency graph (1 target)
Target 'BbAppTask-product' in project 'BbAppTask' (no dependencies)
GatherProvisioningInputs
CreateBuildDescription
/Users/admin/builder/spi-builder-workspace/.dependencies/artifacts/spi-builder-workspace/BbAppTask/BbAppTask.xcframework:1:1: error: While building for visionOS, no library for this platform was found in '/Users/admin/builder/spi-builder-workspace/.dependencies/artifacts/spi-builder-workspace/BbAppTask/BbAppTask.xcframework'. (in target 'BbAppTask-product' from project 'BbAppTask')
2026-09-23 12:23:15.613 xcodebuild[657:4051] [MT] IDERunDestination: Supported platforms for the buildables in the current scheme is empty.
** BUILD FAILED **
The following build commands failed:
Building workspace BbAppTask with scheme BbAppTask
(1 failure)
BUILD FAILURE 6.4 visionOS