The Swift Package Index logo.Swift Package Index

Build Information

Failed to build hummingbird-fluent, reference main (6e1124), with Swift 6.2 for Wasm on 13 Oct 2026 10:51:42 UTC.

Build Command

bash -c docker run --pull=always --rm -v "checkouts-54344843-0":/host -w "$PWD" -e JAVA_HOME="/root/.sdkman/candidates/java/current" -e SPI_BUILD="1" -e SPI_PROCESSING="1" registry.gitlab.com/saguaro1/spi-images:wasm-6.2-latest swift build --swift-sdk swift-6.2-RELEASE_wasm 2>&1

Build Log

========================================
RunAll
========================================
Builder version: 5.1.2
Interrupt handler set up.
========================================
Checkout
========================================
Clone URL: https://github.com/hummingbird-project/hummingbird-fluent.git
Reference: main
Initialized empty Git repository in /host/spi-builder-workspace/.git/
hint: Using 'master' as the name for the initial branch. This default branch name
hint: is subject to change. To configure the initial branch name to use in all
hint: of your new repositories, which will suppress this warning, call:
hint:
hint: 	git config --global init.defaultBranch <name>
hint:
hint: Names commonly chosen instead of 'master' are 'main', 'trunk' and
hint: 'development'. The just-created branch can be renamed via this command:
hint:
hint: 	git branch -m <name>
From https://github.com/hummingbird-project/hummingbird-fluent
 * branch            main       -> FETCH_HEAD
 * [new branch]      main       -> origin/main
HEAD is now at 6e1124b Update from hummingbird-project-template ec97cd3a5b5d66098141dd7d23e1e69d25fdc425 (#62)
Cloned https://github.com/hummingbird-project/hummingbird-fluent.git
Revision (git rev-parse @):
6e1124b2a4f046b41ba0d4c5ba958e084c7b5bda
SPI manifest file found: $PWD/.spi.yml
SUCCESS checkout https://github.com/hummingbird-project/hummingbird-fluent.git at main
========================================
Build
========================================
Selected platform:         wasm
Swift version:             6.2
Building package at path:  $PWD
https://github.com/hummingbird-project/hummingbird-fluent.git
Running build ...
bash -c docker run --pull=always --rm -v "checkouts-54344843-0":/host -w "$PWD" -e JAVA_HOME="/root/.sdkman/candidates/java/current" -e SPI_BUILD="1" -e SPI_PROCESSING="1" registry.gitlab.com/saguaro1/spi-images:wasm-6.2-latest swift build --swift-sdk swift-6.2-RELEASE_wasm 2>&1
wasm-6.2-latest: Pulling from saguaro1/spi-images
Digest: sha256:c092ff8dc506a2a30e6239b6992792fd4f7dfaaa46cac3b3c48d8fe35e954282
Status: Image is up to date for registry.gitlab.com/saguaro1/spi-images:wasm-6.2-latest
Fetching https://github.com/vapor/fluent-sqlite-driver.git
Fetching https://github.com/apple/swift-async-algorithms.git
Fetching https://github.com/swift-server/swift-service-lifecycle.git
Fetching https://github.com/vapor/fluent-kit.git
Fetching https://github.com/hummingbird-project/hummingbird.git
[1/2874] Fetching swift-service-lifecycle
[749/4247] Fetching swift-service-lifecycle, fluent-sqlite-driver
[4248/11068] Fetching swift-service-lifecycle, fluent-sqlite-driver, swift-async-algorithms
Fetched https://github.com/vapor/fluent-sqlite-driver.git from cache (0.49s)
[3079/9695] Fetching swift-service-lifecycle, swift-async-algorithms
[9696/23663] Fetching swift-service-lifecycle, swift-async-algorithms, fluent-kit
Fetched https://github.com/apple/swift-async-algorithms.git from cache (0.59s)
[3014/16842] Fetching swift-service-lifecycle, fluent-kit
[16285/45799] Fetching swift-service-lifecycle, fluent-kit, hummingbird
Fetched https://github.com/swift-server/swift-service-lifecycle.git from cache (0.99s)
Fetched https://github.com/vapor/fluent-kit.git from cache (1.00s)
[290/28957] Fetching hummingbird
Fetched https://github.com/hummingbird-project/hummingbird.git from cache (1.97s)
Computing version for https://github.com/vapor/fluent-sqlite-driver.git
Computed https://github.com/vapor/fluent-sqlite-driver.git at 4.9.0 (2.14s)
Fetching https://github.com/vapor/sqlite-kit.git
Fetching https://github.com/apple/swift-log.git
[1/8281] Fetching swift-log
[4142/10478] Fetching swift-log, sqlite-kit
Fetched https://github.com/vapor/sqlite-kit.git from cache (0.70s)
Fetched https://github.com/apple/swift-log.git from cache (0.70s)
Computing version for https://github.com/vapor/sqlite-kit.git
Computed https://github.com/vapor/sqlite-kit.git at 4.5.2 (0.87s)
Fetching https://github.com/vapor/sqlite-nio.git
Fetching https://github.com/apple/swift-nio.git
Fetching https://github.com/vapor/sql-kit.git
Fetching https://github.com/vapor/async-kit.git
[1/2514] Fetching async-kit
[102/8872] Fetching async-kit, sql-kit
Fetched https://github.com/vapor/async-kit.git from cache (0.44s)
[3307/6358] Fetching sql-kit
Fetched https://github.com/vapor/sql-kit.git from cache (0.50s)
[1/86397] Fetching swift-nio
[52704/88428] Fetching swift-nio, sqlite-nio
Fetched https://github.com/vapor/sqlite-nio.git from cache (2.70s)
Fetched https://github.com/apple/swift-nio.git from cache (3.66s)
Computing version for https://github.com/vapor/async-kit.git
Computed https://github.com/vapor/async-kit.git at 1.22.0 (3.82s)
Fetching https://github.com/apple/swift-algorithms.git
Fetching https://github.com/apple/swift-collections.git
[1/28744] Fetching swift-collections
[13799/34903] Fetching swift-collections, swift-algorithms
Fetched https://github.com/apple/swift-algorithms.git from cache (1.24s)
Fetched https://github.com/apple/swift-collections.git from cache (1.25s)
Computing version for https://github.com/apple/swift-algorithms.git
Computed https://github.com/apple/swift-algorithms.git at 1.2.1 (2.13s)
Fetching https://github.com/apple/swift-numerics.git
[1/6743] Fetching swift-numerics
Fetched https://github.com/apple/swift-numerics.git from cache (0.56s)
Computing version for https://github.com/apple/swift-numerics.git
Computed https://github.com/apple/swift-numerics.git at 1.1.1 (0.71s)
Computing version for https://github.com/apple/swift-collections.git
Computed https://github.com/apple/swift-collections.git at 1.7.3 (0.25s)
Computing version for https://github.com/vapor/fluent-kit.git
Computed https://github.com/vapor/fluent-kit.git at 1.57.0 (0.16s)
Fetching https://github.com/apple/swift-distributed-tracing.git
Fetching https://github.com/apple/swift-service-context.git
[1/1530] Fetching swift-service-context
[1531/8134] Fetching swift-service-context, swift-distributed-tracing
Fetched https://github.com/apple/swift-service-context.git from cache (0.56s)
Fetched https://github.com/apple/swift-distributed-tracing.git from cache (0.56s)
Computing version for https://github.com/apple/swift-distributed-tracing.git
Computed https://github.com/apple/swift-distributed-tracing.git at 1.6.0 (0.72s)
Computing version for https://github.com/swift-server/swift-service-lifecycle.git
Computed https://github.com/swift-server/swift-service-lifecycle.git at 2.12.1 (0.15s)
Computing version for https://github.com/apple/swift-async-algorithms.git
Computed https://github.com/apple/swift-async-algorithms.git at 1.1.7 (0.21s)
Computing version for https://github.com/apple/swift-log.git
Computed https://github.com/apple/swift-log.git at 1.16.1 (0.16s)
Computing version for https://github.com/apple/swift-service-context.git
Computed https://github.com/apple/swift-service-context.git at 1.4.0 (0.15s)
Computing version for https://github.com/vapor/sql-kit.git
Computed https://github.com/vapor/sql-kit.git at 3.36.0 (0.15s)
Computing version for https://github.com/apple/swift-nio.git
Computed https://github.com/apple/swift-nio.git at 2.104.0 (0.35s)
Fetching https://github.com/apple/swift-atomics.git
Fetching https://github.com/apple/swift-system.git
[1/1889] Fetching swift-atomics
[1890/9177] Fetching swift-atomics, swift-system
Fetched https://github.com/apple/swift-atomics.git from cache (0.51s)
[511/7288] Fetching swift-system
Fetched https://github.com/apple/swift-system.git from cache (0.63s)
Computing version for https://github.com/apple/swift-atomics.git
Computed https://github.com/apple/swift-atomics.git at 1.3.1 (0.79s)
Computing version for https://github.com/apple/swift-system.git
Computed https://github.com/apple/swift-system.git at 1.8.1 (0.19s)
Computing version for https://github.com/vapor/sqlite-nio.git
Computed https://github.com/vapor/sqlite-nio.git at 1.13.1 (0.18s)
Computing version for https://github.com/hummingbird-project/hummingbird.git
Computed https://github.com/hummingbird-project/hummingbird.git at 2.28.0 (0.20s)
Fetching https://github.com/apple/swift-configuration.git
Fetching https://github.com/apple/swift-nio-http2.git
Fetching https://github.com/swift-server/async-http-client.git
Fetching https://github.com/apple/swift-nio-ssl.git
Fetching https://github.com/apple/swift-nio-extras.git
Fetching https://github.com/apple/swift-nio-transport-services.git
[1/3935] Fetching swift-configuration
[238/6802] Fetching swift-configuration, swift-nio-transport-services
[893/23682] Fetching swift-configuration, swift-nio-transport-services, swift-nio-ssl
[952/30386] Fetching swift-configuration, swift-nio-transport-services, swift-nio-ssl, swift-nio-extras
[14689/42680] Fetching swift-configuration, swift-nio-transport-services, swift-nio-ssl, swift-nio-extras, swift-nio-http2
Fetched https://github.com/apple/swift-nio-transport-services.git from cache (0.58s)
Fetched https://github.com/apple/swift-nio-extras.git from cache (0.58s)
Fetching https://github.com/apple/swift-http-types.git
Fetching https://github.com/apple/swift-metrics.git
[5947/33109] Fetching swift-configuration, swift-nio-ssl, swift-nio-http2
[21801/49588] Fetching swift-configuration, swift-nio-ssl, swift-nio-http2, async-http-client
[49589/51527] Fetching swift-configuration, swift-nio-ssl, swift-nio-http2, async-http-client, swift-http-types
[49686/55090] Fetching swift-configuration, swift-nio-ssl, swift-nio-http2, async-http-client, swift-http-types, swift-metrics
Fetched https://github.com/apple/swift-http-types.git from cache (0.59s)
Fetched https://github.com/apple/swift-metrics.git from cache (0.60s)
Fetched https://github.com/swift-server/async-http-client.git from cache (1.28s)
Fetched https://github.com/apple/swift-nio-http2.git from cache (1.29s)
Fetched https://github.com/apple/swift-configuration.git from cache (1.50s)
Fetched https://github.com/apple/swift-nio-ssl.git from cache (1.50s)
Computing version for https://github.com/apple/swift-http-types.git
Computed https://github.com/apple/swift-http-types.git at 1.8.0 (1.69s)
Computing version for https://github.com/apple/swift-nio-http2.git
Computed https://github.com/apple/swift-nio-http2.git at 1.46.0 (0.17s)
Computing version for https://github.com/apple/swift-nio-ssl.git
Computed https://github.com/apple/swift-nio-ssl.git at 2.37.5 (0.19s)
Computing version for https://github.com/apple/swift-nio-extras.git
Computed https://github.com/apple/swift-nio-extras.git at 1.35.1 (0.98s)
Fetching https://github.com/apple/swift-http-structured-headers.git
Fetching https://github.com/apple/swift-asn1.git
Fetching https://github.com/apple/swift-certificates.git
[1/2009] Fetching swift-asn1
[1327/9622] Fetching swift-asn1, swift-certificates
[2087/10875] Fetching swift-asn1, swift-certificates, swift-http-structured-headers
Fetched https://github.com/apple/swift-asn1.git from cache (0.55s)
Fetched https://github.com/apple/swift-certificates.git from cache (0.55s)
[890/1253] Fetching swift-http-structured-headers
Fetched https://github.com/apple/swift-http-structured-headers.git from cache (0.58s)
Computing version for https://github.com/apple/swift-metrics.git
Computed https://github.com/apple/swift-metrics.git at 2.12.0 (0.74s)
Computing version for https://github.com/apple/swift-configuration.git
Computed https://github.com/apple/swift-configuration.git at 1.2.2 (0.22s)
Computing version for https://github.com/apple/swift-http-structured-headers.git
Computed https://github.com/apple/swift-http-structured-headers.git at 1.7.0 (0.16s)
Computing version for https://github.com/apple/swift-asn1.git
Computed https://github.com/apple/swift-asn1.git at 1.7.3 (0.19s)
Computing version for https://github.com/apple/swift-nio-transport-services.git
Computed https://github.com/apple/swift-nio-transport-services.git at 1.28.0 (0.17s)
Computing version for https://github.com/swift-server/async-http-client.git
Computed https://github.com/swift-server/async-http-client.git at 1.36.2 (0.18s)
Computing version for https://github.com/apple/swift-certificates.git
Computed https://github.com/apple/swift-certificates.git at 1.21.0 (0.22s)
Fetching https://github.com/apple/swift-crypto.git
[1/18629] Fetching swift-crypto
Fetched https://github.com/apple/swift-crypto.git from cache (2.49s)
Computing version for https://github.com/apple/swift-crypto.git
Computed https://github.com/apple/swift-crypto.git at 5.0.1 (3.00s)
Creating working copy for https://github.com/apple/swift-configuration.git
Working copy of https://github.com/apple/swift-configuration.git resolved at 1.2.2
Creating working copy for https://github.com/vapor/sql-kit.git
Working copy of https://github.com/vapor/sql-kit.git resolved at 3.36.0
Creating working copy for https://github.com/vapor/fluent-sqlite-driver.git
Working copy of https://github.com/vapor/fluent-sqlite-driver.git resolved at 4.9.0
Creating working copy for https://github.com/apple/swift-asn1.git
Working copy of https://github.com/apple/swift-asn1.git resolved at 1.7.3
Creating working copy for https://github.com/apple/swift-nio-http2.git
Working copy of https://github.com/apple/swift-nio-http2.git resolved at 1.46.0
Creating working copy for https://github.com/vapor/fluent-kit.git
Working copy of https://github.com/vapor/fluent-kit.git resolved at 1.57.0
Creating working copy for https://github.com/apple/swift-collections.git
Working copy of https://github.com/apple/swift-collections.git resolved at 1.7.3
Creating working copy for https://github.com/apple/swift-distributed-tracing.git
Working copy of https://github.com/apple/swift-distributed-tracing.git resolved at 1.6.0
Creating working copy for https://github.com/apple/swift-atomics.git
Working copy of https://github.com/apple/swift-atomics.git resolved at 1.3.1
Creating working copy for https://github.com/apple/swift-nio-ssl.git
Working copy of https://github.com/apple/swift-nio-ssl.git resolved at 2.37.5
Creating working copy for https://github.com/apple/swift-nio-transport-services.git
Working copy of https://github.com/apple/swift-nio-transport-services.git resolved at 1.28.0
Creating working copy for https://github.com/apple/swift-numerics.git
Working copy of https://github.com/apple/swift-numerics.git resolved at 1.1.1
Creating working copy for https://github.com/vapor/async-kit.git
Working copy of https://github.com/vapor/async-kit.git resolved at 1.22.0
Creating working copy for https://github.com/apple/swift-async-algorithms.git
Working copy of https://github.com/apple/swift-async-algorithms.git resolved at 1.1.7
Creating working copy for https://github.com/apple/swift-nio-extras.git
Working copy of https://github.com/apple/swift-nio-extras.git resolved at 1.35.1
Creating working copy for https://github.com/vapor/sqlite-kit.git
Working copy of https://github.com/vapor/sqlite-kit.git resolved at 4.5.2
Creating working copy for https://github.com/apple/swift-log.git
Working copy of https://github.com/apple/swift-log.git resolved at 1.16.1
Creating working copy for https://github.com/hummingbird-project/hummingbird.git
Working copy of https://github.com/hummingbird-project/hummingbird.git resolved at 2.28.0
Creating working copy for https://github.com/apple/swift-system.git
Working copy of https://github.com/apple/swift-system.git resolved at 1.8.1
Creating working copy for https://github.com/apple/swift-nio.git
Working copy of https://github.com/apple/swift-nio.git resolved at 2.104.0
Creating working copy for https://github.com/apple/swift-crypto.git
Working copy of https://github.com/apple/swift-crypto.git resolved at 5.0.1
Creating working copy for https://github.com/apple/swift-metrics.git
Working copy of https://github.com/apple/swift-metrics.git resolved at 2.12.0
Creating working copy for https://github.com/apple/swift-http-structured-headers.git
Working copy of https://github.com/apple/swift-http-structured-headers.git resolved at 1.7.0
Creating working copy for https://github.com/apple/swift-http-types.git
Working copy of https://github.com/apple/swift-http-types.git resolved at 1.8.0
Creating working copy for https://github.com/apple/swift-service-context.git
Working copy of https://github.com/apple/swift-service-context.git resolved at 1.4.0
Creating working copy for https://github.com/apple/swift-algorithms.git
Working copy of https://github.com/apple/swift-algorithms.git resolved at 1.2.1
Creating working copy for https://github.com/swift-server/swift-service-lifecycle.git
Working copy of https://github.com/swift-server/swift-service-lifecycle.git resolved at 2.12.1
Creating working copy for https://github.com/apple/swift-certificates.git
Working copy of https://github.com/apple/swift-certificates.git resolved at 1.21.0
Creating working copy for https://github.com/vapor/sqlite-nio.git
Working copy of https://github.com/vapor/sqlite-nio.git resolved at 1.13.1
Creating working copy for https://github.com/swift-server/async-http-client.git
Working copy of https://github.com/swift-server/async-http-client.git resolved at 1.36.2
Building for debugging...
[0/59] Write sources
[39/59] Compiling CNIOWindows shim.c
[40/59] Compiling CNIOWindows WSAStartup.c
[41/59] Compiling CSystem shims.c
[42/59] Compiling _CWASI _CWASI.c
[43/59] Compiling CNIOWASI CNIOWASI.c
[44/59] Compiling CNIOOpenBSD shim.c
[45/59] Compiling CNIOPosix event_loop_id.c
[46/59] Compiling _AtomicsShims.c
[47/59] Compiling CNIOLinux shim.c
[48/59] Compiling CNIOFreeBSD shim.c
[49/59] Compiling CNIOLinux liburing_shims.c
[50/59] Write sources
[52/59] Compiling CNIODarwin shim.c
[52/59] Compiling CNIOLLHTTP c_nio_http.c
[54/59] Write swift-version-24593BA9C3E375BF.txt
[55/59] Compiling CNIOLLHTTP c_nio_api.c
[57/118] Emitting module _NIOBase64
[57/118] Compiling c-nioatomics.c
[59/146] Compiling InternalCollectionsUtilities Iterable+CopyContents.swift
[60/146] Compiling InternalCollectionsUtilities Iterable+Equality.swift
[61/146] Compiling InternalCollectionsUtilities LifetimeOverride.swift
[62/146] Compiling InternalCollectionsUtilities MutableRef.swift
[63/149] Compiling InternalCollectionsUtilities UnsafeRawBufferPointer+Extras.swift
[64/149] Compiling InternalCollectionsUtilities _SortedCollection.swift
[65/149] Compiling InternalCollectionsUtilities _UniqueCollection.swift
[66/149] Compiling Logging Logger.swift
[67/150] Compiling InternalCollectionsUtilities BorrowingIteratorProtocol+Equality.swift
[68/150] Compiling InternalCollectionsUtilities BorrowingIteratorProtocol+Extras.swift
[69/150] Compiling InternalCollectionsUtilities Debugging.swift
[70/150] Compiling InternalCollectionsUtilities Descriptions.swift
[73/150] Emitting module SystemPackage
[74/155] Compiling InternalCollectionsUtilities Strideable+LimitHelpers.swift
[75/155] Compiling InternalCollectionsUtilities String+Padding.swift
[76/155] Compiling InternalCollectionsUtilities TemporaryAllocation.swift
[77/155] Compiling InternalCollectionsUtilities _UnsafeBitSet+Index.swift
[78/155] Compiling InternalCollectionsUtilities UnsafeMutablePointer+Extras.swift
[79/155] Compiling CoreMetrics WithMetricsFactory.swift
[84/155] Compiling Logging LoggingSystem.swift
[85/155] Compiling Logging MetadataProvider.swift
[86/155] Compiling InternalCollectionsUtilities FixedWidthInteger+roundUpToPowerOfTwo.swift
[87/155] Compiling InternalCollectionsUtilities Integer rank.swift
[88/155] Compiling InternalCollectionsUtilities UInt+first and last set bit.swift
[89/155] Compiling InternalCollectionsUtilities UInt+reversed.swift
[90/155] Compiling _NIOBase64 Base64.swift
[91/156] Compiling _NIODataStructures _TinyArray.swift
[92/156] Compiling _NIODataStructures PriorityQueue.swift
[93/156] Compiling SystemPackage RawBuffer.swift
[94/156] Compiling SystemPackage Syscalls.swift
[95/156] Compiling SystemPackage WindowsSyscallAdapters.swift
[96/156] Compiling SystemPackage MachPort.swift
[97/156] Compiling SystemPackage PlatformString.swift
[100/156] Emitting module Logging
[104/156] Compiling Logging Logger+With.swift
[105/156] Compiling Logging Logger+Attributes.swift
[108/156] Compiling InternalCollectionsUtilities UnsafeMutableRawBufferPointer+Extras.swift
[109/156] Compiling InternalCollectionsUtilities UnsafePointer+Extras.swift
[110/156] Compiling InternalCollectionsUtilities _UnsafeBitSet+_Word.swift
[111/156] Compiling InternalCollectionsUtilities _UnsafeBitSet.swift
[112/156] Compiling InternalCollectionsUtilities UnsafeBufferPointer+Extras.swift
[117/156] Compiling InternalCollectionsUtilities UnsafeMutableBufferPointer+Extras.swift
[121/156] Compiling SystemPackage RawIORequest.swift
[122/157] Emitting module CoreMetrics
[123/157] Compiling InternalCollectionsUtilities MutableSpan+Extras.swift
[124/157] Compiling InternalCollectionsUtilities OutputSpan+Extras.swift
[125/157] Compiling InternalCollectionsUtilities RandomAccessCollection+Offsets.swift
[126/157] Compiling InternalCollectionsUtilities Span+Extras.swift
[137/165] Compiling CNIOLLHTTP c_nio_llhttp.c
[139/165] Emitting module _NIODataStructures
[140/165] Compiling _NIODataStructures Heap.swift
[142/169] Emitting module Instrumentation
[143/169] Compiling Instrumentation InstrumentationContext.swift
[144/169] Compiling Instrumentation Instrument.swift
[145/188] Compiling Instrumentation MultiplexInstrument.swift
[146/191] Compiling Instrumentation NoOpInstrument.swift
[147/191] Compiling Instrumentation Locks.swift
[148/195] Compiling Instrumentation InstrumentationSystem.swift
[149/195] Compiling Instrumentation InstrumentationContextKey.swift
[150/198] Compiling ConcurrencyHelpers LockedValueBox.swift
[152/198] Compiling ConcurrencyHelpers Lock.swift
[153/198] Emitting module ConcurrencyHelpers
[154/205] Compiling CoreMetrics MappingMetricsFactory.swift
[155/206] Compiling CoreMetrics Metrics.swift
[156/206] Compiling CoreMetrics Locks.swift
[159/210] Compiling ServiceContextModule CompatibilityShim.swift
[160/210] Compiling Tracing InstrumentationSystem+Tracing.swift
[161/211] Emitting module ServiceContextModule
[162/215] Compiling Tracing NoOpTracer.swift
[171/215] Compiling Atomics UnsafeAtomic.swift
[172/215] Compiling Atomics UnsafeAtomicLazyReference.swift
[173/217] Compiling Atomics ManagedAtomic.swift
[174/217] Compiling Atomics ManagedAtomicLazyReference.swift
[175/219] Compiling Tracing WithTracer.swift
[176/219] Compiling Tracing TracingTime.swift
[177/219] Compiling Tracing TracerProtocol.swift
[178/219] Compiling Atomics AtomicStorage.swift
[179/219] Compiling Atomics AtomicValue.swift
[180/219] Compiling Atomics AtomicMemoryOrderings.swift
[181/219] Compiling Atomics DoubleWord.swift
[182/219] Compiling Tracing TracerProtocol+Legacy.swift
[183/219] Compiling Tracing Tracer.swift
[184/219] Emitting module InternalCollectionsUtilities
[185/220] Compiling Atomics AtomicInteger.swift
[186/220] Compiling Atomics AtomicOptionalWrappable.swift
[187/220] Compiling Atomics AtomicReference.swift
[189/220] Compiling UnixSignals UnixSignal.swift
[190/220] Emitting module UnixSignals
[191/220] Compiling UnixSignals UnixSignalsSequence.swift
[192/221] Compiling Atomics IntegerOperations.swift
[193/221] Compiling Atomics Unmanaged extensions.swift
[194/259] Compiling c-atomics.c
[196/317] Compiling SpanPreview InputSpan.swift
[197/326] Compiling SpanPreview OutputSpan+InputSpanHelpers.swift
[198/326] Compiling SpanPreview MutableSpan+InputSpanHelpers.swift
[199/331] Emitting module SpanPreview
[200/353] Compiling Tracing SpanProtocol.swift
[201/353] Emitting module Tracing
[204/369] Compiling HeapModule Heap+ExpressibleByArrayLiteral.swift
[205/369] Compiling OrderedCollections OrderedSet+Move.swift
[206/369] Compiling OrderedCollections OrderedSet+Partial MutableCollection.swift
[207/369] Compiling OrderedCollections OrderedSet+Partial RangeReplaceableCollection.swift
[208/369] Compiling OrderedCollections OrderedSet+Partial SetAlgebra formIntersection.swift
[209/369] Compiling OrderedCollections OrderedSet+Partial SetAlgebra formSymmetricDifference.swift
[210/369] Compiling NIOConcurrencyHelpers NIOLockedValueBox.swift
[211/369] Compiling NIOConcurrencyHelpers lock.swift
[213/370] Compiling NIOConcurrencyHelpers NIOThreadPoolWorkAvailable.swift
[214/370] Compiling NIOConcurrencyHelpers atomics.swift
[215/383] Compiling HeapModule Heap+Invariants.swift
[216/421] Compiling HashTreeCollections TreeDictionary+Collection.swift
[217/421] Compiling HashTreeCollections TreeDictionary+CustomReflectable.swift
[218/421] Compiling HashTreeCollections TreeDictionary+Debugging.swift
[219/421] Compiling HashTreeCollections TreeDictionary+Descriptions.swift
[220/421] Compiling HashTreeCollections TreeDictionary+Equatable.swift
[221/421] Compiling HashTreeCollections TreeDictionary+ExpressibleByDictionaryLiteral.swift
[222/421] Compiling HashTreeCollections TreeDictionary+Filter.swift
[223/421] Compiling HashTreeCollections TreeDictionary+Hashable.swift
[224/453] Emitting module Metrics
[225/453] Compiling Metrics Metrics.swift
[226/454] Compiling HeapModule Heap+Descriptions.swift
[228/454] Compiling NIOConcurrencyHelpers NIOLock.swift
[229/454] Compiling HashTreeCollections TreeDictionary+Initializers.swift
[230/454] Compiling HashTreeCollections TreeDictionary+Keys.swift
[231/454] Compiling HashTreeCollections TreeDictionary+MapValues.swift
[232/454] Compiling HashTreeCollections TreeDictionary+Merge.swift
[233/454] Compiling HashTreeCollections TreeDictionary+Sendable.swift
[234/454] Compiling HashTreeCollections TreeDictionary+Sequence.swift
[235/454] Compiling HashTreeCollections TreeDictionary+Values.swift
[236/454] Compiling HashTreeCollections TreeDictionary.swift
[237/454] Compiling HashTreeCollections _AncestorHashSlots.swift
[238/454] Compiling HashTreeCollections _Bitmap.swift
[239/454] Compiling HashTreeCollections _Bucket.swift
[240/454] Compiling HashTreeCollections _Hash.swift
[241/454] Compiling HashTreeCollections _HashLevel.swift
[242/454] Compiling HashTreeCollections _HashNode+Builder.swift
[243/454] Compiling HashTreeCollections _HashNode+Debugging.swift
[244/454] Compiling HashTreeCollections _HashNode+Initializers.swift
[245/454] Compiling HeapModule Heap.swift
[246/454] Compiling HeapModule _HeapNode.swift
[247/496] Compiling DequeModule Deque+Codable.swift
[248/496] Compiling DequeModule Deque+Collection.swift
[249/497] Compiling NIOConcurrencyHelpers NIOAtomic.swift
[250/497] Emitting module NIOConcurrencyHelpers
[251/498] Compiling DequeModule Deque+Extras.swift
[252/498] Compiling DequeModule Deque+Hashable.swift
[253/498] Compiling DequeModule Deque+Testing.swift
[254/498] Emitting module HeapModule
[255/498] Compiling HeapModule Heap+UnsafeHandle.swift
[256/498] Compiling HeapModule Heap+Testing.swift
[259/544] Compiling HTTPTypes HTTPParsedFields.swift
[260/544] Compiling HTTPTypes HTTPRequest+URL.swift
[261/553] Compiling HTTPTypes HTTPRequest.swift
[262/553] Compiling BitCollections BitSet+SetAlgebra basics.swift
[263/553] Compiling BitCollections BitSet+SetAlgebra conformance.swift
[264/553] Compiling BitCollections BitSet+SetAlgebra formIntersection.swift
[265/553] Compiling BitCollections BitSet+SetAlgebra formSymmetricDifference.swift
[266/553] Compiling BitCollections BitSet+SetAlgebra isSuperset.swift
[267/553] Compiling BitCollections BitSet+SetAlgebra subtract.swift
[268/558] Emitting module HTTPTypes
[269/558] Compiling DequeModule _UnsafeDequeHandle.swift
[270/558] Compiling DequeModule _UnsafeDequeSegments.swift
[271/558] Compiling BitCollections BitSet+SetAlgebra formUnion.swift
[272/558] Compiling BitCollections BitSet+SetAlgebra intersection.swift
[273/558] Compiling BitCollections BitSet+SetAlgebra isDisjoint.swift
[274/558] Compiling BitCollections BitSet+SetAlgebra isEqualSet.swift
[275/558] Compiling BitCollections BitSet+SetAlgebra isStrictSubset.swift
[276/558] Compiling BitCollections BitSet+SetAlgebra isStrictSuperset.swift
[277/558] Compiling BitCollections BitSet+SetAlgebra isSubset.swift
[280/568] Compiling BitCollections BitSet+Extras.swift
[281/568] Compiling BitCollections BitSet+Hashable.swift
[282/568] Compiling BitCollections BitSet+Initializers.swift
[283/568] Compiling BitCollections BitSet+Invariants.swift
[284/568] Compiling BitCollections BitSet+Random.swift
[285/568] Compiling BitCollections BitArray+Fill.swift
[286/568] Compiling BitCollections BitArray+Hashable.swift
[287/568] Compiling BitCollections BitArray+Initializers.swift
[288/568] Compiling BitCollections BitArray+Invariants.swift
[289/568] Compiling BitCollections BitArray+LosslessStringConvertible.swift
[290/568] Compiling BitCollections BitArray+RandomBits.swift
[291/568] Compiling BitCollections BitSet+Codable.swift
[292/568] Compiling BitCollections BitSet+CustomDebugStringConvertible.swift
[293/568] Compiling BitCollections BitSet+CustomReflectable.swift
[294/568] Compiling BitCollections BitSet+CustomStringConvertible.swift
[295/568] Compiling BitCollections BitSet+Equatable.swift
[296/568] Compiling BitCollections BitSet+ExpressibleByArrayLiteral.swift
[297/568] Compiling HashTreeCollections TreeSet+Hashable.swift
[298/568] Compiling HashTreeCollections TreeSet+Sendable.swift
[299/568] Compiling HashTreeCollections TreeSet+Sequence.swift
[300/568] Compiling HashTreeCollections TreeSet+SetAlgebra Initializers.swift
[301/568] Compiling HashTreeCollections TreeSet+SetAlgebra basics.swift
[302/568] Compiling HashTreeCollections TreeSet+SetAlgebra formIntersection.swift
[303/568] Compiling HashTreeCollections TreeSet+SetAlgebra formSymmetricDifference.swift
[304/568] Compiling HashTreeCollections TreeSet+SetAlgebra formUnion.swift
[305/568] Compiling HashTreeCollections TreeSet+SetAlgebra intersection.swift
[306/568] Compiling HashTreeCollections TreeSet+SetAlgebra isDisjoint.swift
[308/568] Compiling HashTreeCollections TreeSet+Codable.swift
[309/568] Compiling HashTreeCollections TreeSet+Collection.swift
[310/568] Compiling HashTreeCollections TreeSet+CustomReflectable.swift
[311/568] Compiling HashTreeCollections TreeSet+Debugging.swift
[312/568] Compiling HashTreeCollections TreeSet+Descriptions.swift
[313/568] Compiling HashTreeCollections TreeSet+Equatable.swift
[314/568] Compiling HashTreeCollections TreeSet+ExpressibleByArrayLiteral.swift
[315/568] Compiling HashTreeCollections TreeSet+Extras.swift
[316/568] Compiling HashTreeCollections TreeSet+Filter.swift
[317/568] Compiling BitCollections BitArray+RangeReplaceableCollection.swift
[318/568] Compiling BitCollections BitArray+Shifts.swift
[319/568] Compiling BitCollections BitArray+Testing.swift
[320/568] Compiling BitCollections BitArray._UnsafeHandle.swift
[321/568] Compiling BitCollections BitArray.swift
[322/568] Compiling BitCollections BitSet+BidirectionalCollection.swift
[323/568] Compiling HTTPTypes HTTPFields.swift
[324/568] Compiling HTTPTypes HTTPFieldValue.swift
[325/568] Compiling BitCollections BitArray+ChunkedBitsIterators.swift
[326/568] Compiling BitCollections BitArray+Codable.swift
[327/568] Compiling HTTPTypes HTTPResponse.swift
[329/569] Compiling HashTreeCollections TreeSet+SetAlgebra isEqualSet.swift
[330/569] Compiling HashTreeCollections TreeSet+SetAlgebra isStrictSubset.swift
[331/569] Compiling HashTreeCollections TreeSet+SetAlgebra isStrictSuperset.swift
[332/569] Compiling HashTreeCollections TreeSet+SetAlgebra isSubset.swift
[333/569] Compiling HashTreeCollections TreeSet+SetAlgebra isSuperset.swift
[334/569] Compiling HashTreeCollections TreeSet+SetAlgebra subtract.swift
[335/569] Compiling HashTreeCollections TreeSet+SetAlgebra subtracting.swift
[336/569] Compiling HashTreeCollections TreeSet+SetAlgebra symmetricDifference.swift
[337/569] Compiling HashTreeCollections TreeSet+SetAlgebra union.swift
[338/569] Compiling HashTreeCollections TreeSet.swift
[363/569] Compiling BitCollections BinaryInteger extensions.swift
[364/569] Compiling BitCollections BitArray+BitwiseOperations.swift
[366/569] Emitting module Atomics
[370/570] Compiling DequeModule UniqueDeque+Replacements.swift
[371/570] Compiling DequeModule UniqueDeque.swift
[372/570] Compiling DequeModule _DequeSlot.swift
[397/577] Compiling BitCollections BitArray+Equatable.swift
[398/577] Compiling BitCollections BitArray+ExpressibleByArrayLiteral.swift
[399/577] Compiling BitCollections BitArray+ExpressibleByStringLiteral.swift
[400/577] Compiling BitCollections BitArray+Extras.swift
[418/586] Compiling BitCollections BitArray+Collection.swift
[419/586] Compiling BitCollections BitArray+Copy.swift
[420/586] Compiling BitCollections BitArray+CustomReflectable.swift
[421/586] Compiling BitCollections BitArray+Descriptions.swift
[448/586] Compiling BitCollections Range+Utilities.swift
[449/586] Compiling BitCollections Slice+Utilities.swift
[450/586] Compiling BitCollections UInt+Tricks.swift
[451/586] Compiling BitCollections _Word.swift
[455/586] Emitting module _RopeModule
[456/586] Emitting module BitCollections
[522/586] Compiling BitCollections BitSet.Index.swift
[523/586] Compiling BitCollections BitSet._UnsafeHandle.swift
[524/586] Compiling BitCollections BitSet.swift
[530/587] Emitting module OrderedCollections
[532/588] Emitting module HashTreeCollections
[575/589] Compiling _RopeModule Rope+Join.swift
[576/589] Compiling _RopeModule Rope+MutatingForEach.swift
[577/589] Compiling _RopeModule Rope+Remove.swift
[578/589] Compiling _RopeModule Rope+RemoveSubrange.swift
[579/589] Compiling _RopeModule Rope+Split.swift
[580/589] Compiling _RopeModule Optional Utilities.swift
[581/589] Compiling _RopeModule String Utilities.swift
[582/589] Compiling _RopeModule String.Index+ABI.swift
[583/589] Compiling _RopeModule _CharacterRecognizer.swift
[585/590] Emitting module DequeModule
[592/710] Emitting module Collections
[593/710] Compiling Collections Collections.swift
[595/711] Compiling NIOCore NIOCoreSendableMetatype.swift
[596/711] Compiling NIOCore NIODecodedAsyncSequence.swift
[597/711] Compiling NIOCore NIOLoopBound.swift
[598/711] Compiling NIOCore NIOPooledRecvBufferAllocator.swift
[599/711] Compiling NIOCore NIOScheduledCallback.swift
[600/711] Compiling NIOCore NIOSendable.swift
[601/711] Compiling NIOCore NIOSplitLinesMessageDecoder.swift
[602/711] Compiling NIOCore NIOTransportAccessibleChannelCore.swift
[603/711] Compiling NIOCore RecvByteBufferAllocator.swift
[604/719] Compiling AsyncAlgorithms AsyncFlatMapLatestSequence.swift
[605/719] Compiling AsyncAlgorithms FlatMapLatestStateMachine.swift
[606/719] Compiling AsyncAlgorithms FlatMapLatestStorage.swift
[607/719] Compiling AsyncAlgorithms Disconnected.swift
[608/719] Compiling AsyncAlgorithms _TinyArray.swift
[609/719] Compiling AsyncAlgorithms AsyncInterspersedSequence.swift
[610/719] Compiling AsyncAlgorithms Locking.swift
[611/719] Compiling NIOCore NIOAny.swift
[612/719] Compiling NIOCore NIOCloseOnErrorHandler.swift
[613/719] Compiling AsyncAlgorithms AsyncExclusiveReductionsSequence.swift
[614/719] Compiling AsyncAlgorithms AsyncInclusiveReductionsSequence.swift
[615/719] Compiling AsyncAlgorithms AsyncJoinedBySeparatorSequence.swift
[616/719] Compiling AsyncAlgorithms AsyncJoinedSequence.swift
[617/719] Compiling AsyncAlgorithms AsyncMapErrorSequence.swift
[618/719] Compiling AsyncAlgorithms AsyncRemoveDuplicatesSequence.swift
[619/719] Compiling AsyncAlgorithms AsyncShareSequence.swift
[620/719] Compiling AsyncAlgorithms AsyncCombineLatest3Sequence.swift
[621/719] Compiling AsyncAlgorithms CombineLatestStateMachine.swift
[622/719] Emitting module AsyncAlgorithms
[623/726] Compiling AsyncAlgorithms BoundedBufferStateMachine.swift
[624/726] Compiling AsyncAlgorithms BoundedBufferStorage.swift
[625/726] Compiling AsyncAlgorithms AsyncMerge2Sequence.swift
[626/726] Compiling AsyncAlgorithms AsyncMerge3Sequence.swift
[627/726] Compiling AsyncAlgorithms MergeStateMachine.swift
[628/726] Compiling AsyncAlgorithms MergeStorage.swift
[629/726] Compiling AsyncAlgorithms MultiProducerSingleConsumerAsyncChannel+Internal.swift
[630/726] Compiling AsyncAlgorithms MultiProducerSingleConsumerAsyncChannel.swift
[631/726] Compiling AsyncAlgorithms RangeReplaceableCollection.swift
[632/726] Compiling AsyncAlgorithms AsyncSyncSequence.swift
[633/726] Compiling AsyncAlgorithms AsyncThrottleSequence.swift
[634/726] Compiling AsyncAlgorithms AsyncThrowingExclusiveReductionsSequence.swift
[635/726] Compiling AsyncAlgorithms AsyncThrowingInclusiveReductionsSequence.swift
[636/726] Compiling AsyncAlgorithms AsyncTimerSequence.swift
[637/726] Compiling AsyncAlgorithms AsyncBufferSequence.swift
[640/726] Compiling AsyncAlgorithms UnboundedBufferStateMachine.swift
[641/726] Compiling AsyncAlgorithms UnboundedBufferStorage.swift
[642/726] Compiling AsyncAlgorithms AsyncChannel.swift
[643/726] Compiling AsyncAlgorithms AsyncThrowingChannel.swift
[644/726] Compiling AsyncAlgorithms ChannelStateMachine.swift
[645/726] Compiling AsyncAlgorithms ChannelStorage.swift
[646/726] Compiling AsyncAlgorithms AsyncCombineLatest2Sequence.swift
[649/726] Compiling AsyncAlgorithms CombineLatestStorage.swift
[650/726] Compiling AsyncAlgorithms AsyncDebounceSequence.swift
[651/726] Compiling AsyncAlgorithms DebounceStateMachine.swift
[652/726] Compiling AsyncAlgorithms DebounceStorage.swift
[653/726] Compiling AsyncAlgorithms Dictionary.swift
[654/726] Compiling NIOCore SingleStepByteToMessageDecoder.swift
[655/726] Compiling NIOCore SocketAddresses.swift
[656/726] Compiling NIOCore SocketOptionProvider.swift
[657/726] Compiling NIOCore SystemCallHelpers.swift
[658/726] Compiling NIOCore TimeAmount+Duration.swift
[659/726] Compiling NIOCore TypeAssistedChannelHandler.swift
[660/726] Compiling NIOCore UniversalBootstrapSupport.swift
[661/726] Compiling NIOCore Utilities.swift
[662/726] Compiling AsyncAlgorithms Rethrow.swift
[663/726] Compiling AsyncAlgorithms SetAlgebra.swift
[664/726] Compiling AsyncAlgorithms UnsafeTransfer.swift
[665/726] Compiling AsyncAlgorithms AsyncZip2Sequence.swift
[666/726] Compiling AsyncAlgorithms AsyncZip3Sequence.swift
[667/726] Compiling AsyncAlgorithms ZipStateMachine.swift
[668/726] Compiling AsyncAlgorithms ZipStorage.swift
[669/726] Compiling AsyncAlgorithms AsyncAdjacentPairsSequence.swift
[670/726] Compiling AsyncAlgorithms AsyncBufferedByteIterator.swift
[671/726] Compiling AsyncAlgorithms AsyncChain2Sequence.swift
[672/726] Compiling AsyncAlgorithms AsyncChain3Sequence.swift
[673/726] Compiling AsyncAlgorithms AsyncChunkedByGroupSequence.swift
[674/726] Compiling AsyncAlgorithms AsyncChunkedOnProjectionSequence.swift
[675/726] Compiling AsyncAlgorithms AsyncChunksOfCountOrSignalSequence.swift
[676/726] Compiling AsyncAlgorithms AsyncChunksOfCountSequence.swift
[677/726] Compiling AsyncAlgorithms AsyncCompactedSequence.swift
[709/736] Compiling ServiceLifecycle AsyncCancelOnGracefulShutdownSequence.swift
[710/736] Compiling ServiceLifecycle AsyncGracefulShutdownSequence.swift
[711/736] Emitting module ServiceLifecycle
[712/736] Compiling ServiceLifecycle CancellationWaiter.swift
[713/737] Compiling ServiceLifecycle ServiceGroupConfiguration.swift
[714/737] Compiling ServiceLifecycle GracefulShutdown.swift
[715/737] Compiling ServiceLifecycle ServiceRunnerError.swift
[716/737] Compiling ServiceLifecycle ClosureService.swift
[717/737] Compiling ServiceLifecycle ServiceGroup.swift
[718/737] Compiling ServiceLifecycle Service.swift
[729/738] Emitting module NIOCore
[740/804] Compiling NIOEmbedded AsyncTestingEventLoop.swift
[741/907] Compiling SQLKit SQLAlterEnumBuilder.swift
/host/spi-builder-workspace/.build/checkouts/swift-nio/Sources/NIOPosix/BaseSocketChannel+AccessibleTransport.swift:17:11: error: cannot find type 'BaseSocketChannel' in scope
15 | import NIOCore
16 |
17 | extension BaseSocketChannel where SocketType: BaseSocket {
   |           `- error: cannot find type 'BaseSocketChannel' in scope
18 |     /// The underlying transport type backing this channel.
19 |     typealias Transport = NIOBSDSocket.Handle
/host/spi-builder-workspace/.build/checkouts/swift-nio/Sources/NIOPosix/BaseSocketChannel+AccessibleTransport.swift:27:11: error: cannot find type 'BaseSocketChannel' in scope
25 | }
26 |
27 | extension BaseSocketChannel where SocketType: PipePair {
   |           `- error: cannot find type 'BaseSocketChannel' in scope
28 |     /// The underlying transport type backing this channel.
29 |     typealias Transport = NIOBSDSocket.PipeHandle
/host/spi-builder-workspace/.build/checkouts/swift-nio/Sources/NIOPosix/BaseSocketChannel+AccessibleTransport.swift:42:11: error: cannot find type 'SocketChannel' in scope
40 | }
41 |
42 | extension SocketChannel: NIOTransportAccessibleChannelCore {}
   |           `- error: cannot find type 'SocketChannel' in scope
43 | extension ServerSocketChannel: NIOTransportAccessibleChannelCore {}
44 | extension DatagramChannel: NIOTransportAccessibleChannelCore {}
/host/spi-builder-workspace/.build/checkouts/swift-nio/Sources/NIOPosix/BaseSocketChannel+AccessibleTransport.swift:43:11: error: cannot find type 'ServerSocketChannel' in scope
41 |
42 | extension SocketChannel: NIOTransportAccessibleChannelCore {}
43 | extension ServerSocketChannel: NIOTransportAccessibleChannelCore {}
   |           `- error: cannot find type 'ServerSocketChannel' in scope
44 | extension DatagramChannel: NIOTransportAccessibleChannelCore {}
45 | extension PipeChannel: NIOTransportAccessibleChannelCore {}
/host/spi-builder-workspace/.build/checkouts/swift-nio/Sources/NIOPosix/BaseSocketChannel+AccessibleTransport.swift:44:11: error: cannot find type 'DatagramChannel' in scope
42 | extension SocketChannel: NIOTransportAccessibleChannelCore {}
43 | extension ServerSocketChannel: NIOTransportAccessibleChannelCore {}
44 | extension DatagramChannel: NIOTransportAccessibleChannelCore {}
   |           `- error: cannot find type 'DatagramChannel' in scope
45 | extension PipeChannel: NIOTransportAccessibleChannelCore {}
46 |
/host/spi-builder-workspace/.build/checkouts/swift-nio/Sources/NIOPosix/BaseSocketChannel+AccessibleTransport.swift:45:11: error: cannot find type 'PipeChannel' in scope
43 | extension ServerSocketChannel: NIOTransportAccessibleChannelCore {}
44 | extension DatagramChannel: NIOTransportAccessibleChannelCore {}
45 | extension PipeChannel: NIOTransportAccessibleChannelCore {}
   |           `- error: cannot find type 'PipeChannel' in scope
46 |
/host/spi-builder-workspace/.build/checkouts/swift-nio/Sources/NIOPosix/BaseSocketChannel+AccessibleTransport.swift:17:29: error: 'where' clause cannot be applied to a non-generic top-level declaration
15 | import NIOCore
16 |
17 | extension BaseSocketChannel where SocketType: BaseSocket {
   |                             `- error: 'where' clause cannot be applied to a non-generic top-level declaration
18 |     /// The underlying transport type backing this channel.
19 |     typealias Transport = NIOBSDSocket.Handle
/host/spi-builder-workspace/.build/checkouts/swift-nio/Sources/NIOPosix/BaseSocketChannel+AccessibleTransport.swift:27:29: error: 'where' clause cannot be applied to a non-generic top-level declaration
25 | }
26 |
27 | extension BaseSocketChannel where SocketType: PipePair {
   |                             `- error: 'where' clause cannot be applied to a non-generic top-level declaration
28 |     /// The underlying transport type backing this channel.
29 |     typealias Transport = NIOBSDSocket.PipeHandle
[742/907] Compiling SQLKit SQLAlterTableBuilder.swift
/host/spi-builder-workspace/.build/checkouts/swift-nio/Sources/NIOPosix/BaseSocketChannel+AccessibleTransport.swift:17:11: error: cannot find type 'BaseSocketChannel' in scope
15 | import NIOCore
16 |
17 | extension BaseSocketChannel where SocketType: BaseSocket {
   |           `- error: cannot find type 'BaseSocketChannel' in scope
18 |     /// The underlying transport type backing this channel.
19 |     typealias Transport = NIOBSDSocket.Handle
/host/spi-builder-workspace/.build/checkouts/swift-nio/Sources/NIOPosix/BaseSocketChannel+AccessibleTransport.swift:27:11: error: cannot find type 'BaseSocketChannel' in scope
25 | }
26 |
27 | extension BaseSocketChannel where SocketType: PipePair {
   |           `- error: cannot find type 'BaseSocketChannel' in scope
28 |     /// The underlying transport type backing this channel.
29 |     typealias Transport = NIOBSDSocket.PipeHandle
/host/spi-builder-workspace/.build/checkouts/swift-nio/Sources/NIOPosix/BaseSocketChannel+AccessibleTransport.swift:42:11: error: cannot find type 'SocketChannel' in scope
40 | }
41 |
42 | extension SocketChannel: NIOTransportAccessibleChannelCore {}
   |           `- error: cannot find type 'SocketChannel' in scope
43 | extension ServerSocketChannel: NIOTransportAccessibleChannelCore {}
44 | extension DatagramChannel: NIOTransportAccessibleChannelCore {}
/host/spi-builder-workspace/.build/checkouts/swift-nio/Sources/NIOPosix/BaseSocketChannel+AccessibleTransport.swift:43:11: error: cannot find type 'ServerSocketChannel' in scope
41 |
42 | extension SocketChannel: NIOTransportAccessibleChannelCore {}
43 | extension ServerSocketChannel: NIOTransportAccessibleChannelCore {}
   |           `- error: cannot find type 'ServerSocketChannel' in scope
44 | extension DatagramChannel: NIOTransportAccessibleChannelCore {}
45 | extension PipeChannel: NIOTransportAccessibleChannelCore {}
/host/spi-builder-workspace/.build/checkouts/swift-nio/Sources/NIOPosix/BaseSocketChannel+AccessibleTransport.swift:44:11: error: cannot find type 'DatagramChannel' in scope
42 | extension SocketChannel: NIOTransportAccessibleChannelCore {}
43 | extension ServerSocketChannel: NIOTransportAccessibleChannelCore {}
44 | extension DatagramChannel: NIOTransportAccessibleChannelCore {}
   |           `- error: cannot find type 'DatagramChannel' in scope
45 | extension PipeChannel: NIOTransportAccessibleChannelCore {}
46 |
/host/spi-builder-workspace/.build/checkouts/swift-nio/Sources/NIOPosix/BaseSocketChannel+AccessibleTransport.swift:45:11: error: cannot find type 'PipeChannel' in scope
43 | extension ServerSocketChannel: NIOTransportAccessibleChannelCore {}
44 | extension DatagramChannel: NIOTransportAccessibleChannelCore {}
45 | extension PipeChannel: NIOTransportAccessibleChannelCore {}
   |           `- error: cannot find type 'PipeChannel' in scope
46 |
/host/spi-builder-workspace/.build/checkouts/swift-nio/Sources/NIOPosix/BaseSocketChannel+AccessibleTransport.swift:17:29: error: 'where' clause cannot be applied to a non-generic top-level declaration
15 | import NIOCore
16 |
17 | extension BaseSocketChannel where SocketType: BaseSocket {
   |                             `- error: 'where' clause cannot be applied to a non-generic top-level declaration
18 |     /// The underlying transport type backing this channel.
19 |     typealias Transport = NIOBSDSocket.Handle
/host/spi-builder-workspace/.build/checkouts/swift-nio/Sources/NIOPosix/BaseSocketChannel+AccessibleTransport.swift:27:29: error: 'where' clause cannot be applied to a non-generic top-level declaration
25 | }
26 |
27 | extension BaseSocketChannel where SocketType: PipePair {
   |                             `- error: 'where' clause cannot be applied to a non-generic top-level declaration
28 |     /// The underlying transport type backing this channel.
29 |     typealias Transport = NIOBSDSocket.PipeHandle
[743/907] Compiling SQLKit SQLConflictUpdateBuilder.swift
/host/spi-builder-workspace/.build/checkouts/swift-nio/Sources/NIOPosix/BaseSocketChannel+AccessibleTransport.swift:17:11: error: cannot find type 'BaseSocketChannel' in scope
15 | import NIOCore
16 |
17 | extension BaseSocketChannel where SocketType: BaseSocket {
   |           `- error: cannot find type 'BaseSocketChannel' in scope
18 |     /// The underlying transport type backing this channel.
19 |     typealias Transport = NIOBSDSocket.Handle
/host/spi-builder-workspace/.build/checkouts/swift-nio/Sources/NIOPosix/BaseSocketChannel+AccessibleTransport.swift:27:11: error: cannot find type 'BaseSocketChannel' in scope
25 | }
26 |
27 | extension BaseSocketChannel where SocketType: PipePair {
   |           `- error: cannot find type 'BaseSocketChannel' in scope
28 |     /// The underlying transport type backing this channel.
29 |     typealias Transport = NIOBSDSocket.PipeHandle
/host/spi-builder-workspace/.build/checkouts/swift-nio/Sources/NIOPosix/BaseSocketChannel+AccessibleTransport.swift:42:11: error: cannot find type 'SocketChannel' in scope
40 | }
41 |
42 | extension SocketChannel: NIOTransportAccessibleChannelCore {}
   |           `- error: cannot find type 'SocketChannel' in scope
43 | extension ServerSocketChannel: NIOTransportAccessibleChannelCore {}
44 | extension DatagramChannel: NIOTransportAccessibleChannelCore {}
/host/spi-builder-workspace/.build/checkouts/swift-nio/Sources/NIOPosix/BaseSocketChannel+AccessibleTransport.swift:43:11: error: cannot find type 'ServerSocketChannel' in scope
41 |
42 | extension SocketChannel: NIOTransportAccessibleChannelCore {}
43 | extension ServerSocketChannel: NIOTransportAccessibleChannelCore {}
   |           `- error: cannot find type 'ServerSocketChannel' in scope
44 | extension DatagramChannel: NIOTransportAccessibleChannelCore {}
45 | extension PipeChannel: NIOTransportAccessibleChannelCore {}
/host/spi-builder-workspace/.build/checkouts/swift-nio/Sources/NIOPosix/BaseSocketChannel+AccessibleTransport.swift:44:11: error: cannot find type 'DatagramChannel' in scope
42 | extension SocketChannel: NIOTransportAccessibleChannelCore {}
43 | extension ServerSocketChannel: NIOTransportAccessibleChannelCore {}
44 | extension DatagramChannel: NIOTransportAccessibleChannelCore {}
   |           `- error: cannot find type 'DatagramChannel' in scope
45 | extension PipeChannel: NIOTransportAccessibleChannelCore {}
46 |
/host/spi-builder-workspace/.build/checkouts/swift-nio/Sources/NIOPosix/BaseSocketChannel+AccessibleTransport.swift:45:11: error: cannot find type 'PipeChannel' in scope
43 | extension ServerSocketChannel: NIOTransportAccessibleChannelCore {}
44 | extension DatagramChannel: NIOTransportAccessibleChannelCore {}
45 | extension PipeChannel: NIOTransportAccessibleChannelCore {}
   |           `- error: cannot find type 'PipeChannel' in scope
46 |
/host/spi-builder-workspace/.build/checkouts/swift-nio/Sources/NIOPosix/BaseSocketChannel+AccessibleTransport.swift:17:29: error: 'where' clause cannot be applied to a non-generic top-level declaration
15 | import NIOCore
16 |
17 | extension BaseSocketChannel where SocketType: BaseSocket {
   |                             `- error: 'where' clause cannot be applied to a non-generic top-level declaration
18 |     /// The underlying transport type backing this channel.
19 |     typealias Transport = NIOBSDSocket.Handle
/host/spi-builder-workspace/.build/checkouts/swift-nio/Sources/NIOPosix/BaseSocketChannel+AccessibleTransport.swift:27:29: error: 'where' clause cannot be applied to a non-generic top-level declaration
25 | }
26 |
27 | extension BaseSocketChannel where SocketType: PipePair {
   |                             `- error: 'where' clause cannot be applied to a non-generic top-level declaration
28 |     /// The underlying transport type backing this channel.
29 |     typealias Transport = NIOBSDSocket.PipeHandle
[744/907] Compiling SQLKit SQLCreateEnumBuilder.swift
/host/spi-builder-workspace/.build/checkouts/swift-nio/Sources/NIOPosix/BaseSocketChannel+AccessibleTransport.swift:17:11: error: cannot find type 'BaseSocketChannel' in scope
15 | import NIOCore
16 |
17 | extension BaseSocketChannel where SocketType: BaseSocket {
   |           `- error: cannot find type 'BaseSocketChannel' in scope
18 |     /// The underlying transport type backing this channel.
19 |     typealias Transport = NIOBSDSocket.Handle
/host/spi-builder-workspace/.build/checkouts/swift-nio/Sources/NIOPosix/BaseSocketChannel+AccessibleTransport.swift:27:11: error: cannot find type 'BaseSocketChannel' in scope
25 | }
26 |
27 | extension BaseSocketChannel where SocketType: PipePair {
   |           `- error: cannot find type 'BaseSocketChannel' in scope
28 |     /// The underlying transport type backing this channel.
29 |     typealias Transport = NIOBSDSocket.PipeHandle
/host/spi-builder-workspace/.build/checkouts/swift-nio/Sources/NIOPosix/BaseSocketChannel+AccessibleTransport.swift:42:11: error: cannot find type 'SocketChannel' in scope
40 | }
41 |
42 | extension SocketChannel: NIOTransportAccessibleChannelCore {}
   |           `- error: cannot find type 'SocketChannel' in scope
43 | extension ServerSocketChannel: NIOTransportAccessibleChannelCore {}
44 | extension DatagramChannel: NIOTransportAccessibleChannelCore {}
/host/spi-builder-workspace/.build/checkouts/swift-nio/Sources/NIOPosix/BaseSocketChannel+AccessibleTransport.swift:43:11: error: cannot find type 'ServerSocketChannel' in scope
41 |
42 | extension SocketChannel: NIOTransportAccessibleChannelCore {}
43 | extension ServerSocketChannel: NIOTransportAccessibleChannelCore {}
   |           `- error: cannot find type 'ServerSocketChannel' in scope
44 | extension DatagramChannel: NIOTransportAccessibleChannelCore {}
45 | extension PipeChannel: NIOTransportAccessibleChannelCore {}
/host/spi-builder-workspace/.build/checkouts/swift-nio/Sources/NIOPosix/BaseSocketChannel+AccessibleTransport.swift:44:11: error: cannot find type 'DatagramChannel' in scope
42 | extension SocketChannel: NIOTransportAccessibleChannelCore {}
43 | extension ServerSocketChannel: NIOTransportAccessibleChannelCore {}
44 | extension DatagramChannel: NIOTransportAccessibleChannelCore {}
   |           `- error: cannot find type 'DatagramChannel' in scope
45 | extension PipeChannel: NIOTransportAccessibleChannelCore {}
46 |
/host/spi-builder-workspace/.build/checkouts/swift-nio/Sources/NIOPosix/BaseSocketChannel+AccessibleTransport.swift:45:11: error: cannot find type 'PipeChannel' in scope
43 | extension ServerSocketChannel: NIOTransportAccessibleChannelCore {}
44 | extension DatagramChannel: NIOTransportAccessibleChannelCore {}
45 | extension PipeChannel: NIOTransportAccessibleChannelCore {}
   |           `- error: cannot find type 'PipeChannel' in scope
46 |
/host/spi-builder-workspace/.build/checkouts/swift-nio/Sources/NIOPosix/BaseSocketChannel+AccessibleTransport.swift:17:29: error: 'where' clause cannot be applied to a non-generic top-level declaration
15 | import NIOCore
16 |
17 | extension BaseSocketChannel where SocketType: BaseSocket {
   |                             `- error: 'where' clause cannot be applied to a non-generic top-level declaration
18 |     /// The underlying transport type backing this channel.
19 |     typealias Transport = NIOBSDSocket.Handle
/host/spi-builder-workspace/.build/checkouts/swift-nio/Sources/NIOPosix/BaseSocketChannel+AccessibleTransport.swift:27:29: error: 'where' clause cannot be applied to a non-generic top-level declaration
25 | }
26 |
27 | extension BaseSocketChannel where SocketType: PipePair {
   |                             `- error: 'where' clause cannot be applied to a non-generic top-level declaration
28 |     /// The underlying transport type backing this channel.
29 |     typealias Transport = NIOBSDSocket.PipeHandle
[745/907] Compiling SQLKit SQLCreateIndexBuilder.swift
/host/spi-builder-workspace/.build/checkouts/swift-nio/Sources/NIOPosix/BaseSocketChannel+AccessibleTransport.swift:17:11: error: cannot find type 'BaseSocketChannel' in scope
15 | import NIOCore
16 |
17 | extension BaseSocketChannel where SocketType: BaseSocket {
   |           `- error: cannot find type 'BaseSocketChannel' in scope
18 |     /// The underlying transport type backing this channel.
19 |     typealias Transport = NIOBSDSocket.Handle
/host/spi-builder-workspace/.build/checkouts/swift-nio/Sources/NIOPosix/BaseSocketChannel+AccessibleTransport.swift:27:11: error: cannot find type 'BaseSocketChannel' in scope
25 | }
26 |
27 | extension BaseSocketChannel where SocketType: PipePair {
   |           `- error: cannot find type 'BaseSocketChannel' in scope
28 |     /// The underlying transport type backing this channel.
29 |     typealias Transport = NIOBSDSocket.PipeHandle
/host/spi-builder-workspace/.build/checkouts/swift-nio/Sources/NIOPosix/BaseSocketChannel+AccessibleTransport.swift:42:11: error: cannot find type 'SocketChannel' in scope
40 | }
41 |
42 | extension SocketChannel: NIOTransportAccessibleChannelCore {}
   |           `- error: cannot find type 'SocketChannel' in scope
43 | extension ServerSocketChannel: NIOTransportAccessibleChannelCore {}
44 | extension DatagramChannel: NIOTransportAccessibleChannelCore {}
/host/spi-builder-workspace/.build/checkouts/swift-nio/Sources/NIOPosix/BaseSocketChannel+AccessibleTransport.swift:43:11: error: cannot find type 'ServerSocketChannel' in scope
41 |
42 | extension SocketChannel: NIOTransportAccessibleChannelCore {}
43 | extension ServerSocketChannel: NIOTransportAccessibleChannelCore {}
   |           `- error: cannot find type 'ServerSocketChannel' in scope
44 | extension DatagramChannel: NIOTransportAccessibleChannelCore {}
45 | extension PipeChannel: NIOTransportAccessibleChannelCore {}
/host/spi-builder-workspace/.build/checkouts/swift-nio/Sources/NIOPosix/BaseSocketChannel+AccessibleTransport.swift:44:11: error: cannot find type 'DatagramChannel' in scope
42 | extension SocketChannel: NIOTransportAccessibleChannelCore {}
43 | extension ServerSocketChannel: NIOTransportAccessibleChannelCore {}
44 | extension DatagramChannel: NIOTransportAccessibleChannelCore {}
   |           `- error: cannot find type 'DatagramChannel' in scope
45 | extension PipeChannel: NIOTransportAccessibleChannelCore {}
46 |
/host/spi-builder-workspace/.build/checkouts/swift-nio/Sources/NIOPosix/BaseSocketChannel+AccessibleTransport.swift:45:11: error: cannot find type 'PipeChannel' in scope
43 | extension ServerSocketChannel: NIOTransportAccessibleChannelCore {}
44 | extension DatagramChannel: NIOTransportAccessibleChannelCore {}
45 | extension PipeChannel: NIOTransportAccessibleChannelCore {}
   |           `- error: cannot find type 'PipeChannel' in scope
46 |
/host/spi-builder-workspace/.build/checkouts/swift-nio/Sources/NIOPosix/BaseSocketChannel+AccessibleTransport.swift:17:29: error: 'where' clause cannot be applied to a non-generic top-level declaration
15 | import NIOCore
16 |
17 | extension BaseSocketChannel where SocketType: BaseSocket {
   |                             `- error: 'where' clause cannot be applied to a non-generic top-level declaration
18 |     /// The underlying transport type backing this channel.
19 |     typealias Transport = NIOBSDSocket.Handle
/host/spi-builder-workspace/.build/checkouts/swift-nio/Sources/NIOPosix/BaseSocketChannel+AccessibleTransport.swift:27:29: error: 'where' clause cannot be applied to a non-generic top-level declaration
25 | }
26 |
27 | extension BaseSocketChannel where SocketType: PipePair {
   |                             `- error: 'where' clause cannot be applied to a non-generic top-level declaration
28 |     /// The underlying transport type backing this channel.
29 |     typealias Transport = NIOBSDSocket.PipeHandle
[746/907] Compiling SQLKit SQLCreateTableBuilder.swift
/host/spi-builder-workspace/.build/checkouts/swift-nio/Sources/NIOPosix/BaseSocketChannel+AccessibleTransport.swift:17:11: error: cannot find type 'BaseSocketChannel' in scope
15 | import NIOCore
16 |
17 | extension BaseSocketChannel where SocketType: BaseSocket {
   |           `- error: cannot find type 'BaseSocketChannel' in scope
18 |     /// The underlying transport type backing this channel.
19 |     typealias Transport = NIOBSDSocket.Handle
/host/spi-builder-workspace/.build/checkouts/swift-nio/Sources/NIOPosix/BaseSocketChannel+AccessibleTransport.swift:27:11: error: cannot find type 'BaseSocketChannel' in scope
25 | }
26 |
27 | extension BaseSocketChannel where SocketType: PipePair {
   |           `- error: cannot find type 'BaseSocketChannel' in scope
28 |     /// The underlying transport type backing this channel.
29 |     typealias Transport = NIOBSDSocket.PipeHandle
/host/spi-builder-workspace/.build/checkouts/swift-nio/Sources/NIOPosix/BaseSocketChannel+AccessibleTransport.swift:42:11: error: cannot find type 'SocketChannel' in scope
40 | }
41 |
42 | extension SocketChannel: NIOTransportAccessibleChannelCore {}
   |           `- error: cannot find type 'SocketChannel' in scope
43 | extension ServerSocketChannel: NIOTransportAccessibleChannelCore {}
44 | extension DatagramChannel: NIOTransportAccessibleChannelCore {}
/host/spi-builder-workspace/.build/checkouts/swift-nio/Sources/NIOPosix/BaseSocketChannel+AccessibleTransport.swift:43:11: error: cannot find type 'ServerSocketChannel' in scope
41 |
42 | extension SocketChannel: NIOTransportAccessibleChannelCore {}
43 | extension ServerSocketChannel: NIOTransportAccessibleChannelCore {}
   |           `- error: cannot find type 'ServerSocketChannel' in scope
44 | extension DatagramChannel: NIOTransportAccessibleChannelCore {}
45 | extension PipeChannel: NIOTransportAccessibleChannelCore {}
/host/spi-builder-workspace/.build/checkouts/swift-nio/Sources/NIOPosix/BaseSocketChannel+AccessibleTransport.swift:44:11: error: cannot find type 'DatagramChannel' in scope
42 | extension SocketChannel: NIOTransportAccessibleChannelCore {}
43 | extension ServerSocketChannel: NIOTransportAccessibleChannelCore {}
44 | extension DatagramChannel: NIOTransportAccessibleChannelCore {}
   |           `- error: cannot find type 'DatagramChannel' in scope
45 | extension PipeChannel: NIOTransportAccessibleChannelCore {}
46 |
/host/spi-builder-workspace/.build/checkouts/swift-nio/Sources/NIOPosix/BaseSocketChannel+AccessibleTransport.swift:45:11: error: cannot find type 'PipeChannel' in scope
43 | extension ServerSocketChannel: NIOTransportAccessibleChannelCore {}
44 | extension DatagramChannel: NIOTransportAccessibleChannelCore {}
45 | extension PipeChannel: NIOTransportAccessibleChannelCore {}
   |           `- error: cannot find type 'PipeChannel' in scope
46 |
/host/spi-builder-workspace/.build/checkouts/swift-nio/Sources/NIOPosix/BaseSocketChannel+AccessibleTransport.swift:17:29: error: 'where' clause cannot be applied to a non-generic top-level declaration
15 | import NIOCore
16 |
17 | extension BaseSocketChannel where SocketType: BaseSocket {
   |                             `- error: 'where' clause cannot be applied to a non-generic top-level declaration
18 |     /// The underlying transport type backing this channel.
19 |     typealias Transport = NIOBSDSocket.Handle
/host/spi-builder-workspace/.build/checkouts/swift-nio/Sources/NIOPosix/BaseSocketChannel+AccessibleTransport.swift:27:29: error: 'where' clause cannot be applied to a non-generic top-level declaration
25 | }
26 |
27 | extension BaseSocketChannel where SocketType: PipePair {
   |                             `- error: 'where' clause cannot be applied to a non-generic top-level declaration
28 |     /// The underlying transport type backing this channel.
29 |     typealias Transport = NIOBSDSocket.PipeHandle
[747/907] Compiling SQLKit SQLCreateTriggerBuilder.swift
/host/spi-builder-workspace/.build/checkouts/swift-nio/Sources/NIOPosix/BaseSocketChannel+AccessibleTransport.swift:17:11: error: cannot find type 'BaseSocketChannel' in scope
15 | import NIOCore
16 |
17 | extension BaseSocketChannel where SocketType: BaseSocket {
   |           `- error: cannot find type 'BaseSocketChannel' in scope
18 |     /// The underlying transport type backing this channel.
19 |     typealias Transport = NIOBSDSocket.Handle
/host/spi-builder-workspace/.build/checkouts/swift-nio/Sources/NIOPosix/BaseSocketChannel+AccessibleTransport.swift:27:11: error: cannot find type 'BaseSocketChannel' in scope
25 | }
26 |
27 | extension BaseSocketChannel where SocketType: PipePair {
   |           `- error: cannot find type 'BaseSocketChannel' in scope
28 |     /// The underlying transport type backing this channel.
29 |     typealias Transport = NIOBSDSocket.PipeHandle
/host/spi-builder-workspace/.build/checkouts/swift-nio/Sources/NIOPosix/BaseSocketChannel+AccessibleTransport.swift:42:11: error: cannot find type 'SocketChannel' in scope
40 | }
41 |
42 | extension SocketChannel: NIOTransportAccessibleChannelCore {}
   |           `- error: cannot find type 'SocketChannel' in scope
43 | extension ServerSocketChannel: NIOTransportAccessibleChannelCore {}
44 | extension DatagramChannel: NIOTransportAccessibleChannelCore {}
/host/spi-builder-workspace/.build/checkouts/swift-nio/Sources/NIOPosix/BaseSocketChannel+AccessibleTransport.swift:43:11: error: cannot find type 'ServerSocketChannel' in scope
41 |
42 | extension SocketChannel: NIOTransportAccessibleChannelCore {}
43 | extension ServerSocketChannel: NIOTransportAccessibleChannelCore {}
   |           `- error: cannot find type 'ServerSocketChannel' in scope
44 | extension DatagramChannel: NIOTransportAccessibleChannelCore {}
45 | extension PipeChannel: NIOTransportAccessibleChannelCore {}
/host/spi-builder-workspace/.build/checkouts/swift-nio/Sources/NIOPosix/BaseSocketChannel+AccessibleTransport.swift:44:11: error: cannot find type 'DatagramChannel' in scope
42 | extension SocketChannel: NIOTransportAccessibleChannelCore {}
43 | extension ServerSocketChannel: NIOTransportAccessibleChannelCore {}
44 | extension DatagramChannel: NIOTransportAccessibleChannelCore {}
   |           `- error: cannot find type 'DatagramChannel' in scope
45 | extension PipeChannel: NIOTransportAccessibleChannelCore {}
46 |
/host/spi-builder-workspace/.build/checkouts/swift-nio/Sources/NIOPosix/BaseSocketChannel+AccessibleTransport.swift:45:11: error: cannot find type 'PipeChannel' in scope
43 | extension ServerSocketChannel: NIOTransportAccessibleChannelCore {}
44 | extension DatagramChannel: NIOTransportAccessibleChannelCore {}
45 | extension PipeChannel: NIOTransportAccessibleChannelCore {}
   |           `- error: cannot find type 'PipeChannel' in scope
46 |
/host/spi-builder-workspace/.build/checkouts/swift-nio/Sources/NIOPosix/BaseSocketChannel+AccessibleTransport.swift:17:29: error: 'where' clause cannot be applied to a non-generic top-level declaration
15 | import NIOCore
16 |
17 | extension BaseSocketChannel where SocketType: BaseSocket {
   |                             `- error: 'where' clause cannot be applied to a non-generic top-level declaration
18 |     /// The underlying transport type backing this channel.
19 |     typealias Transport = NIOBSDSocket.Handle
/host/spi-builder-workspace/.build/checkouts/swift-nio/Sources/NIOPosix/BaseSocketChannel+AccessibleTransport.swift:27:29: error: 'where' clause cannot be applied to a non-generic top-level declaration
25 | }
26 |
27 | extension BaseSocketChannel where SocketType: PipePair {
   |                             `- error: 'where' clause cannot be applied to a non-generic top-level declaration
28 |     /// The underlying transport type backing this channel.
29 |     typealias Transport = NIOBSDSocket.PipeHandle
[748/914] Compiling NIOFoundationEssentialsCompat Codable+ByteBuffer.swift
[749/914] Compiling SQLKit SQLDeleteBuilder.swift
[750/914] Compiling SQLKit SQLDropEnumBuilder.swift
[751/914] Compiling SQLKit SQLDropIndexBuilder.swift
[752/914] Compiling SQLKit SQLDropTableBuilder.swift
[753/914] Compiling SQLKit SQLDropTriggerBuilder.swift
[754/914] Compiling SQLKit SQLInsertBuilder.swift
[755/914] Compiling SQLKit SQLPredicateGroupBuilder.swift
error: emit-module command failed with exit code 1 (use -v to see invocation)
[756/914] Emitting module NIOPosix
/host/spi-builder-workspace/.build/checkouts/swift-nio/Sources/NIOPosix/BaseSocketChannel+AccessibleTransport.swift:17:11: error: cannot find type 'BaseSocketChannel' in scope
15 | import NIOCore
16 |
17 | extension BaseSocketChannel where SocketType: BaseSocket {
   |           `- error: cannot find type 'BaseSocketChannel' in scope
18 |     /// The underlying transport type backing this channel.
19 |     typealias Transport = NIOBSDSocket.Handle
/host/spi-builder-workspace/.build/checkouts/swift-nio/Sources/NIOPosix/BaseSocketChannel+AccessibleTransport.swift:27:11: error: cannot find type 'BaseSocketChannel' in scope
25 | }
26 |
27 | extension BaseSocketChannel where SocketType: PipePair {
   |           `- error: cannot find type 'BaseSocketChannel' in scope
28 |     /// The underlying transport type backing this channel.
29 |     typealias Transport = NIOBSDSocket.PipeHandle
/host/spi-builder-workspace/.build/checkouts/swift-nio/Sources/NIOPosix/BaseSocketChannel+AccessibleTransport.swift:42:11: error: cannot find type 'SocketChannel' in scope
40 | }
41 |
42 | extension SocketChannel: NIOTransportAccessibleChannelCore {}
   |           `- error: cannot find type 'SocketChannel' in scope
43 | extension ServerSocketChannel: NIOTransportAccessibleChannelCore {}
44 | extension DatagramChannel: NIOTransportAccessibleChannelCore {}
/host/spi-builder-workspace/.build/checkouts/swift-nio/Sources/NIOPosix/BaseSocketChannel+AccessibleTransport.swift:43:11: error: cannot find type 'ServerSocketChannel' in scope
41 |
42 | extension SocketChannel: NIOTransportAccessibleChannelCore {}
43 | extension ServerSocketChannel: NIOTransportAccessibleChannelCore {}
   |           `- error: cannot find type 'ServerSocketChannel' in scope
44 | extension DatagramChannel: NIOTransportAccessibleChannelCore {}
45 | extension PipeChannel: NIOTransportAccessibleChannelCore {}
/host/spi-builder-workspace/.build/checkouts/swift-nio/Sources/NIOPosix/BaseSocketChannel+AccessibleTransport.swift:44:11: error: cannot find type 'DatagramChannel' in scope
42 | extension SocketChannel: NIOTransportAccessibleChannelCore {}
43 | extension ServerSocketChannel: NIOTransportAccessibleChannelCore {}
44 | extension DatagramChannel: NIOTransportAccessibleChannelCore {}
   |           `- error: cannot find type 'DatagramChannel' in scope
45 | extension PipeChannel: NIOTransportAccessibleChannelCore {}
46 |
/host/spi-builder-workspace/.build/checkouts/swift-nio/Sources/NIOPosix/BaseSocketChannel+AccessibleTransport.swift:45:11: error: cannot find type 'PipeChannel' in scope
43 | extension ServerSocketChannel: NIOTransportAccessibleChannelCore {}
44 | extension DatagramChannel: NIOTransportAccessibleChannelCore {}
45 | extension PipeChannel: NIOTransportAccessibleChannelCore {}
   |           `- error: cannot find type 'PipeChannel' in scope
46 |
[757/914] Compiling SQLKit SQLRawBuilder.swift
[758/914] Compiling SQLKit SQLSecondaryPredicateGroupBuilder.swift
[759/914] Compiling SQLKit SQLSelectBuilder.swift
[760/914] Compiling SQLKit SQLSubqueryBuilder.swift
[761/914] Compiling SQLKit SQLUnionBuilder.swift
[762/914] Compiling SQLKit SQLUpdateBuilder.swift
[763/914] Compiling SQLKit SQLAliasedColumnListBuilder.swift
[764/914] Compiling SQLKit SQLColumnUpdateBuilder.swift
[765/914] Compiling SQLKit SQLCommonTableExpressionBuilder.swift
[766/914] Compiling SQLKit SQLCommonUnionBuilder.swift
[767/914] Compiling SQLKit SQLJoinBuilder.swift
[768/914] Compiling SQLKit SQLPartialResultBuilder.swift
[769/914] Compiling SQLKit SQLPredicateBuilder.swift
[770/914] Compiling SQLKit SQLQueryBuilder.swift
[771/914] Compiling SQLKit SQLDialect.swift
[772/914] Compiling SQLKit SQLDatabase+Deprecated.swift
[773/914] Compiling SQLKit SQLError.swift
[774/914] Compiling SQLKit SQLExpressions+Deprecated.swift
[775/914] Compiling SQLKit SQLAlterColumnDefinitionType.swift
[776/914] Compiling SQLKit SQLColumnAssignment.swift
[777/914] Compiling SQLKit SQLColumnConstraintAlgorithm.swift
[778/914] Compiling SQLKit SQLQueryFetcher.swift
[779/914] Compiling SQLKit SQLReturningBuilder.swift
[780/914] Compiling SQLKit SQLSecondaryPredicateBuilder.swift
[781/914] Compiling SQLKit SQLSubqueryClauseBuilder.swift
[782/914] Compiling SQLKit SQLUnqualifiedColumnListBuilder.swift
[783/914] Compiling SQLKit SQLDatabase.swift
[784/914] Compiling SQLKit SQLDatabaseReportedVersion.swift
[785/914] Compiling SQLKit SQLColumnDefinition.swift
[786/914] Compiling SQLKit SQLCommonTableExpression.swift
[787/914] Compiling SQLKit SQLConflictAction.swift
[788/914] Compiling SQLKit SQLConflictResolutionStrategy.swift
[789/914] Compiling SQLKit SQLDropBehaviour.swift
[790/914] Compiling SQLKit SQLEnumDataType.swift
[791/914] Compiling SQLKit SQLExcludedColumn.swift
[792/914] Compiling NIOPosix Thread.swift
[793/914] Compiling NIOPosix ThreadPosix.swift
[794/914] Compiling NIOPosix ThreadWindows.swift
[795/914] Compiling NIOPosix Utilities.swift
[796/914] Compiling NIOPosix VsockAddress.swift
[797/914] Compiling NIOPosix VsockChannelEvents.swift
[798/914] Compiling NIOPosix Windows.swift
[799/914] Compiling NIOHTTPTypes NIOHTTPTypes.swift
[800/914] Emitting module NIOHTTPTypes
BUILD FAILURE 6.2 wasm