The Swift Package Index logo.Swift Package Index

Build Information

Failed to build GoogleCloudMonitoringDashboardV1, reference main (f67d9e), with Swift 6.2 for Android on 12 Oct 2026 06:46:46 UTC.

Build Command

bash -c docker run --pull=always --rm -v "checkouts-54344843-0":/host -w "$PWD" -e JAVA_HOME="/root/.sdkman/candidates/java/current" -e SPI_BUILD="1" -e SPI_PROCESSING="1" registry.gitlab.com/saguaro1/spi-images:android-6.2-latest swift build --swift-sdk aarch64-unknown-linux-android28 2>&1

Build Log

========================================
RunAll
========================================
Builder version: 5.1.1
Interrupt handler set up.
========================================
Checkout
========================================
Clone URL: https://github.com/googleapis/swift-google-monitoring-dashboard-v1.git
Reference: main
Initialized empty Git repository in /host/spi-builder-workspace/.git/
hint: Using 'master' as the name for the initial branch. This default branch name
hint: is subject to change. To configure the initial branch name to use in all
hint: of your new repositories, which will suppress this warning, call:
hint:
hint: 	git config --global init.defaultBranch <name>
hint:
hint: Names commonly chosen instead of 'master' are 'main', 'trunk' and
hint: 'development'. The just-created branch can be renamed via this command:
hint:
hint: 	git branch -m <name>
From https://github.com/googleapis/swift-google-monitoring-dashboard-v1
 * branch            main       -> FETCH_HEAD
 * [new branch]      main       -> origin/main
HEAD is now at f67d9e0 chore: release circa 2026-10-07 (#1382)
Cloned https://github.com/googleapis/swift-google-monitoring-dashboard-v1.git
Revision (git rev-parse @):
f67d9e083bccdac0a478553961bfb329de2bf509
SPI manifest file found: $PWD/.spi.yml
SUCCESS checkout https://github.com/googleapis/swift-google-monitoring-dashboard-v1.git at main
========================================
Build
========================================
Selected platform:         android
Swift version:             6.2
Building package at path:  $PWD
https://github.com/googleapis/swift-google-monitoring-dashboard-v1.git
Running build ...
bash -c docker run --pull=always --rm -v "checkouts-54344843-0":/host -w "$PWD" -e JAVA_HOME="/root/.sdkman/candidates/java/current" -e SPI_BUILD="1" -e SPI_PROCESSING="1" registry.gitlab.com/saguaro1/spi-images:android-6.2-latest swift build --swift-sdk aarch64-unknown-linux-android28 2>&1
android-6.2-latest: Pulling from saguaro1/spi-images
Digest: sha256:a839c9ce201f1dacc8eb056626ec7ab0a1c6d53d7b77c83feda395f4507c51be
Status: Image is up to date for registry.gitlab.com/saguaro1/spi-images:android-6.2-latest
Fetching https://github.com/googleapis/swift-google-api
Fetching https://github.com/googleapis/swift-google-wkt
Fetching https://github.com/apple/swift-log
Fetching https://github.com/googleapis/swift-google-type
Fetching https://github.com/googleapis/swift-google-gax
Fetching https://github.com/googleapis/swift-google-auth
[1/1023] Fetching swift-google-auth
[503/2771] Fetching swift-google-auth, swift-google-gax
Fetched https://github.com/googleapis/swift-google-auth from cache (0.42s)
[1207/1748] Fetching swift-google-gax
[1645/2771] Fetching swift-google-gax, swift-google-wkt
[2466/11028] Fetching swift-google-gax, swift-google-wkt, swift-log
[6158/12091] Fetching swift-google-gax, swift-google-wkt, swift-log, swift-google-api
[12096/12528] Fetching swift-google-gax, swift-google-wkt, swift-log, swift-google-api, swift-google-type
Fetched https://github.com/googleapis/swift-google-api from cache (0.61s)
Fetched https://github.com/googleapis/swift-google-type from cache (0.62s)
Fetched https://github.com/googleapis/swift-google-wkt from cache (0.63s)
Fetched https://github.com/googleapis/swift-google-gax from cache (0.63s)
Fetched https://github.com/apple/swift-log from cache (0.63s)
Computing version for https://github.com/googleapis/swift-google-wkt
Computed https://github.com/googleapis/swift-google-wkt at 0.5.0 (0.79s)
Fetching https://github.com/swift-extras/swift-extras-base64
[1/954] Fetching swift-extras-base64
Fetched https://github.com/swift-extras/swift-extras-base64 from cache (0.39s)
Computing version for https://github.com/googleapis/swift-google-type
Computed https://github.com/googleapis/swift-google-type at 0.5.0 (0.56s)
Computing version for https://github.com/googleapis/swift-google-gax
Computed https://github.com/googleapis/swift-google-gax at 0.5.0 (0.17s)
Fetching https://github.com/googleapis/swift-google-rpc
Fetching https://github.com/swift-server/async-http-client.git
Fetching https://github.com/apple/swift-nio
[1/16464] Fetching async-http-client
[2/16886] Fetching async-http-client, swift-google-rpc
[16887/103266] Fetching async-http-client, swift-google-rpc, swift-nio
Fetched https://github.com/googleapis/swift-google-rpc from cache (3.29s)
Fetched https://github.com/swift-server/async-http-client.git from cache (3.29s)
Fetched https://github.com/apple/swift-nio from cache (3.33s)
Computing version for https://github.com/googleapis/swift-google-auth
Computed https://github.com/googleapis/swift-google-auth at 0.5.0 (3.50s)
Fetching https://github.com/vapor/jwt-kit.git
Fetching https://github.com/apple/swift-system.git
[1/7241] Fetching swift-system
[2608/17495] Fetching swift-system, jwt-kit
Fetched https://github.com/apple/swift-system.git from cache (0.90s)
Fetched https://github.com/vapor/jwt-kit.git from cache (0.91s)
Computing version for https://github.com/googleapis/swift-google-api
Computed https://github.com/googleapis/swift-google-api at 0.5.0 (1.07s)
Computing version for https://github.com/googleapis/swift-google-rpc
Computed https://github.com/googleapis/swift-google-rpc at 0.5.0 (0.16s)
Computing version for https://github.com/swift-extras/swift-extras-base64
Computed https://github.com/swift-extras/swift-extras-base64 at 1.2.0 (0.15s)
Computing version for https://github.com/swift-server/async-http-client.git
Computed https://github.com/swift-server/async-http-client.git at 1.36.2 (0.19s)
Fetching https://github.com/apple/swift-algorithms.git
Fetching https://github.com/apple/swift-service-context.git
Fetching https://github.com/apple/swift-nio-transport-services.git
Fetching https://github.com/apple/swift-nio-ssl.git
Fetching https://github.com/apple/swift-configuration.git
Fetching https://github.com/apple/swift-distributed-tracing.git
[1/1501] Fetching swift-service-context
[167/4368] Fetching swift-service-context, swift-nio-transport-services
[657/8296] Fetching swift-service-context, swift-nio-transport-services, swift-configuration
[5273/14847] Fetching swift-service-context, swift-nio-transport-services, swift-configuration, swift-distributed-tracing
[7028/31727] Fetching swift-service-context, swift-nio-transport-services, swift-configuration, swift-distributed-tracing, swift-nio-ssl
[13297/37891] Fetching swift-service-context, swift-nio-transport-services, swift-configuration, swift-distributed-tracing, swift-nio-ssl, swift-algorithms
Fetched https://github.com/apple/swift-configuration.git from cache (0.58s)
Fetched https://github.com/apple/swift-distributed-tracing.git from cache (0.58s)
[11822/27412] Fetching swift-service-context, swift-nio-transport-services, swift-nio-ssl, swift-algorithms
Fetching https://github.com/apple/swift-nio-extras.git
Fetching https://github.com/apple/swift-atomics.git
Fetched https://github.com/apple/swift-algorithms.git from cache (0.64s)
[7069/21248] Fetching swift-service-context, swift-nio-transport-services, swift-nio-ssl
Fetching https://github.com/apple/swift-nio-http2.git
[21249/27952] Fetching swift-service-context, swift-nio-transport-services, swift-nio-ssl, swift-nio-extras
[22188/29841] Fetching swift-service-context, swift-nio-transport-services, swift-nio-ssl, swift-nio-extras, swift-atomics
[29842/42135] Fetching swift-service-context, swift-nio-transport-services, swift-nio-ssl, swift-nio-extras, swift-atomics, swift-nio-http2
Fetched https://github.com/apple/swift-atomics.git from cache (0.66s)
Fetched https://github.com/apple/swift-nio-extras.git from cache (0.66s)
[21371/33542] Fetching swift-service-context, swift-nio-transport-services, swift-nio-ssl, swift-nio-http2
Fetched https://github.com/apple/swift-service-context.git from cache (1.30s)
Fetched https://github.com/apple/swift-nio-transport-services.git from cache (1.30s)
[19216/29174] Fetching swift-nio-ssl, swift-nio-http2
Fetched https://github.com/apple/swift-nio-ssl.git from cache (1.31s)
[2705/12294] Fetching swift-nio-http2
Fetched https://github.com/apple/swift-nio-http2.git from cache (1.09s)
Computing version for https://github.com/apple/swift-service-context.git
Computed https://github.com/apple/swift-service-context.git at 1.3.0 (1.89s)
Computing version for https://github.com/apple/swift-algorithms.git
Computed https://github.com/apple/swift-algorithms.git at 1.2.1 (0.89s)
Fetching https://github.com/apple/swift-numerics.git
[1/6742] Fetching swift-numerics
Fetched https://github.com/apple/swift-numerics.git from cache (0.73s)
Computing version for https://github.com/apple/swift-log
Computed https://github.com/apple/swift-log at 1.16.1 (0.90s)
Computing version for https://github.com/apple/swift-distributed-tracing.git
Computed https://github.com/apple/swift-distributed-tracing.git at 1.5.0 (0.15s)
Computing version for https://github.com/apple/swift-atomics.git
Computed https://github.com/apple/swift-atomics.git at 1.3.1 (0.15s)
Computing version for https://github.com/apple/swift-numerics.git
Computed https://github.com/apple/swift-numerics.git at 1.1.1 (0.15s)
Computing version for https://github.com/apple/swift-nio
Computed https://github.com/apple/swift-nio at 2.104.0 (0.35s)
Fetching https://github.com/apple/swift-collections.git
[1/28703] Fetching swift-collections
Fetched https://github.com/apple/swift-collections.git from cache (2.04s)
Computing version for https://github.com/apple/swift-configuration.git
Computed https://github.com/apple/swift-configuration.git at 1.2.2 (2.85s)
Fetching https://github.com/swift-server/swift-service-lifecycle
[1/2867] Fetching swift-service-lifecycle
Fetched https://github.com/swift-server/swift-service-lifecycle from cache (0.48s)
Computing version for https://github.com/apple/swift-nio-transport-services.git
Computed https://github.com/apple/swift-nio-transport-services.git at 1.28.0 (0.65s)
Computing version for https://github.com/swift-server/swift-service-lifecycle
Computed https://github.com/swift-server/swift-service-lifecycle at 2.12.1 (0.15s)
Fetching https://github.com/apple/swift-async-algorithms.git
[1/6820] Fetching swift-async-algorithms
Fetched https://github.com/apple/swift-async-algorithms.git from cache (0.60s)
Computing version for https://github.com/apple/swift-async-algorithms.git
Computed https://github.com/apple/swift-async-algorithms.git at 1.1.7 (0.82s)
Computing version for https://github.com/apple/swift-collections.git
Computed https://github.com/apple/swift-collections.git at 1.7.2 (0.25s)
Computing version for https://github.com/apple/swift-nio-http2.git
Computed https://github.com/apple/swift-nio-http2.git at 1.46.0 (0.16s)
Computing version for https://github.com/vapor/jwt-kit.git
Computed https://github.com/vapor/jwt-kit.git at 5.7.1 (0.15s)
Fetching https://github.com/apple/swift-crypto.git
Fetching https://github.com/apple/swift-certificates.git
[1/7613] Fetching swift-certificates
[3427/26242] Fetching swift-certificates, swift-crypto
Fetched https://github.com/apple/swift-certificates.git from cache (1.34s)
Fetched https://github.com/apple/swift-crypto.git from cache (1.35s)
Computing version for https://github.com/apple/swift-crypto.git
Computed https://github.com/apple/swift-crypto.git at 4.5.2 (1.97s)
Fetching https://github.com/apple/swift-asn1.git
[1/2009] Fetching swift-asn1
Fetched https://github.com/apple/swift-asn1.git from cache (0.53s)
Computing version for https://github.com/apple/swift-asn1.git
Computed https://github.com/apple/swift-asn1.git at 1.7.3 (0.72s)
Computing version for https://github.com/apple/swift-certificates.git
Computed https://github.com/apple/swift-certificates.git at 1.21.0 (0.22s)
Computing version for https://github.com/apple/swift-nio-ssl.git
Computed https://github.com/apple/swift-nio-ssl.git at 2.37.5 (0.20s)
Computing version for https://github.com/apple/swift-system.git
Computed https://github.com/apple/swift-system.git at 1.8.1 (0.19s)
Computing version for https://github.com/apple/swift-nio-extras.git
Computed https://github.com/apple/swift-nio-extras.git at 1.35.1 (0.28s)
Fetching https://github.com/apple/swift-http-types.git
Fetching https://github.com/apple/swift-http-structured-headers.git
[1/1253] Fetching swift-http-structured-headers
[39/3192] Fetching swift-http-structured-headers, swift-http-types
Fetched https://github.com/apple/swift-http-types.git from cache (0.55s)
Fetched https://github.com/apple/swift-http-structured-headers.git from cache (0.55s)
Computing version for https://github.com/apple/swift-http-structured-headers.git
Computed https://github.com/apple/swift-http-structured-headers.git at 1.7.0 (0.72s)
Computing version for https://github.com/apple/swift-http-types.git
Computed https://github.com/apple/swift-http-types.git at 1.8.0 (0.18s)
Creating working copy for https://github.com/googleapis/swift-google-wkt
Working copy of https://github.com/googleapis/swift-google-wkt resolved at 0.5.0
Creating working copy for https://github.com/apple/swift-distributed-tracing.git
Working copy of https://github.com/apple/swift-distributed-tracing.git resolved at 1.5.0
Creating working copy for https://github.com/apple/swift-nio-extras.git
Working copy of https://github.com/apple/swift-nio-extras.git resolved at 1.35.1
Creating working copy for https://github.com/apple/swift-atomics.git
Working copy of https://github.com/apple/swift-atomics.git resolved at 1.3.1
Creating working copy for https://github.com/googleapis/swift-google-rpc
Working copy of https://github.com/googleapis/swift-google-rpc resolved at 0.5.0
Creating working copy for https://github.com/apple/swift-asn1.git
Working copy of https://github.com/apple/swift-asn1.git resolved at 1.7.3
Creating working copy for https://github.com/apple/swift-service-context.git
Working copy of https://github.com/apple/swift-service-context.git resolved at 1.3.0
Creating working copy for https://github.com/googleapis/swift-google-auth
Working copy of https://github.com/googleapis/swift-google-auth resolved at 0.5.0
Creating working copy for https://github.com/apple/swift-configuration.git
Working copy of https://github.com/apple/swift-configuration.git resolved at 1.2.2
Creating working copy for https://github.com/apple/swift-algorithms.git
Working copy of https://github.com/apple/swift-algorithms.git resolved at 1.2.1
Creating working copy for https://github.com/apple/swift-nio-ssl.git
Working copy of https://github.com/apple/swift-nio-ssl.git resolved at 2.37.5
Creating working copy for https://github.com/vapor/jwt-kit.git
Working copy of https://github.com/vapor/jwt-kit.git resolved at 5.7.1
Creating working copy for https://github.com/googleapis/swift-google-api
Working copy of https://github.com/googleapis/swift-google-api resolved at 0.5.0
Creating working copy for https://github.com/apple/swift-log
Working copy of https://github.com/apple/swift-log resolved at 1.16.1
Creating working copy for https://github.com/apple/swift-http-structured-headers.git
Working copy of https://github.com/apple/swift-http-structured-headers.git resolved at 1.7.0
Creating working copy for https://github.com/swift-extras/swift-extras-base64
Working copy of https://github.com/swift-extras/swift-extras-base64 resolved at 1.2.0
Creating working copy for https://github.com/apple/swift-nio
Working copy of https://github.com/apple/swift-nio resolved at 2.104.0
Creating working copy for https://github.com/apple/swift-system.git
Working copy of https://github.com/apple/swift-system.git resolved at 1.8.1
Creating working copy for https://github.com/apple/swift-nio-transport-services.git
Working copy of https://github.com/apple/swift-nio-transport-services.git resolved at 1.28.0
Creating working copy for https://github.com/apple/swift-http-types.git
Working copy of https://github.com/apple/swift-http-types.git resolved at 1.8.0
Creating working copy for https://github.com/googleapis/swift-google-gax
Working copy of https://github.com/googleapis/swift-google-gax resolved at 0.5.0
Creating working copy for https://github.com/apple/swift-crypto.git
Working copy of https://github.com/apple/swift-crypto.git resolved at 4.5.2
Creating working copy for https://github.com/apple/swift-collections.git
Working copy of https://github.com/apple/swift-collections.git resolved at 1.7.2
Creating working copy for https://github.com/apple/swift-certificates.git
Working copy of https://github.com/apple/swift-certificates.git resolved at 1.21.0
Creating working copy for https://github.com/googleapis/swift-google-type
Working copy of https://github.com/googleapis/swift-google-type resolved at 0.5.0
Creating working copy for https://github.com/apple/swift-async-algorithms.git
Working copy of https://github.com/apple/swift-async-algorithms.git resolved at 1.1.7
Creating working copy for https://github.com/swift-server/async-http-client.git
Working copy of https://github.com/swift-server/async-http-client.git resolved at 1.36.2
Creating working copy for https://github.com/apple/swift-nio-http2.git
Working copy of https://github.com/apple/swift-nio-http2.git resolved at 1.46.0
Creating working copy for https://github.com/apple/swift-numerics.git
Working copy of https://github.com/apple/swift-numerics.git resolved at 1.1.1
Creating working copy for https://github.com/swift-server/swift-service-lifecycle
Working copy of https://github.com/swift-server/swift-service-lifecycle resolved at 2.12.1
Building for debugging...
[0/914] Compiling CAsyncHTTPClient CAsyncHTTPClient.c
[1/914] Write swift-version--11D90AFD9DD3AB2.txt
[2/914] Compiling _NumericsShims _NumericsShims.c
[3/914] Write sources
[5/918] Compiling a_d2i_fp.cc
[6/918] Compiling a_dup.cc
[6/918] Write sources
[9/920] Compiling aes.cc
[10/920] Compiling _AtomicsShims.c
[10/920] Write sources
[30/939] Compiling a_bitstr.cc
[30/939] Compiling asn1_lib.cc
[32/939] Compiling a_bool.cc
[32/939] Write sources
[58/939] Compiling CXKCPShims shims.c
[59/953] Compiling a_gentm.cc
[61/992] Emitting module _NIODataStructures
[62/992] Compiling InternalCollectionsUtilities OutputSpan+Extras.swift
[63/992] Compiling InternalCollectionsUtilities RandomAccessCollection+Offsets.swift
[64/994] Compiling ServiceContextModule ServiceContextKey.swift
[65/994] Compiling RealModule Real.swift
[66/995] Compiling InternalCollectionsUtilities MutableSpan+Extras.swift
[68/995] Compiling SwiftASN1 DER.swift
[69/995] Compiling SwiftASN1 Errors.swift
[70/995] Compiling InternalCollectionsUtilities UnsafeBufferPointer+Extras.swift
[71/995] Compiling InternalCollectionsUtilities UnsafeMutableBufferPointer+Extras.swift
[72/998] Compiling InternalCollectionsUtilities Strideable+LimitHelpers.swift
[73/998] Compiling InternalCollectionsUtilities String+Padding.swift
[74/998] Compiling InternalCollectionsUtilities TemporaryAllocation.swift
[75/998] Compiling InternalCollectionsUtilities _UnsafeBitSet+Index.swift
[79/998] Compiling InternalCollectionsUtilities Span+Extras.swift
[80/998] Compiling RealModule RelaxedArithmetic.swift
[81/998] Compiling InternalCollectionsUtilities UnsafeMutablePointer+Extras.swift
[82/998] Compiling InternalCollectionsUtilities UnsafeMutableRawBufferPointer+Extras.swift
[83/998] Compiling InternalCollectionsUtilities UnsafePointer+Extras.swift
[84/999] Emitting module RealModule
[85/999] Compiling InternalCollectionsUtilities BorrowingIteratorProtocol+Equality.swift
[86/999] Compiling InternalCollectionsUtilities BorrowingIteratorProtocol+Extras.swift
[87/999] Compiling InternalCollectionsUtilities UnsafeRawBufferPointer+Extras.swift
[88/999] Compiling InternalCollectionsUtilities _SortedCollection.swift
[89/999] Compiling InternalCollectionsUtilities _UniqueCollection.swift
[90/999] Emitting module InternalCollectionsUtilities
[91/999] Compiling InternalCollectionsUtilities Iterable+CopyContents.swift
[92/999] Compiling InternalCollectionsUtilities Iterable+Equality.swift
[93/999] Compiling InternalCollectionsUtilities LifetimeOverride.swift
[94/999] Compiling InternalCollectionsUtilities MutableRef.swift
[97/999] Compiling InternalCollectionsUtilities Debugging.swift
[98/999] Compiling InternalCollectionsUtilities Descriptions.swift
[99/999] Compiling RealModule RealFunctions.swift
[100/999] Compiling RealModule Float16+Real.swift
[101/999] Compiling Logging LoggingSystem.swift
[102/999] Compiling _CertificateInternals _TinyArray.swift
[103/999] Compiling InternalCollectionsUtilities FixedWidthInteger+roundUpToPowerOfTwo.swift
[104/999] Compiling InternalCollectionsUtilities Integer rank.swift
[105/999] Compiling InternalCollectionsUtilities UInt+first and last set bit.swift
[106/999] Compiling InternalCollectionsUtilities UInt+reversed.swift
[107/999] Emitting module _CertificateInternals
[108/1001] Compiling Logging Logger.swift
[109/1001] Compiling RealModule Float80+Real.swift
[114/1001] Compiling ServiceContextModule ServiceContext.swift
[117/1001] Emitting module ServiceContextModule
[118/1002] Compiling _NIOBase64 Base64.swift
[119/1002] Emitting module _NIOBase64
[121/1004] Compiling Logging Logger+Attributes.swift
[122/1004] Compiling Logging Logger+With.swift
[123/1004] Wrapping AST for _CertificateInternals for debugging
[125/1013] Wrapping AST for InternalCollectionsUtilities for debugging
[126/1013] Wrapping AST for _NIOBase64 for debugging
[128/1013] Compiling _NIODataStructures Heap.swift
[130/1013] Wrapping AST for ServiceContextModule for debugging
[132/1014] Compiling SpanPreview OutputSpan+InputSpanHelpers.swift
[133/1018] Compiling _NIODataStructures PriorityQueue.swift
[133/1019] Compiling SimpleFIPS202.c
[135/1019] Compiling _NIODataStructures _TinyArray.swift
[135/1019] Wrapping AST for RealModule for debugging
[137/1020] Compiling ExtrasBase64 Base32+Span.swift
[138/1020] Emitting module SpanPreview
[139/1020] Compiling SpanPreview MutableSpan+InputSpanHelpers.swift
[140/1020] Compiling SpanPreview InputSpan.swift
[140/1021] Compiling KeccakSponge.c
[142/1021] Compiling KeccakHash.c
[143/1021] Compiling CNIOWindows shim.c
[144/1021] Compiling CSystem shims.c
[146/1021] Compiling CNIOWindows WSAStartup.c
[147/1021] Wrapping AST for _NIODataStructures for debugging
[148/1021] Wrapping AST for SpanPreview for debugging
[149/1021] Compiling CNIOWASI CNIOWASI.c
[150/1021] Compiling CNIOPosix event_loop_id.c
[151/1026] Compiling CNIOOpenBSD shim.c
[153/1034] Compiling ExtrasBase64 Base64+Span.swift
[154/1039] Compiling Instrumentation NoOpInstrument.swift
[155/1063] Compiling Instrumentation MultiplexInstrument.swift
[156/1063] Emitting module Instrumentation
[156/1100] Compiling KeccakP-1600-opt64.c
[157/1100] Compiling CNIOLinux liburing_shims.c
[159/1100] Compiling SystemPackage IOCompletion.swift
[160/1100] Compiling SystemPackage IORequest.swift
[161/1100] Compiling SystemPackage IORing+Util.swift
[162/1100] Compiling SystemPackage IORing.swift
[163/1100] Compiling SystemPackage RawIORequest.swift
[163/1105] Compiling CNIOLinux shim.c
[164/1105] Compiling CNIOLLHTTP c_nio_http.c
[166/1105] Compiling Instrumentation InstrumentationSystem.swift
[166/1105] Compiling CNIOLLHTTP c_nio_llhttp.c
[168/1105] Compiling Instrumentation Instrument.swift
[168/1105] Compiling CNIOFreeBSD shim.c
[169/1105] Compiling CNIOLLHTTP c_nio_api.c
[170/1105] Compiling CNIOExtrasZlib zutil.c
[171/1105] Compiling CNIOExtrasZlib trees.c
[172/1105] Compiling CNIOExtrasZlib inftrees.c
[173/1105] Compiling CNIOExtrasZlib inffast.c
[174/1105] Compiling CNIOExtrasZlib deflate.c
[175/1105] Compiling CNIOExtrasZlib crc32.c
[176/1105] Compiling CNIOExtrasZlib adler32.c
[179/1105] Compiling CNIODarwin shim.c
[181/1105] Compiling SystemPackage SystemString.swift
[182/1105] Compiling SystemPackage Util+StringArray.swift
[183/1105] Compiling SystemPackage Util.swift
[184/1105] Compiling SystemPackage UtilConsumers.swift
[185/1105] Compiling SystemPackage WinSDK+Overlay.swift
[186/1105] Compiling SystemPackage Mocking.swift
[187/1105] Compiling SystemPackage RawBuffer.swift
[188/1105] Compiling SystemPackage Syscalls.swift
[189/1105] Compiling SystemPackage WindowsSyscallAdapters.swift
[190/1105] Compiling SystemPackage MachPort.swift
[191/1105] Compiling SystemPackage PlatformString.swift
[191/1110] Compiling CNIOBoringSSLShims shims.c
[192/1110] Compiling fiat_p256_adx_sqr.S
[193/1110] Compiling CNIOExtrasZlib inflate.c
[194/1110] Compiling fiat_p256_adx_mul.S
[195/1110] Compiling fiat_curve25519_adx_square.S
[197/1110] Compiling SystemPackage FilePathTempPosix.swift
[198/1110] Compiling SystemPackage FilePathTempWindows.swift
[199/1110] Compiling SystemPackage FilePathWindows.swift
[200/1110] Compiling SystemPackage FileHelpers.swift
[201/1110] Compiling SystemPackage FileOperations.swift
[201/1110] Compiling fiat_curve25519_adx_mul.S
[203/1110] Compiling ExtrasBase64 Base32.swift
[204/1110] Compiling SystemPackage FilePathTemp.swift
[208/1110] Compiling SystemPackage FilePermissions.swift
[209/1110] Compiling SystemPackage FilePathComponentView.swift
[210/1110] Compiling SystemPackage Errno.swift
[211/1110] Compiling SystemPackage ErrnoWindows.swift
[212/1110] Compiling SystemPackage FileDescriptor.swift
[214/1110] Compiling SystemPackage FilePathComponents.swift
[215/1110] Compiling SystemPackage FilePathParsing.swift
[216/1110] Compiling SystemPackage FilePathString.swift
[217/1110] Compiling SystemPackage FilePathSyntax.swift
[227/1110] Compiling SystemPackage FileFlags.swift
[228/1110] Compiling SystemPackage FileMode.swift
[229/1110] Compiling SystemPackage FileType.swift
[230/1110] Compiling SystemPackage Identifiers.swift
[231/1110] Compiling SystemPackage Stat.swift
[232/1110] Compiling SystemPackage Backcompat.swift
[233/1110] Compiling SystemPackage CInterop.swift
[234/1110] Compiling SystemPackage Constants.swift
[235/1110] Compiling SystemPackage Exports.swift
[236/1110] Emitting module SwiftASN1
[242/1110] Compiling SystemPackage FilePath.swift
[242/1110] Compiling tls_record.cc
[257/1110] Emitting module Logging
[259/1110] Compiling tls_method.cc
[261/1110] Compiling Logging MetadataProvider.swift
[272/1110] Compiling Instrumentation Locks.swift
[289/1113] Wrapping AST for Logging for debugging
[290/1121] Wrapping AST for SwiftASN1 for debugging
[292/1121] Emitting module SystemPackage
[292/1122] Wrapping AST for Instrumentation for debugging
[295/1122] Compiling Tracing Tracer.swift
[296/1122] Compiling Tracing TracingTime.swift
[297/1122] Compiling Tracing TracerProtocol+Legacy.swift
[298/1122] Compiling Tracing TracerProtocol.swift
[299/1123] Compiling Tracing WithTracer.swift
[299/1123] Compiling tls13_both.cc
[300/1123] Wrapping AST for SystemPackage for debugging
[302/1123] Compiling Tracing NoOpTracer.swift
[303/1123] Compiling Tracing SpanProtocol.swift
[304/1123] Compiling Tracing InstrumentationSystem+Tracing.swift
[305/1123] Emitting module Tracing
[305/1124] Compiling t1_enc.cc
[307/1124] Compiling tls13_server.cc
[308/1124] Wrapping AST for Tracing for debugging
[309/1124] Compiling tls13_enc.cc
[310/1124] Compiling tls13_client.cc
[311/1124] Compiling ssl_transcript.cc
[312/1124] Compiling ssl_stat.cc
[314/1124] Emitting module DequeModule
[314/1124] Compiling ssl_x509.cc
[315/1124] Compiling ssl_key_share.cc
[316/1124] Compiling ssl_session.cc
[317/1124] Compiling ssl_versions.cc
[319/1124] Compiling DequeModule UniqueDeque+Replacements.swift
[320/1124] Compiling DequeModule UniqueDeque.swift
[321/1124] Compiling DequeModule _DequeSlot.swift
[322/1124] Compiling DequeModule _UnsafeDequeHandle.swift
[323/1124] Compiling DequeModule _UnsafeDequeSegments.swift
[324/1125] Compiling ssl_lib.cc
[325/1129] Compiling ssl_privkey.cc
[326/1138] Compiling ssl_credential.cc
[327/1168] Wrapping AST for DequeModule for debugging
[329/1168] Emitting module Configuration
[329/1173] Compiling ssl_cert.cc
[330/1173] Compiling ssl_buffer.cc
[331/1173] Compiling ssl_file.cc
[332/1173] Compiling ssl_cipher.cc
[334/1173] Compiling Configuration EnvironmentKeyEncoder.swift
[335/1173] Compiling Configuration EnvironmentVariablesProvider.swift
[336/1173] Compiling Configuration CommonProviderFileSystem.swift
[337/1173] Compiling Configuration DirectoryFilesProvider.swift
[338/1173] Compiling Configuration FileProvider.swift
[339/1173] Compiling Configuration FileProviderSnapshot.swift
[339/1173] Compiling s3_pkt.cc
[341/1173] Compiling ExtrasBase64 Base64.swift
[341/1173] Compiling s3_both.cc
[343/1173] Emitting module ExtrasBase64
[344/1174] Compiling ssl_aead_ctx.cc
[345/1174] Compiling ssl_asn1.cc
[346/1205] Compiling handshake_client.cc
[347/1205] Compiling s3_lib.cc
[348/1205] Wrapping AST for ExtrasBase64 for debugging
[349/1205] Compiling handshake_server.cc
[350/1205] Compiling handshake.cc
[351/1205] Compiling handoff.cc
[352/1205] Compiling dtls_method.cc
[354/1205] Compiling Configuration JSONSnapshot.swift
[355/1205] Compiling Configuration PropertyListSnapshot.swift
[356/1205] Compiling Configuration ReloadingFileProvider.swift
[357/1205] Compiling Configuration ReloadingFileProviderMetrics.swift
[358/1205] Compiling Configuration YAMLSnapshot.swift
[359/1205] Compiling Configuration InMemoryProvider.swift
[360/1205] Compiling Configuration MutableInMemoryProvider.swift
[361/1205] Compiling Configuration ConfigProvider+Operators.swift
[362/1205] Compiling Configuration KeyMappingProvider.swift
[363/1205] Compiling Configuration SecretsSpecifier.swift
[364/1205] Compiling Configuration AsyncCombineLatestManySequence.swift
[365/1205] Compiling Configuration CombineLatestManyStateMachine.swift
[366/1205] Compiling GoogleWKT WKTEnum.swift
[367/1205] Compiling GoogleWKT WKTEnumValue.swift
[368/1205] Compiling GoogleWKT WKTField.swift
[369/1205] Compiling GoogleWKT WKTMethod.swift
[370/1205] Compiling GoogleWKT WKTMixin.swift
[371/1205] Compiling GoogleWKT WKTOption.swift
[372/1205] Compiling GoogleWKT WKTStringValue.swift
[373/1205] Compiling GoogleWKT WKTTimestamp.swift
[374/1205] Compiling GoogleWKT WKTUInt32Value.swift
[375/1205] Compiling GoogleWKT WKTUInt64Value.swift
[376/1205] Compiling GoogleWKT WKTValue.swift
[377/1205] Compiling GoogleWKT WKTApi.swift
[378/1205] Compiling Configuration CombineLatestManyStorage.swift
[379/1205] Compiling Configuration AsyncSequences.swift
[380/1205] Compiling Configuration FoundationExtensions.swift
[381/1205] Compiling Configuration Span.swift
[382/1205] Compiling Configuration ConfigBytesFromStringDecoder.swift
[383/1205] Compiling GoogleWKT UnknownFields.swift
[384/1205] Compiling GoogleWKT WKTAny.swift
[385/1205] Compiling GoogleWKT WKTAnyError.swift
[386/1205] Compiling GoogleWKT WKTBoolValue.swift
[387/1205] Compiling GoogleWKT WKTBytesValue.swift
[388/1205] Compiling GoogleWKT AnyPackable.swift
[394/1209] Compiling GoogleWKT DecodeToDefault.swift
[395/1209] Compiling GoogleWKT DiscoveryBase64.swift
[396/1209] Compiling GoogleWKT ProtoJSONDecoder.swift
[397/1209] Compiling GoogleWKT ProtoJSONEncoder.swift
[398/1209] Compiling GoogleWKT WKTDoubleValue.swift
[399/1209] Compiling GoogleWKT WKTDuration.swift
[402/1210] Compiling GoogleWKT WKTEmpty.swift
[403/1210] Compiling GoogleWKT WKTFieldMask.swift
[404/1210] Compiling encrypted_client_hello.cc
[405/1210] Compiling extensions.cc
[406/1210] Compiling d1_srtp.cc
[407/1210] Wrapping AST for Configuration for debugging
[416/1210] Compiling md5-x86_64-apple.S
[418/1210] Compiling GoogleWKT WKTFloatValue.swift
[419/1210] Compiling GoogleWKT WKTInt32Value.swift
[420/1210] Compiling GoogleWKT WKTInt64Value.swift
[421/1210] Compiling GoogleWKT WKTRecursive.swift
[425/1210] Compiling d1_pkt.cc
[426/1210] Compiling md5-x86_64-linux.S
[427/1210] Compiling md5-586-apple.S
[428/1210] Compiling md5-586-linux.S
[429/1210] Compiling chacha20_poly1305_x86_64-apple.S
[430/1210] Compiling chacha20_poly1305_x86_64-linux.S
[431/1210] Compiling dtls_record.cc
[433/1210] Compiling GoogleWKT WKTSourceContext.swift
[434/1210] Compiling GoogleWKT WKTSyntax.swift
[435/1210] Compiling GoogleWKT WKTType.swift
[436/1210] Compiling GoogleWKT PackageVersion.swift
[436/1210] Compiling chacha20_poly1305_armv8-win.S
[437/1210] Compiling chacha20_poly1305_armv8-apple.S
[438/1210] Compiling chacha20_poly1305_armv8-linux.S
[439/1210] Compiling chacha-x86_64-apple.S
[440/1210] Compiling chacha-x86_64-linux.S
[441/1210] Compiling chacha-x86-linux.S
[442/1210] Compiling chacha-x86-apple.S
[443/1210] Compiling chacha-armv8-win.S
[444/1210] Compiling chacha-armv8-linux.S
[445/1210] Compiling chacha-armv8-apple.S
[446/1210] Compiling chacha-armv4-linux.S
[447/1210] Compiling err_data.cc
[448/1210] Compiling aes128gcmsiv-x86_64-apple.S
[449/1210] Compiling aes128gcmsiv-x86_64-linux.S
[450/1210] Compiling x86_64-mont5-linux.S
[451/1210] Compiling x86_64-mont5-apple.S
[452/1210] Compiling x86_64-mont-linux.S
[453/1210] Compiling x86-mont-linux.S
[454/1210] Compiling x86_64-mont-apple.S
[455/1210] Compiling vpaes-x86_64-linux.S
[456/1210] Compiling x86-mont-apple.S
[457/1210] Compiling vpaes-x86-linux.S
[458/1210] Compiling vpaes-x86_64-apple.S
[459/1210] Compiling vpaes-x86-apple.S
[460/1210] Compiling vpaes-armv8-win.S
[461/1210] Compiling vpaes-armv8-apple.S
[462/1210] Compiling vpaes-armv8-linux.S
[463/1210] Compiling vpaes-armv7-linux.S
[464/1210] Compiling sha512-x86_64-linux.S
[465/1210] Compiling sha512-x86_64-apple.S
[466/1210] Compiling d1_lib.cc
[467/1210] Compiling sha512-armv8-win.S
[468/1210] Compiling sha512-armv4-linux.S
[469/1210] Compiling bio_ssl.cc
[470/1210] Compiling sha512-armv8-linux.S
[471/1210] Compiling sha512-586-linux.S
[472/1210] Compiling sha256-x86_64-linux.S
[473/1210] Compiling sha512-armv8-apple.S
[474/1210] Compiling sha512-586-apple.S
[475/1210] Compiling sha256-x86_64-apple.S
[476/1210] Compiling sha256-armv8-win.S
[477/1210] Compiling sha256-586-apple.S
[478/1210] Compiling sha256-armv8-apple.S
[479/1210] Compiling sha1-x86_64-linux.S
[480/1210] Compiling sha256-armv4-linux.S
[481/1210] Compiling sha256-armv8-linux.S
[483/1210] Emitting module GoogleWKT
[488/1210] Compiling sha256-586-linux.S
[489/1211] Compiling sha1-x86_64-apple.S
[490/1211] Compiling sha1-armv8-win.S
[491/1211] Compiling sha1-armv8-apple.S
[493/1211] Compiling sha1-armv4-large-linux.S
[494/1211] Compiling sha1-586-apple.S
[495/1211] Compiling sha1-586-linux.S
[496/1211] Compiling sha1-armv8-linux.S
[497/1211] Compiling rsaz-avx2-linux.S
[498/1211] Compiling rsaz-avx2-apple.S
[499/1211] Compiling rdrand-x86_64-apple.S
[500/1211] Compiling p256_beeu-x86_64-asm-apple.S
[501/1211] Compiling rdrand-x86_64-linux.S
[502/1211] Compiling p256_beeu-x86_64-asm-linux.S
[503/1211] Compiling p256_beeu-armv8-asm-win.S
[504/1224] Wrapping AST for GoogleWKT for debugging
[505/1236] Compiling p256_beeu-armv8-asm-apple.S
[506/1249] Compiling p256-x86_64-asm-linux.S
[507/1253] Compiling p256_beeu-armv8-asm-linux.S
[508/1275] Compiling p256-x86_64-asm-apple.S
[509/1314] Compiling p256-armv8-asm-win.S
[510/1314] Compiling p256-armv8-asm-linux.S
[511/1314] Compiling ghashv8-armv8-win.S
[512/1314] Compiling ghashv8-armv8-linux.S
[513/1314] Compiling p256-armv8-asm-apple.S
[514/1314] Compiling ghashv8-armv8-apple.S
[515/1314] Compiling ghashv8-armv7-linux.S
[516/1314] Compiling ghash-x86-linux.S
[517/1314] Compiling ghash-x86_64-apple.S
[518/1314] Compiling ghash-x86-apple.S
[519/1314] Compiling ghash-ssse3-x86_64-linux.S
[520/1314] Compiling ghash-x86_64-linux.S
[521/1314] Compiling ghash-ssse3-x86_64-apple.S
[522/1314] Compiling ghash-ssse3-x86-apple.S
[523/1314] Compiling ghash-neon-armv8-linux.S
[524/1314] Compiling ghash-ssse3-x86-linux.S
[525/1314] Compiling ghash-neon-armv8-win.S
[526/1314] Compiling co-586-linux.S
[527/1314] Compiling ghash-neon-armv8-apple.S
[528/1314] Compiling ghash-armv4-linux.S
[529/1314] Compiling bn-armv8-linux.S
[530/1314] Compiling bn-armv8-win.S
[531/1314] Compiling co-586-apple.S
[532/1314] Compiling bsaes-armv7-linux.S
[533/1314] Compiling bn-586-linux.S
[534/1314] Compiling bn-armv8-apple.S
[535/1314] Compiling armv8-mont-win.S
[536/1314] Compiling bn-586-apple.S
[537/1314] Compiling armv4-mont-linux.S
[538/1314] Compiling armv8-mont-linux.S
[539/1314] Compiling aesv8-gcm-armv8-win.S
[540/1314] Compiling aesv8-gcm-armv8-apple.S
[541/1314] Compiling armv8-mont-apple.S
[542/1314] Compiling d1_both.cc
[543/1314] Compiling aesv8-armv8-linux.S
[544/1314] Compiling aesv8-armv8-apple.S
[545/1314] Compiling aesv8-gcm-armv8-linux.S
[547/1314] Compiling GoogleApi Advice.swift
[548/1314] Compiling GoogleApi AuthProvider.swift
[549/1314] Compiling GoogleApi AuthRequirement.swift
[549/1316] Compiling aesv8-armv8-win.S
[550/1316] Compiling aesni-x86_64-linux.S
[551/1316] Compiling aesv8-armv7-linux.S
[552/1316] Compiling aesni-x86_64-apple.S
[553/1316] Compiling aesni-x86-apple.S
[554/1316] Compiling aesni-x86-linux.S
[555/1316] Compiling aesni-gcm-x86_64-apple.S
[556/1316] Compiling aesni-gcm-x86_64-linux.S
[557/1316] Compiling aes-gcm-avx2-x86_64-apple.S
[558/1316] Compiling aes-gcm-avx2-x86_64-linux.S
[559/1316] Compiling aes-gcm-avx10-x86_64-linux.S
[560/1316] Compiling aes-gcm-avx10-x86_64-apple.S
[562/1316] Compiling GoogleType TimeOfDay.swift
[563/1316] Compiling GoogleType TimeZone.swift
[564/1316] Compiling GoogleApi CommonLanguageSettings.swift
[565/1316] Compiling GoogleApi ConfigChange.swift
[566/1316] Compiling GoogleApi ClientLibraryOrganization.swift
[567/1316] Compiling GoogleApi ClientLibrarySettings.swift
[568/1316] Compiling GoogleApi ChangeType.swift
[569/1316] Compiling GoogleApi ClientLibraryDestination.swift
[570/1316] Compiling GoogleApi BatchingSettingsProto.swift
[571/1316] Compiling GoogleApi Billing.swift
[573/1318] Compiling x_x509.cc
[577/1318] Emitting module GoogleRpc
[579/1318] Compiling GoogleApi Authentication.swift
[580/1318] Compiling GoogleApi AuthenticationRule.swift
[581/1318] Compiling GoogleApi Backend.swift
[582/1318] Compiling GoogleApi BatchingDescriptorProto.swift
[584/1318] Compiling GoogleApi BackendRule.swift
[585/1318] Compiling GoogleApi BatchingConfigProto.swift
[587/1318] Compiling x_spki.cc
[588/1318] Compiling x_sig.cc
[589/1318] Compiling x_req.cc
[597/1318] Emitting module GoogleType
[599/1319] Compiling GoogleRpc RetryInfo.swift
[600/1319] Compiling GoogleRpc Status.swift
[601/1320] Wrapping AST for GoogleType for debugging
[602/1320] Wrapping AST for GoogleRpc for debugging
[603/1320] Compiling x_pubkey.cc
[604/1320] Compiling x_name.cc
[605/1320] Compiling x_exten.cc
[606/1320] Compiling x_val.cc
[607/1320] Compiling x_x509a.cc
[609/1320] Compiling GoogleApi Monitoring.swift
[610/1320] Compiling GoogleApi NodeSettings.swift
[611/1320] Compiling GoogleApi OAuthRequirements.swift
[612/1320] Compiling GoogleApi PackageVersion.swift
[613/1320] Compiling GoogleApi Page.swift
[614/1320] Compiling GoogleApi PhpSettings.swift
[615/1320] Compiling GoogleApi ProjectProperties.swift
[616/1320] Compiling GoogleApi Property.swift
[617/1320] Compiling GoogleApi Publishing.swift
[618/1320] Compiling GoogleApi PythonSettings.swift
[618/1329] Compiling x_all.cc
[619/1329] Compiling x_algor.cc
[621/1329] Compiling GoogleApi Quota.swift
[622/1329] Compiling GoogleApi QuotaLimit.swift
[623/1329] Compiling GoogleApi ResourceDescriptor.swift
[624/1329] Compiling GoogleApi ResourceReference.swift
[625/1329] Compiling GoogleApi RoutingParameter.swift
[626/1329] Compiling GoogleApi RoutingRule.swift
[627/1329] Compiling GoogleApi RubySettings.swift
[628/1329] Compiling GoogleApi SelectiveGapicGeneration.swift
[629/1329] Compiling GoogleApi Service.swift
[629/1329] Compiling x509cset.cc
[630/1329] Compiling x509spki.cc
[631/1329] Compiling x_attrib.cc
[633/1329] Emitting module GoogleApi
[634/1329] Compiling GoogleApi LogDescriptor.swift
[635/1329] Compiling GoogleApi Logging.swift
[636/1329] Compiling GoogleApi MethodPolicy.swift
[637/1329] Compiling GoogleApi MethodSettings.swift
[638/1329] Compiling GoogleApi Metric.swift
[639/1329] Compiling GoogleApi MetricDescriptor.swift
[640/1329] Compiling GoogleApi MetricRule.swift
[641/1329] Compiling GoogleApi MonitoredResource.swift
[642/1329] Compiling GoogleApi MonitoredResourceDescriptor.swift
[643/1329] Compiling GoogleApi MonitoredResourceMetadata.swift
[643/1329] Compiling x509_vpm.cc
[645/1329] Compiling GoogleApi FieldPolicy.swift
[646/1329] Compiling GoogleApi FlowControlLimitExceededBehaviorProto.swift
[647/1329] Compiling GoogleApi GoSettings.swift
[648/1329] Compiling GoogleApi Http.swift
[649/1329] Compiling GoogleApi HttpBody.swift
[650/1329] Compiling GoogleApi HttpRule.swift
[651/1329] Compiling GoogleApi JavaSettings.swift
[652/1329] Compiling GoogleApi JwtLocation.swift
[653/1329] Compiling GoogleApi LabelDescriptor.swift
[654/1329] Compiling GoogleApi LaunchStage.swift
[664/1329] Compiling GoogleApi Control.swift
[665/1329] Compiling GoogleApi CppSettings.swift
[666/1329] Compiling GoogleApi CustomHttpPattern.swift
[667/1329] Compiling GoogleApi Distribution.swift
[668/1329] Compiling GoogleApi Documentation.swift
[669/1329] Compiling GoogleApi DocumentationRule.swift
[670/1329] Compiling GoogleApi DotnetSettings.swift
[671/1329] Compiling GoogleApi Endpoint.swift
[672/1329] Compiling GoogleApi ErrorReason.swift
[673/1329] Compiling GoogleApi FieldBehavior.swift
[674/1329] Compiling GoogleApi FieldInfo.swift
[684/1329] Compiling x_crl.cc
[685/1329] Compiling x509_vfy.cc
[686/1329] Compiling x509rset.cc
[687/1329] Compiling x509_v3.cc
[688/1329] Compiling x509_txt.cc
[689/1329] Compiling x509_trs.cc
[690/1329] Compiling x509name.cc
[691/1329] Compiling x509_req.cc
[693/1329] Compiling GoogleApi SourceInfo.swift
[694/1329] Compiling GoogleApi SystemParameter.swift
[695/1329] Compiling GoogleApi SystemParameterRule.swift
[696/1329] Compiling GoogleApi SystemParameters.swift
[697/1329] Compiling GoogleApi TypeReference.swift
[698/1329] Compiling GoogleApi Usage.swift
[699/1329] Compiling GoogleApi UsageRule.swift
[700/1329] Compiling GoogleApi Visibility.swift
[701/1329] Compiling GoogleApi VisibilityRule.swift
[701/1330] Compiling x509_set.cc
[703/1330] Compiling x509_ext.cc
[704/1330] Compiling x509_obj.cc
[705/1330] Wrapping AST for GoogleApi for debugging
[706/1330] Compiling x509_lu.cc
[707/1330] Compiling x509_cmp.cc
[708/1330] Compiling x509_def.cc
[709/1330] Compiling x509.cc
[710/1330] Compiling x509_d2.cc
[711/1330] Compiling v3_prn.cc
[712/1330] Compiling v3_purp.cc
[713/1330] Compiling v3_pcons.cc
[714/1330] Compiling v3_skey.cc
[715/1330] Compiling v3_utl.cc
[716/1330] Compiling v3_pmaps.cc
[717/1330] Compiling x509_att.cc
[718/1330] Compiling v3_ncons.cc
[719/1330] Compiling v3_int.cc
[720/1330] Compiling v3_ocsp.cc
[721/1330] Compiling v3_extku.cc
[721/1330] Compiling v3_genn.cc
[723/1330] Compiling v3_enum.cc
[724/1330] Compiling v3_lib.cc
[725/1330] Compiling v3_info.cc
[726/1330] Compiling v3_crld.cc
[727/1330] Compiling v3_ia5.cc
[728/1330] Compiling v3_bcons.cc
[729/1330] Compiling v3_cpols.cc
[730/1330] Compiling v3_akey.cc
[731/1330] Compiling v3_conf.cc
[732/1330] Compiling v3_bitst.cc
[733/1330] Compiling v3_alt.cc
[734/1330] Compiling t_x509.cc
[735/1330] Compiling v3_akeya.cc
[736/1330] Compiling t_crl.cc
[737/1330] Compiling i2d_pr.cc
[738/1330] Compiling t_x509a.cc
[739/1330] Compiling policy.cc
[740/1330] Compiling name_print.cc
[741/1330] Compiling t_req.cc
[742/1330] Compiling by_dir.cc
[743/1330] Compiling rsa_pss.cc
[744/1330] Compiling asn1_gen.cc
[745/1330] Compiling by_file.cc
[746/1330] Compiling algorithm.cc
[747/1330] Compiling voprf.cc
[748/1330] Compiling pmbtoken.cc
[749/1330] Compiling a_verify.cc
[750/1330] Compiling trust_token.cc
[751/1330] Compiling a_digest.cc
[752/1330] Compiling thread_none.cc
[753/1330] Compiling thread_pthread.cc
[754/1330] Compiling thread_win.cc
[755/1330] Compiling thread.cc
[756/1330] Compiling siphash.cc
[757/1330] Compiling a_sign.cc
[758/1330] Compiling stack.cc
[759/1330] Compiling sha1.cc
[760/1330] Compiling sha256.cc
[761/1330] Compiling sha512.cc
[762/1330] Compiling rsa_print.cc
[763/1330] Compiling spake2plus.cc
[764/1330] Compiling slhdsa.cc
[765/1330] Compiling rsa_asn1.cc
[766/1330] Compiling rsa_extra.cc
[767/1330] Compiling windows.cc
[768/1330] Compiling refcount.cc
[769/1330] Compiling urandom.cc
[770/1330] Compiling rsa_crypt.cc
[771/1330] Compiling trusty.cc
[772/1330] Compiling rand.cc
[773/1330] Compiling ios.cc
[774/1330] Compiling rc4.cc
[775/1330] Compiling poly1305_arm_asm.S
[776/1330] Compiling passive.cc
[777/1330] Compiling deterministic.cc
[778/1330] Compiling poly1305_vec.cc
[779/1330] Compiling getentropy.cc
[780/1330] Compiling fork_detect.cc
[781/1330] Compiling pool.cc
[782/1330] Compiling forkunsafe.cc
[783/1330] Compiling poly1305.cc
[784/1330] Compiling poly1305_arm.cc
[785/1330] Compiling pkcs7.cc
[786/1330] Compiling pkcs8.cc
[787/1330] Compiling pkcs7_x509.cc
[788/1330] Compiling pkcs8_x509.cc
[789/1330] Compiling p5_pbev2.cc
[790/1330] Compiling pem_pk8.cc
[791/1330] Compiling pem_oth.cc
[792/1330] Compiling pem_xaux.cc
[793/1330] Compiling pem_x509.cc
[794/1330] Compiling pem_pkey.cc
[795/1330] Compiling obj_xref.cc
[796/1330] Compiling obj.cc
[797/1330] Compiling mldsa.cc
[798/1330] Compiling md5.cc
[799/1330] Compiling pem_lib.cc
[800/1330] Compiling pem_info.cc
[801/1330] Compiling mlkem.cc
[802/1330] Compiling mem.cc
[803/1330] Compiling md4.cc
[804/1330] Compiling fips_shared_support.cc
[805/1330] Compiling poly_rq_mul.S
[806/1330] Compiling pem_all.cc
[807/1330] Compiling lhash.cc
[808/1330] Compiling kyber.cc
[809/1330] Compiling sign.cc
[810/1330] Compiling hrss.cc
[811/1330] Compiling hpke.cc
[812/1330] Compiling print.cc
[813/1330] Compiling pbkdf.cc
[814/1330] Compiling scrypt.cc
[815/1330] Compiling ex_data.cc
[816/1330] Compiling p_x25519.cc
[817/1330] Compiling p_rsa_asn1.cc
[818/1330] Compiling p_hkdf.cc
[819/1330] Compiling p_ed25519.cc
[820/1330] Compiling p_rsa.cc
[821/1330] Compiling p_ec.cc
[822/1330] Compiling p_x25519_asn1.cc
[823/1330] Compiling p_ed25519_asn1.cc
[824/1330] Compiling p_dsa_asn1.cc
[825/1330] Compiling evp_ctx.cc
[826/1330] Compiling p_ec_asn1.cc
[827/1330] Compiling p_dh.cc
[828/1330] Compiling p_dh_asn1.cc
[829/1330] Compiling evp.cc
[830/1330] Compiling engine.cc
[831/1330] Compiling err.cc
[832/1330] Compiling evp_asn1.cc
[833/1330] Compiling ecdh.cc
[834/1330] Compiling ecdsa_asn1.cc
[835/1330] Compiling hash_to_curve.cc
[836/1330] Compiling ec_derive.cc
[837/1330] Compiling dsa.cc
[838/1330] Compiling dsa_asn1.cc
[839/1330] Compiling params.cc
[840/1330] Compiling ec_asn1.cc
[841/1330] Compiling curve25519_64_adx.cc
[842/1330] Compiling digest_extra.cc
[843/1330] Compiling des.cc
[844/1330] Compiling x25519-asm-arm.S
[845/1330] Compiling curve25519.cc
[846/1330] Compiling dh_asn1.cc
[847/1330] Compiling spake25519.cc
[848/1330] Compiling bcm.cc
[849/1330] Compiling cpu_aarch64_win.cc
[850/1330] Compiling crypto.cc
[850/1330] Compiling cpu_intel.cc
[852/1330] Compiling cpu_arm_freebsd.cc
[853/1330] Compiling cpu_aarch64_openbsd.cc
[854/1330] Compiling cpu_aarch64_sysreg.cc
[855/1330] Compiling cpu_arm_linux.cc
[856/1330] Compiling cpu_aarch64_fuchsia.cc
[857/1330] Compiling cpu_aarch64_linux.cc
[858/1330] Compiling get_cipher.cc
[859/1330] Compiling tls_cbc.cc
[860/1330] Compiling conf.cc
[861/1330] Compiling e_rc2.cc
[862/1330] Compiling e_tls.cc
[863/1330] Compiling e_des.cc
[864/1330] Compiling e_rc4.cc
[865/1330] Compiling e_null.cc
[866/1330] Compiling cpu_aarch64_apple.cc
[867/1330] Compiling e_aesctrhmac.cc
[868/1330] Compiling chacha.cc
[869/1330] Compiling e_aesgcmsiv.cc
[870/1330] Compiling e_chacha20poly1305.cc
[871/1330] Compiling derive_key.cc
[872/1330] Compiling ber.cc
[873/1330] Compiling unicode.cc
[874/1330] Compiling asn1_compat.cc
[875/1330] Compiling cbs.cc
[876/1330] Compiling buf.cc
[877/1330] Compiling blake2.cc
[878/1330] Compiling cbb.cc
[879/1330] Compiling socket.cc
[880/1330] Compiling socket_helper.cc
[881/1330] Compiling bn_asn1.cc
[882/1330] Compiling convert.cc
[883/1330] Compiling pair.cc
[884/1330] Compiling fd.cc
[885/1330] Compiling printf.cc
[886/1330] Compiling hexdump.cc
[887/1330] Compiling file.cc
[888/1330] Compiling bio.cc
[889/1330] Compiling bio_mem.cc
[889/1330] Compiling errno.cc
[891/1330] Compiling connect.cc
[892/1330] Compiling base64.cc
[893/1330] Compiling tasn_fre.cc
[894/1330] Compiling f_string.cc
[895/1330] Compiling tasn_typ.cc
[896/1330] Compiling posix_time.cc
[897/1330] Compiling f_int.cc
[898/1330] Compiling tasn_new.cc
[899/1330] Compiling tasn_enc.cc
[899/1330] Compiling asn_pack.cc
[901/1330] Compiling tasn_utl.cc
[902/1330] Compiling tasn_dec.cc
[903/1330] Compiling asn1_par.cc
[904/1330] Compiling a_octet.cc
[905/1330] Compiling a_time.cc
[906/1330] Compiling asn1_lib.cc
[907/1330] Compiling a_utctm.cc
[908/1330] Compiling a_type.cc
[909/1330] Compiling a_mbstr.cc
[910/1330] Compiling a_int.cc
[911/1330] Compiling a_strnid.cc
[912/1330] Compiling a_strex.cc
[913/1330] Compiling a_i2d_fp.cc
[914/1330] Compiling a_object.cc
[915/1330] Compiling CGoogleGaxCRC32C CGoogleGaxCRC32C.c
[916/1330] Compiling a_d2i_fp.cc
[917/1330] Compiling fiat_p256_adx_sqr.S
[918/1330] Compiling fiat_p256_adx_mul.S
[919/1330] Compiling fiat_curve25519_adx_square.S
[920/1330] Compiling CCryptoBoringSSLShims shims.c
[921/1330] Compiling a_dup.cc
[922/1330] Compiling fiat_curve25519_adx_mul.S
[923/1330] Compiling a_bool.cc
[924/1330] Compiling md5-x86_64-linux.S
[925/1330] Compiling md5-586-linux.S
[926/1330] Compiling a_gentm.cc
[927/1330] Compiling md5-x86_64-apple.S
[928/1330] Compiling md5-586-apple.S
[929/1330] Compiling chacha20_poly1305_x86_64-linux.S
[930/1330] Compiling chacha20_poly1305_x86_64-apple.S
[931/1330] Compiling a_bitstr.cc
[932/1330] Compiling chacha20_poly1305_armv8-win.S
[933/1330] Compiling chacha20_poly1305_armv8-apple.S
[934/1330] Compiling chacha-x86-linux.S
[935/1330] Compiling chacha-x86_64-linux.S
[936/1330] Compiling chacha-x86_64-apple.S
[937/1330] Compiling chacha20_poly1305_armv8-linux.S
[938/1330] Compiling chacha-x86-apple.S
[939/1330] Compiling chacha-armv8-apple.S
[940/1330] Compiling chacha-armv8-win.S
[941/1330] Compiling chacha-armv4-linux.S
[942/1330] Compiling chacha-armv8-linux.S
[943/1330] Compiling aes128gcmsiv-x86_64-apple.S
[944/1330] Compiling aes128gcmsiv-x86_64-linux.S
[945/1330] Compiling x86_64-mont5-linux.S
[946/1330] Compiling x86_64-mont5-apple.S
[947/1330] Compiling x86_64-mont-linux.S
[948/1330] Compiling x86_64-mont-apple.S
[949/1330] Compiling x86-mont-linux.S
[950/1330] Compiling x86-mont-apple.S
[951/1330] Compiling vpaes-x86-linux.S
[952/1330] Compiling vpaes-x86_64-apple.S
[953/1330] Compiling vpaes-x86_64-linux.S
[954/1330] Compiling vpaes-armv8-win.S
[955/1330] Compiling vpaes-x86-apple.S
[956/1330] Compiling err_data.cc
[957/1330] Compiling vpaes-armv8-linux.S
[958/1330] Compiling vpaes-armv8-apple.S
[959/1330] Compiling vpaes-armv7-linux.S
[960/1330] Compiling sha512-x86_64-linux.S
[961/1330] Compiling sha512-armv8-win.S
[962/1330] Compiling sha512-armv8-apple.S
[963/1330] Compiling sha512-x86_64-apple.S
[964/1330] Compiling sha512-armv8-linux.S
[965/1330] Compiling sha512-586-linux.S
[966/1330] Compiling sha512-armv4-linux.S
[967/1330] Compiling sha256-x86_64-linux.S
[968/1330] Compiling sha256-x86_64-apple.S
[969/1330] Compiling sha256-armv8-win.S
[970/1330] Compiling sha512-586-apple.S
[971/1330] Compiling sha256-armv8-apple.S
[972/1330] Compiling sha256-armv8-linux.S
[973/1330] Compiling sha256-586-linux.S
[974/1330] Compiling sha1-x86_64-linux.S
[975/1330] Compiling sha256-armv4-linux.S
[976/1330] Compiling sha256-586-apple.S
[977/1330] Compiling sha1-x86_64-apple.S
[978/1330] Compiling sha1-armv8-win.S
[979/1330] Compiling sha1-armv4-large-linux.S
[980/1330] Compiling sha1-armv8-linux.S
[981/1330] Compiling sha1-armv8-apple.S
[982/1330] Compiling sha1-586-linux.S
[983/1330] Compiling sha1-586-apple.S
[984/1330] Compiling rsaz-avx2-apple.S
[985/1330] Compiling rsaz-avx2-linux.S
[986/1330] Compiling p256_beeu-x86_64-asm-apple.S
[987/1330] Compiling rdrand-x86_64-linux.S
[988/1330] Compiling p256_beeu-x86_64-asm-linux.S
[989/1330] Compiling rdrand-x86_64-apple.S
[990/1330] Compiling p256_beeu-armv8-asm-win.S
[991/1330] Compiling p256-armv8-asm-win.S
[992/1330] Compiling p256_beeu-armv8-asm-apple.S
[993/1330] Compiling p256-x86_64-asm-apple.S
[994/1330] Compiling p256_beeu-armv8-asm-linux.S
[995/1330] Compiling p256-x86_64-asm-linux.S
[996/1330] Compiling ghashv8-armv8-win.S
[997/1330] Compiling ghashv8-armv8-linux.S
[998/1330] Compiling p256-armv8-asm-linux.S
[999/1330] Compiling p256-armv8-asm-apple.S
[1000/1330] Compiling ghashv8-armv8-apple.S
[1001/1330] Compiling ghashv8-armv7-linux.S
[1002/1330] Compiling ghash-x86_64-apple.S
[1003/1330] Compiling ghash-x86-linux.S
[1004/1330] Compiling ghash-x86-apple.S
[1005/1330] Compiling ghash-ssse3-x86_64-linux.S
[1006/1330] Compiling ghash-x86_64-linux.S
[1007/1330] Compiling ghash-ssse3-x86_64-apple.S
[1008/1330] Compiling ghash-ssse3-x86-linux.S
[1009/1330] Compiling ghash-ssse3-x86-apple.S
[1010/1330] Compiling ghash-neon-armv8-win.S
[1011/1330] Compiling ghash-neon-armv8-linux.S
[1012/1330] Compiling ghash-neon-armv8-apple.S
[1013/1330] Compiling co-586-linux.S
[1014/1330] Compiling ghash-armv4-linux.S
[1015/1330] Compiling co-586-apple.S
[1016/1330] Compiling bn-armv8-linux.S
[1017/1330] Compiling bn-armv8-win.S
[1018/1330] Compiling bn-armv8-apple.S
[1019/1330] Compiling bsaes-armv7-linux.S
[1020/1330] Compiling bn-586-linux.S
[1021/1330] Compiling bn-586-apple.S
[1022/1330] Compiling armv8-mont-linux.S
[1023/1330] Compiling armv8-mont-apple.S
[1024/1330] Compiling armv8-mont-win.S
[1025/1330] Compiling armv4-mont-linux.S
[1026/1330] Compiling aesv8-gcm-armv8-win.S
[1027/1330] Compiling aesv8-armv8-win.S
[1028/1330] Compiling aesv8-gcm-armv8-linux.S
[1029/1330] Compiling aesv8-gcm-armv8-apple.S
[1030/1330] Compiling aesv8-armv8-linux.S
[1031/1330] Compiling aesv8-armv7-linux.S
[1032/1330] Compiling aesv8-armv8-apple.S
[1033/1330] Compiling aesni-x86_64-linux.S
[1033/1330] Compiling aesni-x86_64-apple.S
[1035/1330] Compiling aesni-x86-linux.S
[1036/1330] Compiling aesni-x86-apple.S
[1037/1330] Compiling aesni-gcm-x86_64-linux.S
[1038/1330] Compiling aes-gcm-avx512-x86_64-apple.S
[1039/1330] Compiling aesni-gcm-x86_64-apple.S
[1040/1330] Compiling aes-gcm-avx512-x86_64-linux.S
[1041/1330] Compiling aes-gcm-avx2-x86_64-apple.S
[1042/1330] Compiling aes-gcm-avx2-x86_64-linux.S
[1043/1330] Compiling x_x509a.cc
[1044/1330] Compiling c-nioatomics.c
[1045/1330] Compiling xwing.cc
[1046/1330] Compiling x_spki.cc
[1047/1330] Compiling x_req.cc
[1048/1330] Compiling x_sig.cc
[1049/1330] Compiling x_pubkey.cc
[1050/1330] Compiling x_x509.cc
[1051/1330] Compiling x_name.cc
[1052/1330] Compiling c-atomics.c
[1053/1330] Compiling x_exten.cc
[1054/1330] Compiling x_algor.cc
[1055/1337] Compiling x_attrib.cc
[1056/1337] Compiling x509spki.cc
[1057/1337] Compiling x_crl.cc
[1058/1337] Compiling x509cset.cc
[1059/1337] Compiling x509name.cc
[1061/1337] Compiling NIOConcurrencyHelpers NIOLock.swift
[1061/1337] Compiling x_all.cc
[1063/1337] Compiling NIOConcurrencyHelpers atomics.swift
[1064/1337] Compiling NIOConcurrencyHelpers NIOThreadPoolWorkAvailable.swift
[1065/1337] Compiling NIOConcurrencyHelpers NIOLockedValueBox.swift
[1066/1337] Compiling NIOConcurrencyHelpers lock.swift
[1066/1337] Compiling x509rset.cc
[1068/1337] Compiling NIOConcurrencyHelpers NIOAtomic.swift
[1069/1337] Emitting module NIOConcurrencyHelpers
[1070/1338] Compiling x509_vfy.cc
[1071/1338] Wrapping AST for NIOConcurrencyHelpers for debugging
[1072/1338] Compiling x509_vpm.cc
[1073/1338] Compiling x509_txt.cc
[1074/1338] Compiling x509_set.cc
[1075/1338] Compiling x509_v3.cc
[1076/1338] Compiling x509_lu.cc
[1077/1338] Compiling x509_def.cc
[1078/1338] Compiling x509_req.cc
[1079/1338] Compiling x509_obj.cc
[1080/1338] Compiling x509_trs.cc
[1081/1338] Compiling x509_ext.cc
[1082/1338] Compiling x509_att.cc
[1083/1338] Compiling x509.cc
[1084/1338] Compiling x509_d2.cc
[1085/1338] Compiling x509_cmp.cc
[1086/1338] Compiling v3_skey.cc
[1087/1338] Compiling v3_purp.cc
[1088/1338] Compiling v3_pmaps.cc
[1089/1338] Compiling v3_utl.cc
[1090/1338] Compiling v3_prn.cc
[1091/1338] Compiling v3_pcons.cc
[1092/1338] Compiling v3_info.cc
[1093/1338] Compiling v3_extku.cc
[1094/1338] Compiling v3_ocsp.cc
[1095/1338] Compiling v3_ncons.cc
[1096/1338] Compiling v3_lib.cc
[1097/1338] Compiling v3_ia5.cc
[1098/1338] Compiling v3_int.cc
[1099/1338] Compiling v3_genn.cc
[1100/1338] Compiling v3_enum.cc
[1101/1338] Compiling v3_crld.cc
[1102/1338] Compiling v3_akeya.cc
[1103/1338] Compiling v3_akey.cc
[1104/1338] Compiling v3_conf.cc
[1105/1338] Compiling t_x509a.cc
[1106/1338] Compiling v3_cpols.cc
[1107/1338] Compiling v3_bcons.cc
[1108/1338] Compiling v3_bitst.cc
[1109/1338] Compiling v3_alt.cc
[1110/1338] Compiling t_req.cc
[1111/1338] Compiling rsa_pss.cc
[1112/1338] Compiling t_crl.cc
[1113/1338] Compiling t_x509.cc
[1114/1338] Compiling i2d_pr.cc
[1115/1338] Compiling by_dir.cc
[1116/1338] Compiling name_print.cc
[1117/1338] Compiling by_file.cc
[1118/1338] Compiling asn1_gen.cc
[1119/1338] Compiling policy.cc
[1120/1338] Compiling a_digest.cc
[1121/1338] Compiling voprf.cc
[1122/1338] Compiling algorithm.cc
[1123/1338] Compiling a_sign.cc
[1124/1338] Compiling a_verify.cc
[1125/1338] Compiling thread_pthread.cc
[1126/1338] Compiling trust_token.cc
[1127/1338] Compiling thread_none.cc
[1128/1338] Compiling thread_win.cc
[1129/1338] Compiling thread.cc
[1130/1338] Compiling pmbtoken.cc
[1131/1338] Compiling sha512.cc
[1132/1338] Compiling slhdsa.cc
[1133/1338] Compiling stack.cc
[1134/1338] Compiling siphash.cc
[1135/1338] Compiling rsa_extra.cc
[1136/1338] Compiling sha1.cc
[1137/1338] Compiling rsa_print.cc
[1138/1338] Compiling sha256.cc
[1139/1338] Compiling rsa_crypt.cc
[1140/1338] Compiling refcount.cc
[1141/1338] Compiling rc4.cc
[1142/1338] Compiling trusty.cc
[1143/1338] Compiling urandom.cc
[1144/1338] Compiling spake2plus.cc
[1145/1338] Compiling windows.cc
[1146/1338] Compiling ios.cc
[1147/1338] Compiling passive.cc
[1148/1338] Compiling rand.cc
[1149/1338] Compiling rsa_asn1.cc
[1150/1338] Compiling poly1305_arm_asm.S
[1151/1338] Compiling getentropy.cc
[1152/1338] Compiling deterministic.cc
[1153/1338] Compiling fork_detect.cc
[1154/1338] Compiling poly1305_vec.cc
[1155/1338] Compiling pool.cc
[1156/1338] Compiling forkunsafe.cc
[1157/1338] Compiling poly1305_arm.cc
[1158/1338] Compiling poly1305.cc
[1159/1338] Compiling pkcs7.cc
[1160/1338] Compiling pkcs8.cc
[1161/1338] Compiling p5_pbev2.cc
[1162/1338] Compiling pem_x509.cc
[1163/1338] Compiling pem_pkey.cc
[1164/1338] Compiling pem_xaux.cc
[1165/1338] Compiling pkcs7_x509.cc
[1166/1338] Compiling pkcs8_x509.cc
[1167/1338] Compiling pem_oth.cc
[1168/1338] Compiling mldsa.cc
[1169/1338] Compiling pem_all.cc
[1170/1338] Compiling pem_pk8.cc
[1171/1338] Compiling obj_xref.cc
[1172/1338] Compiling mlkem.cc
[1173/1338] Compiling pem_lib.cc
[1174/1338] Compiling mem.cc
[1175/1338] Compiling pem_info.cc
[1176/1338] Compiling poly_rq_mul.S
[1177/1338] Compiling md5.cc
[1178/1338] Compiling obj.cc
[1179/1338] Compiling fips_shared_support.cc
[1180/1338] Compiling fuzzer_mode.cc
[1181/1338] Compiling lhash.cc
[1182/1338] Compiling md4.cc
[1183/1338] Compiling ex_data.cc
[1184/1338] Compiling hrss.cc
[1185/1338] Compiling kyber.cc
[1186/1338] Compiling sign.cc
[1187/1338] Compiling pbkdf.cc
[1188/1338] Compiling scrypt.cc
[1189/1338] Compiling hpke.cc
[1190/1338] Compiling print.cc
[1191/1338] Compiling p_rsa_asn1.cc
[1192/1338] Compiling p_rsa.cc
[1193/1338] Compiling p_x25519.cc
[1194/1338] Compiling p_x25519_asn1.cc
[1195/1338] Compiling p_ec_asn1.cc
[1196/1338] Compiling p_hkdf.cc
[1197/1338] Compiling p_ed25519.cc
[1198/1338] Compiling p_ec.cc
[1199/1338] Compiling p_ed25519_asn1.cc
[1200/1338] Compiling p_dh.cc
[1201/1338] Compiling p_dh_asn1.cc
[1202/1338] Compiling evp.cc
[1203/1338] Compiling p_dsa_asn1.cc
[1204/1338] Compiling err.cc
[1205/1338] Compiling engine.cc
[1206/1338] Compiling ecdsa_p1363.cc
[1207/1338] Compiling evp_asn1.cc
[1208/1338] Compiling ecdsa_asn1.cc
[1209/1338] Compiling evp_ctx.cc
[1210/1338] Compiling ec_derive.cc
[1211/1338] Compiling ecdh.cc
[1212/1338] Compiling hash_to_curve.cc
[1213/1338] Compiling dsa.cc
[1214/1338] Compiling params.cc
[1215/1338] Compiling digest_extra.cc
[1216/1338] Compiling dsa_asn1.cc
[1217/1338] Compiling x25519-asm-arm.S
[1218/1338] Compiling curve25519_64_adx.cc
[1219/1338] Compiling ec_asn1.cc
[1220/1338] Compiling spake25519.cc
[1221/1338] Compiling dh_asn1.cc
[1222/1338] Compiling des.cc
[1223/1338] Compiling cpu_intel.cc
[1224/1338] Compiling cpu_arm_freebsd.cc
[1225/1338] Compiling cpu_arm_linux.cc
[1226/1338] Compiling cpu_aarch64_win.cc
[1227/1338] Compiling crypto.cc
[1228/1338] Compiling cpu_aarch64_openbsd.cc
[1229/1338] Compiling curve25519.cc
[1230/1338] Compiling cpu_aarch64_linux.cc
[1231/1338] Compiling cpu_aarch64_fuchsia.cc
[1232/1338] Compiling cpu_aarch64_sysreg.cc
[1233/1338] Compiling get_cipher.cc
[1234/1338] Compiling cpu_aarch64_apple.cc
[1235/1338] Compiling cms.cc
[1236/1338] Compiling conf.cc
[1237/1338] Compiling tls_cbc.cc
[1238/1338] Compiling e_rc4.cc
[1239/1338] Compiling e_rc2.cc
[1240/1338] Compiling e_tls.cc
[1241/1338] Compiling e_des.cc
[1242/1338] Compiling e_null.cc
[1243/1338] Compiling e_aesctrhmac.cc
[1244/1338] Compiling e_aeseax.cc
[1245/1338] Compiling e_aesgcmsiv.cc
[1246/1338] Compiling derive_key.cc
[1247/1338] Compiling e_chacha20poly1305.cc
[1248/1338] Compiling chacha.cc
[1249/1338] Compiling unicode.cc
[1250/1338] Compiling cbb.cc
[1251/1338] Compiling buf.cc
[1252/1338] Compiling cbs.cc
[1253/1338] Compiling sqrt.cc
[1254/1338] Compiling asn1_compat.cc
[1255/1338] Compiling div.cc
[1256/1338] Compiling exponentiation.cc
[1257/1338] Compiling blake2.cc
[1258/1338] Compiling ber.cc
[1259/1338] Compiling pair.cc
[1260/1338] Compiling printf.cc
[1261/1338] Compiling file.cc
[1262/1338] Compiling convert.cc
[1263/1338] Compiling bn_asn1.cc
[1264/1338] Compiling hexdump.cc
[1265/1338] Compiling fd.cc
[1266/1338] Compiling errno.cc
[1267/1338] Compiling bio.cc
[1268/1338] Compiling bio_mem.cc
[1269/1338] Compiling tasn_typ.cc
[1270/1338] Compiling base64.cc
[1271/1338] Compiling tasn_enc.cc
[1272/1338] Compiling tasn_fre.cc
[1273/1338] Compiling tasn_utl.cc
[1274/1338] Compiling tasn_new.cc
[1275/1338] Compiling f_int.cc
[1276/1338] Compiling posix_time.cc
[1277/1338] Compiling f_string.cc
[1278/1338] Compiling tasn_dec.cc
[1279/1338] Compiling asn1_par.cc
[1280/1338] Compiling a_type.cc
[1281/1338] Compiling bcm.cc
[1282/1338] Compiling asn_pack.cc
[1283/1338] Compiling a_time.cc
[1284/1338] Compiling a_utctm.cc
[1284/1338] Write sources
[1288/1339] Compiling a_strnid.cc
[1289/1381] Compiling a_mbstr.cc
[1290/1381] Compiling a_octet.cc
[1291/1381] Compiling a_object.cc
[1293/1381] Compiling Algorithms Split.swift
[1294/1381] Compiling Algorithms Stride.swift
[1295/1383] Compiling Algorithms Keyed.swift
[1296/1383] Compiling Algorithms MinMax.swift
[1297/1383] Compiling Algorithms EitherSequence.swift
[1298/1383] Compiling Algorithms FirstNonNil.swift
[1299/1383] Compiling Algorithms Intersperse.swift
[1300/1383] Compiling Algorithms Joined.swift
[1301/1383] Compiling Atomics IntegerOperations.swift
[1302/1383] Compiling Atomics Unmanaged extensions.swift
[1302/1383] Compiling a_i2d_fp.cc
[1303/1383] Compiling a_strex.cc
[1304/1383] Compiling a_int.cc
[1306/1385] Compiling Algorithms FlattenCollection.swift
[1307/1385] Compiling Algorithms Grouped.swift
[1308/1385] Compiling Algorithms Indexed.swift
[1309/1391] Compiling Algorithms AdjacentPairs.swift
[1310/1391] Compiling Algorithms Chain.swift
[1311/1391] Compiling Algorithms Chunked.swift
[1312/1391] Compiling Algorithms Combinations.swift
[1317/1394] Compiling Algorithms Reductions.swift
[1318/1394] Compiling Algorithms Rotate.swift
[1319/1394] Compiling Algorithms Partition.swift
[1320/1394] Compiling Algorithms Permutations.swift
[1321/1394] Compiling Algorithms Product.swift
[1325/1394] Compiling Algorithms Compacted.swift
[1326/1394] Compiling Algorithms Cycle.swift
[1333/1394] Emitting module Atomics
[1334/1394] Compiling CryptoBoringWrapper EllipticCurve.swift
[1335/1394] Compiling CryptoBoringWrapper EllipticCurvePoint.swift
[1336/1394] Compiling Algorithms Trim.swift
[1337/1394] Compiling Algorithms Unique.swift
[1338/1394] Compiling Algorithms Windows.swift
[1339/1394] Compiling CryptoBoringWrapper RandomBytes.swift
[1340/1394] Compiling CryptoBoringWrapper FiniteFieldArithmeticContext.swift
[1341/1394] Emitting module CryptoBoringWrapper
[1342/1394] Compiling CryptoBoringWrapper BoringSSLAEAD.swift
[1350/1395] Compiling CryptoBoringWrapper CryptoKitErrors_boring.swift
[1351/1395] Compiling CryptoBoringWrapper ArbitraryPrecisionInteger.swift
[1352/1396] Wrapping AST for Atomics for debugging
[1353/1396] Wrapping AST for CryptoBoringWrapper for debugging
[1355/1544] Emitting module Algorithms
[1356/1545] Wrapping AST for Algorithms for debugging
[1358/1545] Compiling Crypto MLKEM.swift
[1359/1545] Compiling Crypto XWing.swift
[1360/1545] Compiling Crypto ECDH_boring.swift
[1361/1545] Compiling Crypto DH.swift
[1362/1545] Compiling Crypto ECDH.swift
[1363/1545] Compiling Crypto ANSIx963.swift
[1364/1545] Compiling Crypto HKDF.swift
[1365/1545] Compiling Crypto AESWrap.swift
[1366/1545] Compiling Crypto AESWrap_boring.swift
[1367/1553] Compiling Crypto ASN1Boolean.swift
[1368/1553] Compiling Crypto ASN1Identifier.swift
[1369/1553] Compiling Crypto ASN1Integer.swift
[1370/1553] Compiling Crypto ASN1Null.swift
[1371/1553] Compiling Crypto ASN1OctetString.swift
[1372/1553] Compiling Crypto ASN1Strings.swift
[1373/1553] Compiling Crypto ArraySliceBigint.swift
[1374/1553] Compiling Crypto GeneralizedTime.swift
[1375/1553] Compiling Crypto ObjectIdentifier.swift
[1376/1553] Compiling Crypto CryptoKitErrors.swift
[1377/1553] Compiling Crypto Digest_boring.swift
[1378/1553] Compiling Crypto Digest.swift
[1379/1553] Compiling Crypto Digests.swift
[1380/1553] Compiling Crypto HashFunctions.swift
[1381/1553] Compiling Crypto HashFunctions_SHA2.swift
[1382/1553] Compiling Crypto HashFunctions_SHA3.swift
[1383/1553] Compiling Crypto Digest_xkcp.swift
[1384/1553] Compiling Crypto HPKE-AEAD.swift
[1385/1553] Compiling Crypto HPKE-Ciphersuite.swift
[1386/1553] Compiling Crypto HPKE-KDF.swift
[1387/1553] Compiling Crypto HPKE-KexKeyDerivation.swift
[1394/1553] Compiling Crypto ECDSASignature.swift
[1395/1553] Compiling Crypto PEMDocument.swift
[1396/1553] Compiling Crypto PKCS8PrivateKey.swift
[1397/1553] Compiling Crypto SEC1PrivateKey.swift
[1398/1553] Compiling Crypto SubjectPublicKeyInfo.swift
[1399/1553] Compiling Crypto CryptoError_boring.swift
[1400/1564] Compiling Crypto AES-GCM.swift
[1401/1564] Compiling Crypto AES-GCM_boring.swift
[1402/1564] Compiling Crypto ChaChaPoly_boring.swift
[1403/1564] Compiling Crypto ChaChaPoly.swift
[1404/1564] Compiling Crypto Cipher.swift
[1405/1564] Compiling Crypto Nonces.swift
[1406/1564] Compiling Crypto ASN1.swift
[1407/1564] Compiling Crypto ASN1Any.swift
[1408/1564] Compiling Crypto ASN1BitString.swift
[1412/1564] Emitting module Crypto
[1422/1564] Compiling NIOCore SingleStepByteToMessageDecoder.swift
[1423/1564] Compiling NIOCore SocketAddresses.swift
[1424/1564] Compiling NIOCore SocketOptionProvider.swift
[1425/1564] Compiling NIOCore SystemCallHelpers.swift
[1426/1564] Compiling NIOCore TimeAmount+Duration.swift
[1427/1564] Compiling NIOCore TypeAssistedChannelHandler.swift
[1428/1564] Compiling NIOCore UniversalBootstrapSupport.swift
[1429/1564] Compiling NIOCore Utilities.swift
[1430/1564] Compiling Crypto HPKE-KeySchedule.swift
[1431/1564] Compiling Crypto HPKE-Modes.swift
[1432/1564] Compiling Crypto Insecure.swift
[1433/1564] Compiling Crypto Insecure_HashFunctions.swift
[1434/1564] Compiling Crypto MLKEM_boring.swift
[1435/1564] Compiling Crypto MLKEM_wrapper.swift
[1436/1564] Compiling Crypto XWing_boring.swift
[1437/1564] Compiling Crypto KEM-Errors.swift
[1438/1564] Compiling Crypto KEM.swift
[1439/1564] Compiling Crypto HPKE-LabeledExtract.swift
[1440/1564] Compiling Crypto HPKE-Utils.swift
[1441/1564] Compiling Crypto DHKEM.swift
[1442/1564] Compiling Crypto HPKE-KEM-Curve25519.swift
[1443/1564] Compiling Crypto HPKE-NIST-EC-KEMs.swift
[1444/1564] Compiling Crypto HPKE-KEM.swift
[1445/1564] Compiling Crypto HPKE-Errors.swift
[1446/1564] Compiling Crypto HPKE.swift
[1447/1564] Compiling Crypto HPKE-Context.swift
[1459/1564] Compiling Crypto HMAC.swift
[1460/1564] Compiling Crypto MACFunctions.swift
[1461/1564] Compiling Crypto MessageAuthenticationCode.swift
[1462/1564] Compiling Crypto AES.swift
[1463/1564] Compiling Crypto ECDSASignature_boring.swift
[1464/1564] Compiling Crypto ECDSA_boring.swift
[1465/1564] Compiling Crypto EdDSA_boring.swift
[1466/1564] Compiling Crypto MLDSA_boring.swift
[1467/1564] Compiling Crypto MLDSA_wrapper.swift
[1468/1564] Compiling Crypto ECDSA.swift
[1469/1564] Compiling Crypto Ed25519.swift
[1470/1564] Compiling Crypto MLDSA.swift
[1495/1564] Compiling Crypto Signature.swift
[1496/1564] Compiling Crypto CryptoKitErrors_boring.swift
[1497/1564] Compiling Crypto Optional+withUnsafeBytes_boring.swift
[1498/1564] Compiling Crypto RNG_boring.swift
[1499/1564] Compiling Crypto SafeCompare_boring.swift
[1500/1564] Compiling Crypto Zeroization_boring.swift
[1501/1564] Compiling Crypto _CryptoModuleAnchor.swift
[1502/1564] Compiling Crypto PrettyBytes.swift
[1503/1564] Compiling Crypto SafeCompare.swift
[1504/1564] Compiling Crypto SecureBytes.swift
[1505/1564] Compiling Crypto Zeroization.swift
[1506/1565] Wrapping AST for Crypto for debugging
[1508/1627] Emitting module CryptoExtras
[1509/1635] Compiling CryptoExtras PKCS8DERRepresentation.swift
[1510/1635] Compiling CryptoExtras PKCS8PrivateKey.swift
[1511/1635] Compiling CryptoExtras RFC8410AlgorithmIdentifier.swift
[1512/1635] Compiling CryptoExtras ECToolbox_boring.swift
[1513/1635] Compiling CryptoExtras ECToolbox.swift
[1514/1635] Compiling CryptoExtras HashToField.swift
[1515/1635] Compiling CryptoExtras KDF.swift
[1516/1635] Compiling CryptoExtras PBKDF2_boring.swift
[1517/1635] Compiling CryptoExtras PBKDF2_commoncrypto.swift
[1518/1635] Compiling CryptoExtras ARCServer.swift
[1519/1635] Compiling CryptoExtras ChaCha20CTR_boring.swift
[1520/1635] Compiling CryptoExtras ChaCha20CTR.swift
[1521/1635] Compiling CryptoExtras BoringSSLSHA512256Context.swift
[1522/1635] Compiling CryptoExtras BoringSSLSHA512256HashFunction.swift
[1523/1635] Compiling CryptoExtras SHA512256.swift
[1524/1635] Compiling CryptoExtras SHA512256Digest.swift
[1525/1635] Compiling CryptoExtras Curve25519+PEM.swift
[1526/1635] Compiling CryptoExtras ObjectIdentifier.swift
[1527/1635] Compiling CryptoExtras AES_CBC.swift
[1528/1635] Compiling CryptoExtras AES_CFB.swift
[1529/1635] Compiling CryptoExtras AES_CTR.swift
[1530/1635] Compiling CryptoExtras AES_GCM_SIV.swift
[1531/1635] Compiling CryptoExtras Block Function.swift
[1532/1635] Compiling CryptoExtras AES_CBC_boring.swift
[1533/1635] Compiling CryptoExtras AES_CFB_boring.swift
[1534/1635] Compiling CryptoExtras AES_CTR_boring.swift
[1535/1635] Compiling CryptoExtras AES_GCM_SIV_boring.swift
[1536/1635] Compiling CryptoExtras ThreadOps.swift
[1537/1635] Compiling CryptoExtras ThreadPosix.swift
[1538/1635] Compiling CryptoExtras ThreadSpecific.swift
[1539/1635] Compiling CryptoExtras ThreadWindows.swift
[1540/1635] Compiling CryptoExtras DLEQ.swift
[1541/1635] Compiling CryptoExtras Prover.swift
[1542/1635] Compiling CryptoExtras Verifier.swift
[1543/1635] Compiling CryptoExtras ZKPToolbox.swift
[1544/1635] Compiling CryptoExtras Data+Extensions.swift
[1545/1635] Compiling CryptoExtras DigestType.swift
[1546/1635] Compiling CryptoExtras Error.swift
[1547/1635] Compiling CryptoExtras I2OSP.swift
[1548/1635] Compiling CryptoExtras IntegerEncoding.swift
[1549/1635] Compiling CryptoExtras PEMDocument.swift
[1550/1635] Compiling CryptoExtras PrettyBytes.swift
[1551/1635] Compiling CryptoExtras SubjectPublicKeyInfo.swift
[1552/1635] Compiling CryptoExtras CMAC.swift
[1553/1635] Compiling CryptoExtras ARC+API.swift
[1554/1635] Compiling CryptoExtras ARC.swift
[1555/1635] Compiling CryptoExtras ARCCredential.swift
[1556/1635] Compiling CryptoExtras ARCEncoding.swift
[1557/1635] Compiling CryptoExtras ARCPrecredential.swift
[1558/1635] Compiling CryptoExtras ARCPresentation.swift
[1559/1635] Compiling CryptoExtras ARCRequest.swift
[1560/1635] Compiling CryptoExtras ARCResponse.swift
[1561/1635] Compiling CryptoExtras BoringSSLPassphraseCallbackManager.swift
[1562/1635] Compiling CryptoExtras RSA+BlindSigning.swift
[1563/1635] Compiling CryptoExtras RSA.swift
[1564/1635] Compiling CryptoExtras RSA_boring.swift
[1565/1635] Compiling CryptoExtras Reexport.swift
[1566/1635] Compiling CryptoExtras Zeroization_boring.swift
[1567/1635] Compiling CryptoExtras BoringSSLHelpers.swift
[1568/1635] Compiling CryptoExtras CryptoKitErrors_boring.swift
[1569/1635] Compiling CryptoExtras PBKDF2.swift
[1570/1635] Compiling CryptoExtras Scrypt_boring.swift
[1571/1635] Compiling CryptoExtras Scrypt.swift
[1572/1635] Compiling CryptoExtras OPRF.swift
[1573/1635] Compiling CryptoExtras OPRFClient.swift
[1574/1635] Compiling CryptoExtras OPRFServer.swift
[1575/1635] Compiling CryptoExtras VOPRF+API.swift
[1576/1635] Compiling CryptoExtras VOPRFClient.swift
[1577/1635] Compiling CryptoExtras VOPRFServer.swift
[1578/1636] Wrapping AST for CryptoExtras for debugging
[1580/1638] Compiling _CryptoExtras Exports.swift
[1581/1638] Emitting module _CryptoExtras
[1600/1639] Wrapping AST for _CryptoExtras for debugging
[1602/1734] Emitting module NIOCore
[1603/1742] Wrapping AST for NIOCore for debugging
[1605/1792] Compiling NIOFoundationEssentialsCompat Codable+ByteBuffer.swift
[1606/1792] Compiling NIOFoundationEssentialsCompat ByteBuffer-foundation.swift
[1607/1792] Emitting module NIOFoundationEssentialsCompat
[1608/1793] Compiling NIOEmbedded AsyncTestingEventLoop.swift
[1610/1793] Emitting module NIOEmbedded
[1610/1793] Wrapping AST for NIOFoundationEssentialsCompat for debugging
[1612/1793] Compiling NIOPosix HappyEyeballs.swift
[1613/1793] Compiling NIOPosix IO.swift
[1614/1793] Compiling NIOPosix IntegerBitPacking.swift
[1615/1793] Compiling NIOPosix IntegerTypes.swift
[1616/1793] Compiling NIOPosix Linux.swift
[1617/1793] Compiling NIOPosix LinuxCPUSet.swift
[1618/1793] Compiling NIOPosix LinuxUring.swift
[1619/1793] Compiling NIOPosix MultiThreadedEventLoopGroup.swift
[1620/1793] Compiling NIOPosix NIOPosixSendableMetatype.swift
[1621/1793] Compiling NIOPosix NIORandomizedDNSResolver.swift
[1622/1793] Compiling NIOPosix NIOThreadPool.swift
[1623/1793] Compiling NIOPosix NonBlockingFileIO.swift
[1624/1793] Compiling NIOPosix PendingDatagramWritesManager.swift
[1625/1793] Compiling NIOPosix PendingWritesManager.swift
[1626/1806] Compiling X509 PKCS8PrivateKey.swift
[1627/1806] Compiling X509 PromiseAndFuture.swift
[1628/1806] Compiling X509 RDNAttribute.swift
[1629/1806] Compiling X509 RandomNumberGenerator+bytes.swift
[1630/1806] Compiling X509 RelativeDistinguishedName.swift
[1631/1806] Compiling X509 SEC1PrivateKey.swift
[1632/1806] Compiling X509 SecKeyWrapper.swift
[1633/1806] Compiling X509 Signature.swift
[1634/1806] Compiling X509 SignatureAlgorithm.swift
[1635/1806] Compiling X509 AllOfPolicies.swift
[1636/1806] Compiling X509 AnyPolicy.swift
[1637/1806] Compiling X509 CertificateStore.swift
[1638/1806] Compiling X509 CustomCertificateStore.swift
[1639/1806] Compiling NIOPosix BSDSocketAPICommon.swift
[1640/1806] Compiling NIOPosix BSDSocketAPIPosix.swift
[1641/1806] Compiling NIOPosix BSDSocketAPIWindows.swift
[1642/1806] Compiling NIOPosix BaseSocket.swift
[1643/1806] Compiling NIOPosix BaseSocketChannel+AccessibleTransport.swift
[1644/1806] Compiling NIOPosix BaseSocketChannel+SocketOptionProvider.swift
[1645/1806] Compiling NIOPosix BaseSocketChannel.swift
[1646/1806] Compiling NIOPosix BaseStreamSocketChannel.swift
[1647/1806] Compiling NIOPosix Bootstrap.swift
[1648/1806] Compiling NIOPosix ControlMessage.swift
[1649/1806] Compiling NIOPosix DatagramVectorReadManager.swift
[1650/1806] Compiling NIOPosix Errors+Any.swift
[1651/1806] Compiling NIOPosix FileDescriptor.swift
[1652/1806] Compiling NIOPosix GetaddrinfoResolver.swift
[1653/1806] Compiling NIOEmbedded AsyncTestingChannel.swift
[1654/1806] Compiling NIOEmbedded Embedded.swift
[1655/1807] Wrapping AST for NIOEmbedded for debugging
[1657/1807] Compiling NIOPosix Selectable.swift
[1658/1807] Compiling NIOPosix SelectableChannel.swift
[1659/1807] Compiling NIOPosix SelectableEventLoop.swift
[1660/1807] Compiling NIOPosix SelectorEpoll.swift
[1661/1807] Compiling NIOPosix SelectorGeneric.swift
[1662/1807] Compiling NIOPosix SelectorKqueue.swift
[1663/1807] Compiling NIOPosix SelectorUring.swift
[1664/1807] Compiling NIOPosix PipeChannel.swift
[1665/1807] Compiling NIOPosix PipePair.swift
[1666/1807] Compiling NIOPosix Pool.swift
[1667/1807] Compiling NIOPosix PosixSingletons+ConcurrencyTakeOver.swift
[1668/1807] Compiling NIOPosix PosixSingletons.swift
[1669/1807] Compiling NIOPosix RawSocketBootstrap.swift
[1670/1807] Compiling NIOPosix Resolver.swift
[1671/1807] Compiling NIOPosix SelectorWSAPoll.swift
[1672/1807] Compiling NIOPosix ServerSocket.swift
[1673/1807] Compiling NIOPosix Socket.swift
[1674/1807] Compiling NIOPosix SocketChannel.swift
[1675/1807] Compiling NIOPosix SocketProtocols.swift
[1676/1807] Compiling NIOPosix StructuredConcurrencyHelpers.swift
[1677/1807] Compiling NIOPosix System.swift
[1692/1814] Emitting module NIOPosix
[1707/1814] Compiling NIOPosix Thread.swift
[1708/1814] Compiling NIOPosix ThreadPosix.swift
[1709/1814] Compiling NIOPosix ThreadWindows.swift
[1710/1814] Compiling NIOPosix Utilities.swift
[1711/1814] Compiling NIOPosix VsockAddress.swift
[1712/1814] Compiling NIOPosix VsockChannelEvents.swift
[1713/1814] Compiling NIOPosix Windows.swift
[1728/1815] Wrapping AST for NIOPosix for debugging
[1731/1815] Compiling X509 PolicyBuilder.swift
[1732/1815] Compiling X509 BasicConstraintsPolicy.swift
[1733/1815] Compiling X509 DNSNames.swift
[1734/1815] Compiling X509 ExpiryPolicy.swift
[1735/1815] Compiling X509 IPConstraints.swift
[1736/1815] Compiling X509 NameConstraintsPolicy.swift
[1737/1815] Compiling X509 RFC5280Policy.swift
[1738/1815] Compiling X509 URIConstraints.swift
[1739/1815] Compiling X509 VersionPolicy.swift
[1740/1815] Compiling X509 ServerIdentityPolicy.swift
[1741/1815] Compiling X509 TrustRootLoading.swift
[1742/1815] Compiling X509 UnverifiedChain.swift
[1743/1815] Compiling X509 NameConstraints.swift
[1744/1815] Compiling X509 SubjectAlternativeName.swift
[1745/1815] Compiling X509 SubjectKeyIdentifier.swift
[1746/1815] Compiling X509 Extension.swift
[1747/1815] Compiling X509 Extensions.swift
[1748/1815] Compiling X509 ExtensionsBuilder.swift
[1749/1815] Compiling X509 GeneralName.swift
[1750/1815] Compiling X509 Lock.swift
[1751/1815] Compiling X509 LockedValueBox.swift
[1752/1815] Compiling X509 BasicOCSPResponse.swift
[1753/1815] Compiling X509 DirectoryString.swift
[1754/1815] Compiling X509 OCSPCertID.swift
[1755/1815] Compiling X509 OCSPCertStatus.swift
[1769/1815] Emitting module X509
[1770/1817] Emitting module NIO
[1771/1817] Compiling NIO Exports.swift
[1772/1818] Wrapping AST for NIO for debugging
[1774/1857] Compiling NIOFoundationCompat WaitSpinningRunLoop.swift
[1775/1857] Compiling NIOFoundationCompat Exports.swift
[1776/1857] Compiling NIOFoundationCompat JSONSerialization+ByteBuffer.swift
[1777/1857] Compiling NIOSOCKS ClientStateMachine.swift
[1778/1858] Compiling NIOTLS ProtocolNegotiationHandlerStateMachine.swift
[1779/1858] Emitting module NIOTLS
[1780/1858] Compiling NIOTLS TLSEvents.swift
[1781/1858] Emitting module NIOFoundationCompat
[1782/1859] Compiling NIOSOCKS SelectedAuthenticationMethod.swift
[1783/1859] Compiling NIOTLS SNIHandler.swift
[1784/1859] Compiling NIOTLS ApplicationProtocolNegotiationHandler.swift
[1785/1859] Compiling NIOTLS NIOTypedApplicationProtocolNegotiationHandler.swift
[1787/1859] Compiling NIOHTTP1 HTTPPipelineSetup.swift
[1788/1859] Compiling NIOHTTP1 ByteCollectionUtils.swift
[1789/1860] Compiling NIOSOCKS ServerStateMachine.swift
[1791/1860] Compiling NIOHTTP1 HTTPHeaderValidator.swift
[1792/1860] Compiling NIOHTTP1 HTTPHeaders+Validation.swift
[1793/1860] Emitting module NIOSOCKS
[1793/1860] Wrapping AST for NIOFoundationCompat for debugging
[1794/1860] Wrapping AST for NIOTLS for debugging
[1796/1860] Compiling NIOSOCKS SOCKSResponse.swift
[1797/1890] Compiling X509 ValidatedCertificateChain.swift
[1798/1890] Compiling X509 VerificationDiagnostic.swift
[1799/1890] Compiling X509 Verifier.swift
[1800/1890] Compiling X509 VerifierPolicy.swift
[1801/1890] Compiling X509 AlgorithmIdentifier.swift
[1802/1890] Compiling X509 ECDSASignature.swift
[1803/1890] Compiling X509 RSAPKCS1PublicKey.swift
[1804/1890] Compiling X509 SubjectPublicKeyInfo.swift
[1805/1890] Compiling X509 TBSCertificate.swift
[1806/1890] Compiling X509 Time.swift
[1807/1890] Compiling X509 TimeCalculations.swift
[1808/1890] Compiling X509 Validity.swift
[1809/1890] Compiling X509 X509SendableMetatype.swift
[1811/1891] Compiling NIOSSL String+unsafeUninitializedCapacity.swift
[1812/1891] Compiling NIOSSL NIOSSLServerHandler.swift
[1813/1893] Compiling NIOSSL IdentityVerification.swift
[1814/1893] Compiling NIOSSL SSLPrivateKey.swift
[1814/1893] Wrapping AST for X509 for debugging
[1816/1924] Compiling JWTKit ECDSA.swift
[1817/1924] Compiling JWTKit ECDSACurve.swift
[1818/1924] Compiling JWTKit ECDSACurveType.swift
[1819/1924] Compiling JWTKit ECDSAError.swift
[1820/1929] Compiling JWTKit LocaleClaim.swift
[1821/1929] Compiling JWTKit NotBeforeClaim.swift
[1822/1929] Compiling JWTKit SubjectClaim.swift
[1823/1961] Wrapping AST for NIOSOCKS for debugging
[1825/1961] Emitting module NIOSSL
[1826/1965] Compiling JWTKit EdDSACurve.swift
[1827/1965] Compiling JWTKit EdDSAError.swift
[1828/1965] Compiling JWTKit MLDSAType.swift
[1829/1965] Compiling JWTKit JWTKeyCollection+UnsecuredNone.swift
[1830/1965] Compiling JWTKit UnsecuredNoneSigner.swift
[1831/1965] Compiling JWTKit JWTKeyCollection+RSA.swift
[1832/1965] Compiling JWTKit RSA.swift
[1833/1965] Compiling JWTKit RSAError.swift
[1834/1965] Compiling JWTKit RSASigner.swift
[1835/1965] Compiling JWTKit Base64URL.swift
[1836/1965] Compiling JWTKit CryptoSigner.swift
[1837/1974] Compiling JWTKit JWTSerializer.swift
[1838/1974] Compiling JWTKit JWTSigner.swift
[1839/1974] Compiling JWTKit JWTKeyCollection+MLDSA.swift
[1840/1974] Compiling JWTKit MLDSA.swift
[1841/1974] Compiling JWTKit MLDSA65+MLDSAKey.swift
[1842/1974] Compiling JWTKit MLDSA87+MLDSAKey.swift
[1843/1974] Compiling JWTKit MLDSAError.swift
[1844/1974] Compiling JWTKit MLDSAKey.swift
[1845/1974] Compiling JWTKit MLDSASigner.swift
[1846/1974] Compiling JWTKit ECDSASigner.swift
[1847/1974] Compiling JWTKit ECDSASigningAlgorithm.swift
[1848/1974] Compiling JWTKit JWTKeyCollection+ECDSA.swift
[1849/1974] Compiling JWTKit P256+CurveType.swift
[1852/1974] Compiling JWTKit P521+CurveType.swift
[1853/1974] Compiling JWTKit EdDSA.swift
[1856/1974] Compiling JWTKit IssuedAtClaim.swift
[1857/1974] Compiling JWTKit IssuerClaim.swift
[1858/1974] Compiling JWTKit JWTClaim.swift
[1859/1974] Compiling JWTKit JWTMultiValueClaim.swift
[1860/1974] Emitting module JWTKit
[1864/1974] Compiling JWTKit P384+CurveType.swift
[1869/1974] Compiling JWTKit EdDSASigner.swift
[1870/1974] Compiling JWTKit JWTKeyCollection+EdDSA.swift
[1874/1974] Compiling JWTKit TenantIDClaim.swift
[1879/1974] Compiling JWTKit ECDSAKeyTypes.swift
[1886/1974] Compiling JWTKit AudienceClaim.swift
[1887/1974] Compiling JWTKit BoolClaim.swift
[1888/1974] Compiling JWTKit ExpirationClaim.swift
[1889/1974] Compiling JWTKit GoogleHostedDomainClaim.swift
[1890/1974] Compiling JWTKit IDClaim.swift
[1895/1974] Compiling NIOSSL Zeroization.swift
[1901/1974] Compiling NIOSSL TLSConfiguration.swift
[1902/1974] Compiling NIOSSL UniversalBootstrapSupport.swift
[1903/1974] Compiling NIOSSL UnsafeKeyAndChainTarget.swift
[1907/1974] Compiling JWTKit JWTKeyCollection+HMAC.swift
[1908/1974] Compiling JWTKit Insecure.swift
[1909/1974] Compiling JWTKit JWK.swift
[1910/1974] Compiling JWTKit JWKIdentifier.swift
[1911/1974] Compiling JWTKit JWKS.swift
[1912/1974] Compiling JWTKit JWKSigner.swift
[1913/1974] Compiling JWTKit JWTAlgorithm.swift
[1914/1974] Compiling JWTKit JWTError.swift
[1915/1974] Compiling JWTKit JWTHeader+CommonFields.swift
[1916/1974] Compiling JWTKit JWTHeader.swift
[1917/1974] Compiling JWTKit JWTHeaderField.swift
[1918/1974] Compiling JWTKit JWTKeyCollection.swift
[1919/1974] Compiling JWTKit JWTParser+MandatoryVerificationFields.swift
[1920/1974] Compiling JWTKit JWTParser.swift
[1921/1974] Compiling JWTKit JWTPayload.swift
[1925/1974] Emitting module NIOHTTP1
[1938/1976] Wrapping AST for NIOHTTP1 for debugging
[1940/1993] Wrapping AST for NIOSSL for debugging
[1942/1993] Compiling NIOHPACK HuffmanTables.swift
[1943/1994] Compiling JWTKit CustomizedJSONCoders.swift
[1944/1994] Compiling JWTKit Utilities.swift
[1945/1994] Compiling JWTKit AppleIdentityToken.swift
[1946/1994] Compiling JWTKit FirebaseAuthIdentityToken.swift
[1947/1994] Compiling JWTKit GoogleIdentityToken.swift
[1948/1994] Compiling JWTKit MicrosoftIdentityToken.swift
[1949/1994] Compiling JWTKit EmptyPolicy.swift
[1950/1994] Compiling JWTKit ValidationTimePayload.swift
[1951/1994] Compiling JWTKit X5CVerifier.swift
[1953/1995] Compiling NIOHTTPCompression HTTPDecompression.swift
[1954/1995] Compiling NIOHTTPCompression HTTPRequestCompressor.swift
[1955/1995] Compiling NIOHTTPCompression HTTPResponseCompressor.swift
[1956/1995] Compiling NIOHTTPCompression HTTPDecompressor.swift
[1957/1995] Emitting module NIOHTTPCompression
[1958/1995] Compiling NIOHTTPCompression HTTPCompression.swift
[1959/1996] Compiling NIOHPACK IntegerCoding.swift
[1960/1996] Compiling NIOHPACK HuffmanCoding.swift
[1960/1996] Wrapping AST for JWTKit for debugging
[1963/1996] Compiling NIOHPACK IndexedHeaderTable.swift
[1964/1996] Compiling NIOHPACK HPACKEncoder.swift
[1965/1996] Compiling NIOHPACK HPACKErrors.swift
[1965/1996] Wrapping AST for NIOHTTPCompression for debugging
[1967/1996] Compiling NIOHPACK HPACKHeader.swift
[1968/1996] Compiling NIOHPACK HeaderTables.swift
[1969/1996] Compiling NIOHPACK DynamicHeaderTable.swift
[1970/1996] Compiling NIOHPACK HPACKDecoder.swift
[1971/1996] Emitting module NIOHPACK
[1972/1996] Compiling NIOHPACK StaticHeaderTable.swift
[1973/1997] Wrapping AST for NIOHPACK for debugging
[1975/2060] Compiling NIOHTTP2 MaySendFrames.swift
[1976/2060] Compiling NIOHTTP2 SendingDataState.swift
[1977/2060] Compiling NIOHTTP2 SendingGoawayState.swift
[1978/2060] Compiling NIOHTTP2 SendingHeadersState.swift
[1979/2060] Compiling NIOHTTP2 SendingPushPromiseState.swift
[1980/2060] Compiling NIOHTTP2 SendingRstStreamState.swift
[1981/2060] Compiling NIOHTTP2 SendingWindowUpdateState.swift
[1982/2060] Compiling NIOHTTP2 HTTP2SettingsState.swift
[1983/2060] Compiling NIOHTTP2 HasExtendedConnectSettings.swift
[1984/2068] Compiling NIOHTTP2 NIOHTTP2ServerConnectionManagementHandler.swift
[1985/2068] Compiling NIOHTTP2 StreamChannelFlowController.swift
[1986/2068] Compiling NIOHTTP2 StreamChannelList.swift
[1987/2068] Compiling NIOHTTP2 StreamMap.swift
[1988/2068] Compiling NIOHTTP2 StreamStateMachine.swift
[1989/2068] Compiling NIOHTTP2 Timer.swift
[1990/2068] Compiling NIOHTTP2 UnsafeTransfer.swift
[1991/2068] Compiling NIOHTTP2 WatermarkedFlowController.swift
[1992/2068] Compiling NIOHTTP2 ConnectionStateMachine.swift
[1993/2068] Compiling NIOHTTP2 ConnectionStreamsState.swift
[1994/2068] Compiling NIOHTTP2 MayReceiveFrames.swift
[1995/2068] Compiling NIOHTTP2 ReceivingDataState.swift
[1996/2068] Compiling NIOHTTP2 ReceivingGoAwayState.swift
[1997/2068] Compiling NIOHTTP2 ReceivingHeadersState.swift
[1998/2068] Compiling NIOHTTP2 ReceivingPushPromiseState.swift
[1999/2068] Compiling NIOHTTP2 ReceivingRstStreamState.swift
[2000/2068] Compiling NIOHTTP2 ReceivingWindowUpdateState.swift
[2001/2068] Compiling NIOHTTP2 DOSHeuristics.swift
[2002/2068] Compiling NIOHTTP2 Error+Any.swift
[2003/2068] Compiling NIOHTTP2 ConcurrentStreamBuffer.swift
[2004/2068] Compiling NIOHTTP2 ControlFrameBuffer.swift
[2005/2068] Compiling NIOHTTP2 OutboundFlowControlBuffer.swift
[2006/2068] Compiling NIOHTTP2 OutboundFrameBuffer.swift
[2007/2068] Compiling NIOHTTP2 GlitchesMonitor.swift
[2008/2068] Compiling NIOHTTP2 HPACKHeaders+Validation.swift
[2009/2068] Compiling NIOHTTP2 HTTP2ChannelHandler+InboundStreamMultiplexer.swift
[2010/2068] Compiling NIOHTTP2 HTTP2StreamMultiplexer.swift
[2011/2068] Compiling NIOHTTP2 HTTP2ToHTTP1Codec.swift
[2012/2068] Compiling NIOHTTP2 HTTP2UserEvents.swift
[2013/2068] Compiling NIOHTTP2 InboundEventBuffer.swift
[2014/2068] Compiling NIOHTTP2 InboundWindowManager.swift
[2015/2068] Compiling NIOHTTP2 MultiplexerAbstractChannel.swift
[2016/2068] Compiling NIOHTTP2 NIOHTTP2FrameDelegate.swift
[2017/2068] Compiling NIOHTTP2 NIOHTTP2ServerConnectionManagementHandler+StateMachine.swift
[2018/2068] Compiling NIOHTTP2 HTTP2FrameParser.swift
[2019/2068] Compiling NIOHTTP2 HTTP2PingData.swift
[2020/2068] Compiling NIOHTTP2 HTTP2PipelineHelpers.swift
[2021/2068] Compiling NIOHTTP2 HTTP2Settings.swift
[2022/2068] Compiling NIOHTTP2 HTTP2Stream.swift
[2023/2068] Compiling NIOHTTP2 HTTP2StreamChannel+OutboundStreamMultiplexer.swift
[2024/2068] Compiling NIOHTTP2 HTTP2StreamChannel.swift
[2025/2068] Compiling NIOHTTP2 HTTP2StreamDelegate.swift
[2026/2068] Compiling NIOHTTP2 HTTP2StreamID.swift
[2027/2068] Compiling NIOHTTP2 HasFlowControlWindows.swift
[2028/2068] Compiling NIOHTTP2 HasLocalSettings.swift
[2029/2068] Compiling NIOHTTP2 HasRemoteSettings.swift
[2030/2068] Compiling NIOHTTP2 LocallyQuiescingState.swift
[2031/2068] Compiling NIOHTTP2 QuiescingState.swift
[2032/2068] Compiling NIOHTTP2 RemotelyQuiescingState.swift
[2033/2068] Compiling NIOHTTP2 SendAndReceiveGoawayState.swift
[2034/2068] Compiling NIOHTTP2 StateMachineResult.swift
[2035/2068] Compiling NIOHTTP2 ContentLengthVerifier.swift
[2036/2068] Compiling NIOHTTP2 HTTP2ChannelHandler+InlineStreamMultiplexer.swift
[2037/2068] Compiling NIOHTTP2 HTTP2ChannelHandler.swift
[2038/2068] Compiling NIOHTTP2 HTTP2CommonInboundStreamMultiplexer.swift
[2039/2068] Compiling NIOHTTP2 HTTP2ConnectionStateChange.swift
[2040/2068] Compiling NIOHTTP2 HTTP2Error.swift
[2041/2068] Compiling NIOHTTP2 HTTP2ErrorCode.swift
[2042/2068] Compiling NIOHTTP2 HTTP2FlowControlWindow.swift
[2043/2068] Compiling NIOHTTP2 HTTP2Frame.swift
[2044/2068] Compiling NIOHTTP2 HTTP2FrameEncoder.swift
[2045/2068] Emitting module NIOHTTP2
[2046/2069] Wrapping AST for NIOHTTP2 for debugging
[2048/2133] Emitting module AsyncHTTPClient
[2049/2141] Compiling AsyncHTTPClient AnyAsyncSequence.swift
[2050/2141] Compiling AsyncHTTPClient AnyAsyncSequenceProucerDelete.swift
[2051/2141] Compiling AsyncHTTPClient AsyncLazySequence.swift
[2052/2141] Compiling AsyncHTTPClient HTTPClient+execute.swift
[2053/2141] Compiling AsyncHTTPClient HTTPClient+shutdown.swift
[2054/2141] Compiling AsyncHTTPClient HTTPClient+tracing.swift
[2055/2141] Compiling AsyncHTTPClient HTTPClientRequest+Prepared.swift
[2056/2141] Compiling AsyncHTTPClient HTTPClientRequest+auth.swift
[2057/2141] Compiling AsyncHTTPClient HTTPClientRequest.swift
[2058/2141] Compiling AsyncHTTPClient HTTP1ProxyConnectHandler.swift
[2059/2141] Compiling AsyncHTTPClient SOCKSEventsHandler.swift
[2060/2141] Compiling AsyncHTTPClient TLSEventsHandler.swift
[2061/2141] Compiling AsyncHTTPClient HTTP1ClientChannelHandler.swift
[2062/2141] Compiling AsyncHTTPClient HTTP1Connection.swift
[2063/2141] Compiling AsyncHTTPClient HTTP1ConnectionStateMachine.swift
[2064/2141] Compiling AsyncHTTPClient HTTP2ClientRequestHandler.swift
[2065/2141] Compiling AsyncHTTPClient HTTP2Connection.swift
[2066/2141] Compiling AsyncHTTPClient HTTP2IdleHandler.swift
[2067/2141] Compiling AsyncHTTPClient LRUCache.swift
[2068/2141] Compiling AsyncHTTPClient NIOLoopBound+Execute.swift
[2069/2141] Compiling AsyncHTTPClient NWErrorHandler.swift
[2070/2141] Compiling AsyncHTTPClient NWWaitingHandler.swift
[2071/2141] Compiling AsyncHTTPClient TLSConfiguration.swift
[2072/2141] Compiling AsyncHTTPClient RedirectState.swift
[2073/2141] Compiling AsyncHTTPClient RequestBag+StateMachine.swift
[2074/2141] Compiling AsyncHTTPClient RequestBag+Tracing.swift
[2075/2141] Compiling AsyncHTTPClient RequestBag.swift
[2076/2141] Compiling AsyncHTTPClient HTTPConnectionEvent.swift
[2077/2141] Compiling AsyncHTTPClient HTTPConnectionPool+Factory.swift
[2078/2141] Compiling AsyncHTTPClient HTTPConnectionPool+Manager.swift
[2079/2141] Compiling AsyncHTTPClient HTTPConnectionPool.swift
[2080/2141] Compiling AsyncHTTPClient HTTPExecutableRequest.swift
[2081/2141] Compiling AsyncHTTPClient HTTPRequestStateMachine+Demand.swift
[2082/2141] Compiling AsyncHTTPClient HTTPRequestStateMachine.swift
[2083/2141] Compiling AsyncHTTPClient RequestBodyLength.swift
[2084/2141] Compiling AsyncHTTPClient RequestFramingMetadata.swift
[2085/2141] Compiling AsyncHTTPClient RequestValidation.swift
[2086/2141] Compiling AsyncHTTPClient SSLContextCache.swift
[2087/2141] Compiling AsyncHTTPClient Scheme.swift
[2088/2141] Compiling AsyncHTTPClient Singleton.swift
[2089/2141] Compiling AsyncHTTPClient StringConvertibleInstances.swift
[2090/2141] Compiling AsyncHTTPClient StructuredConcurrencyHelpers.swift
[2091/2141] Compiling AsyncHTTPClient TracingSupport.swift
[2092/2141] Compiling AsyncHTTPClient Utils.swift
[2093/2141] Compiling AsyncHTTPClient RequestOptions.swift
[2094/2141] Compiling AsyncHTTPClient HTTPConnectionPool+Backoff.swift
[2095/2141] Compiling AsyncHTTPClient HTTPConnectionPool+HTTP1Connections.swift
[2096/2141] Compiling AsyncHTTPClient HTTPConnectionPool+HTTP1StateMachine.swift
[2097/2141] Compiling AsyncHTTPClient HTTPConnectionPool+HTTP2Connections.swift
[2098/2141] Compiling AsyncHTTPClient HTTPConnectionPool+HTTP2StateMachine.swift
[2099/2141] Compiling AsyncHTTPClient HTTPConnectionPool+RequestQueue.swift
[2100/2141] Compiling AsyncHTTPClient HTTPConnectionPool+StateMachine.swift
[2101/2141] Compiling AsyncHTTPClient ConnectionTarget.swift
[2102/2141] Compiling AsyncHTTPClient HTTPClientResponse.swift
[2103/2141] Compiling AsyncHTTPClient SingleIteratorPrecondition.swift
[2104/2141] Compiling AsyncHTTPClient Transaction+StateMachine.swift
[2105/2141] Compiling AsyncHTTPClient Transaction.swift
[2106/2141] Compiling AsyncHTTPClient Base64.swift
[2107/2141] Compiling AsyncHTTPClient BasicAuth.swift
[2108/2141] Compiling AsyncHTTPClient BestEffortHashableTLSConfiguration.swift
[2109/2141] Compiling AsyncHTTPClient Configuration+BrowserLike.swift
[2110/2141] Compiling AsyncHTTPClient ConnectionPool.swift
[2111/2141] Compiling AsyncHTTPClient DeconstructedURL.swift
[2112/2141] Compiling AsyncHTTPClient FileDownloadDelegate.swift
[2113/2141] Compiling AsyncHTTPClient FoundationExtensions.swift
[2114/2141] Compiling AsyncHTTPClient HTTPClient+HTTPCookie.swift
[2115/2141] Compiling AsyncHTTPClient HTTPClient+Proxy.swift
[2116/2141] Compiling AsyncHTTPClient HTTPClient+StructuredConcurrency.swift
[2117/2141] Compiling AsyncHTTPClient HTTPClient.swift
[2118/2141] Compiling AsyncHTTPClient HTTPClientConfiguration+SwiftConfiguration.swift
[2119/2141] Compiling AsyncHTTPClient HTTPHandler.swift
[2120/2142] Wrapping AST for AsyncHTTPClient for debugging
[2122/2165] Compiling GoogleAuth ADC.swift
[2123/2165] Compiling GoogleAuth ADCPath.swift
[2124/2165] Compiling GoogleAuth ADCResolver.swift
[2125/2165] Compiling GoogleAuth AuthHeaders.swift
[2126/2168] Emitting module GoogleAuth
[2127/2168] Compiling GoogleAuth AnonymousCredentials.swift
[2128/2168] Compiling GoogleAuth ApiKeyCredentials.swift
[2129/2168] Compiling GoogleAuth ExternalAccountCredentials.swift
[2130/2168] Compiling GoogleAuth UserAccountData.swift
[2131/2168] Compiling GoogleAuth UserAccountTokenProvider.swift
[2132/2168] Compiling GoogleAuth UserCredentials.swift
[2133/2168] Compiling GoogleAuth AuthHTTPClient.swift
[2134/2168] Compiling GoogleAuth AuthHTTPError.swift
[2135/2168] Compiling GoogleAuth RetryEngine.swift
[2136/2168] Compiling GoogleAuth CredentialParserRegistry.swift
[2137/2168] Compiling GoogleAuth Credentials.swift
[2138/2168] Compiling GoogleAuth CredentialsError.swift
[2139/2168] Compiling GoogleAuth SubjectTokenProvider.swift
[2140/2168] Compiling GoogleAuth MDSAccessTokenProvider.swift
[2141/2168] Compiling GoogleAuth MDSCredentials.swift
[2142/2168] Compiling GoogleAuth ServiceAccountCredentials.swift
[2143/2168] Compiling GoogleAuth ServiceAccountData.swift
[2144/2168] Compiling GoogleAuth ServiceAccountTokenProvider.swift
[2145/2168] Compiling GoogleAuth STSHandler.swift
[2146/2168] Compiling GoogleAuth TokenCache.swift
[2147/2168] Compiling GoogleAuth PackageVersion.swift
[2148/2169] Wrapping AST for GoogleAuth for debugging
[2150/2227] Compiling GoogleGax Pagination.swift
/host/spi-builder-workspace/.build/checkouts/swift-google-gax/Sources/GoogleGax/Pagination.swift:44:22: error: cannot convert '@Sendable (String) async throws -> (response: ResponseType, items: [Item], nextToken: String)' to 'nonisolated(nonsending) @Sendable (String) async throws -> (response: ResponseType, items: [Item], nextToken: String)' because crossing of an isolation boundary requires parameter and result types to conform to 'Sendable' protocol
 42 |   ) where ResponseType: _PaginatedResponse<Item> {
 43 |     self.initialPageToken = initialPageToken ?? ""
 44 |     self.fetchPage = { token in
    |                      |- error: cannot convert '@Sendable (String) async throws -> (response: ResponseType, items: [Item], nextToken: String)' to 'nonisolated(nonsending) @Sendable (String) async throws -> (response: ResponseType, items: [Item], nextToken: String)' because crossing of an isolation boundary requires parameter and result types to conform to 'Sendable' protocol
    |                      `- note: type 'Item' does not conform to 'Sendable' protocol
 45 |       let response = try await listRpc(token)
 46 |       return (response, response._getPaginatedItems(), response._nextPageToken())
[2151/2227] Compiling GoogleGax PollingBackoffPolicy.swift
/host/spi-builder-workspace/.build/checkouts/swift-google-gax/Sources/GoogleGax/Pagination.swift:44:22: error: cannot convert '@Sendable (String) async throws -> (response: ResponseType, items: [Item], nextToken: String)' to 'nonisolated(nonsending) @Sendable (String) async throws -> (response: ResponseType, items: [Item], nextToken: String)' because crossing of an isolation boundary requires parameter and result types to conform to 'Sendable' protocol
 42 |   ) where ResponseType: _PaginatedResponse<Item> {
 43 |     self.initialPageToken = initialPageToken ?? ""
 44 |     self.fetchPage = { token in
    |                      |- error: cannot convert '@Sendable (String) async throws -> (response: ResponseType, items: [Item], nextToken: String)' to 'nonisolated(nonsending) @Sendable (String) async throws -> (response: ResponseType, items: [Item], nextToken: String)' because crossing of an isolation boundary requires parameter and result types to conform to 'Sendable' protocol
    |                      `- note: type 'Item' does not conform to 'Sendable' protocol
 45 |       let response = try await listRpc(token)
 46 |       return (response, response._getPaginatedItems(), response._nextPageToken())
[2152/2227] Compiling GoogleGax PollingErrorPolicy.swift
/host/spi-builder-workspace/.build/checkouts/swift-google-gax/Sources/GoogleGax/Pagination.swift:44:22: error: cannot convert '@Sendable (String) async throws -> (response: ResponseType, items: [Item], nextToken: String)' to 'nonisolated(nonsending) @Sendable (String) async throws -> (response: ResponseType, items: [Item], nextToken: String)' because crossing of an isolation boundary requires parameter and result types to conform to 'Sendable' protocol
 42 |   ) where ResponseType: _PaginatedResponse<Item> {
 43 |     self.initialPageToken = initialPageToken ?? ""
 44 |     self.fetchPage = { token in
    |                      |- error: cannot convert '@Sendable (String) async throws -> (response: ResponseType, items: [Item], nextToken: String)' to 'nonisolated(nonsending) @Sendable (String) async throws -> (response: ResponseType, items: [Item], nextToken: String)' because crossing of an isolation boundary requires parameter and result types to conform to 'Sendable' protocol
    |                      `- note: type 'Item' does not conform to 'Sendable' protocol
 45 |       let response = try await listRpc(token)
 46 |       return (response, response._getPaginatedItems(), response._nextPageToken())
[2153/2227] Compiling GoogleGax PollingResult.swift
/host/spi-builder-workspace/.build/checkouts/swift-google-gax/Sources/GoogleGax/Pagination.swift:44:22: error: cannot convert '@Sendable (String) async throws -> (response: ResponseType, items: [Item], nextToken: String)' to 'nonisolated(nonsending) @Sendable (String) async throws -> (response: ResponseType, items: [Item], nextToken: String)' because crossing of an isolation boundary requires parameter and result types to conform to 'Sendable' protocol
 42 |   ) where ResponseType: _PaginatedResponse<Item> {
 43 |     self.initialPageToken = initialPageToken ?? ""
 44 |     self.fetchPage = { token in
    |                      |- error: cannot convert '@Sendable (String) async throws -> (response: ResponseType, items: [Item], nextToken: String)' to 'nonisolated(nonsending) @Sendable (String) async throws -> (response: ResponseType, items: [Item], nextToken: String)' because crossing of an isolation boundary requires parameter and result types to conform to 'Sendable' protocol
    |                      `- note: type 'Item' does not conform to 'Sendable' protocol
 45 |       let response = try await listRpc(token)
 46 |       return (response, response._getPaginatedItems(), response._nextPageToken())
[2154/2227] Compiling GoogleGax PollingState.swift
/host/spi-builder-workspace/.build/checkouts/swift-google-gax/Sources/GoogleGax/Pagination.swift:44:22: error: cannot convert '@Sendable (String) async throws -> (response: ResponseType, items: [Item], nextToken: String)' to 'nonisolated(nonsending) @Sendable (String) async throws -> (response: ResponseType, items: [Item], nextToken: String)' because crossing of an isolation boundary requires parameter and result types to conform to 'Sendable' protocol
 42 |   ) where ResponseType: _PaginatedResponse<Item> {
 43 |     self.initialPageToken = initialPageToken ?? ""
 44 |     self.fetchPage = { token in
    |                      |- error: cannot convert '@Sendable (String) async throws -> (response: ResponseType, items: [Item], nextToken: String)' to 'nonisolated(nonsending) @Sendable (String) async throws -> (response: ResponseType, items: [Item], nextToken: String)' because crossing of an isolation boundary requires parameter and result types to conform to 'Sendable' protocol
    |                      `- note: type 'Item' does not conform to 'Sendable' protocol
 45 |       let response = try await listRpc(token)
 46 |       return (response, response._getPaginatedItems(), response._nextPageToken())
[2155/2227] Compiling GoogleGax ProtobufConversionError.swift
/host/spi-builder-workspace/.build/checkouts/swift-google-gax/Sources/GoogleGax/Pagination.swift:44:22: error: cannot convert '@Sendable (String) async throws -> (response: ResponseType, items: [Item], nextToken: String)' to 'nonisolated(nonsending) @Sendable (String) async throws -> (response: ResponseType, items: [Item], nextToken: String)' because crossing of an isolation boundary requires parameter and result types to conform to 'Sendable' protocol
 42 |   ) where ResponseType: _PaginatedResponse<Item> {
 43 |     self.initialPageToken = initialPageToken ?? ""
 44 |     self.fetchPage = { token in
    |                      |- error: cannot convert '@Sendable (String) async throws -> (response: ResponseType, items: [Item], nextToken: String)' to 'nonisolated(nonsending) @Sendable (String) async throws -> (response: ResponseType, items: [Item], nextToken: String)' because crossing of an isolation boundary requires parameter and result types to conform to 'Sendable' protocol
    |                      `- note: type 'Item' does not conform to 'Sendable' protocol
 45 |       let response = try await listRpc(token)
 46 |       return (response, response._getPaginatedItems(), response._nextPageToken())
[2156/2227] Compiling GoogleGax QueryParameter.swift
/host/spi-builder-workspace/.build/checkouts/swift-google-gax/Sources/GoogleGax/Pagination.swift:44:22: error: cannot convert '@Sendable (String) async throws -> (response: ResponseType, items: [Item], nextToken: String)' to 'nonisolated(nonsending) @Sendable (String) async throws -> (response: ResponseType, items: [Item], nextToken: String)' because crossing of an isolation boundary requires parameter and result types to conform to 'Sendable' protocol
 42 |   ) where ResponseType: _PaginatedResponse<Item> {
 43 |     self.initialPageToken = initialPageToken ?? ""
 44 |     self.fetchPage = { token in
    |                      |- error: cannot convert '@Sendable (String) async throws -> (response: ResponseType, items: [Item], nextToken: String)' to 'nonisolated(nonsending) @Sendable (String) async throws -> (response: ResponseType, items: [Item], nextToken: String)' because crossing of an isolation boundary requires parameter and result types to conform to 'Sendable' protocol
    |                      `- note: type 'Item' does not conform to 'Sendable' protocol
 45 |       let response = try await listRpc(token)
 46 |       return (response, response._getPaginatedItems(), response._nextPageToken())
[2157/2227] Compiling GoogleGax RequestError.swift
/host/spi-builder-workspace/.build/checkouts/swift-google-gax/Sources/GoogleGax/Pagination.swift:44:22: error: cannot convert '@Sendable (String) async throws -> (response: ResponseType, items: [Item], nextToken: String)' to 'nonisolated(nonsending) @Sendable (String) async throws -> (response: ResponseType, items: [Item], nextToken: String)' because crossing of an isolation boundary requires parameter and result types to conform to 'Sendable' protocol
 42 |   ) where ResponseType: _PaginatedResponse<Item> {
 43 |     self.initialPageToken = initialPageToken ?? ""
 44 |     self.fetchPage = { token in
    |                      |- error: cannot convert '@Sendable (String) async throws -> (response: ResponseType, items: [Item], nextToken: String)' to 'nonisolated(nonsending) @Sendable (String) async throws -> (response: ResponseType, items: [Item], nextToken: String)' because crossing of an isolation boundary requires parameter and result types to conform to 'Sendable' protocol
    |                      `- note: type 'Item' does not conform to 'Sendable' protocol
 45 |       let response = try await listRpc(token)
 46 |       return (response, response._getPaginatedItems(), response._nextPageToken())
[2158/2235] Emitting module GoogleGax
[2159/2235] Compiling GoogleGax LimitedAttemptCount+PollingErrorPolicy.swift
[2160/2235] Compiling GoogleGax LimitedAttemptCount+RetryPolicy.swift
[2161/2235] Compiling GoogleGax LimitedAttemptCount.swift
[2162/2235] Compiling GoogleGax LimitedElapsedTime+PollingErrorPolicy.swift
[2163/2235] Compiling GoogleGax LimitedElapsedTime+RetryPolicy.swift
[2164/2235] Compiling GoogleGax LimitedElapsedTime.swift
[2165/2235] Compiling GoogleGax LongRunningOperations.swift
[2166/2235] Compiling GoogleGax NeverRetry.swift
[2167/2235] Compiling GoogleGax ContinueOnIO.swift
[2168/2235] Compiling GoogleGax CredentialsProtocol.swift
[2169/2235] Compiling GoogleGax ErrorWrapper.swift
[2170/2235] Compiling GoogleGax ExponentialBackoff+BackoffPolicy.swift
[2171/2235] Compiling GoogleGax ExponentialBackoff+PollingBackoffPolicy.swift
[2172/2235] Compiling GoogleGax ExponentialBackoff.swift
[2173/2235] Compiling GoogleGax HTTPClient.swift
[2174/2235] Compiling GoogleGax HTTPClientHolder.swift
[2175/2235] Compiling GoogleGax RequestOptions.swift
[2176/2235] Compiling GoogleGax RetryLoop.swift
[2177/2235] Compiling GoogleGax RetryPolicy.swift
[2178/2235] Compiling GoogleGax RetryResult.swift
[2179/2235] Compiling GoogleGax RetryState.swift
[2180/2235] Compiling GoogleGax RetryThrottler.swift
[2181/2235] Compiling GoogleGax RetryThrottlerError.swift
[2182/2235] Compiling GoogleGax RoutingMatcher.swift
[2183/2235] Compiling GoogleGax ServiceError.swift
[2184/2235] Compiling GoogleGax StatusDetail.swift
[2185/2235] Compiling GoogleGax StrictIdempotency.swift
[2186/2235] Compiling GoogleGax ThrottleResult.swift
[2187/2235] Compiling GoogleGax TooManyRequests+PollingErrorPolicy.swift
[2188/2235] Compiling GoogleGax TooManyRequests+RetryPolicy.swift
[2189/2235] Compiling GoogleGax TooManyRequests.swift
[2190/2235] Compiling GoogleGax PackageVersion.swift
[2191/2235] Compiling GoogleGax HTTPClientProtocol.swift
[2192/2235] Compiling GoogleGax HTTPClientRequest.swift
[2193/2235] Compiling GoogleGax HTTPClientResponse.swift
[2194/2235] Compiling GoogleGax HTTPHeaders.swift
[2195/2235] Compiling GoogleGax HTTPResponseBody.swift
[2196/2235] Compiling GoogleGax HeaderNames.swift
[2197/2235] Compiling GoogleGax Host.swift
[2198/2235] Compiling GoogleGax InProgressResult.swift
[2199/2235] Compiling GoogleGax AIP194+PollingErrorPolicy.swift
[2200/2235] Compiling GoogleGax AIP194+RetryPolicy.swift
[2201/2235] Compiling GoogleGax AIP194.swift
[2202/2235] Compiling GoogleGax AdaptiveThrottler.swift
[2203/2235] Compiling GoogleGax AlwaysPoll.swift
[2204/2235] Compiling GoogleGax AlwaysRetry.swift
[2205/2235] Compiling GoogleGax ApiClientHeader.swift
[2206/2235] Compiling GoogleGax BackoffPolicy.swift
[2207/2235] Compiling GoogleGax BasePollingErrorPolicy.swift
[2208/2235] Compiling GoogleGax BaseRetryPolicy.swift
[2209/2235] Compiling GoogleGax BindingError.swift
[2210/2235] Compiling GoogleGax CRC32C.swift
[2211/2235] Compiling GoogleGax CircuitBreaker.swift
[2212/2235] Compiling GoogleGax ClientError.swift
[2213/2235] Compiling GoogleGax ClientOptions.swift
[2214/2235] Compiling GoogleGax ContinueOnIO+PollingErrorPolicy.swift
[2215/2235] Compiling GoogleGax ContinueOnIO+RetryPolicy.swift
BUILD FAILURE 6.2 android