The Swift Package Index logo.Swift Package Index

Build Information

Failed to build Resourceful, reference 1.1.0 (d97d6d), with Swift 6.4 for Wasm on 18 Sep 2026 23:27:52 UTC.

Build Command

bash -c docker run --pull=always --rm -v "checkouts-54344843-0":/host -w "$PWD" -e JAVA_HOME="/root/.sdkman/candidates/java/current" -e SPI_BUILD="1" -e SPI_PROCESSING="1" registry.gitlab.com/saguaro1/spi-images:wasm-6.4-latest swift build --swift-sdk swift-6.4.x-DEVELOPMENT-SNAPSHOT-2026-09-04-a_wasm 2>&1

Build Log

========================================
RunAll
========================================
Builder version: 5.1.0
Interrupt handler set up.
========================================
Checkout
========================================
Clone URL: https://github.com/danielctull/Resourceful.git
Reference: 1.1.0
Initialized empty Git repository in /host/spi-builder-workspace/.git/
hint: Using 'master' as the name for the initial branch. This default branch name
hint: is subject to change. To configure the initial branch name to use in all
hint: of your new repositories, which will suppress this warning, call:
hint:
hint: 	git config --global init.defaultBranch <name>
hint:
hint: Names commonly chosen instead of 'master' are 'main', 'trunk' and
hint: 'development'. The just-created branch can be renamed via this command:
hint:
hint: 	git branch -m <name>
From https://github.com/danielctull/Resourceful
 * tag               1.1.0      -> FETCH_HEAD
HEAD is now at d97d6d4 Add a check for the swift version to make sure it supports concurrency
Cloned https://github.com/danielctull/Resourceful.git
Revision (git rev-parse @):
d97d6d4798dd3de1097496b07f92b967ded8b783
SUCCESS checkout https://github.com/danielctull/Resourceful.git at 1.1.0
========================================
Build
========================================
Selected platform:         wasm
Swift version:             6.4
Building package at path:  $PWD
https://github.com/danielctull/Resourceful.git
Running build ...
bash -c docker run --pull=always --rm -v "checkouts-54344843-0":/host -w "$PWD" -e JAVA_HOME="/root/.sdkman/candidates/java/current" -e SPI_BUILD="1" -e SPI_PROCESSING="1" registry.gitlab.com/saguaro1/spi-images:wasm-6.4-latest swift build --swift-sdk swift-6.4.x-DEVELOPMENT-SNAPSHOT-2026-09-04-a_wasm 2>&1
wasm-6.4-latest: Pulling from saguaro1/spi-images
Digest: sha256:4328fdb43c680d205c1d6761b1e3267aa38277eefdda9ddfb17b6a0f1a77857a
Status: Image is up to date for registry.gitlab.com/saguaro1/spi-images:wasm-6.4-latest
Building for debugging...
[Planning deferred tasks]
error: SwiftCompile normal wasm32 failed with a nonzero exit code. Command line:     cd /host

[23 / 31] Resourceful
/host/spi-builder-workspace/Sources/Resourceful/Resource+Async.swift:14:1: error: non-nominal type 'URLSession' (aka 'AnyObject') cannot be extended [#]8;;https://docs.swift.org/compiler/documentation/diagnostics/nominal-types\NominalTypes]8;;\]
12 | @available(tvOS 13.0, *)
13 | @available(watchOS 6.0, *)
14 | extension URLSession {
   | `- error: non-nominal type 'URLSession' (aka 'AnyObject') cannot be extended [#]8;;https://docs.swift.org/compiler/documentation/diagnostics/nominal-types\NominalTypes]8;;\]
15 |
16 |     /// Asynchronously retrieves the value of the resource.
/host/spi-builder-workspace/Sources/Resourceful/Resource+Fetch.swift:8:1: error: non-nominal type 'URLSession' (aka 'AnyObject') cannot be extended [#]8;;https://docs.swift.org/compiler/documentation/diagnostics/nominal-types\NominalTypes]8;;\]
 6 | #endif
 7 |
 8 | extension URLSession {
   | `- error: non-nominal type 'URLSession' (aka 'AnyObject') cannot be extended [#]8;;https://docs.swift.org/compiler/documentation/diagnostics/nominal-types\NominalTypes]8;;\]
 9 |
10 |     /// Fetches a resource using its request and transforms the returned data
/host/spi-builder-workspace/Sources/Resourceful/Resource.swift:12:56: error: 'URLResponse' is unavailable: This type has moved to the FoundationNetworking module. Import that module to use it.
10 | public struct Resource<Value> {
11 |
12 |     public typealias Response = (data: Data, response: URLResponse)
   |                                                        `- error: 'URLResponse' is unavailable: This type has moved to the FoundationNetworking module. Import that module to use it.
13 |
14 |     /// A request used to fetch the data.
Foundation.URLResponse:2:18: note: 'URLResponse' has been explicitly marked unavailable here
1 | @available(*, unavailable, message: "This type has moved to the FoundationNetworking module. Import that module to use it.")
2 | public typealias URLResponse = AnyObject
  |                  `- note: 'URLResponse' has been explicitly marked unavailable here
/host/spi-builder-workspace/Sources/Resourceful/Resource.swift:16:25: error: cannot find type 'URLRequest' in scope
14 |     /// A request used to fetch the data.
15 |     @available(*, deprecated, message: "Use makeRequest() instead.")
16 |     public var request: URLRequest { return try! makeRequest() }
   |                         `- error: cannot find type 'URLRequest' in scope
17 |
18 |     /// Makes the request for the resource.
/host/spi-builder-workspace/Sources/Resourceful/Resource.swift:19:42: error: cannot find type 'URLRequest' in scope
17 |
18 |     /// Makes the request for the resource.
19 |     public let makeRequest: () throws -> URLRequest
   |                                          `- error: cannot find type 'URLRequest' in scope
20 |
21 |     /// Transforms the network response into the desired value.
/host/spi-builder-workspace/Sources/Resourceful/Resource.swift:30:26: error: cannot find type 'URLRequest' in scope
28 |     ///   - request: A request for this resource.
29 |     ///   - transform: Used to transform the response into the desired value.
30 |     public init(request: URLRequest,
   |                          `- error: cannot find type 'URLRequest' in scope
31 |                 transform: @escaping (Response) throws -> Value) {
32 |         self.init(makeRequest: { request }, transform: transform)
/host/spi-builder-workspace/Sources/Resourceful/Resource.swift:45:53: error: cannot find type 'URLRequest' in scope
43 |     ///   - makeRequest: Used to create a request for this resource.
44 |     ///   - transform: Used to transform the response into the desired value.
45 |     public init(makeRequest: @escaping () throws -> URLRequest,
   |                                                     `- error: cannot find type 'URLRequest' in scope
46 |                 transform: @escaping (Response) throws -> Value) {
47 |         self.makeRequest = makeRequest
/host/spi-builder-workspace/Sources/Resourceful/Resource.swift:45:30: error: '@escaping' only applies to function types
43 |     ///   - makeRequest: Used to create a request for this resource.
44 |     ///   - transform: Used to transform the response into the desired value.
45 |     public init(makeRequest: @escaping () throws -> URLRequest,
   |                              `- error: '@escaping' only applies to function types
46 |                 transform: @escaping (Response) throws -> Value) {
47 |         self.makeRequest = makeRequest
/host/spi-builder-workspace/Sources/Resourceful/Resource.swift:70:30: error: cannot find type 'URLRequest' in scope
68 |
69 |     public func mapRequest(
70 |         _ modify: @escaping (URLRequest) throws -> URLRequest
   |                              `- error: cannot find type 'URLRequest' in scope
71 |     ) -> Resource {
72 |         return Resource(
/host/spi-builder-workspace/Sources/Resourceful/Resource.swift:70:52: error: cannot find type 'URLRequest' in scope
68 |
69 |     public func mapRequest(
70 |         _ modify: @escaping (URLRequest) throws -> URLRequest
   |                                                    `- error: cannot find type 'URLRequest' in scope
71 |     ) -> Resource {
72 |         return Resource(
/host/spi-builder-workspace/Sources/Resourceful/Resource.swift:70:19: error: '@escaping' only applies to function types
68 |
69 |     public func mapRequest(
70 |         _ modify: @escaping (URLRequest) throws -> URLRequest
   |                   `- error: '@escaping' only applies to function types
71 |     ) -> Resource {
72 |         return Resource(
/host/spi-builder-workspace/Sources/Resourceful/Resource.swift:78:36: error: cannot find type 'URLRequest' in scope
76 |
77 |     public func modifyRequest(
78 |         _ modify: @escaping (inout URLRequest) throws -> ()
   |                                    `- error: cannot find type 'URLRequest' in scope
79 |     ) -> Resource {
80 |         return mapRequest { request in
[#NominalTypes]: <https://docs.swift.org/compiler/documentation/diagnostics/nominal-types>
Failed frontend command:
/usr/bin/swift-frontend -frontend -emit-module -experimental-skip-non-inlinable-function-bodies-without-types /host/spi-builder-workspace/Sources/Resourceful/Resource+Async.swift /host/spi-builder-workspace/Sources/Resourceful/Resource+Combine.swift /host/spi-builder-workspace/Sources/Resourceful/Resource+Fetch.swift /host/spi-builder-workspace/Sources/Resourceful/Resource.swift -target wasm32-unknown-wasip1 -disable-objc-interop -sdk /root/.swiftpm/swift-sdks/swift-6.4.x-DEVELOPMENT-SNAPSHOT-2026-09-04-a_wasm.artifactbundle/swift-6.4.x-DEVELOPMENT-SNAPSHOT-2026-09-04-a_wasm/wasm32-unknown-wasip1/WASI.sdk -sysroot /root/.swiftpm/swift-sdks/swift-6.4.x-DEVELOPMENT-SNAPSHOT-2026-09-04-a_wasm.artifactbundle/swift-6.4.x-DEVELOPMENT-SNAPSHOT-2026-09-04-a_wasm/wasm32-unknown-wasip1/WASI.sdk -I /host/spi-builder-workspace/.build/out/Products/Debug-webassembly-wasm32 -module-cache-path /host/spi-builder-workspace/.build/out/ModuleCache.noindex -color-diagnostics -Xcc -fcolor-diagnostics -enable-testing -g -debug-info-format\=dwarf -dwarf-version\=4 -swift-version 5 -Onone -D SWIFT_PACKAGE -D DEBUG -D SWIFT_MODULE_RESOURCE_BUNDLE_UNAVAILABLE -D Xcode -serialize-debugging-options -enable-experimental-feature DebugDescriptionMacro -empty-abi-descriptor -external-plugin-path /usr/lib/swift/host/plugins/testing\#/usr/bin/swift-plugin-server -validate-clang-modules-once -clang-build-session-file /host/spi-builder-workspace/.build/out/ModuleCache.noindex/Session.modulevalidation -Xcc -working-directory -Xcc /host -resource-dir /root/.swiftpm/swift-sdks/swift-6.4.x-DEVELOPMENT-SNAPSHOT-2026-09-04-a_wasm.artifactbundle/swift-6.4.x-DEVELOPMENT-SNAPSHOT-2026-09-04-a_wasm/wasm32-unknown-wasip1/swift.xctoolchain/usr/lib/swift_static -use-static-resource-dir -enable-anonymous-context-mangled-names -file-compilation-dir /host -Xcc -resource-dir -Xcc /root/.swiftpm/swift-sdks/swift-6.4.x-DEVELOPMENT-SNAPSHOT-2026-09-04-a_wasm.artifactbundle/swift-6.4.x-DEVELOPMENT-SNAPSHOT-2026-09-04-a_wasm/wasm32-unknown-wasip1/swift.xctoolchain/usr/lib/swift_static/clang -Xcc -D_LIBCPP_HARDENING_MODE\=_LIBCPP_HARDENING_MODE_DEBUG -Xcc -fmodules-prune-interval\=86400 -Xcc -fmodules-prune-after\=345600 -Xcc -I/host/spi-builder-workspace/.build/out/Products/Debug-webassembly-wasm32/include -Xcc -I/host/spi-builder-workspace/.build/out/Intermediates.noindex/Resourceful.build/Debug-webassembly-wasm32/Resourceful-t.build/DerivedSources-normal/wasm32 -Xcc -I/host/spi-builder-workspace/.build/out/Intermediates.noindex/Resourceful.build/Debug-webassembly-wasm32/Resourceful-t.build/DerivedSources/wasm32 -Xcc -I/host/spi-builder-workspace/.build/out/Intermediates.noindex/Resourceful.build/Debug-webassembly-wasm32/Resourceful-t.build/DerivedSources -Xcc -DSWIFT_PACKAGE -Xcc -DDEBUG\=1 -no-auto-bridging-header-chaining -module-name Resourceful -const-gather-protocols-file /host/spi-builder-workspace/.build/out/Intermediates.noindex/Resourceful.build/Debug-webassembly-wasm32/Resourceful-t.build/Objects-normal/wasm32/Resourceful_const_extract_protocols.json -in-process-plugin-server-path /usr/lib/swift/host/libSwiftInProcPluginServer.so -plugin-path /usr/lib/swift/host/plugins -plugin-path /usr/local/lib/swift/host/plugins -emit-module-doc-path /host/spi-builder-workspace/.build/out/Intermediates.noindex/Resourceful.build/Debug-webassembly-wasm32/Resourceful-t.build/Objects-normal/wasm32/Modules/Resourceful.swiftdoc -emit-module-source-info-path /host/spi-builder-workspace/.build/out/Intermediates.noindex/Resourceful.build/Debug-webassembly-wasm32/Resourceful-t.build/Objects-normal/wasm32/Modules/Resourceful.swiftsourceinfo -emit-objc-header-path /host/spi-builder-workspace/.build/out/Intermediates.noindex/Resourceful.build/Debug-webassembly-wasm32/Resourceful-t.build/Objects-normal/wasm32/Resourceful-Swift.h -serialize-diagnostics-path /host/spi-builder-workspace/.build/out/Intermediates.noindex/Resourceful.build/Debug-webassembly-wasm32/Resourceful-t.build/Objects-normal/wasm32/Resourceful-primary-emit-module.dia -emit-dependencies-path /host/spi-builder-workspace/.build/out/Intermediates.noindex/Resourceful.build/Debug-webassembly-wasm32/Resourceful-t.build/Objects-normal/wasm32/Resourceful-primary-emit-module.d -parse-as-library -o /host/spi-builder-workspace/.build/out/Intermediates.noindex/Resourceful.build/Debug-webassembly-wasm32/Resourceful-t.build/Objects-normal/wasm32/Modules/Resourceful.swiftmodule
error: Build failed
BUILD FAILURE 6.4 wasm