The Swift Package Index logo.Swift Package Index

Build Information

Failed to build SwiftFirmataClient, reference 18.0.0 (1c4285), with Swift 6.3 for Wasm on 13 Aug 2026 16:09:37 UTC.

Build Command

bash -c docker run --pull=always --rm -v "checkouts-53886769-1":/host -w "$PWD" -e JAVA_HOME="/root/.sdkman/candidates/java/current" -e SPI_BUILD="1" -e SPI_PROCESSING="1" registry.gitlab.com/saguaro1/spi-images:wasm-6.3-latest swift build --swift-sdk swift-6.3.2-RELEASE_wasm 2>&1

Build Log

========================================
RunAll
========================================
Builder version: 5.0.1
Interrupt handler set up.
========================================
Checkout
========================================
Clone URL: https://github.com/doraorak/SwiftFirmataClient.git
Reference: 18.0.0
Initialized empty Git repository in /host/spi-builder-workspace/.git/
hint: Using 'master' as the name for the initial branch. This default branch name
hint: is subject to change. To configure the initial branch name to use in all
hint: of your new repositories, which will suppress this warning, call:
hint:
hint: 	git config --global init.defaultBranch <name>
hint:
hint: Names commonly chosen instead of 'master' are 'main', 'trunk' and
hint: 'development'. The just-created branch can be renamed via this command:
hint:
hint: 	git branch -m <name>
From https://github.com/doraorak/SwiftFirmataClient
 * tag               18.0.0     -> FETCH_HEAD
HEAD is now at 1c42853 docs: raw memory API, firmware compatibility table, display slots
Cloned https://github.com/doraorak/SwiftFirmataClient.git
Revision (git rev-parse @):
1c42853b308bb91aa144fbbdba5bd0b4ba6ea758
SUCCESS checkout https://github.com/doraorak/SwiftFirmataClient.git at 18.0.0
========================================
Build
========================================
Selected platform:         wasm
Swift version:             6.3
Building package at path:  $PWD
https://github.com/doraorak/SwiftFirmataClient.git
Running build ...
bash -c docker run --pull=always --rm -v "checkouts-53886769-1":/host -w "$PWD" -e JAVA_HOME="/root/.sdkman/candidates/java/current" -e SPI_BUILD="1" -e SPI_PROCESSING="1" registry.gitlab.com/saguaro1/spi-images:wasm-6.3-latest swift build --swift-sdk swift-6.3.2-RELEASE_wasm 2>&1
wasm-6.3-latest: Pulling from saguaro1/spi-images
Digest: sha256:e92e38b97676c18adb57b57429ddfb766786102cb50cb918e0d9e8055d05b35d
Status: Image is up to date for registry.gitlab.com/saguaro1/spi-images:wasm-6.3-latest
Building for debugging...
[0/2] Write sources
[1/2] Write swift-version-24593BA9C3E375BF.txt
[3/12] Compiling SwiftFirmataClient SerialTransport.swift
/host/spi-builder-workspace/Sources/SwiftFirmataClient/FirmataClient.swift:2:8: error: no such module 'CryptoKit'
   1 | import Foundation
   2 | import CryptoKit
     |        `- error: no such module 'CryptoKit'
   3 |
   4 | /// Errors thrown by ``FirmataClient`` calls.
[4/13] Compiling SwiftFirmataClient TCPTransport.swift
/host/spi-builder-workspace/Sources/SwiftFirmataClient/FirmataClient.swift:2:8: error: no such module 'CryptoKit'
   1 | import Foundation
   2 | import CryptoKit
     |        `- error: no such module 'CryptoKit'
   3 |
   4 | /// Errors thrown by ``FirmataClient`` calls.
[5/13] Compiling SwiftFirmataClient FirmataTransport.swift
/host/spi-builder-workspace/Sources/SwiftFirmataClient/FirmataClient.swift:2:8: error: no such module 'CryptoKit'
   1 | import Foundation
   2 | import CryptoKit
     |        `- error: no such module 'CryptoKit'
   3 |
   4 | /// Errors thrown by ``FirmataClient`` calls.
[6/13] Compiling SwiftFirmataClient BonjourTransport.swift
/host/spi-builder-workspace/Sources/SwiftFirmataClient/FirmataClient.swift:2:8: error: no such module 'CryptoKit'
   1 | import Foundation
   2 | import CryptoKit
     |        `- error: no such module 'CryptoKit'
   3 |
   4 | /// Errors thrown by ``FirmataClient`` calls.
[7/13] Compiling SwiftFirmataClient BLETransport.swift
/host/spi-builder-workspace/Sources/SwiftFirmataClient/FirmataClient.swift:2:8: error: no such module 'CryptoKit'
   1 | import Foundation
   2 | import CryptoKit
     |        `- error: no such module 'CryptoKit'
   3 |
   4 | /// Errors thrown by ``FirmataClient`` calls.
error: emit-module command failed with exit code 1 (use -v to see invocation)
[8/13] Emitting module SwiftFirmataClient
/host/spi-builder-workspace/Sources/SwiftFirmataClient/FirmataClient.swift:2:8: error: no such module 'CryptoKit'
   1 | import Foundation
   2 | import CryptoKit
     |        `- error: no such module 'CryptoKit'
   3 |
   4 | /// Errors thrown by ``FirmataClient`` calls.
[9/13] Compiling SwiftFirmataClient FirmataScheduler.swift
/host/spi-builder-workspace/Sources/SwiftFirmataClient/FirmataClient.swift:2:8: error: no such module 'CryptoKit'
   1 | import Foundation
   2 | import CryptoKit
     |        `- error: no such module 'CryptoKit'
   3 |
   4 | /// Errors thrown by ``FirmataClient`` calls.
[10/13] Compiling SwiftFirmataClient FirmataMessage.swift
/host/spi-builder-workspace/Sources/SwiftFirmataClient/FirmataClient.swift:2:8: error: no such module 'CryptoKit'
   1 | import Foundation
   2 | import CryptoKit
     |        `- error: no such module 'CryptoKit'
   3 |
   4 | /// Errors thrown by ``FirmataClient`` calls.
[11/13] Compiling SwiftFirmataClient FirmataParser.swift
/host/spi-builder-workspace/Sources/SwiftFirmataClient/FirmataClient.swift:2:8: error: no such module 'CryptoKit'
   1 | import Foundation
   2 | import CryptoKit
     |        `- error: no such module 'CryptoKit'
   3 |
   4 | /// Errors thrown by ``FirmataClient`` calls.
[12/13] Compiling SwiftFirmataClient FirmataClient.swift
/host/spi-builder-workspace/Sources/SwiftFirmataClient/FirmataClient.swift:2:8: error: no such module 'CryptoKit'
   1 | import Foundation
   2 | import CryptoKit
     |        `- error: no such module 'CryptoKit'
   3 |
   4 | /// Errors thrown by ``FirmataClient`` calls.
[13/13] Compiling SwiftFirmataClient FirmataConstants.swift
/host/spi-builder-workspace/Sources/SwiftFirmataClient/FirmataClient.swift:2:8: error: no such module 'CryptoKit'
   1 | import Foundation
   2 | import CryptoKit
     |        `- error: no such module 'CryptoKit'
   3 |
   4 | /// Errors thrown by ``FirmataClient`` calls.
BUILD FAILURE 6.3 wasm