The Swift Package Index logo.Swift Package Index

Build Information

Failed to build SwiftOTP, reference master (00831f), with Swift 6.4 for tvOS using Xcode 27.0 on 20 Sep 2026 07:25:52 UTC.

Build Command

No build command. This typically means the build failed at an early stage where we determine the build command.

Build Log

========================================
RunAll
========================================
Builder version: 5.1.0
Interrupt handler set up.
========================================
Checkout
========================================
Clone URL: https://github.com/lachlanbell/SwiftOTP.git
Reference: master
Initialized empty Git repository in /Users/admin/builder/spi-builder-workspace/.git/
From https://github.com/lachlanbell/SwiftOTP
 * branch            master     -> FETCH_HEAD
 * [new branch]      master     -> origin/master
HEAD is now at 00831f8 Update Package.swift
Cloned https://github.com/lachlanbell/SwiftOTP.git
Revision (git rev-parse @):
00831f803c19c82c6cdc94671976fe5b0633cc21
SUCCESS checkout https://github.com/lachlanbell/SwiftOTP.git at master
========================================
Build
========================================
Selected platform:         tvOS
Swift version:             6.4
Building package at path:  $PWD
https://github.com/lachlanbell/SwiftOTP.git
Command line invocation:
    /Applications/Xcode-27.0.0-Release.Candidate.app/Contents/Developer/usr/bin/xcodebuild -IDEClonedSourcePackagesDirPathOverride=/Users/admin/builder/spi-builder-workspace/.dependencies -resolvePackageDependencies
resolved source packages:
error: 'spi-builder-workspace': Invalid manifest (compiled with: ["/Library/Developer/CommandLineTools/usr/bin/swiftc", "-vfsoverlay", "/var/folders/xq/y_g06wb113726d38xsyx71_h0000gn/T/TemporaryDirectory.AGlN2I/vfs.yaml", "-L", "/Library/Developer/CommandLineTools/usr/lib/swift/pm/ManifestAPI", "-lPackageDescription", "-Xlinker", "-rpath", "-Xlinker", "/Library/Developer/CommandLineTools/usr/lib/swift/pm/ManifestAPI", "-target", "arm64-apple-macosx14.0", "-I", "/Library/Developer/CommandLineTools/Library/Developer/Frameworks", "-L", "/Library/Developer/CommandLineTools/Library/Developer/Frameworks", "-plugin-path", "/Library/Developer/CommandLineTools/usr/lib/swift/host/plugins/testing", "-sdk", "/Library/Developer/CommandLineTools/SDKs/MacOSX.sdk", "-swift-version", "5", "-I", "/Library/Developer/CommandLineTools/usr/lib/swift/pm/ManifestAPI", "-sdk", "/Library/Developer/CommandLineTools/SDKs/MacOSX.sdk", "-package-description-version", "5.1.0", "/Users/admin/builder/spi-builder-workspace/Package.swift", "-o", "/var/folders/xq/y_g06wb113726d38xsyx71_h0000gn/T/TemporaryDirectory.xplKjz/spi-builder-workspace-manifest"])
/Users/admin/builder/spi-builder-workspace/Package.swift:14:82: error: cannot convert value of type 'Range<String>' to expected argument type 'Version'
12 |     ],
13 |     dependencies: [
14 |         .package(url: "https://github.com/apple/swift-crypto.git", from: "1.0.0" ..< "5.0.0")
   |                                                                                  `- error: cannot convert value of type 'Range<String>' to expected argument type 'Version'
15 |     ],
16 |     targets: [
error: fatalError
Command line invocation:
    /Applications/Xcode-27.0.0-Release.Candidate.app/Contents/Developer/usr/bin/xcodebuild -IDEClonedSourcePackagesDirPathOverride=/Users/admin/builder/spi-builder-workspace/.dependencies -resolvePackageDependencies
resolved source packages:
error: 'spi-builder-workspace': Invalid manifest (compiled with: ["/Library/Developer/CommandLineTools/usr/bin/swiftc", "-vfsoverlay", "/var/folders/xq/y_g06wb113726d38xsyx71_h0000gn/T/TemporaryDirectory.UDMUMw/vfs.yaml", "-L", "/Library/Developer/CommandLineTools/usr/lib/swift/pm/ManifestAPI", "-lPackageDescription", "-Xlinker", "-rpath", "-Xlinker", "/Library/Developer/CommandLineTools/usr/lib/swift/pm/ManifestAPI", "-target", "arm64-apple-macosx14.0", "-I", "/Library/Developer/CommandLineTools/Library/Developer/Frameworks", "-L", "/Library/Developer/CommandLineTools/Library/Developer/Frameworks", "-plugin-path", "/Library/Developer/CommandLineTools/usr/lib/swift/host/plugins/testing", "-sdk", "/Library/Developer/CommandLineTools/SDKs/MacOSX.sdk", "-swift-version", "5", "-I", "/Library/Developer/CommandLineTools/usr/lib/swift/pm/ManifestAPI", "-sdk", "/Library/Developer/CommandLineTools/SDKs/MacOSX.sdk", "-package-description-version", "5.1.0", "/Users/admin/builder/spi-builder-workspace/Package.swift", "-o", "/var/folders/xq/y_g06wb113726d38xsyx71_h0000gn/T/TemporaryDirectory.db1m05/spi-builder-workspace-manifest"])
/Users/admin/builder/spi-builder-workspace/Package.swift:14:82: error: cannot convert value of type 'Range<String>' to expected argument type 'Version'
12 |     ],
13 |     dependencies: [
14 |         .package(url: "https://github.com/apple/swift-crypto.git", from: "1.0.0" ..< "5.0.0")
   |                                                                                  `- error: cannot convert value of type 'Range<String>' to expected argument type 'Version'
15 |     ],
16 |     targets: [
error: fatalError
BUILD FAILURE 6.4 tvOS