Build Information
Failed to build Extentos, reference 2.8.0 (d61f70), with Swift 6.2 for Wasm on 3 Sep 2026 05:07:52 UTC.
Build Command
bash -c docker run --pull=always --rm -v "checkouts-54344845-1":/host -w "$PWD" -e JAVA_HOME="/root/.sdkman/candidates/java/current" -e SPI_BUILD="1" -e SPI_PROCESSING="1" registry.gitlab.com/saguaro1/spi-images:wasm-6.2-latest swift build --swift-sdk swift-6.2-RELEASE_wasm 2>&1Build Log
========================================
RunAll
========================================
Builder version: 5.0.2
Interrupt handler set up.
========================================
Checkout
========================================
Clone URL: https://github.com/extentos/swift-glasses.git
Reference: 2.8.0
Initialized empty Git repository in /host/spi-builder-workspace/.git/
hint: Using 'master' as the name for the initial branch. This default branch name
hint: is subject to change. To configure the initial branch name to use in all
hint: of your new repositories, which will suppress this warning, call:
hint:
hint: git config --global init.defaultBranch <name>
hint:
hint: Names commonly chosen instead of 'master' are 'main', 'trunk' and
hint: 'development'. The just-created branch can be renamed via this command:
hint:
hint: git branch -m <name>
From https://github.com/extentos/swift-glasses
* tag 2.8.0 -> FETCH_HEAD
HEAD is now at d61f700 2.8.0
Cloned https://github.com/extentos/swift-glasses.git
Revision (git rev-parse @):
d61f700103f2ac0d582d5307c823628a9180843b
SUCCESS checkout https://github.com/extentos/swift-glasses.git at 2.8.0
========================================
Build
========================================
Selected platform: wasm
Swift version: 6.2
Building package at path: $PWD
https://github.com/extentos/swift-glasses.git
Running build ...
bash -c docker run --pull=always --rm -v "checkouts-54344845-1":/host -w "$PWD" -e JAVA_HOME="/root/.sdkman/candidates/java/current" -e SPI_BUILD="1" -e SPI_PROCESSING="1" registry.gitlab.com/saguaro1/spi-images:wasm-6.2-latest swift build --swift-sdk swift-6.2-RELEASE_wasm 2>&1
wasm-6.2-latest: Pulling from saguaro1/spi-images
Digest: sha256:70428a4f4110aef5b17a27427e965f31cf3855e8cf1dfdc416ed61c780337965
Status: Image is up to date for registry.gitlab.com/saguaro1/spi-images:wasm-6.2-latest
Fetching https://github.com/facebook/meta-wearables-dat-ios
Fetching https://github.com/ml-explore/mlx-swift-lm.git
Fetching https://github.com/huggingface/swift-huggingface.git
Fetching https://github.com/huggingface/swift-transformers.git
[1/6964] Fetching swift-transformers
[2/8642] Fetching swift-transformers, meta-wearables-dat-ios
[991/11156] Fetching swift-transformers, meta-wearables-dat-ios, swift-huggingface
Fetched https://github.com/huggingface/swift-huggingface.git from cache (0.62s)
[2985/8642] Fetching swift-transformers, meta-wearables-dat-ios
[7268/29004] Fetching swift-transformers, meta-wearables-dat-ios, mlx-swift-lm
Fetched https://github.com/huggingface/swift-transformers.git from cache (1.93s)
Fetched https://github.com/ml-explore/mlx-swift-lm.git from cache (1.94s)
[605/1678] Fetching meta-wearables-dat-ios
Fetched https://github.com/facebook/meta-wearables-dat-ios from cache (4.61s)
Computing version for https://github.com/ml-explore/mlx-swift-lm.git
Computed https://github.com/ml-explore/mlx-swift-lm.git at 3.31.4 (4.80s)
Fetching https://github.com/ml-explore/mlx-swift
Fetching https://github.com/swiftlang/swift-syntax.git
[1/16157] Fetching mlx-swift
[14220/95604] Fetching mlx-swift, swift-syntax
Fetched https://github.com/ml-explore/mlx-swift from cache (2.83s)
Fetched https://github.com/swiftlang/swift-syntax.git from cache (2.84s)
Computing version for https://github.com/facebook/meta-wearables-dat-ios
Computed https://github.com/facebook/meta-wearables-dat-ios at 0.8.0 (2.99s)
Computing version for https://github.com/ml-explore/mlx-swift
Computed https://github.com/ml-explore/mlx-swift at 0.31.4 (0.19s)
Fetching https://github.com/apple/swift-numerics
[1/6553] Fetching swift-numerics
Fetched https://github.com/apple/swift-numerics from cache (0.60s)
Computing version for https://github.com/swiftlang/swift-syntax.git
Computed https://github.com/swiftlang/swift-syntax.git at 603.0.2 (1.54s)
Computing version for https://github.com/apple/swift-numerics
Computed https://github.com/apple/swift-numerics at 1.1.1 (0.14s)
Computing version for https://github.com/huggingface/swift-huggingface.git
Computed https://github.com/huggingface/swift-huggingface.git at 0.10.0 (0.15s)
Fetching https://github.com/apple/swift-crypto.git
Fetching https://github.com/mattt/EventSource.git
[1/303] Fetching eventsource
[220/18762] Fetching eventsource, swift-crypto
Fetched https://github.com/mattt/EventSource.git from cache (1.17s)
Fetched https://github.com/apple/swift-crypto.git from cache (1.18s)
Computing version for https://github.com/mattt/EventSource.git
Computed https://github.com/mattt/EventSource.git at 1.5.1 (1.33s)
Computing version for https://github.com/huggingface/swift-transformers.git
Computed https://github.com/huggingface/swift-transformers.git at 1.3.4 (0.15s)
Fetching https://github.com/huggingface/swift-jinja.git
Fetching https://github.com/apple/swift-collections.git
Fetching https://github.com/ibireme/yyjson.git
[1/1281] Fetching swift-jinja
Fetched https://github.com/huggingface/swift-jinja.git from cache (0.53s)
[1/27126] Fetching swift-collections
[1900/31889] Fetching swift-collections, yyjson
Fetched https://github.com/ibireme/yyjson.git from cache (1.09s)
Fetched https://github.com/apple/swift-collections.git from cache (1.10s)
Computing version for https://github.com/ibireme/yyjson.git
Computed https://github.com/ibireme/yyjson.git at 0.12.0 (1.28s)
Computing version for https://github.com/huggingface/swift-jinja.git
Computed https://github.com/huggingface/swift-jinja.git at 2.4.2 (0.14s)
Computing version for https://github.com/apple/swift-collections.git
Computed https://github.com/apple/swift-collections.git at 1.6.0 (0.23s)
Computing version for https://github.com/apple/swift-crypto.git
Computed https://github.com/apple/swift-crypto.git at 4.5.2 (1.16s)
Fetching https://github.com/apple/swift-asn1.git
[1/1939] Fetching swift-asn1
Fetched https://github.com/apple/swift-asn1.git from cache (0.48s)
Computing version for https://github.com/apple/swift-asn1.git
Computed https://github.com/apple/swift-asn1.git at 1.7.2 (0.67s)
Creating working copy for https://github.com/huggingface/swift-transformers.git
Working copy of https://github.com/huggingface/swift-transformers.git resolved at 1.3.4
Creating working copy for https://github.com/apple/swift-asn1.git
Working copy of https://github.com/apple/swift-asn1.git resolved at 1.7.2
Creating working copy for https://github.com/ml-explore/mlx-swift
Working copy of https://github.com/ml-explore/mlx-swift resolved at 0.31.4
Creating working copy for https://github.com/ibireme/yyjson.git
Working copy of https://github.com/ibireme/yyjson.git resolved at 0.12.0
Creating working copy for https://github.com/apple/swift-crypto.git
Working copy of https://github.com/apple/swift-crypto.git resolved at 4.5.2
Creating working copy for https://github.com/huggingface/swift-jinja.git
Working copy of https://github.com/huggingface/swift-jinja.git resolved at 2.4.2
Creating working copy for https://github.com/facebook/meta-wearables-dat-ios
Working copy of https://github.com/facebook/meta-wearables-dat-ios resolved at 0.8.0
Creating working copy for https://github.com/mattt/EventSource.git
Working copy of https://github.com/mattt/EventSource.git resolved at 1.5.1
Creating working copy for https://github.com/huggingface/swift-huggingface.git
Working copy of https://github.com/huggingface/swift-huggingface.git resolved at 0.10.0
Creating working copy for https://github.com/swiftlang/swift-syntax.git
Working copy of https://github.com/swiftlang/swift-syntax.git resolved at 603.0.2
Creating working copy for https://github.com/ml-explore/mlx-swift-lm.git
Working copy of https://github.com/ml-explore/mlx-swift-lm.git resolved at 3.31.4
Creating working copy for https://github.com/apple/swift-numerics
Working copy of https://github.com/apple/swift-numerics resolved at 1.1.1
Creating working copy for https://github.com/apple/swift-collections.git
Working copy of https://github.com/apple/swift-collections.git resolved at 1.6.0
Downloading binary artifact https://github.com/extentos/swift-glasses/releases/download/2.8.0/extentos_coreFFI.xcframework.zip
Downloading binary artifact https://github.com/extentos/swift-glasses/releases/download/2.8.0/sherpaOnnxFFI.xcframework.zip
Downloading binary artifact https://github.com/extentos/swift-glasses/releases/download/2.8.0/onnxruntimeFFI.xcframework.zip
[826/41188095] Downloading https://github.com/extentos/swift-glasses/releases/download/2.8.0/extentos_coreFFI.xcframework.zip
[65453/58312550] Downloading https://github.com/extentos/swift-glasses/releases/download/2.8.0/extentos_coreFFI.xcframework.zip, https://github.com/extentos/swift-glasses/releases/download/2.8.0/sherpaOnnxFFI.xcframework.zip
[177580/90778669] Downloading https://github.com/extentos/swift-glasses/releases/download/2.8.0/extentos_coreFFI.xcframework.zip, https://github.com/extentos/swift-glasses/releases/download/2.8.0/sherpaOnnxFFI.xcframework.zip, https://github.com/extentos/swift-glasses/releases/download/2.8.0/onnxruntimeFFI.xcframework.zip
Downloaded https://github.com/extentos/swift-glasses/releases/download/2.8.0/sherpaOnnxFFI.xcframework.zip (1.70s)
Downloaded https://github.com/extentos/swift-glasses/releases/download/2.8.0/onnxruntimeFFI.xcframework.zip (2.61s)
Downloaded https://github.com/extentos/swift-glasses/releases/download/2.8.0/extentos_coreFFI.xcframework.zip (2.79s)
Building for debugging...
[0/592] Write sources
[38/592] Copying t5_tokenizer_config.json
[38/592] Copying gpt2_tokenizer_config.json
[41/592] Write sources
[46/592] Compiling version.cpp
[47/592] Compiling _NumericsShims _NumericsShims.c
[48/592] Compiling _SwiftSyntaxCShims PlatformMutex.c
[49/592] Compiling SherpaOnnxC shim.c
[50/592] Write swift-version-24593BA9C3E375BF.txt
In file included from /host/spi-builder-workspace/.build/checkouts/mlx-swift/Source/Cmlx/mlx/mlx/scheduler.cpp:3:
/host/spi-builder-workspace/.build/checkouts/mlx-swift/Source/Cmlx/mlx/mlx/scheduler.h:19:8: error: no type named 'mutex' in namespace 'std'
19 | std::mutex mtx;
| ~~~~~^
/host/spi-builder-workspace/.build/checkouts/mlx-swift/Source/Cmlx/mlx/mlx/scheduler.h:21:8: error: no type named 'condition_variable' in namespace 'std'
21 | std::condition_variable cond;
| ~~~~~^
/host/spi-builder-workspace/.build/checkouts/mlx-swift/Source/Cmlx/mlx/mlx/scheduler.h:23:8: error: no type named 'thread' in namespace 'std'
23 | std::thread thread;
| ~~~~~^
/host/spi-builder-workspace/.build/checkouts/mlx-swift/Source/Cmlx/mlx/mlx/scheduler.h:29:28: error: no member named 'mutex' in namespace 'std'
29 | std::lock_guard<std::mutex> lk(mtx);
| ~~~~~^
/host/spi-builder-workspace/.build/checkouts/mlx-swift/Source/Cmlx/mlx/mlx/scheduler.h:40:14: error: no template named 'unique_lock' in namespace 'std'; did you mean 'unique_copy'?
40 | std::unique_lock<std::mutex> lk(mtx);
| ~~~~~^~~~~~~~~~~
| unique_copy
/root/.swiftpm/swift-sdks/swift-6.2-RELEASE_wasm.artifactbundle/swift-6.2-RELEASE_wasm/wasm32-unknown-wasip1/WASI.sdk/include/c++/v1/__algorithm/unique_copy.h:102:1: note: 'unique_copy' declared here
102 | unique_copy(_InputIterator __first, _InputIterator __last, _OutputIterator __result, _BinaryPredicate __pred) {
| ^
In file included from /host/spi-builder-workspace/.build/checkouts/mlx-swift/Source/Cmlx/mlx/mlx/scheduler.cpp:3:
/host/spi-builder-workspace/.build/checkouts/mlx-swift/Source/Cmlx/mlx/mlx/scheduler.h:40:31: error: no member named 'mutex' in namespace 'std'
40 | std::unique_lock<std::mutex> lk(mtx);
| ~~~~~^
/host/spi-builder-workspace/.build/checkouts/mlx-swift/Source/Cmlx/mlx/mlx/scheduler.h:41:19: error: use of undeclared identifier 'lk'
41 | cond.wait(lk, [this] { return !this->q.empty() || this->stop; });
| ^
/host/spi-builder-workspace/.build/checkouts/mlx-swift/Source/Cmlx/mlx/mlx/scheduler.h:56:28: error: no member named 'mutex' in namespace 'std'
56 | std::lock_guard<std::mutex> lk(mtx);
| ~~~~~^
/host/spi-builder-workspace/.build/checkouts/mlx-swift/Source/Cmlx/mlx/mlx/scheduler.h:160:8: error: no type named 'condition_variable' in namespace 'std'
160 | std::condition_variable completion_cv;
| ~~~~~^
/host/spi-builder-workspace/.build/checkouts/mlx-swift/Source/Cmlx/mlx/mlx/scheduler.h:161:8: error: no type named 'mutex' in namespace 'std'
161 | std::mutex mtx;
| ~~~~~^
/host/spi-builder-workspace/.build/checkouts/mlx-swift/Source/Cmlx/mlx/mlx/scheduler.h:112:28: error: no member named 'mutex' in namespace 'std'
112 | std::lock_guard<std::mutex> lk(mtx);
| ~~~~~^
/host/spi-builder-workspace/.build/checkouts/mlx-swift/Source/Cmlx/mlx/mlx/scheduler.h:120:28: error: no member named 'mutex' in namespace 'std'
120 | std::lock_guard<std::mutex> lk(mtx);
| ~~~~~^
/host/spi-builder-workspace/.build/checkouts/mlx-swift/Source/Cmlx/mlx/mlx/scheduler.h:131:10: error: no template named 'unique_lock' in namespace 'std'; did you mean 'unique_copy'?
131 | std::unique_lock<std::mutex> lk(mtx);
| ~~~~~^~~~~~~~~~~
| unique_copy
/root/.swiftpm/swift-sdks/swift-6.2-RELEASE_wasm.artifactbundle/swift-6.2-RELEASE_wasm/wasm32-unknown-wasip1/WASI.sdk/include/c++/v1/__algorithm/unique_copy.h:102:1: note: 'unique_copy' declared here
102 | unique_copy(_InputIterator __first, _InputIterator __last, _OutputIterator __result, _BinaryPredicate __pred) {
| ^
In file included from /host/spi-builder-workspace/.build/checkouts/mlx-swift/Source/Cmlx/mlx/mlx/scheduler.cpp:3:
/host/spi-builder-workspace/.build/checkouts/mlx-swift/Source/Cmlx/mlx/mlx/scheduler.h:131:27: error: no member named 'mutex' in namespace 'std'
131 | std::unique_lock<std::mutex> lk(mtx);
| ~~~~~^
/host/spi-builder-workspace/.build/checkouts/mlx-swift/Source/Cmlx/mlx/mlx/scheduler.h:134:26: error: use of undeclared identifier 'lk'
134 | completion_cv.wait(lk, [this, n_tasks_old] {
| ^
/host/spi-builder-workspace/.build/checkouts/mlx-swift/Source/Cmlx/mlx/mlx/scheduler.cpp:47:36: error: no member named 'promise' in namespace 'std'
47 | auto p = std::make_shared<std::promise<void>>();
| ~~~~~^
/host/spi-builder-workspace/.build/checkouts/mlx-swift/Source/Cmlx/mlx/mlx/scheduler.cpp:47:48: error: expected '(' for function-style cast or type construction
47 | auto p = std::make_shared<std::promise<void>>();
| ~~~~^
/host/spi-builder-workspace/.build/checkouts/mlx-swift/Source/Cmlx/mlx/mlx/scheduler.cpp:47:51: error: expected expression
47 | auto p = std::make_shared<std::promise<void>>();
| ^
/host/spi-builder-workspace/.build/checkouts/mlx-swift/Source/Cmlx/mlx/mlx/scheduler.cpp:48:10: error: no member named 'future' in namespace 'std'
48 | std::future<void> f = p->get_future();
| ~~~~~^
fatal error: too many errors emitted, stopping now [-ferror-limit=]
20 errors generated.
[51/592] Compiling scheduler.cpp
[51/592] Compiling utils.cpp
In file included from /host/spi-builder-workspace/.build/checkouts/mlx-swift/Source/Cmlx/mlx/mlx/random.cpp:8:
In file included from /host/spi-builder-workspace/.build/checkouts/mlx-swift/Source/Cmlx/mlx/mlx/primitives.h:10:
In file included from /host/spi-builder-workspace/.build/checkouts/mlx-swift/Source/Cmlx/mlx/mlx/io/load.h:16:
/host/spi-builder-workspace/.build/checkouts/mlx-swift/Source/Cmlx/mlx/mlx/threadpool.h:40:15: error: no template named 'future' in namespace 'std'
40 | -> std::future<typename std::invoke_result_t<F, Args...>>;
| ~~~~~^
/host/spi-builder-workspace/.build/checkouts/mlx-swift/Source/Cmlx/mlx/mlx/threadpool.h:48:20: error: no member named 'thread' in namespace 'std'
48 | std::vector<std::thread> workers;
| ~~~~~^
/host/spi-builder-workspace/.build/checkouts/mlx-swift/Source/Cmlx/mlx/mlx/threadpool.h:50:8: error: no type named 'mutex' in namespace 'std'
50 | std::mutex queue_mutex;
| ~~~~~^
/host/spi-builder-workspace/.build/checkouts/mlx-swift/Source/Cmlx/mlx/mlx/threadpool.h:51:8: error: no type named 'condition_variable' in namespace 'std'
51 | std::condition_variable condition;
| ~~~~~^
/host/spi-builder-workspace/.build/checkouts/mlx-swift/Source/Cmlx/mlx/mlx/threadpool.h:61:13: error: no template named 'future' in namespace 'std'
61 | -> std::future<typename std::invoke_result_t<F, Args...>> {
| ~~~~~^
/host/spi-builder-workspace/.build/checkouts/mlx-swift/Source/Cmlx/mlx/mlx/threadpool.h:64:37: error: no member named 'packaged_task' in namespace 'std'
64 | auto task = std::make_shared<std::packaged_task<return_type()>>(
| ~~~~~^
/host/spi-builder-workspace/.build/checkouts/mlx-swift/Source/Cmlx/mlx/mlx/threadpool.h:67:8: error: no member named 'future' in namespace 'std'
67 | std::future<return_type> res = task->get_future();
| ~~~~~^
/host/spi-builder-workspace/.build/checkouts/mlx-swift/Source/Cmlx/mlx/mlx/threadpool.h:67:15: error: unexpected type name 'return_type': expected expression
67 | std::future<return_type> res = task->get_future();
| ^
/host/spi-builder-workspace/.build/checkouts/mlx-swift/Source/Cmlx/mlx/mlx/threadpool.h:67:28: error: use of undeclared identifier 'res'
67 | std::future<return_type> res = task->get_future();
| ^
/host/spi-builder-workspace/.build/checkouts/mlx-swift/Source/Cmlx/mlx/mlx/threadpool.h:69:10: error: no template named 'unique_lock' in namespace 'std'; did you mean 'unique_copy'?
69 | std::unique_lock<std::mutex> lock(queue_mutex);
| ~~~~~^~~~~~~~~~~
| unique_copy
/root/.swiftpm/swift-sdks/swift-6.2-RELEASE_wasm.artifactbundle/swift-6.2-RELEASE_wasm/wasm32-unknown-wasip1/WASI.sdk/include/c++/v1/__algorithm/unique_copy.h:102:1: note: 'unique_copy' declared here
102 | unique_copy(_InputIterator __first, _InputIterator __last, _OutputIterator __result, _BinaryPredicate __pred) {
| ^
In file included from /host/spi-builder-workspace/.build/checkouts/mlx-swift/Source/Cmlx/mlx/mlx/random.cpp:8:
In file included from /host/spi-builder-workspace/.build/checkouts/mlx-swift/Source/Cmlx/mlx/mlx/primitives.h:10:
In file included from /host/spi-builder-workspace/.build/checkouts/mlx-swift/Source/Cmlx/mlx/mlx/io/load.h:16:
/host/spi-builder-workspace/.build/checkouts/mlx-swift/Source/Cmlx/mlx/mlx/threadpool.h:69:27: error: no member named 'mutex' in namespace 'std'
69 | std::unique_lock<std::mutex> lock(queue_mutex);
| ~~~~~^
/host/spi-builder-workspace/.build/checkouts/mlx-swift/Source/Cmlx/mlx/mlx/threadpool.h:79:10: error: use of undeclared identifier 'res'
79 | return res;
| ^
/host/spi-builder-workspace/.build/checkouts/mlx-swift/Source/Cmlx/mlx/mlx/threadpool.h:100:10: error: no template named 'unique_lock' in namespace 'std'; did you mean 'unique_copy'?
100 | std::unique_lock<std::mutex> lock(queue_mutex);
| ~~~~~^~~~~~~~~~~
| unique_copy
/root/.swiftpm/swift-sdks/swift-6.2-RELEASE_wasm.artifactbundle/swift-6.2-RELEASE_wasm/wasm32-unknown-wasip1/WASI.sdk/include/c++/v1/__algorithm/unique_copy.h:102:1: note: 'unique_copy' declared here
102 | unique_copy(_InputIterator __first, _InputIterator __last, _OutputIterator __result, _BinaryPredicate __pred) {
| ^
In file included from /host/spi-builder-workspace/.build/checkouts/mlx-swift/Source/Cmlx/mlx/mlx/random.cpp:8:
In file included from /host/spi-builder-workspace/.build/checkouts/mlx-swift/Source/Cmlx/mlx/mlx/primitives.h:10:
In file included from /host/spi-builder-workspace/.build/checkouts/mlx-swift/Source/Cmlx/mlx/mlx/io/load.h:16:
/host/spi-builder-workspace/.build/checkouts/mlx-swift/Source/Cmlx/mlx/mlx/threadpool.h:100:27: error: no member named 'mutex' in namespace 'std'
100 | std::unique_lock<std::mutex> lock(queue_mutex);
| ~~~~~^
/host/spi-builder-workspace/.build/checkouts/mlx-swift/Source/Cmlx/mlx/mlx/threadpool.h:104:13: error: no type named 'thread' in namespace 'std'
104 | for (std::thread& worker : workers) {
| ~~~~~^
/host/spi-builder-workspace/.build/checkouts/mlx-swift/Source/Cmlx/mlx/mlx/threadpool.h:120:16: error: no template named 'unique_lock' in namespace 'std'; did you mean 'unique_copy'?
120 | std::unique_lock<std::mutex> lock(this->queue_mutex);
| ~~~~~^~~~~~~~~~~
| unique_copy
/root/.swiftpm/swift-sdks/swift-6.2-RELEASE_wasm.artifactbundle/swift-6.2-RELEASE_wasm/wasm32-unknown-wasip1/WASI.sdk/include/c++/v1/__algorithm/unique_copy.h:102:1: note: 'unique_copy' declared here
102 | unique_copy(_InputIterator __first, _InputIterator __last, _OutputIterator __result, _BinaryPredicate __pred) {
| ^
In file included from /host/spi-builder-workspace/.build/checkouts/mlx-swift/Source/Cmlx/mlx/mlx/random.cpp:8:
In file included from /host/spi-builder-workspace/.build/checkouts/mlx-swift/Source/Cmlx/mlx/mlx/primitives.h:10:
In file included from /host/spi-builder-workspace/.build/checkouts/mlx-swift/Source/Cmlx/mlx/mlx/io/load.h:16:
/host/spi-builder-workspace/.build/checkouts/mlx-swift/Source/Cmlx/mlx/mlx/threadpool.h:120:33: error: no member named 'mutex' in namespace 'std'
120 | std::unique_lock<std::mutex> lock(this->queue_mutex);
| ~~~~~^
/host/spi-builder-workspace/.build/checkouts/mlx-swift/Source/Cmlx/mlx/mlx/threadpool.h:122:15: error: use of undeclared identifier 'lock'; did you mean 'clock'?
122 | lock, [this] { return this->stop || !this->tas[51/592] Compiling random.cpp
In file included from /host/spi-builder-workspace/.build/checkouts/mlx-swift/Source/Cmlx/mlx/mlx/linalg.cpp:8:
In file included from /host/spi-builder-workspace/.build/checkouts/mlx-swift/Source/Cmlx/mlx/mlx/primitives.h:10:
In file included from /host/spi-builder-workspace/.build/checkouts/mlx-swift/Source/Cmlx/mlx/mlx/io/load.h:16:
/host/spi-builder-workspace/.build/checkouts/mlx-swift/Source/Cmlx/mlx/mlx/threadpool.h:40:15: error: no template named 'future' in namespace 'std'
40 | -> std::future<typename std::invoke_result_t<F, Args...>>;
| ~~~~~^
/host/spi-builder-workspace/.build/checkouts/mlx-swift/Source/Cmlx/mlx/mlx/threadpool.h:48:20: error: no member named 'thread' in namespace 'std'
48 | std::vector<std::thread> workers;
| ~~~~~^
/host/spi-builder-workspace/.build/checkouts/mlx-swift/Source/Cmlx/mlx/mlx/threadpool.h:50:8: error: no type named 'mutex' in namespace 'std'
50 | std::mutex queue_mutex;
| ~~~~~^
/host/spi-builder-workspace/.build/checkouts/mlx-swift/Source/Cmlx/mlx/mlx/threadpool.h:51:8: error: no type named 'condition_variable' in namespace 'std'
51 | std::condition_variable condition;
| ~~~~~^
/host/spi-builder-workspace/.build/checkouts/mlx-swift/Source/Cmlx/mlx/mlx/threadpool.h:61:13: error: no template named 'future' in namespace 'std'
61 | -> std::future<typename std::invoke_result_t<F, Args...>> {
| ~~~~~^
[51/592] Compiling linalg.cpp
In file included from /host/spi-builder-workspace/.build/checkouts/mlx-swift/Source/Cmlx/mlx/mlx/ops.cpp:14:
In file included from /host/spi-builder-workspace/.build/checkouts/mlx-swift/Source/Cmlx/mlx/mlx/fast_primitives.h:6:
In file included from /host/spi-builder-workspace/.build/checkouts/mlx-swift/Source/Cmlx/mlx/mlx/primitives.h:10:
In file included from /host/spi-builder-workspace/.build/checkouts/mlx-swift/Source/Cmlx/mlx/mlx/io/load.h:16:
/host/spi-builder-workspace/.build/checkouts/mlx-swift/Source/Cmlx/mlx/mlx/threadpool.h:40:15: error: no template named 'future' in namespace 'std'
40 | -> std::future<typename std::invoke_result_t<F, Args...>>;
| ~~~~~^
/host/spi-builder-workspace/.build/checkouts/mlx-swift/Source/Cmlx/mlx/mlx/threadpool.h:48:20: error: no member named 'thread' in namespace 'std'
48 | std::vector<std::thread> workers;
| ~~~~~^
/host/spi-builder-workspace/.build/checkouts/mlx-swift/Source/Cmlx/mlx/mlx/threadpool.h:50:8: error: no type named 'mutex' in namespace 'std'
50 | std::mutex queue_mutex;
| ~~~~~^
/host/spi-builder-workspace/.build/checkouts/mlx-swift/Source/Cmlx/mlx/mlx/threadpool.h:51:8: error: no type named 'condition_variable' in namespace 'std'
51 | std::condition_variable condition;
| ~~~~~^
/host/spi-builder-workspace/.build/checkouts/mlx-swift/Source/Cmlx/mlx/mlx/threadpool.h:61:13: error: no template named 'future' in namespace 'std'
61 | -> std::future<typename std::invoke_result_t<F, Args...>> {
| ~~~~~^
/host/spi-builder-workspace/.build/checkouts/mlx-swift/Source/Cmlx/mlx/mlx/threadpool.h:64:37: error: no member named 'packaged_task' in namespace 'std'
64 | auto task = std::make_shared<std::packaged_task<return_type()>>(
| ~~~~~^
/host/spi-builder-workspace/.build/checkouts/mlx-swift/Source/Cmlx/mlx/mlx/threadpool.h:67:8: error: no member named 'future' in namespace 'std'
67 | std::future<return_type> res = task->get_future();
| ~~~~~^
/host/spi-builder-workspace/.build/checkouts/mlx-swift/Source/Cmlx/mlx/mlx/threadpool.h:67:15: error: unexpected type name 'return_type': expected expression
67 | std::future<return_type> res = task->get_future();
| ^
/host/spi-builder-workspace/.build/checkouts/mlx-swift/Source/Cmlx/mlx/mlx/threadpool.h:67:28: error: use of undeclared identifier 'res'
67 | std::future<return_type> res = task->get_future();
| ^
/host/spi-builder-workspace/.build/checkouts/mlx-swift/Source/Cmlx/mlx/mlx/threadpool.h:69:10: error: no template named 'unique_lock' in namespace 'std'; did you mean 'unique_copy'?
69 | std::unique_lock<std::mutex> lock(queue_mutex);
| ~~~~~^~~~~~~~~~~
| unique_copy
/root/.swiftpm/swift-sdks/swift-6.2-RELEASE_wasm.artifactbundle/swift-6.2-RELEASE_wasm/wasm32-unknown-wasip1/WASI.sdk/include/c++/v1/__algorithm/unique_copy.h:102:1: note: 'unique_copy' declared here
102 | unique_copy(_InputIterator __first, _InputIterator __last, _OutputIterator __result, _BinaryPredicate __pred) {
| ^
In file included from /host/spi-builder-workspace/.build/checkouts/mlx-swift/Source/Cmlx/mlx/mlx/ops.cpp:14:
In file included from /host/spi-builder-workspace/.build/checkouts/mlx-swift/Source/Cmlx/mlx/mlx/fast_primitives.h:6:
In file included from /host/spi-builder-workspace/.build/checkouts/mlx-swift/Source/Cmlx/mlx/mlx/primitives.h:10:
In file included from /host/spi-builder-workspace/.build/checkouts/mlx-swift/Source/Cmlx/mlx/mlx/io/load.h:16:
/host/spi-builder-workspace/.build/checkouts/mlx-swift/Source/Cmlx/mlx/mlx/threadpool.h:69:27: error: no member named 'mutex' in namespace 'std'
69 | std::unique_lock<std::mutex> lock(queue_mutex);
| ~~~~~^
/host/spi-builder-workspace/.build/checkouts/mlx-swift/Source/Cmlx/mlx/mlx/threadpool.h:79:10: error: use of undeclared identifier 'res'
79 | return res;
| ^
/host/spi-builder-workspace/.build/checkouts/mlx-swift/Source/Cmlx/mlx/mlx/threadpool.h:100:10: error: no template named 'unique_lock' in namespace 'std'; did you mean 'unique_copy'?
100 | std::unique_lock<std::mutex> lock(queue_mutex);
| ~~~~~^~~~~~~~~~~
| unique_copy
/root/.swiftpm/swift-sdks/swift-6.2-RELEASE_wasm.artifactbundle/swift-6.2-RELEASE_wasm/wasm32-unknown-wasip1/WASI.sdk/include/c++/v1/__algorithm/unique_copy.h:102:1: note: 'unique_copy' declared here
102 | unique_copy(_InputIterator __first, _InputIterator __last, _OutputIterator __result, _BinaryPredicate __pred) {
| ^
In file included from /host/spi-builder-workspace/.build/checkouts/mlx-swift/Source/Cmlx/mlx/mlx/ops.cpp:14:
In file included from /host/spi-builder-workspace/.build/checkouts/mlx-swift/Source/Cmlx/mlx/mlx/fast_primitives.h:6:
In file included from /host/spi-builder-workspace/.build/checkouts/mlx-swift/Source/Cmlx/mlx/mlx/primitives.h:10:
In file included from /host/spi-builder-workspace/.build/checkouts/mlx-swift/Source/Cmlx/mlx/mlx/io/load.h:16:
/host/spi-builder-workspace/.build/checkouts/mlx-swift/Source/Cmlx/mlx/mlx/threadpool.h:100:27: error: no member named 'mutex' in namespace 'std'
100 | std::unique_lock<std::mutex> lock(queue_mutex);
| ~~~~~^
/host/spi-builder-workspace/.build/checkouts/mlx-swift/Source/Cmlx/mlx/mlx/threadpool.h:104:13: error: no type named 'thread' in namespace 'std'
104 | for (std::thread& worker : workers) {
| ~~~~~^
/host/spi-builder-workspace/.build/checkouts/mlx-swift/Source/Cmlx/mlx/mlx/threadpool.h:120:16: error: no template named 'unique_lock' in namespace 'std'; did you mean 'unique_copy'?
120 | std::unique_lock<std::mutex> lock(this->queue_mutex);
| ~~~~~^~~~~~~~~~~
| unique_copy
/root/.swiftpm/swift-sdks/swift-6.2-RELEASE_wasm.artifactbundle/swift-6.2-RELEASE_wasm/wasm32-unknown-wasip1/WASI.sdk/include/c++/v1/__algorithm/unique_copy.h:102:1: note: 'unique_copy' declared here
102 | unique_copy(_InputIterator __first, _InputIterator __last, _OutputIterator __result, _BinaryPredicate __pred) {
| ^
In file included from /host/spi-builder-workspace/.build/checkouts/mlx-swift/Source/Cmlx/mlx/mlx/ops.cpp:14:
In file included from /host/spi-builder-workspace/.build/checkouts/mlx-swift/Source/Cmlx/mlx/mlx/fast_primitives.h:6:
In file included from /host/spi-builder-workspace/.build/checkouts/mlx-swift/Source/Cmlx/mlx/mlx/primitives.h:10:
In file included from /host/spi-builder-workspace/.build/checkouts/mlx-swift/Source/Cmlx/mlx/mlx/io/load.h:16:
/host/spi-builder-workspace/.build/checkouts/mlx-swift/Source/Cmlx/mlx/mlx/threadpool.h:120:33: error: no member named 'mutex' in namespace 'std'
120 | std::unique_lock<std::mutex> lock(this->queue_mutex);
| ~~~~~^
/host/spi-builder-workspace/.build/checkouts/mlx-swift/Source/Cmlx/mlx/mlx/threadpool.h:122:15: error: use of undeclared identifier 'lock'; did you mean 'clock'?
122 | lock, [this] { return this->stop || !this->tasks.empty(); });
| ^~~~
| clock
/root/.swiftpm/swift-sdks/swift-6.2-RELEASE_wasm.artifactbundle/swift-6.2-RELEASE_wasm/wasm32-unknown-wasip1/WASI.sdk/include/wasm32-wasip1/time.h:71:9: note: 'clock' declared here
71 | clock_t clock (void);
| ^
[51/592] Compiling ops.cpp
In file included from /host/spi-builder-workspace/.build/checkouts/mlx-swift/Source/Cmlx/mlx/mlx/transforms.cpp:17:
In file included from /host/spi-builder-workspace/.build/checkouts/mlx-swift/Source/Cmlx/mlx/mlx/primitives.h:10:
In file included from /host/spi-builder-workspace/.build/checkouts/mlx-swift/Source/Cmlx/mlx/mlx/io/load.h:16:
/host/spi-builder-workspace/.build/checkouts/mlx-swift/Source/Cmlx/mlx/mlx/threadpool.h:40:15: error: no template named 'future' in namespace 'std'
40 | -> std::future<typename std::invoke_result_t<F, Args...>>;
| ~~~~~^
/host/spi-builder-workspace/.build/checkouts/mlx-swift/Source/Cmlx/mlx/mlx/threadpool.h:48:20: error: no member named 'thread' in namespace 'std'
48 | std::vector<std::thread> workers;
| ~~~~~^
/host/spi-builder-workspace/.build/checkouts/mlx-swift/Source/Cmlx/mlx/mlx/threadpool.h:50:8: error: no type named 'mutex' in namespace 'std'
50 | std::mutex queue_mutex;
| ~~~~~^
/host/spi-builder-workspace/.build/checkouts/mlx-swift/Source/Cmlx/mlx/mlx/threadpool.h:51:8: error: no type named 'condition_variable' in namespace 'std'
51 | std::condition_variable condition;
| ~~~~~^
/host/spi-builder-workspace/.build/checkouts/mlx-swift/Source/Cmlx/mlx/mlx/threadpool.h:61:13: error: no template named 'future' in namespace 'std'
61 | -> std::future<typename std::invoke_result_t<F, Args...>> {
| ~~~~~^
/host/spi-builder-workspace/.build/checkouts/mlx-swift/Source/Cmlx/mlx/mlx/threadpool.h:64:37: error: no member named 'packaged_task' in namespace 'std'
64 | auto task = std::make_shared<std::packaged_task<return_type()>>(
| ~~~~~^
/host/spi-builder-workspace/.build/checkouts/mlx-swift/Source/Cmlx/mlx/mlx/threadpool.h:67:8: error: no member named 'future' in namespace 'std'
67 | std::future<return_type> res = task->get_future();
| ~~~~~^
/host/spi-builder-workspace/.build/checkouts/mlx-swift/Source/Cmlx/mlx/mlx/threadpool.h:67:15: error: unexpected type name 'return_type': expected expression
67 | std::future<return_type> res = task->get_future();
| ^
/host/spi-builder-workspace/.build/checkouts/mlx-swift/Source/Cmlx/mlx/mlx/threadpool.h:67:28: error: use of undeclared identifier 'res'
67 | std::future<return_type> res = task->get_future();
| ^
/host/spi-builder-workspace/.build/checkouts/mlx-swift/Source/Cmlx/mlx/mlx/threadpool.h:69:10: error: no template named 'unique_lock' in namespace 'std'; did you mean 'unique_copy'?
69 | std::unique_lock<std::mutex> lock(queue_mutex);
| ~~~~~^~~~~~~~~~~
| unique_copy
/root/.swiftpm/swift-sdks/swift-6.2-RELEASE_wasm.artifactbundle/swift-6.2-RELEASE_wasm/wasm32-unknown-wasip1/WASI.sdk/include/c++/v1/__algorithm/unique_copy.h:102:1: note: 'unique_copy' declared here
102 | unique_copy(_InputIterator __first, _InputIterator __last, _OutputIterator __result, _BinaryPredicate __pred) {
| ^
[51/592] Compiling transforms.cpp
[51/592] Compiling primitives.cpp
[51/592] Compiling yyjson.c
BUILD FAILURE 6.2 wasm